{"id":232960,"date":"2024-12-13T12:14:54","date_gmt":"2024-12-13T15:14:54","guid":{"rendered":"https:\/\/www.manaus.am.gov.br\/semcom\/?post_type=pautas&#038;p=232960"},"modified":"2024-12-13T12:14:54","modified_gmt":"2024-12-13T15:14:54","slug":"prefeitura-caravananatalina","status":"publish","type":"pautas","link":"https:\/\/www.manaus.am.gov.br\/semcom\/pautas\/prefeitura-caravananatalina\/","title":{"rendered":"Prefeitura de Manaus realizar\u00e1 &#8216;Caravana Natalina&#8217; em parceria com a Solar Coca-Coca"},"content":{"rendered":"\n<p>A Prefeitura de Manaus, por meio do Fundo Manaus Solid\u00e1ria (FMS) e em parceria com a Solar Coca-Cola, realizar\u00e1, neste s\u00e1bado, 14\/12, a partir das 18h, a \u201cCaravana Natalina\u201d, que contemplar\u00e1 as zonas Norte, Oeste e Centro-Sul da cidade. A &#8220;Caravana Natalina&#8221; contar\u00e1 com tr\u00eas carretas da Coca-Cola e com quatro carros aleg\u00f3ricos natalinos, iluminando as avenidas e ruas da cidade de Manaus.&nbsp;<\/p>\n\n\n\n<p>O percurso ter\u00e1 uma parada especial de dez minutos em quatro pontos da cidade: Nova Era, da avenida Torquato Tapaj\u00f3s; Manauara Shopping, ao lado da avenida Umberto Calderaro Filho; shopping Ponta Negra, na avenida Coronel Teixeira, e sua \u00faltima parada na tradicional \u00e1rvore de Natal, do complexo tur\u00edstico Ponta Negra, pr\u00f3ximo ao anfiteatro da orla.&nbsp;<\/p>\n\n\n\n<p>Essa \u00e9 mais uma a\u00e7\u00e3o do \u201cNatal dos Sonhos\u201d, da Prefeitura de Manaus, espalhando a magia e o encanto do Natal por toda a capital.&nbsp;<\/p>\n\n\n\n<p><strong>SERVI\u00c7O:<\/strong><\/p>\n\n\n\n<p><strong>O qu\u00ea<\/strong>&nbsp;\u2013 Prefeitura de Manaus realizar\u00e1 &#8216;Caravana Natalina&#8217; em parceria com a Solar Coca-Cola<\/p>\n\n\n\n<p><strong>Quando<\/strong>&nbsp;\u2013 S\u00e1bado, 14\/12&nbsp;<\/p>\n\n\n\n<p><strong>Hor\u00e1rio<\/strong>&nbsp;\u2013 18h<\/p>\n\n\n\n<p><strong>Local<\/strong>&nbsp;\u2013 O percurso ter\u00e1 in\u00edcio na f\u00e1brica da Solar Coca-Cola, avenida Torquato Tapaj\u00f3s, 5.800, no bairro Novo Israel, e ter\u00e1 o t\u00e9rmino no complexo tur\u00edstico Ponta Negra.<\/p>\n\n\n\n<p><strong>Percurso:&nbsp;<\/strong><\/p>\n\n\n\n<p>Ap\u00f3s a sa\u00edda da f\u00e1brica, ser\u00e1 feito o retorno e seguir\u00e1 para a 1\u00aa&nbsp; parada, que ser\u00e1 no supermercado Nova Era, na avenida Torquato Tapaj\u00f3s (sentido Centro), depois, percorrer\u00e1 a avenida Constantino Nery, rua L\u00f3ris Cordovil, avenida Belmiro Vianez, avenida Pedro Teixeira, rua Paxi\u00fabas, passando pela bola das Letras e seguindo para a avenida Dr. Theom\u00e1rio Pinto da Costa (sentido Amazonas Shopping), seguir\u00e1 pela avenida Darcy Vargas, avenida M\u00e1rio Ypiranga Monteiro e ser\u00e1 feita a 2\u00aa parada, no Manauara Shopping, do lado da avenida Umberto Calderaro Filho. Da\u00ed, a caravana far\u00e1 o retorno no shopping e percorrer\u00e1 a rua Salvador, avenida Macei\u00f3, rua Major Gabriel, avenida Ramos Ferreira, avenida Get\u00falio Vargas, rua Saldanha Marinho, avenida Eduardo Ribeiro, rua 10 de Julho, avenida Get\u00falio Vargas, avenida Leonardo Malcher, avenida Constantino Nery, avenida Kako Caminha, avenida Brasil, avenida Coronel Teixeira, sentido shopping Ponta Negra, onde ir\u00e1 acontecer a 3\u00aa parada. Ap\u00f3s isso, seguir\u00e1 a avenida Coronel Teixeira, sentido orla da Ponta Negra, pr\u00f3ximo ao anfiteatro, onde ocorrer\u00e1 a 4\u00aa e \u00faltima parada do percurso, finalizando a \u201cCaravana Natalina\u201d.<\/p>\n","protected":false},"featured_media":208729,"template":"","categories":[796],"acf":[],"yoast_head":"<!-- This site is optimized with the Yoast SEO plugin v23.0 - https:\/\/yoast.com\/wordpress\/plugins\/seo\/ -->\n<title>Prefeitura de Manaus realizar\u00e1 &#039;Caravana Natalina&#039; em parceria com a Solar Coca-Coca<\/title>\n<meta name=\"description\" content=\"A Prefeitura de Manaus, por meio do Fundo Manaus Solid\u00e1ria (FMS) e em parceria com a Solar Coca-Cola, realizar\u00e1, neste s\u00e1bado, 14\/12, a partir das 18h, a \u201cCaravana Natalina\u201d, que contemplar\u00e1 as zonas Norte, Oeste e Centro-Sul da cidade.\" \/>\n<meta name=\"robots\" content=\"index, follow, max-snippet:-1, max-image-preview:large, max-video-preview:-1\" \/>\n<link rel=\"canonical\" href=\"https:\/\/www.manaus.am.gov.br\/semcom\/pautas\/prefeitura-caravananatalina\/\" \/>\n<meta property=\"og:locale\" content=\"pt_BR\" \/>\n<meta property=\"og:type\" content=\"article\" \/>\n<meta property=\"og:title\" content=\"Prefeitura de Manaus realizar\u00e1 &#039;Caravana Natalina&#039; em parceria com a Solar Coca-Coca\" \/>\n<meta property=\"og:description\" content=\"A Prefeitura de Manaus, por meio do Fundo Manaus Solid\u00e1ria (FMS) e em parceria com a Solar Coca-Cola, realizar\u00e1, neste s\u00e1bado, 14\/12, a partir das 18h, a \u201cCaravana Natalina\u201d, que contemplar\u00e1 as zonas Norte, Oeste e Centro-Sul da cidade.\" \/>\n<meta property=\"og:url\" content=\"https:\/\/www.manaus.am.gov.br\/semcom\/pautas\/prefeitura-caravananatalina\/\" \/>\n<meta property=\"og:site_name\" content=\"SEMCOM\" \/>\n<meta property=\"og:image\" content=\"https:\/\/www.manaus.am.gov.br\/semcom\/wp-content\/uploads\/sites\/5\/2023\/02\/sugestaodepauta.png\" \/>\n\t<meta property=\"og:image:width\" content=\"1020\" \/>\n\t<meta property=\"og:image:height\" content=\"540\" \/>\n\t<meta property=\"og:image:type\" content=\"image\/png\" \/>\n<meta name=\"twitter:card\" content=\"summary_large_image\" \/>\n<meta name=\"twitter:label1\" content=\"Est. reading time\" \/>\n\t<meta name=\"twitter:data1\" content=\"3 minutos\" \/>\n<script type=\"application\/ld+json\" class=\"yoast-schema-graph\">{\"@context\":\"https:\/\/schema.org\",\"@graph\":[{\"@type\":\"WebPage\",\"@id\":\"https:\/\/www.manaus.am.gov.br\/semcom\/pautas\/prefeitura-caravananatalina\/\",\"url\":\"https:\/\/www.manaus.am.gov.br\/semcom\/pautas\/prefeitura-caravananatalina\/\",\"name\":\"Prefeitura de Manaus realizar\u00e1 'Caravana Natalina' em parceria com a Solar Coca-Coca\",\"isPartOf\":{\"@id\":\"https:\/\/www.manaus.am.gov.br\/semcom\/#website\"},\"primaryImageOfPage\":{\"@id\":\"https:\/\/www.manaus.am.gov.br\/semcom\/pautas\/prefeitura-caravananatalina\/#primaryimage\"},\"image\":{\"@id\":\"https:\/\/www.manaus.am.gov.br\/semcom\/pautas\/prefeitura-caravananatalina\/#primaryimage\"},\"thumbnailUrl\":\"https:\/\/www.manaus.am.gov.br\/semcom\/wp-content\/uploads\/sites\/5\/2023\/02\/sugestaodepauta.png\",\"datePublished\":\"2024-12-13T15:14:54+00:00\",\"dateModified\":\"2024-12-13T15:14:54+00:00\",\"description\":\"A Prefeitura de Manaus, por meio do Fundo Manaus Solid\u00e1ria (FMS) e em parceria com a Solar Coca-Cola, realizar\u00e1, neste s\u00e1bado, 14\/12, a partir das 18h, a \u201cCaravana Natalina\u201d, que contemplar\u00e1 as zonas Norte, Oeste e Centro-Sul da cidade.\",\"inLanguage\":\"pt-BR\",\"potentialAction\":[{\"@type\":\"ReadAction\",\"target\":[\"https:\/\/www.manaus.am.gov.br\/semcom\/pautas\/prefeitura-caravananatalina\/\"]}]},{\"@type\":\"ImageObject\",\"inLanguage\":\"pt-BR\",\"@id\":\"https:\/\/www.manaus.am.gov.br\/semcom\/pautas\/prefeitura-caravananatalina\/#primaryimage\",\"url\":\"https:\/\/www.manaus.am.gov.br\/semcom\/wp-content\/uploads\/sites\/5\/2023\/02\/sugestaodepauta.png\",\"contentUrl\":\"https:\/\/www.manaus.am.gov.br\/semcom\/wp-content\/uploads\/sites\/5\/2023\/02\/sugestaodepauta.png\",\"width\":1020,\"height\":540},{\"@type\":\"WebSite\",\"@id\":\"https:\/\/www.manaus.am.gov.br\/semcom\/#website\",\"url\":\"https:\/\/www.manaus.am.gov.br\/semcom\/\",\"name\":\"SEMCOM\",\"description\":\"Secretaria Municipal de Comunica\u00e7\u00e3o\",\"potentialAction\":[{\"@type\":\"SearchAction\",\"target\":{\"@type\":\"EntryPoint\",\"urlTemplate\":\"https:\/\/www.manaus.am.gov.br\/semcom\/?s={search_term_string}\"},\"query-input\":\"required name=search_term_string\"}],\"inLanguage\":\"pt-BR\"}]}<\/script>\n<!-- \/ Yoast SEO plugin. -->","yoast_head_json":{"title":"Prefeitura de Manaus realizar\u00e1 'Caravana Natalina' em parceria com a Solar Coca-Coca","description":"A Prefeitura de Manaus, por meio do Fundo Manaus Solid\u00e1ria (FMS) e em parceria com a Solar Coca-Cola, realizar\u00e1, neste s\u00e1bado, 14\/12, a partir das 18h, a \u201cCaravana Natalina\u201d, que contemplar\u00e1 as zonas Norte, Oeste e Centro-Sul da cidade.","robots":{"index":"index","follow":"follow","max-snippet":"max-snippet:-1","max-image-preview":"max-image-preview:large","max-video-preview":"max-video-preview:-1"},"canonical":"https:\/\/www.manaus.am.gov.br\/semcom\/pautas\/prefeitura-caravananatalina\/","og_locale":"pt_BR","og_type":"article","og_title":"Prefeitura de Manaus realizar\u00e1 'Caravana Natalina' em parceria com a Solar Coca-Coca","og_description":"A Prefeitura de Manaus, por meio do Fundo Manaus Solid\u00e1ria (FMS) e em parceria com a Solar Coca-Cola, realizar\u00e1, neste s\u00e1bado, 14\/12, a partir das 18h, a \u201cCaravana Natalina\u201d, que contemplar\u00e1 as zonas Norte, Oeste e Centro-Sul da cidade.","og_url":"https:\/\/www.manaus.am.gov.br\/semcom\/pautas\/prefeitura-caravananatalina\/","og_site_name":"SEMCOM","og_image":[{"width":1020,"height":540,"url":"https:\/\/www.manaus.am.gov.br\/semcom\/wp-content\/uploads\/sites\/5\/2023\/02\/sugestaodepauta.png","type":"image\/png"}],"twitter_card":"summary_large_image","twitter_misc":{"Est. reading time":"3 minutos"},"schema":{"@context":"https:\/\/schema.org","@graph":[{"@type":"WebPage","@id":"https:\/\/www.manaus.am.gov.br\/semcom\/pautas\/prefeitura-caravananatalina\/","url":"https:\/\/www.manaus.am.gov.br\/semcom\/pautas\/prefeitura-caravananatalina\/","name":"Prefeitura de Manaus realizar\u00e1 'Caravana Natalina' em parceria com a Solar Coca-Coca","isPartOf":{"@id":"https:\/\/www.manaus.am.gov.br\/semcom\/#website"},"primaryImageOfPage":{"@id":"https:\/\/www.manaus.am.gov.br\/semcom\/pautas\/prefeitura-caravananatalina\/#primaryimage"},"image":{"@id":"https:\/\/www.manaus.am.gov.br\/semcom\/pautas\/prefeitura-caravananatalina\/#primaryimage"},"thumbnailUrl":"https:\/\/www.manaus.am.gov.br\/semcom\/wp-content\/uploads\/sites\/5\/2023\/02\/sugestaodepauta.png","datePublished":"2024-12-13T15:14:54+00:00","dateModified":"2024-12-13T15:14:54+00:00","description":"A Prefeitura de Manaus, por meio do Fundo Manaus Solid\u00e1ria (FMS) e em parceria com a Solar Coca-Cola, realizar\u00e1, neste s\u00e1bado, 14\/12, a partir das 18h, a \u201cCaravana Natalina\u201d, que contemplar\u00e1 as zonas Norte, Oeste e Centro-Sul da cidade.","inLanguage":"pt-BR","potentialAction":[{"@type":"ReadAction","target":["https:\/\/www.manaus.am.gov.br\/semcom\/pautas\/prefeitura-caravananatalina\/"]}]},{"@type":"ImageObject","inLanguage":"pt-BR","@id":"https:\/\/www.manaus.am.gov.br\/semcom\/pautas\/prefeitura-caravananatalina\/#primaryimage","url":"https:\/\/www.manaus.am.gov.br\/semcom\/wp-content\/uploads\/sites\/5\/2023\/02\/sugestaodepauta.png","contentUrl":"https:\/\/www.manaus.am.gov.br\/semcom\/wp-content\/uploads\/sites\/5\/2023\/02\/sugestaodepauta.png","width":1020,"height":540},{"@type":"WebSite","@id":"https:\/\/www.manaus.am.gov.br\/semcom\/#website","url":"https:\/\/www.manaus.am.gov.br\/semcom\/","name":"SEMCOM","description":"Secretaria Municipal de Comunica\u00e7\u00e3o","potentialAction":[{"@type":"SearchAction","target":{"@type":"EntryPoint","urlTemplate":"https:\/\/www.manaus.am.gov.br\/semcom\/?s={search_term_string}"},"query-input":"required name=search_term_string"}],"inLanguage":"pt-BR"}]}},"_links":{"self":[{"href":"https:\/\/www.manaus.am.gov.br\/semcom\/wp-json\/wp\/v2\/pautas\/232960"}],"collection":[{"href":"https:\/\/www.manaus.am.gov.br\/semcom\/wp-json\/wp\/v2\/pautas"}],"about":[{"href":"https:\/\/www.manaus.am.gov.br\/semcom\/wp-json\/wp\/v2\/types\/pautas"}],"wp:featuredmedia":[{"embeddable":true,"href":"https:\/\/www.manaus.am.gov.br\/semcom\/wp-json\/wp\/v2\/media\/208729"}],"wp:attachment":[{"href":"https:\/\/www.manaus.am.gov.br\/semcom\/wp-json\/wp\/v2\/media?parent=232960"}],"wp:term":[{"taxonomy":"category","embeddable":true,"href":"https:\/\/www.manaus.am.gov.br\/semcom\/wp-json\/wp\/v2\/categories?post=232960"}],"curies":[{"name":"wp","href":"https:\/\/api.w.org\/{rel}","templated":true}]}}

Prefeitura de Manaus realizará &#8216;Caravana Natalina&#8217; em parceria com a Solar Coca-Coca

<p>A Prefeitura de Manaus, por meio do Fundo Manaus Solidária (FMS) e em parceria com a Solar Coca-Cola, realizará, neste sábado, 14/12, a partir das 18h, a “Caravana Natalina”, que contemplará as zonas Norte, Oeste e Centro-Sul da cidade. A &#8220;Caravana Natalina&#8221; contará com três carretas da Coca-Cola e com quatro carros alegóricos natalinos, iluminando as avenidas e ruas da cidade de Manaus.&nbsp;</p>



<p>O percurso terá uma parada especial de dez minutos em quatro pontos da cidade: Nova Era, da avenida Torquato Tapajós; Manauara Shopping, ao lado da avenida Umberto Calderaro Filho; shopping Ponta Negra, na avenida Coronel Teixeira, e sua última parada na tradicional árvore de Natal, do complexo turístico Ponta Negra, próximo ao anfiteatro da orla.&nbsp;</p>



<p>Essa é mais uma ação do “Natal dos Sonhos”, da Prefeitura de Manaus, espalhando a magia e o encanto do Natal por toda a capital.&nbsp;</p>



<p><strong>SERVIÇO:</strong></p>



<p><strong>O quê</strong>&nbsp;– Prefeitura de Manaus realizará &#8216;Caravana Natalina&#8217; em parceria com a Solar Coca-Cola</p>



<p><strong>Quando</strong>&nbsp;– Sábado, 14/12&nbsp;</p>



<p><strong>Horário</strong>&nbsp;– 18h</p>



<p><strong>Local</strong>&nbsp;– O percurso terá início na fábrica da Solar Coca-Cola, avenida Torquato Tapajós, 5.800, no bairro Novo Israel, e terá o término no complexo turístico Ponta Negra.</p>



<p><strong>Percurso:&nbsp;</strong></p>



<p>Após a saída da fábrica, será feito o retorno e seguirá para a 1ª&nbsp; parada, que será no supermercado Nova Era, na avenida Torquato Tapajós (sentido Centro), depois, percorrerá a avenida Constantino Nery, rua Lóris Cordovil, avenida Belmiro Vianez, avenida Pedro Teixeira, rua Paxiúbas, passando pela bola das Letras e seguindo para a avenida Dr. Theomário Pinto da Costa (sentido Amazonas Shopping), seguirá pela avenida Darcy Vargas, avenida Mário Ypiranga Monteiro e será feita a 2ª parada, no Manauara Shopping, do lado da avenida Umberto Calderaro Filho. Daí, a caravana fará o retorno no shopping e percorrerá a rua Salvador, avenida Maceió, rua Major Gabriel, avenida Ramos Ferreira, avenida Getúlio Vargas, rua Saldanha Marinho, avenida Eduardo Ribeiro, rua 10 de Julho, avenida Getúlio Vargas, avenida Leonardo Malcher, avenida Constantino Nery, avenida Kako Caminha, avenida Brasil, avenida Coronel Teixeira, sentido shopping Ponta Negra, onde irá acontecer a 3ª parada. Após isso, seguirá a avenida Coronel Teixeira, sentido orla da Ponta Negra, próximo ao anfiteatro, onde ocorrerá a 4ª e última parada do percurso, finalizando a “Caravana Natalina”.</p>

<!-- This site is optimized with the Yoast SEO plugin v23.0 - https://yoast.com/wordpress/plugins/seo/ -->
<title>Prefeitura de Manaus realizará &#039;Caravana Natalina&#039; em parceria com a Solar Coca-Coca</title>
<meta name="description" content="A Prefeitura de Manaus, por meio do Fundo Manaus Solidária (FMS) e em parceria com a Solar Coca-Cola, realizará, neste sábado, 14/12, a partir das 18h, a “Caravana Natalina”, que contemplará as zonas Norte, Oeste e Centro-Sul da cidade." />
<meta name="robots" content="index, follow, max-snippet:-1, max-image-preview:large, max-video-preview:-1" />
<link rel="canonical" href="https://www.manaus.am.gov.br/semcom/pautas/prefeitura-caravananatalina/" />
<meta property="og:locale" content="pt_BR" />
<meta property="og:type" content="article" />
<meta property="og:title" content="Prefeitura de Manaus realizará &#039;Caravana Natalina&#039; em parceria com a Solar Coca-Coca" />
<meta property="og:description" content="A Prefeitura de Manaus, por meio do Fundo Manaus Solidária (FMS) e em parceria com a Solar Coca-Cola, realizará, neste sábado, 14/12, a partir das 18h, a “Caravana Natalina”, que contemplará as zonas Norte, Oeste e Centro-Sul da cidade." />
<meta property="og:url" content="https://www.manaus.am.gov.br/semcom/pautas/prefeitura-caravananatalina/" />
<meta property="og:site_name" content="SEMCOM" />
<meta property="og:image" content="https://www.manaus.am.gov.br/semcom/wp-content/uploads/sites/5/2023/02/sugestaodepauta.png" />
	<meta property="og:image:width" content="1020" />
	<meta property="og:image:height" content="540" />
	<meta property="og:image:type" content="image/png" />
<meta name="twitter:card" content="summary_large_image" />
<meta name="twitter:label1" content="Est. reading time" />
	<meta name="twitter:data1" content="3 minutos" />
<script type="application/ld+json" class="yoast-schema-graph">{"@context":"https://schema.org","@graph":[{"@type":"WebPage","@id":"https://www.manaus.am.gov.br/semcom/pautas/prefeitura-caravananatalina/","url":"https://www.manaus.am.gov.br/semcom/pautas/prefeitura-caravananatalina/","name":"Prefeitura de Manaus realizará 'Caravana Natalina' em parceria com a Solar Coca-Coca","isPartOf":{"@id":"https://www.manaus.am.gov.br/semcom/#website"},"primaryImageOfPage":{"@id":"https://www.manaus.am.gov.br/semcom/pautas/prefeitura-caravananatalina/#primaryimage"},"image":{"@id":"https://www.manaus.am.gov.br/semcom/pautas/prefeitura-caravananatalina/#primaryimage"},"thumbnailUrl":"https://www.manaus.am.gov.br/semcom/wp-content/uploads/sites/5/2023/02/sugestaodepauta.png","datePublished":"2024-12-13T15:14:54+00:00","dateModified":"2024-12-13T15:14:54+00:00","description":"A Prefeitura de Manaus, por meio do Fundo Manaus Solidária (FMS) e em parceria com a Solar Coca-Cola, realizará, neste sábado, 14/12, a partir das 18h, a “Caravana Natalina”, que contemplará as zonas Norte, Oeste e Centro-Sul da cidade.","inLanguage":"pt-BR","potentialAction":[{"@type":"ReadAction","target":["https://www.manaus.am.gov.br/semcom/pautas/prefeitura-caravananatalina/"]}]},{"@type":"ImageObject","inLanguage":"pt-BR","@id":"https://www.manaus.am.gov.br/semcom/pautas/prefeitura-caravananatalina/#primaryimage","url":"https://www.manaus.am.gov.br/semcom/wp-content/uploads/sites/5/2023/02/sugestaodepauta.png","contentUrl":"https://www.manaus.am.gov.br/semcom/wp-content/uploads/sites/5/2023/02/sugestaodepauta.png","width":1020,"height":540},{"@type":"WebSite","@id":"https://www.manaus.am.gov.br/semcom/#website","url":"https://www.manaus.am.gov.br/semcom/","name":"SEMCOM","description":"Secretaria Municipal de Comunicação","potentialAction":[{"@type":"SearchAction","target":{"@type":"EntryPoint","urlTemplate":"https://www.manaus.am.gov.br/semcom/?s={search_term_string}"},"query-input":"required name=search_term_string"}],"inLanguage":"pt-BR"}]}</script>
<!-- / Yoast SEO plugin. -->

Prefeitura de Manaus realizará 'Caravana Natalina' em parceria com a Solar Coca-Coca

A Prefeitura de Manaus, por meio do Fundo Manaus Solidária (FMS) e em parceria com a Solar Coca-Cola, realizará, neste sábado, 14/12, a partir das 18h, a “Caravana Natalina”, que contemplará as zonas Norte, Oeste e Centro-Sul da cidade.

Secretaria Municipal de Comunicação
