{"id":232869,"date":"2024-12-11T12:20:29","date_gmt":"2024-12-11T15:20:29","guid":{"rendered":"https:\/\/www.manaus.am.gov.br\/semcom\/?post_type=pautas&#038;p=232869"},"modified":"2024-12-11T12:20:30","modified_gmt":"2024-12-11T15:20:30","slug":"prefeitura-parquegigantes-natal","status":"publish","type":"pautas","link":"https:\/\/www.manaus.am.gov.br\/semcom\/pautas\/prefeitura-parquegigantes-natal\/","title":{"rendered":"Prefeitura de Manaus promove entrega simb\u00f3lica da decora\u00e7\u00e3o natalina no parque Gigantes da Floresta"},"content":{"rendered":"\n<p>A Prefeitura de Manaus, por meio da Secretaria Municipal de Agricultura, Abastecimento, Centro e Com\u00e9rcio Informal (Semacc), realiza, nesta quarta-feira, 11\/12, \u00e0s 19h30, uma celebra\u00e7\u00e3o especial de Natal, no parque Gigantes da Floresta, localizado entre as avenidas Isa\u00edas Alves e Ol\u00edvia de Menezes Vieiralves, nas zonas Leste e Norte, trazendo o clima natalino para a comunidade.<\/p>\n\n\n\n<p>A a\u00e7\u00e3o contar\u00e1 com a entrega simb\u00f3lica da decora\u00e7\u00e3o natalina do parque. Na mesma ocasi\u00e3o, em parceria com uma empresa privada, o parque receber\u00e1 uma visita surpresa para encantar ainda mais as crian\u00e7as e os adultos tamb\u00e9m.&nbsp;<\/p>\n\n\n\n<p>O evento tem como objetivo fortalecer os la\u00e7os entre a administra\u00e7\u00e3o p\u00fablica e a popula\u00e7\u00e3o, destacando o compromisso social da prefeitura durante as festividades de fim de ano.<\/p>\n\n\n\n<p>O secret\u00e1rio da Semacc, Wanderson Costa, acompanhar\u00e1 a a\u00e7\u00e3o e atender\u00e1 a imprensa.<\/p>\n\n\n\n<p><strong>SERVI\u00c7O:<\/strong><\/p>\n\n\n\n<p><strong>O qu\u00ea<\/strong>&nbsp;&#8211; Entrega simb\u00f3lica da decora\u00e7\u00e3o natalina do parque Gigantes da Floresta&nbsp;<\/p>\n\n\n\n<p><strong>Quando<\/strong>&nbsp;&#8211; Quarta-feira, 11\/12<\/p>\n\n\n\n<p><strong>Hor\u00e1rio<\/strong>&nbsp;&#8211; 19h30<\/p>\n\n\n\n<p><strong>Local<\/strong> &#8211;&nbsp;Entre as avenidas Isa\u00edas Vieiralves e Ol\u00edvia de Menezes Vieiralves, nas zonas Leste e Norte<\/p>\n\n\n\n<p><strong>Localiza\u00e7\u00e3o<\/strong> &#8211;&nbsp;<a href=\"https:\/\/maps.app.goo.gl\/P4MZbTqamVHp4EJMA\" target=\"_blank\" rel=\"noreferrer noopener\">https:\/\/maps.app.goo.gl\/P4MZbTqamVHp4EJMA<\/a>&nbsp;<\/p>\n\n\n\n<p>&#8212; &#8212; &#8212;<\/p>\n","protected":false},"featured_media":208729,"template":"","categories":[803],"acf":[],"yoast_head":"<!-- This site is optimized with the Yoast SEO plugin v23.0 - https:\/\/yoast.com\/wordpress\/plugins\/seo\/ -->\n<title>Prefeitura de Manaus promove entrega simb\u00f3lica da decora\u00e7\u00e3o natalina no parque Gigantes da Floresta<\/title>\n<meta name=\"description\" content=\"A Prefeitura de Manaus, por meio da Secretaria Municipal de Agricultura, Abastecimento, Centro e Com\u00e9rcio Informal (Semacc), realiza, nesta quarta-feira, 11\/12, \u00e0s 19h30, uma celebra\u00e7\u00e3o especial de Natal, no parque Gigantes da Floresta\" \/>\n<meta name=\"robots\" content=\"index, follow, max-snippet:-1, max-image-preview:large, max-video-preview:-1\" \/>\n<link rel=\"canonical\" href=\"https:\/\/www.manaus.am.gov.br\/semcom\/pautas\/prefeitura-parquegigantes-natal\/\" \/>\n<meta property=\"og:locale\" content=\"pt_BR\" \/>\n<meta property=\"og:type\" content=\"article\" \/>\n<meta property=\"og:title\" content=\"Prefeitura de Manaus promove entrega simb\u00f3lica da decora\u00e7\u00e3o natalina no parque Gigantes da Floresta\" \/>\n<meta property=\"og:description\" content=\"A Prefeitura de Manaus, por meio da Secretaria Municipal de Agricultura, Abastecimento, Centro e Com\u00e9rcio Informal (Semacc), realiza, nesta quarta-feira, 11\/12, \u00e0s 19h30, uma celebra\u00e7\u00e3o especial de Natal, no parque Gigantes da Floresta\" \/>\n<meta property=\"og:url\" content=\"https:\/\/www.manaus.am.gov.br\/semcom\/pautas\/prefeitura-parquegigantes-natal\/\" \/>\n<meta property=\"og:site_name\" content=\"SEMCOM\" \/>\n<meta property=\"article:modified_time\" content=\"2024-12-11T15:20:30+00:00\" \/>\n<meta property=\"og:image\" content=\"https:\/\/www.manaus.am.gov.br\/semcom\/wp-content\/uploads\/sites\/5\/2023\/02\/sugestaodepauta.png\" \/>\n\t<meta property=\"og:image:width\" content=\"1020\" \/>\n\t<meta property=\"og:image:height\" content=\"540\" \/>\n\t<meta property=\"og:image:type\" content=\"image\/png\" \/>\n<meta name=\"twitter:card\" content=\"summary_large_image\" \/>\n<meta name=\"twitter:label1\" content=\"Est. reading time\" \/>\n\t<meta name=\"twitter:data1\" content=\"1 minuto\" \/>\n<script type=\"application\/ld+json\" class=\"yoast-schema-graph\">{\"@context\":\"https:\/\/schema.org\",\"@graph\":[{\"@type\":\"WebPage\",\"@id\":\"https:\/\/www.manaus.am.gov.br\/semcom\/pautas\/prefeitura-parquegigantes-natal\/\",\"url\":\"https:\/\/www.manaus.am.gov.br\/semcom\/pautas\/prefeitura-parquegigantes-natal\/\",\"name\":\"Prefeitura de Manaus promove entrega simb\u00f3lica da decora\u00e7\u00e3o natalina no parque Gigantes da Floresta\",\"isPartOf\":{\"@id\":\"https:\/\/www.manaus.am.gov.br\/semcom\/#website\"},\"primaryImageOfPage\":{\"@id\":\"https:\/\/www.manaus.am.gov.br\/semcom\/pautas\/prefeitura-parquegigantes-natal\/#primaryimage\"},\"image\":{\"@id\":\"https:\/\/www.manaus.am.gov.br\/semcom\/pautas\/prefeitura-parquegigantes-natal\/#primaryimage\"},\"thumbnailUrl\":\"https:\/\/www.manaus.am.gov.br\/semcom\/wp-content\/uploads\/sites\/5\/2023\/02\/sugestaodepauta.png\",\"datePublished\":\"2024-12-11T15:20:29+00:00\",\"dateModified\":\"2024-12-11T15:20:30+00:00\",\"description\":\"A Prefeitura de Manaus, por meio da Secretaria Municipal de Agricultura, Abastecimento, Centro e Com\u00e9rcio Informal (Semacc), realiza, nesta quarta-feira, 11\/12, \u00e0s 19h30, uma celebra\u00e7\u00e3o especial de Natal, no parque Gigantes da Floresta\",\"inLanguage\":\"pt-BR\",\"potentialAction\":[{\"@type\":\"ReadAction\",\"target\":[\"https:\/\/www.manaus.am.gov.br\/semcom\/pautas\/prefeitura-parquegigantes-natal\/\"]}]},{\"@type\":\"ImageObject\",\"inLanguage\":\"pt-BR\",\"@id\":\"https:\/\/www.manaus.am.gov.br\/semcom\/pautas\/prefeitura-parquegigantes-natal\/#primaryimage\",\"url\":\"https:\/\/www.manaus.am.gov.br\/semcom\/wp-content\/uploads\/sites\/5\/2023\/02\/sugestaodepauta.png\",\"contentUrl\":\"https:\/\/www.manaus.am.gov.br\/semcom\/wp-content\/uploads\/sites\/5\/2023\/02\/sugestaodepauta.png\",\"width\":1020,\"height\":540},{\"@type\":\"WebSite\",\"@id\":\"https:\/\/www.manaus.am.gov.br\/semcom\/#website\",\"url\":\"https:\/\/www.manaus.am.gov.br\/semcom\/\",\"name\":\"SEMCOM\",\"description\":\"Secretaria Municipal de Comunica\u00e7\u00e3o\",\"potentialAction\":[{\"@type\":\"SearchAction\",\"target\":{\"@type\":\"EntryPoint\",\"urlTemplate\":\"https:\/\/www.manaus.am.gov.br\/semcom\/?s={search_term_string}\"},\"query-input\":\"required name=search_term_string\"}],\"inLanguage\":\"pt-BR\"}]}<\/script>\n<!-- \/ Yoast SEO plugin. -->","yoast_head_json":{"title":"Prefeitura de Manaus promove entrega simb\u00f3lica da decora\u00e7\u00e3o natalina no parque Gigantes da Floresta","description":"A Prefeitura de Manaus, por meio da Secretaria Municipal de Agricultura, Abastecimento, Centro e Com\u00e9rcio Informal (Semacc), realiza, nesta quarta-feira, 11\/12, \u00e0s 19h30, uma celebra\u00e7\u00e3o especial de Natal, no parque Gigantes da Floresta","robots":{"index":"index","follow":"follow","max-snippet":"max-snippet:-1","max-image-preview":"max-image-preview:large","max-video-preview":"max-video-preview:-1"},"canonical":"https:\/\/www.manaus.am.gov.br\/semcom\/pautas\/prefeitura-parquegigantes-natal\/","og_locale":"pt_BR","og_type":"article","og_title":"Prefeitura de Manaus promove entrega simb\u00f3lica da decora\u00e7\u00e3o natalina no parque Gigantes da Floresta","og_description":"A Prefeitura de Manaus, por meio da Secretaria Municipal de Agricultura, Abastecimento, Centro e Com\u00e9rcio Informal (Semacc), realiza, nesta quarta-feira, 11\/12, \u00e0s 19h30, uma celebra\u00e7\u00e3o especial de Natal, no parque Gigantes da Floresta","og_url":"https:\/\/www.manaus.am.gov.br\/semcom\/pautas\/prefeitura-parquegigantes-natal\/","og_site_name":"SEMCOM","article_modified_time":"2024-12-11T15:20:30+00:00","og_image":[{"width":1020,"height":540,"url":"https:\/\/www.manaus.am.gov.br\/semcom\/wp-content\/uploads\/sites\/5\/2023\/02\/sugestaodepauta.png","type":"image\/png"}],"twitter_card":"summary_large_image","twitter_misc":{"Est. reading time":"1 minuto"},"schema":{"@context":"https:\/\/schema.org","@graph":[{"@type":"WebPage","@id":"https:\/\/www.manaus.am.gov.br\/semcom\/pautas\/prefeitura-parquegigantes-natal\/","url":"https:\/\/www.manaus.am.gov.br\/semcom\/pautas\/prefeitura-parquegigantes-natal\/","name":"Prefeitura de Manaus promove entrega simb\u00f3lica da decora\u00e7\u00e3o natalina no parque Gigantes da Floresta","isPartOf":{"@id":"https:\/\/www.manaus.am.gov.br\/semcom\/#website"},"primaryImageOfPage":{"@id":"https:\/\/www.manaus.am.gov.br\/semcom\/pautas\/prefeitura-parquegigantes-natal\/#primaryimage"},"image":{"@id":"https:\/\/www.manaus.am.gov.br\/semcom\/pautas\/prefeitura-parquegigantes-natal\/#primaryimage"},"thumbnailUrl":"https:\/\/www.manaus.am.gov.br\/semcom\/wp-content\/uploads\/sites\/5\/2023\/02\/sugestaodepauta.png","datePublished":"2024-12-11T15:20:29+00:00","dateModified":"2024-12-11T15:20:30+00:00","description":"A Prefeitura de Manaus, por meio da Secretaria Municipal de Agricultura, Abastecimento, Centro e Com\u00e9rcio Informal (Semacc), realiza, nesta quarta-feira, 11\/12, \u00e0s 19h30, uma celebra\u00e7\u00e3o especial de Natal, no parque Gigantes da Floresta","inLanguage":"pt-BR","potentialAction":[{"@type":"ReadAction","target":["https:\/\/www.manaus.am.gov.br\/semcom\/pautas\/prefeitura-parquegigantes-natal\/"]}]},{"@type":"ImageObject","inLanguage":"pt-BR","@id":"https:\/\/www.manaus.am.gov.br\/semcom\/pautas\/prefeitura-parquegigantes-natal\/#primaryimage","url":"https:\/\/www.manaus.am.gov.br\/semcom\/wp-content\/uploads\/sites\/5\/2023\/02\/sugestaodepauta.png","contentUrl":"https:\/\/www.manaus.am.gov.br\/semcom\/wp-content\/uploads\/sites\/5\/2023\/02\/sugestaodepauta.png","width":1020,"height":540},{"@type":"WebSite","@id":"https:\/\/www.manaus.am.gov.br\/semcom\/#website","url":"https:\/\/www.manaus.am.gov.br\/semcom\/","name":"SEMCOM","description":"Secretaria Municipal de Comunica\u00e7\u00e3o","potentialAction":[{"@type":"SearchAction","target":{"@type":"EntryPoint","urlTemplate":"https:\/\/www.manaus.am.gov.br\/semcom\/?s={search_term_string}"},"query-input":"required name=search_term_string"}],"inLanguage":"pt-BR"}]}},"_links":{"self":[{"href":"https:\/\/www.manaus.am.gov.br\/semcom\/wp-json\/wp\/v2\/pautas\/232869"}],"collection":[{"href":"https:\/\/www.manaus.am.gov.br\/semcom\/wp-json\/wp\/v2\/pautas"}],"about":[{"href":"https:\/\/www.manaus.am.gov.br\/semcom\/wp-json\/wp\/v2\/types\/pautas"}],"wp:featuredmedia":[{"embeddable":true,"href":"https:\/\/www.manaus.am.gov.br\/semcom\/wp-json\/wp\/v2\/media\/208729"}],"wp:attachment":[{"href":"https:\/\/www.manaus.am.gov.br\/semcom\/wp-json\/wp\/v2\/media?parent=232869"}],"wp:term":[{"taxonomy":"category","embeddable":true,"href":"https:\/\/www.manaus.am.gov.br\/semcom\/wp-json\/wp\/v2\/categories?post=232869"}],"curies":[{"name":"wp","href":"https:\/\/api.w.org\/{rel}","templated":true}]}}

Prefeitura de Manaus promove entrega simbólica da decoração natalina no parque Gigantes da Floresta

<p>A Prefeitura de Manaus, por meio da Secretaria Municipal de Agricultura, Abastecimento, Centro e Comércio Informal (Semacc), realiza, nesta quarta-feira, 11/12, às 19h30, uma celebração especial de Natal, no parque Gigantes da Floresta, localizado entre as avenidas Isaías Alves e Olívia de Menezes Vieiralves, nas zonas Leste e Norte, trazendo o clima natalino para a comunidade.</p>



<p>A ação contará com a entrega simbólica da decoração natalina do parque. Na mesma ocasião, em parceria com uma empresa privada, o parque receberá uma visita surpresa para encantar ainda mais as crianças e os adultos também.&nbsp;</p>



<p>O evento tem como objetivo fortalecer os laços entre a administração pública e a população, destacando o compromisso social da prefeitura durante as festividades de fim de ano.</p>



<p>O secretário da Semacc, Wanderson Costa, acompanhará a ação e atenderá a imprensa.</p>



<p><strong>SERVIÇO:</strong></p>



<p><strong>O quê</strong>&nbsp;&#8211; Entrega simbólica da decoração natalina do parque Gigantes da Floresta&nbsp;</p>



<p><strong>Quando</strong>&nbsp;&#8211; Quarta-feira, 11/12</p>



<p><strong>Horário</strong>&nbsp;&#8211; 19h30</p>



<p><strong>Local</strong> &#8211;&nbsp;Entre as avenidas Isaías Vieiralves e Olívia de Menezes Vieiralves, nas zonas Leste e Norte</p>



<p><strong>Localização</strong> &#8211;&nbsp;<a href="https://maps.app.goo.gl/P4MZbTqamVHp4EJMA" target="_blank" rel="noreferrer noopener">https://maps.app.goo.gl/P4MZbTqamVHp4EJMA</a>&nbsp;</p>



<p>&#8212; &#8212; &#8212;</p>

<!-- This site is optimized with the Yoast SEO plugin v23.0 - https://yoast.com/wordpress/plugins/seo/ -->
<title>Prefeitura de Manaus promove entrega simbólica da decoração natalina no parque Gigantes da Floresta</title>
<meta name="description" content="A Prefeitura de Manaus, por meio da Secretaria Municipal de Agricultura, Abastecimento, Centro e Comércio Informal (Semacc), realiza, nesta quarta-feira, 11/12, às 19h30, uma celebração especial de Natal, no parque Gigantes da Floresta" />
<meta name="robots" content="index, follow, max-snippet:-1, max-image-preview:large, max-video-preview:-1" />
<link rel="canonical" href="https://www.manaus.am.gov.br/semcom/pautas/prefeitura-parquegigantes-natal/" />
<meta property="og:locale" content="pt_BR" />
<meta property="og:type" content="article" />
<meta property="og:title" content="Prefeitura de Manaus promove entrega simbólica da decoração natalina no parque Gigantes da Floresta" />
<meta property="og:description" content="A Prefeitura de Manaus, por meio da Secretaria Municipal de Agricultura, Abastecimento, Centro e Comércio Informal (Semacc), realiza, nesta quarta-feira, 11/12, às 19h30, uma celebração especial de Natal, no parque Gigantes da Floresta" />
<meta property="og:url" content="https://www.manaus.am.gov.br/semcom/pautas/prefeitura-parquegigantes-natal/" />
<meta property="og:site_name" content="SEMCOM" />
<meta property="article:modified_time" content="2024-12-11T15:20:30+00:00" />
<meta property="og:image" content="https://www.manaus.am.gov.br/semcom/wp-content/uploads/sites/5/2023/02/sugestaodepauta.png" />
	<meta property="og:image:width" content="1020" />
	<meta property="og:image:height" content="540" />
	<meta property="og:image:type" content="image/png" />
<meta name="twitter:card" content="summary_large_image" />
<meta name="twitter:label1" content="Est. reading time" />
	<meta name="twitter:data1" content="1 minuto" />
<script type="application/ld+json" class="yoast-schema-graph">{"@context":"https://schema.org","@graph":[{"@type":"WebPage","@id":"https://www.manaus.am.gov.br/semcom/pautas/prefeitura-parquegigantes-natal/","url":"https://www.manaus.am.gov.br/semcom/pautas/prefeitura-parquegigantes-natal/","name":"Prefeitura de Manaus promove entrega simbólica da decoração natalina no parque Gigantes da Floresta","isPartOf":{"@id":"https://www.manaus.am.gov.br/semcom/#website"},"primaryImageOfPage":{"@id":"https://www.manaus.am.gov.br/semcom/pautas/prefeitura-parquegigantes-natal/#primaryimage"},"image":{"@id":"https://www.manaus.am.gov.br/semcom/pautas/prefeitura-parquegigantes-natal/#primaryimage"},"thumbnailUrl":"https://www.manaus.am.gov.br/semcom/wp-content/uploads/sites/5/2023/02/sugestaodepauta.png","datePublished":"2024-12-11T15:20:29+00:00","dateModified":"2024-12-11T15:20:30+00:00","description":"A Prefeitura de Manaus, por meio da Secretaria Municipal de Agricultura, Abastecimento, Centro e Comércio Informal (Semacc), realiza, nesta quarta-feira, 11/12, às 19h30, uma celebração especial de Natal, no parque Gigantes da Floresta","inLanguage":"pt-BR","potentialAction":[{"@type":"ReadAction","target":["https://www.manaus.am.gov.br/semcom/pautas/prefeitura-parquegigantes-natal/"]}]},{"@type":"ImageObject","inLanguage":"pt-BR","@id":"https://www.manaus.am.gov.br/semcom/pautas/prefeitura-parquegigantes-natal/#primaryimage","url":"https://www.manaus.am.gov.br/semcom/wp-content/uploads/sites/5/2023/02/sugestaodepauta.png","contentUrl":"https://www.manaus.am.gov.br/semcom/wp-content/uploads/sites/5/2023/02/sugestaodepauta.png","width":1020,"height":540},{"@type":"WebSite","@id":"https://www.manaus.am.gov.br/semcom/#website","url":"https://www.manaus.am.gov.br/semcom/","name":"SEMCOM","description":"Secretaria Municipal de Comunicação","potentialAction":[{"@type":"SearchAction","target":{"@type":"EntryPoint","urlTemplate":"https://www.manaus.am.gov.br/semcom/?s={search_term_string}"},"query-input":"required name=search_term_string"}],"inLanguage":"pt-BR"}]}</script>
<!-- / Yoast SEO plugin. -->

A Prefeitura de Manaus, por meio da Secretaria Municipal de Agricultura, Abastecimento, Centro e Comércio Informal (Semacc), realiza, nesta quarta-feira, 11/12, às 19h30, uma celebração especial de Natal, no parque Gigantes da Floresta

Secretaria Municipal de Comunicação
