{"id":232846,"date":"2024-12-10T16:24:18","date_gmt":"2024-12-10T19:24:18","guid":{"rendered":"https:\/\/www.manaus.am.gov.br\/semcom\/?post_type=pautas&#038;p=232846"},"modified":"2024-12-10T16:24:19","modified_gmt":"2024-12-10T19:24:19","slug":"procon-celebra-primeiro-aniversario-campanha-zera-divida","status":"publish","type":"pautas","link":"https:\/\/www.manaus.am.gov.br\/semcom\/pautas\/procon-celebra-primeiro-aniversario-campanha-zera-divida\/","title":{"rendered":"Procon Manaus celebra primeiro anivers\u00e1rio com a campanha \u2018Zera D\u00edvida\u2019 da \u00c1guas de Manaus"},"content":{"rendered":"\n<p> <\/p>\n\n\n\n<p>A Prefeitura de Manaus, por meio do Servi\u00e7o de Atendimento e Prote\u00e7\u00e3o ao Consumidor (Procon Manaus), em parceria com a concession\u00e1ria \u00c1guas de Manaus, realiza, de quarta a sexta-feira, 11 a 13\/12, a campanha de negocia\u00e7\u00e3o \u201cZera D\u00edvida\u201d, em comemora\u00e7\u00e3o ao primeiro ano do Procon Manaus na gest\u00e3o municipal. O atendimento acontece na sede do Procon Manaus, localizada no shopping Phelippe Daou, na avenida Camapu\u00e3, bairro Cidade de Deus, zona Norte, e na galeria dos Rem\u00e9dios, na rua Miranda Le\u00e3o, Centro, zona Sul.<\/p>\n\n\n\n<p>A a\u00e7\u00e3o tem como objetivo ofertar condi\u00e7\u00f5es exclusivas para a negocia\u00e7\u00e3o de d\u00edvidas em contas de \u00e1gua e esgoto, permitindo que os clientes da \u00c1guas de Manaus regularizem suas pend\u00eancias com descontos de at\u00e9 95%, conforme a idade da d\u00edvida, al\u00e9m de contar com op\u00e7\u00f5es de parcelamento flex\u00edvel que se ajustem \u00e0s suas condi\u00e7\u00f5es financeiras, fortalecendo o relacionamento com os consumidores.<\/p>\n\n\n\n<p>Os demais servi\u00e7os oferecidos pelo Procon Manaus seguem, normalmente, durante esses dias.<\/p>\n\n\n\n<p><strong>SERVI\u00c7O<\/strong><br><br><\/p>\n\n\n\n<p><strong>O qu\u00ea \u2013<\/strong> Procon Manaus celebra primeiro anivers\u00e1rio com a campanha \u201cZera D\u00edvida\u201d da \u00c1guas de Manaus<\/p>\n\n\n\n<p><strong>Quando &#8211; <\/strong>Quarta a sexta-feira, 11 a 13\/12<\/p>\n\n\n\n<p><strong>Hor\u00e1rio \u2013<\/strong> 8h \u00e0s 14h<\/p>\n\n\n\n<p><strong>Local &#8211;<\/strong> Sede do Procon Manaus, no shopping Phelippe Daou, na avenida Camapu\u00e3, n\u00ba 2.939, bairro Cidade de Deus, zona Norte; e na galeria dos Rem\u00e9dios, na rua Miranda Le\u00e3o, n\u00ba 82, Centro, zona Sul<\/p>\n","protected":false},"featured_media":208729,"template":"","categories":[10377],"acf":[],"yoast_head":"<!-- This site is optimized with the Yoast SEO plugin v23.0 - https:\/\/yoast.com\/wordpress\/plugins\/seo\/ -->\n<title>Procon celebra primeiro anivers\u00e1rio com a campanha \u2018Zera D\u00edvida\u2019<\/title>\n<meta name=\"description\" content=\"Procon Manaus celebra primeiro anivers\u00e1rio de funcionamento com a campanha \u2018Zera D\u00edvida\u2019 da \u00c1guas de Manaus.\" \/>\n<meta name=\"robots\" content=\"index, follow, max-snippet:-1, max-image-preview:large, max-video-preview:-1\" \/>\n<link rel=\"canonical\" href=\"https:\/\/www.manaus.am.gov.br\/semcom\/pautas\/procon-celebra-primeiro-aniversario-campanha-zera-divida\/\" \/>\n<meta property=\"og:locale\" content=\"pt_BR\" \/>\n<meta property=\"og:type\" content=\"article\" \/>\n<meta property=\"og:title\" content=\"Procon celebra primeiro anivers\u00e1rio com a campanha \u2018Zera D\u00edvida\u2019\" \/>\n<meta property=\"og:description\" content=\"Procon Manaus celebra primeiro anivers\u00e1rio de funcionamento com a campanha \u2018Zera D\u00edvida\u2019 da \u00c1guas de Manaus.\" \/>\n<meta property=\"og:url\" content=\"https:\/\/www.manaus.am.gov.br\/semcom\/pautas\/procon-celebra-primeiro-aniversario-campanha-zera-divida\/\" \/>\n<meta property=\"og:site_name\" content=\"SEMCOM\" \/>\n<meta property=\"article:modified_time\" content=\"2024-12-10T19:24:19+00:00\" \/>\n<meta property=\"og:image\" content=\"https:\/\/www.manaus.am.gov.br\/semcom\/wp-content\/uploads\/sites\/5\/2023\/02\/sugestaodepauta.png\" \/>\n\t<meta property=\"og:image:width\" content=\"1020\" \/>\n\t<meta property=\"og:image:height\" content=\"540\" \/>\n\t<meta property=\"og:image:type\" content=\"image\/png\" \/>\n<meta name=\"twitter:card\" content=\"summary_large_image\" \/>\n<meta name=\"twitter:label1\" content=\"Est. reading time\" \/>\n\t<meta name=\"twitter:data1\" content=\"2 minutos\" \/>\n<script type=\"application\/ld+json\" class=\"yoast-schema-graph\">{\"@context\":\"https:\/\/schema.org\",\"@graph\":[{\"@type\":\"WebPage\",\"@id\":\"https:\/\/www.manaus.am.gov.br\/semcom\/pautas\/procon-celebra-primeiro-aniversario-campanha-zera-divida\/\",\"url\":\"https:\/\/www.manaus.am.gov.br\/semcom\/pautas\/procon-celebra-primeiro-aniversario-campanha-zera-divida\/\",\"name\":\"Procon celebra primeiro anivers\u00e1rio com a campanha \u2018Zera D\u00edvida\u2019\",\"isPartOf\":{\"@id\":\"https:\/\/www.manaus.am.gov.br\/semcom\/#website\"},\"primaryImageOfPage\":{\"@id\":\"https:\/\/www.manaus.am.gov.br\/semcom\/pautas\/procon-celebra-primeiro-aniversario-campanha-zera-divida\/#primaryimage\"},\"image\":{\"@id\":\"https:\/\/www.manaus.am.gov.br\/semcom\/pautas\/procon-celebra-primeiro-aniversario-campanha-zera-divida\/#primaryimage\"},\"thumbnailUrl\":\"https:\/\/www.manaus.am.gov.br\/semcom\/wp-content\/uploads\/sites\/5\/2023\/02\/sugestaodepauta.png\",\"datePublished\":\"2024-12-10T19:24:18+00:00\",\"dateModified\":\"2024-12-10T19:24:19+00:00\",\"description\":\"Procon Manaus celebra primeiro anivers\u00e1rio de funcionamento com a campanha \u2018Zera D\u00edvida\u2019 da \u00c1guas de Manaus.\",\"inLanguage\":\"pt-BR\",\"potentialAction\":[{\"@type\":\"ReadAction\",\"target\":[\"https:\/\/www.manaus.am.gov.br\/semcom\/pautas\/procon-celebra-primeiro-aniversario-campanha-zera-divida\/\"]}]},{\"@type\":\"ImageObject\",\"inLanguage\":\"pt-BR\",\"@id\":\"https:\/\/www.manaus.am.gov.br\/semcom\/pautas\/procon-celebra-primeiro-aniversario-campanha-zera-divida\/#primaryimage\",\"url\":\"https:\/\/www.manaus.am.gov.br\/semcom\/wp-content\/uploads\/sites\/5\/2023\/02\/sugestaodepauta.png\",\"contentUrl\":\"https:\/\/www.manaus.am.gov.br\/semcom\/wp-content\/uploads\/sites\/5\/2023\/02\/sugestaodepauta.png\",\"width\":1020,\"height\":540},{\"@type\":\"WebSite\",\"@id\":\"https:\/\/www.manaus.am.gov.br\/semcom\/#website\",\"url\":\"https:\/\/www.manaus.am.gov.br\/semcom\/\",\"name\":\"SEMCOM\",\"description\":\"Secretaria Municipal de Comunica\u00e7\u00e3o\",\"potentialAction\":[{\"@type\":\"SearchAction\",\"target\":{\"@type\":\"EntryPoint\",\"urlTemplate\":\"https:\/\/www.manaus.am.gov.br\/semcom\/?s={search_term_string}\"},\"query-input\":\"required name=search_term_string\"}],\"inLanguage\":\"pt-BR\"}]}<\/script>\n<!-- \/ Yoast SEO plugin. -->","yoast_head_json":{"title":"Procon celebra primeiro anivers\u00e1rio com a campanha \u2018Zera D\u00edvida\u2019","description":"Procon Manaus celebra primeiro anivers\u00e1rio de funcionamento com a campanha \u2018Zera D\u00edvida\u2019 da \u00c1guas de Manaus.","robots":{"index":"index","follow":"follow","max-snippet":"max-snippet:-1","max-image-preview":"max-image-preview:large","max-video-preview":"max-video-preview:-1"},"canonical":"https:\/\/www.manaus.am.gov.br\/semcom\/pautas\/procon-celebra-primeiro-aniversario-campanha-zera-divida\/","og_locale":"pt_BR","og_type":"article","og_title":"Procon celebra primeiro anivers\u00e1rio com a campanha \u2018Zera D\u00edvida\u2019","og_description":"Procon Manaus celebra primeiro anivers\u00e1rio de funcionamento com a campanha \u2018Zera D\u00edvida\u2019 da \u00c1guas de Manaus.","og_url":"https:\/\/www.manaus.am.gov.br\/semcom\/pautas\/procon-celebra-primeiro-aniversario-campanha-zera-divida\/","og_site_name":"SEMCOM","article_modified_time":"2024-12-10T19:24:19+00:00","og_image":[{"width":1020,"height":540,"url":"https:\/\/www.manaus.am.gov.br\/semcom\/wp-content\/uploads\/sites\/5\/2023\/02\/sugestaodepauta.png","type":"image\/png"}],"twitter_card":"summary_large_image","twitter_misc":{"Est. reading time":"2 minutos"},"schema":{"@context":"https:\/\/schema.org","@graph":[{"@type":"WebPage","@id":"https:\/\/www.manaus.am.gov.br\/semcom\/pautas\/procon-celebra-primeiro-aniversario-campanha-zera-divida\/","url":"https:\/\/www.manaus.am.gov.br\/semcom\/pautas\/procon-celebra-primeiro-aniversario-campanha-zera-divida\/","name":"Procon celebra primeiro anivers\u00e1rio com a campanha \u2018Zera D\u00edvida\u2019","isPartOf":{"@id":"https:\/\/www.manaus.am.gov.br\/semcom\/#website"},"primaryImageOfPage":{"@id":"https:\/\/www.manaus.am.gov.br\/semcom\/pautas\/procon-celebra-primeiro-aniversario-campanha-zera-divida\/#primaryimage"},"image":{"@id":"https:\/\/www.manaus.am.gov.br\/semcom\/pautas\/procon-celebra-primeiro-aniversario-campanha-zera-divida\/#primaryimage"},"thumbnailUrl":"https:\/\/www.manaus.am.gov.br\/semcom\/wp-content\/uploads\/sites\/5\/2023\/02\/sugestaodepauta.png","datePublished":"2024-12-10T19:24:18+00:00","dateModified":"2024-12-10T19:24:19+00:00","description":"Procon Manaus celebra primeiro anivers\u00e1rio de funcionamento com a campanha \u2018Zera D\u00edvida\u2019 da \u00c1guas de Manaus.","inLanguage":"pt-BR","potentialAction":[{"@type":"ReadAction","target":["https:\/\/www.manaus.am.gov.br\/semcom\/pautas\/procon-celebra-primeiro-aniversario-campanha-zera-divida\/"]}]},{"@type":"ImageObject","inLanguage":"pt-BR","@id":"https:\/\/www.manaus.am.gov.br\/semcom\/pautas\/procon-celebra-primeiro-aniversario-campanha-zera-divida\/#primaryimage","url":"https:\/\/www.manaus.am.gov.br\/semcom\/wp-content\/uploads\/sites\/5\/2023\/02\/sugestaodepauta.png","contentUrl":"https:\/\/www.manaus.am.gov.br\/semcom\/wp-content\/uploads\/sites\/5\/2023\/02\/sugestaodepauta.png","width":1020,"height":540},{"@type":"WebSite","@id":"https:\/\/www.manaus.am.gov.br\/semcom\/#website","url":"https:\/\/www.manaus.am.gov.br\/semcom\/","name":"SEMCOM","description":"Secretaria Municipal de Comunica\u00e7\u00e3o","potentialAction":[{"@type":"SearchAction","target":{"@type":"EntryPoint","urlTemplate":"https:\/\/www.manaus.am.gov.br\/semcom\/?s={search_term_string}"},"query-input":"required name=search_term_string"}],"inLanguage":"pt-BR"}]}},"_links":{"self":[{"href":"https:\/\/www.manaus.am.gov.br\/semcom\/wp-json\/wp\/v2\/pautas\/232846"}],"collection":[{"href":"https:\/\/www.manaus.am.gov.br\/semcom\/wp-json\/wp\/v2\/pautas"}],"about":[{"href":"https:\/\/www.manaus.am.gov.br\/semcom\/wp-json\/wp\/v2\/types\/pautas"}],"wp:featuredmedia":[{"embeddable":true,"href":"https:\/\/www.manaus.am.gov.br\/semcom\/wp-json\/wp\/v2\/media\/208729"}],"wp:attachment":[{"href":"https:\/\/www.manaus.am.gov.br\/semcom\/wp-json\/wp\/v2\/media?parent=232846"}],"wp:term":[{"taxonomy":"category","embeddable":true,"href":"https:\/\/www.manaus.am.gov.br\/semcom\/wp-json\/wp\/v2\/categories?post=232846"}],"curies":[{"name":"wp","href":"https:\/\/api.w.org\/{rel}","templated":true}]}}

Procon Manaus celebra primeiro aniversário com a campanha ‘Zera Dívida’ da Águas de Manaus

<p> </p>



<p>A Prefeitura de Manaus, por meio do Serviço de Atendimento e Proteção ao Consumidor (Procon Manaus), em parceria com a concessionária Águas de Manaus, realiza, de quarta a sexta-feira, 11 a 13/12, a campanha de negociação “Zera Dívida”, em comemoração ao primeiro ano do Procon Manaus na gestão municipal. O atendimento acontece na sede do Procon Manaus, localizada no shopping Phelippe Daou, na avenida Camapuã, bairro Cidade de Deus, zona Norte, e na galeria dos Remédios, na rua Miranda Leão, Centro, zona Sul.</p>



<p>A ação tem como objetivo ofertar condições exclusivas para a negociação de dívidas em contas de água e esgoto, permitindo que os clientes da Águas de Manaus regularizem suas pendências com descontos de até 95%, conforme a idade da dívida, além de contar com opções de parcelamento flexível que se ajustem às suas condições financeiras, fortalecendo o relacionamento com os consumidores.</p>



<p>Os demais serviços oferecidos pelo Procon Manaus seguem, normalmente, durante esses dias.</p>



<p><strong>SERVIÇO</strong><br><br></p>



<p><strong>O quê –</strong> Procon Manaus celebra primeiro aniversário com a campanha “Zera Dívida” da Águas de Manaus</p>



<p><strong>Quando &#8211; </strong>Quarta a sexta-feira, 11 a 13/12</p>



<p><strong>Horário –</strong> 8h às 14h</p>



<p><strong>Local &#8211;</strong> Sede do Procon Manaus, no shopping Phelippe Daou, na avenida Camapuã, nº 2.939, bairro Cidade de Deus, zona Norte; e na galeria dos Remédios, na rua Miranda Leão, nº 82, Centro, zona Sul</p>

<!-- This site is optimized with the Yoast SEO plugin v23.0 - https://yoast.com/wordpress/plugins/seo/ -->
<title>Procon celebra primeiro aniversário com a campanha ‘Zera Dívida’</title>
<meta name="description" content="Procon Manaus celebra primeiro aniversário de funcionamento com a campanha ‘Zera Dívida’ da Águas de Manaus." />
<meta name="robots" content="index, follow, max-snippet:-1, max-image-preview:large, max-video-preview:-1" />
<link rel="canonical" href="https://www.manaus.am.gov.br/semcom/pautas/procon-celebra-primeiro-aniversario-campanha-zera-divida/" />
<meta property="og:locale" content="pt_BR" />
<meta property="og:type" content="article" />
<meta property="og:title" content="Procon celebra primeiro aniversário com a campanha ‘Zera Dívida’" />
<meta property="og:description" content="Procon Manaus celebra primeiro aniversário de funcionamento com a campanha ‘Zera Dívida’ da Águas de Manaus." />
<meta property="og:url" content="https://www.manaus.am.gov.br/semcom/pautas/procon-celebra-primeiro-aniversario-campanha-zera-divida/" />
<meta property="og:site_name" content="SEMCOM" />
<meta property="article:modified_time" content="2024-12-10T19:24:19+00:00" />
<meta property="og:image" content="https://www.manaus.am.gov.br/semcom/wp-content/uploads/sites/5/2023/02/sugestaodepauta.png" />
	<meta property="og:image:width" content="1020" />
	<meta property="og:image:height" content="540" />
	<meta property="og:image:type" content="image/png" />
<meta name="twitter:card" content="summary_large_image" />
<meta name="twitter:label1" content="Est. reading time" />
	<meta name="twitter:data1" content="2 minutos" />
<script type="application/ld+json" class="yoast-schema-graph">{"@context":"https://schema.org","@graph":[{"@type":"WebPage","@id":"https://www.manaus.am.gov.br/semcom/pautas/procon-celebra-primeiro-aniversario-campanha-zera-divida/","url":"https://www.manaus.am.gov.br/semcom/pautas/procon-celebra-primeiro-aniversario-campanha-zera-divida/","name":"Procon celebra primeiro aniversário com a campanha ‘Zera Dívida’","isPartOf":{"@id":"https://www.manaus.am.gov.br/semcom/#website"},"primaryImageOfPage":{"@id":"https://www.manaus.am.gov.br/semcom/pautas/procon-celebra-primeiro-aniversario-campanha-zera-divida/#primaryimage"},"image":{"@id":"https://www.manaus.am.gov.br/semcom/pautas/procon-celebra-primeiro-aniversario-campanha-zera-divida/#primaryimage"},"thumbnailUrl":"https://www.manaus.am.gov.br/semcom/wp-content/uploads/sites/5/2023/02/sugestaodepauta.png","datePublished":"2024-12-10T19:24:18+00:00","dateModified":"2024-12-10T19:24:19+00:00","description":"Procon Manaus celebra primeiro aniversário de funcionamento com a campanha ‘Zera Dívida’ da Águas de Manaus.","inLanguage":"pt-BR","potentialAction":[{"@type":"ReadAction","target":["https://www.manaus.am.gov.br/semcom/pautas/procon-celebra-primeiro-aniversario-campanha-zera-divida/"]}]},{"@type":"ImageObject","inLanguage":"pt-BR","@id":"https://www.manaus.am.gov.br/semcom/pautas/procon-celebra-primeiro-aniversario-campanha-zera-divida/#primaryimage","url":"https://www.manaus.am.gov.br/semcom/wp-content/uploads/sites/5/2023/02/sugestaodepauta.png","contentUrl":"https://www.manaus.am.gov.br/semcom/wp-content/uploads/sites/5/2023/02/sugestaodepauta.png","width":1020,"height":540},{"@type":"WebSite","@id":"https://www.manaus.am.gov.br/semcom/#website","url":"https://www.manaus.am.gov.br/semcom/","name":"SEMCOM","description":"Secretaria Municipal de Comunicação","potentialAction":[{"@type":"SearchAction","target":{"@type":"EntryPoint","urlTemplate":"https://www.manaus.am.gov.br/semcom/?s={search_term_string}"},"query-input":"required name=search_term_string"}],"inLanguage":"pt-BR"}]}</script>
<!-- / Yoast SEO plugin. -->

Procon celebra primeiro aniversário com a campanha ‘Zera Dívida’

Procon Manaus celebra primeiro aniversário de funcionamento com a campanha ‘Zera Dívida’ da Águas de Manaus.

Secretaria Municipal de Comunicação
