{"id":232746,"date":"2024-12-06T17:22:28","date_gmt":"2024-12-06T20:22:28","guid":{"rendered":"https:\/\/www.manaus.am.gov.br\/semcom\/?post_type=pautas&#038;p=232746"},"modified":"2024-12-06T17:22:29","modified_gmt":"2024-12-06T20:22:29","slug":"sistema-igualdade-racial","status":"publish","type":"pautas","link":"https:\/\/www.manaus.am.gov.br\/semcom\/pautas\/sistema-igualdade-racial\/","title":{"rendered":"Prefeitura de Manaus adere ao &#8216;Sistema Nacional de Promo\u00e7\u00e3o da Igualdade Racial do Minist\u00e9rio da Igualdade Racial&#8217;, na pr\u00f3xima segunda-feira"},"content":{"rendered":"\n<p>A Prefeitura de Manaus, por meio da Secretaria Municipal de Rela\u00e7\u00f5es Institucionais e de Promo\u00e7\u00e3o da Igualdade Racial (Semuripir), formaliza, na pr\u00f3xima segunda-feira, 9\/12, \u00e0s 9h, a ades\u00e3o ao &#8216;Sistema Nacional de Promo\u00e7\u00e3o da Igualdade Racial do Minist\u00e9rio da Igualdade Racial&#8217; (Sinapir). A programa\u00e7\u00e3o acontece no Casar\u00e3o de Inova\u00e7\u00e3o Cassina, localizado na esquina das ruas Bernardo Ramos e Governador Vit\u00f3rio, no Centro Hist\u00f3rico de Manaus.<\/p>\n\n\n\n<p>Institu\u00eddo em 2010, o Sinapir atua como forma de organiza\u00e7\u00e3o e articula\u00e7\u00e3o voltados \u00e0 implementa\u00e7\u00e3o do conjunto de pol\u00edticas e de servi\u00e7os direcionados para supera\u00e7\u00e3o do racismo em todo territ\u00f3rio nacional.<\/p>\n\n\n\n<p>Na ocasi\u00e3o, tamb\u00e9m acontecer\u00e1 o \u201cEncontro para Pol\u00edticas de Promo\u00e7\u00e3o da Igualdade Racial\u201d, com a presen\u00e7a de diversas organiza\u00e7\u00f5es \u00e9tnico-raciais. Momento simb\u00f3lico para o movimento, diante da recente cria\u00e7\u00e3o do Conselho Municipal de Promo\u00e7\u00e3o da Igualdade Racial, de iniciativa do executivo municipal.<\/p>\n\n\n\n<p>O evento contar\u00e1 com a participa\u00e7\u00e3o do titular da Semuripir, Walfran Torres, que receber\u00e1 uma comitiva de diretores e assessores dos minist\u00e9rios da Igualdade Racial e de Desenvolvimento da Ind\u00fastria, Com\u00e9rcio e Servi\u00e7os.<\/p>\n\n\n\n<p><strong>SERVI\u00c7O:<\/strong><\/p>\n\n\n\n<p><strong>O qu\u00ea<\/strong> &#8211; Prefeitura de Manaus firma ades\u00e3o ao Sistema Nacional de Promo\u00e7\u00e3o da Igualdade Racial do Minist\u00e9rio da Igualdade Racial<\/p>\n\n\n\n<p><strong>Quando<\/strong> &#8211; Segunda-feira, 9\/12<\/p>\n\n\n\n<p><strong>Hor\u00e1rio<\/strong> &#8211; 9h<\/p>\n\n\n\n<p><strong>Local<\/strong> &#8211;&nbsp; Casar\u00e3o de Inova\u00e7\u00e3o Cassina, na esquina das ruas Bernardo Ramos e Governador Vit\u00f3rio, Centro Hist\u00f3rico de Manaus<\/p>\n\n\n\n<p>&#8212; &#8212; &#8212;<\/p>\n\n\n\n<p><strong>SEMURIPIR &#8211; <\/strong><strong>Secretaria Municipal de Rela\u00e7\u00f5es Institucionais e de Promo\u00e7\u00e3o de Igualdade Racial <\/strong><strong>&nbsp;<\/strong><strong><\/strong><\/p>\n\n\n\n<p>Assessoria Respons\u00e1vel &#8211; (92) 99454-5846<\/p>\n","protected":false},"featured_media":208729,"template":"","categories":[44],"acf":[],"yoast_head":"<!-- This site is optimized with the Yoast SEO plugin v23.0 - https:\/\/yoast.com\/wordpress\/plugins\/seo\/ -->\n<title>Prefeitura de Manaus adere ao &#039;Sistema Nacional de Promo\u00e7\u00e3o da Igualdade Racial do Minist\u00e9rio da Igualdade Racial&#039;, na pr\u00f3xima segunda-feira<\/title>\n<meta name=\"description\" content=\"A Prefeitura de Manaus, por meio da Secretaria Municipal de Rela\u00e7\u00f5es Institucionais e de Promo\u00e7\u00e3o da Igualdade Racial (Semuripir), formaliza, na pr\u00f3xima segunda-feira, 9\/12, \u00e0s 9h, a ades\u00e3o ao &#039;Sistema Nacional de Promo\u00e7\u00e3o da Igualdade Racial do Minist\u00e9rio da Igualdade Racial&#039; (Sinapir).\" \/>\n<meta name=\"robots\" content=\"index, follow, max-snippet:-1, max-image-preview:large, max-video-preview:-1\" \/>\n<link rel=\"canonical\" href=\"https:\/\/www.manaus.am.gov.br\/semcom\/pautas\/sistema-igualdade-racial\/\" \/>\n<meta property=\"og:locale\" content=\"pt_BR\" \/>\n<meta property=\"og:type\" content=\"article\" \/>\n<meta property=\"og:title\" content=\"Prefeitura de Manaus adere ao &#039;Sistema Nacional de Promo\u00e7\u00e3o da Igualdade Racial do Minist\u00e9rio da Igualdade Racial&#039;, na pr\u00f3xima segunda-feira\" \/>\n<meta property=\"og:description\" content=\"A Prefeitura de Manaus, por meio da Secretaria Municipal de Rela\u00e7\u00f5es Institucionais e de Promo\u00e7\u00e3o da Igualdade Racial (Semuripir), formaliza, na pr\u00f3xima segunda-feira, 9\/12, \u00e0s 9h, a ades\u00e3o ao &#039;Sistema Nacional de Promo\u00e7\u00e3o da Igualdade Racial do Minist\u00e9rio da Igualdade Racial&#039; (Sinapir).\" \/>\n<meta property=\"og:url\" content=\"https:\/\/www.manaus.am.gov.br\/semcom\/pautas\/sistema-igualdade-racial\/\" \/>\n<meta property=\"og:site_name\" content=\"SEMCOM\" \/>\n<meta property=\"article:modified_time\" content=\"2024-12-06T20:22:29+00:00\" \/>\n<meta property=\"og:image\" content=\"https:\/\/www.manaus.am.gov.br\/semcom\/wp-content\/uploads\/sites\/5\/2023\/02\/sugestaodepauta.png\" \/>\n\t<meta property=\"og:image:width\" content=\"1020\" \/>\n\t<meta property=\"og:image:height\" content=\"540\" \/>\n\t<meta property=\"og:image:type\" content=\"image\/png\" \/>\n<meta name=\"twitter:card\" content=\"summary_large_image\" \/>\n<meta name=\"twitter:label1\" content=\"Est. reading time\" \/>\n\t<meta name=\"twitter:data1\" content=\"2 minutos\" \/>\n<script type=\"application\/ld+json\" class=\"yoast-schema-graph\">{\"@context\":\"https:\/\/schema.org\",\"@graph\":[{\"@type\":\"WebPage\",\"@id\":\"https:\/\/www.manaus.am.gov.br\/semcom\/pautas\/sistema-igualdade-racial\/\",\"url\":\"https:\/\/www.manaus.am.gov.br\/semcom\/pautas\/sistema-igualdade-racial\/\",\"name\":\"Prefeitura de Manaus adere ao 'Sistema Nacional de Promo\u00e7\u00e3o da Igualdade Racial do Minist\u00e9rio da Igualdade Racial', na pr\u00f3xima segunda-feira\",\"isPartOf\":{\"@id\":\"https:\/\/www.manaus.am.gov.br\/semcom\/#website\"},\"primaryImageOfPage\":{\"@id\":\"https:\/\/www.manaus.am.gov.br\/semcom\/pautas\/sistema-igualdade-racial\/#primaryimage\"},\"image\":{\"@id\":\"https:\/\/www.manaus.am.gov.br\/semcom\/pautas\/sistema-igualdade-racial\/#primaryimage\"},\"thumbnailUrl\":\"https:\/\/www.manaus.am.gov.br\/semcom\/wp-content\/uploads\/sites\/5\/2023\/02\/sugestaodepauta.png\",\"datePublished\":\"2024-12-06T20:22:28+00:00\",\"dateModified\":\"2024-12-06T20:22:29+00:00\",\"description\":\"A Prefeitura de Manaus, por meio da Secretaria Municipal de Rela\u00e7\u00f5es Institucionais e de Promo\u00e7\u00e3o da Igualdade Racial (Semuripir), formaliza, na pr\u00f3xima segunda-feira, 9\/12, \u00e0s 9h, a ades\u00e3o ao 'Sistema Nacional de Promo\u00e7\u00e3o da Igualdade Racial do Minist\u00e9rio da Igualdade Racial' (Sinapir).\",\"inLanguage\":\"pt-BR\",\"potentialAction\":[{\"@type\":\"ReadAction\",\"target\":[\"https:\/\/www.manaus.am.gov.br\/semcom\/pautas\/sistema-igualdade-racial\/\"]}]},{\"@type\":\"ImageObject\",\"inLanguage\":\"pt-BR\",\"@id\":\"https:\/\/www.manaus.am.gov.br\/semcom\/pautas\/sistema-igualdade-racial\/#primaryimage\",\"url\":\"https:\/\/www.manaus.am.gov.br\/semcom\/wp-content\/uploads\/sites\/5\/2023\/02\/sugestaodepauta.png\",\"contentUrl\":\"https:\/\/www.manaus.am.gov.br\/semcom\/wp-content\/uploads\/sites\/5\/2023\/02\/sugestaodepauta.png\",\"width\":1020,\"height\":540},{\"@type\":\"WebSite\",\"@id\":\"https:\/\/www.manaus.am.gov.br\/semcom\/#website\",\"url\":\"https:\/\/www.manaus.am.gov.br\/semcom\/\",\"name\":\"SEMCOM\",\"description\":\"Secretaria Municipal de Comunica\u00e7\u00e3o\",\"potentialAction\":[{\"@type\":\"SearchAction\",\"target\":{\"@type\":\"EntryPoint\",\"urlTemplate\":\"https:\/\/www.manaus.am.gov.br\/semcom\/?s={search_term_string}\"},\"query-input\":\"required name=search_term_string\"}],\"inLanguage\":\"pt-BR\"}]}<\/script>\n<!-- \/ Yoast SEO plugin. -->","yoast_head_json":{"title":"Prefeitura de Manaus adere ao 'Sistema Nacional de Promo\u00e7\u00e3o da Igualdade Racial do Minist\u00e9rio da Igualdade Racial', na pr\u00f3xima segunda-feira","description":"A Prefeitura de Manaus, por meio da Secretaria Municipal de Rela\u00e7\u00f5es Institucionais e de Promo\u00e7\u00e3o da Igualdade Racial (Semuripir), formaliza, na pr\u00f3xima segunda-feira, 9\/12, \u00e0s 9h, a ades\u00e3o ao 'Sistema Nacional de Promo\u00e7\u00e3o da Igualdade Racial do Minist\u00e9rio da Igualdade Racial' (Sinapir).","robots":{"index":"index","follow":"follow","max-snippet":"max-snippet:-1","max-image-preview":"max-image-preview:large","max-video-preview":"max-video-preview:-1"},"canonical":"https:\/\/www.manaus.am.gov.br\/semcom\/pautas\/sistema-igualdade-racial\/","og_locale":"pt_BR","og_type":"article","og_title":"Prefeitura de Manaus adere ao 'Sistema Nacional de Promo\u00e7\u00e3o da Igualdade Racial do Minist\u00e9rio da Igualdade Racial', na pr\u00f3xima segunda-feira","og_description":"A Prefeitura de Manaus, por meio da Secretaria Municipal de Rela\u00e7\u00f5es Institucionais e de Promo\u00e7\u00e3o da Igualdade Racial (Semuripir), formaliza, na pr\u00f3xima segunda-feira, 9\/12, \u00e0s 9h, a ades\u00e3o ao 'Sistema Nacional de Promo\u00e7\u00e3o da Igualdade Racial do Minist\u00e9rio da Igualdade Racial' (Sinapir).","og_url":"https:\/\/www.manaus.am.gov.br\/semcom\/pautas\/sistema-igualdade-racial\/","og_site_name":"SEMCOM","article_modified_time":"2024-12-06T20:22:29+00:00","og_image":[{"width":1020,"height":540,"url":"https:\/\/www.manaus.am.gov.br\/semcom\/wp-content\/uploads\/sites\/5\/2023\/02\/sugestaodepauta.png","type":"image\/png"}],"twitter_card":"summary_large_image","twitter_misc":{"Est. reading time":"2 minutos"},"schema":{"@context":"https:\/\/schema.org","@graph":[{"@type":"WebPage","@id":"https:\/\/www.manaus.am.gov.br\/semcom\/pautas\/sistema-igualdade-racial\/","url":"https:\/\/www.manaus.am.gov.br\/semcom\/pautas\/sistema-igualdade-racial\/","name":"Prefeitura de Manaus adere ao 'Sistema Nacional de Promo\u00e7\u00e3o da Igualdade Racial do Minist\u00e9rio da Igualdade Racial', na pr\u00f3xima segunda-feira","isPartOf":{"@id":"https:\/\/www.manaus.am.gov.br\/semcom\/#website"},"primaryImageOfPage":{"@id":"https:\/\/www.manaus.am.gov.br\/semcom\/pautas\/sistema-igualdade-racial\/#primaryimage"},"image":{"@id":"https:\/\/www.manaus.am.gov.br\/semcom\/pautas\/sistema-igualdade-racial\/#primaryimage"},"thumbnailUrl":"https:\/\/www.manaus.am.gov.br\/semcom\/wp-content\/uploads\/sites\/5\/2023\/02\/sugestaodepauta.png","datePublished":"2024-12-06T20:22:28+00:00","dateModified":"2024-12-06T20:22:29+00:00","description":"A Prefeitura de Manaus, por meio da Secretaria Municipal de Rela\u00e7\u00f5es Institucionais e de Promo\u00e7\u00e3o da Igualdade Racial (Semuripir), formaliza, na pr\u00f3xima segunda-feira, 9\/12, \u00e0s 9h, a ades\u00e3o ao 'Sistema Nacional de Promo\u00e7\u00e3o da Igualdade Racial do Minist\u00e9rio da Igualdade Racial' (Sinapir).","inLanguage":"pt-BR","potentialAction":[{"@type":"ReadAction","target":["https:\/\/www.manaus.am.gov.br\/semcom\/pautas\/sistema-igualdade-racial\/"]}]},{"@type":"ImageObject","inLanguage":"pt-BR","@id":"https:\/\/www.manaus.am.gov.br\/semcom\/pautas\/sistema-igualdade-racial\/#primaryimage","url":"https:\/\/www.manaus.am.gov.br\/semcom\/wp-content\/uploads\/sites\/5\/2023\/02\/sugestaodepauta.png","contentUrl":"https:\/\/www.manaus.am.gov.br\/semcom\/wp-content\/uploads\/sites\/5\/2023\/02\/sugestaodepauta.png","width":1020,"height":540},{"@type":"WebSite","@id":"https:\/\/www.manaus.am.gov.br\/semcom\/#website","url":"https:\/\/www.manaus.am.gov.br\/semcom\/","name":"SEMCOM","description":"Secretaria Municipal de Comunica\u00e7\u00e3o","potentialAction":[{"@type":"SearchAction","target":{"@type":"EntryPoint","urlTemplate":"https:\/\/www.manaus.am.gov.br\/semcom\/?s={search_term_string}"},"query-input":"required name=search_term_string"}],"inLanguage":"pt-BR"}]}},"_links":{"self":[{"href":"https:\/\/www.manaus.am.gov.br\/semcom\/wp-json\/wp\/v2\/pautas\/232746"}],"collection":[{"href":"https:\/\/www.manaus.am.gov.br\/semcom\/wp-json\/wp\/v2\/pautas"}],"about":[{"href":"https:\/\/www.manaus.am.gov.br\/semcom\/wp-json\/wp\/v2\/types\/pautas"}],"wp:featuredmedia":[{"embeddable":true,"href":"https:\/\/www.manaus.am.gov.br\/semcom\/wp-json\/wp\/v2\/media\/208729"}],"wp:attachment":[{"href":"https:\/\/www.manaus.am.gov.br\/semcom\/wp-json\/wp\/v2\/media?parent=232746"}],"wp:term":[{"taxonomy":"category","embeddable":true,"href":"https:\/\/www.manaus.am.gov.br\/semcom\/wp-json\/wp\/v2\/categories?post=232746"}],"curies":[{"name":"wp","href":"https:\/\/api.w.org\/{rel}","templated":true}]}}

Prefeitura de Manaus adere ao &#8216;Sistema Nacional de Promoção da Igualdade Racial do Ministério da Igualdade Racial&#8217;, na próxima segunda-feira

<p>A Prefeitura de Manaus, por meio da Secretaria Municipal de Relações Institucionais e de Promoção da Igualdade Racial (Semuripir), formaliza, na próxima segunda-feira, 9/12, às 9h, a adesão ao &#8216;Sistema Nacional de Promoção da Igualdade Racial do Ministério da Igualdade Racial&#8217; (Sinapir). A programação acontece no Casarão de Inovação Cassina, localizado na esquina das ruas Bernardo Ramos e Governador Vitório, no Centro Histórico de Manaus.</p>



<p>Instituído em 2010, o Sinapir atua como forma de organização e articulação voltados à implementação do conjunto de políticas e de serviços direcionados para superação do racismo em todo território nacional.</p>



<p>Na ocasião, também acontecerá o “Encontro para Políticas de Promoção da Igualdade Racial”, com a presença de diversas organizações étnico-raciais. Momento simbólico para o movimento, diante da recente criação do Conselho Municipal de Promoção da Igualdade Racial, de iniciativa do executivo municipal.</p>



<p>O evento contará com a participação do titular da Semuripir, Walfran Torres, que receberá uma comitiva de diretores e assessores dos ministérios da Igualdade Racial e de Desenvolvimento da Indústria, Comércio e Serviços.</p>



<p><strong>SERVIÇO:</strong></p>



<p><strong>O quê</strong> &#8211; Prefeitura de Manaus firma adesão ao Sistema Nacional de Promoção da Igualdade Racial do Ministério da Igualdade Racial</p>



<p><strong>Quando</strong> &#8211; Segunda-feira, 9/12</p>



<p><strong>Horário</strong> &#8211; 9h</p>



<p><strong>Local</strong> &#8211;&nbsp; Casarão de Inovação Cassina, na esquina das ruas Bernardo Ramos e Governador Vitório, Centro Histórico de Manaus</p>



<p>&#8212; &#8212; &#8212;</p>



<p><strong>SEMURIPIR &#8211; </strong><strong>Secretaria Municipal de Relações Institucionais e de Promoção de Igualdade Racial </strong><strong>&nbsp;</strong><strong></strong></p>



<p>Assessoria Responsável &#8211; (92) 99454-5846</p>

<!-- This site is optimized with the Yoast SEO plugin v23.0 - https://yoast.com/wordpress/plugins/seo/ -->
<title>Prefeitura de Manaus adere ao &#039;Sistema Nacional de Promoção da Igualdade Racial do Ministério da Igualdade Racial&#039;, na próxima segunda-feira</title>
<meta name="description" content="A Prefeitura de Manaus, por meio da Secretaria Municipal de Relações Institucionais e de Promoção da Igualdade Racial (Semuripir), formaliza, na próxima segunda-feira, 9/12, às 9h, a adesão ao &#039;Sistema Nacional de Promoção da Igualdade Racial do Ministério da Igualdade Racial&#039; (Sinapir)." />
<meta name="robots" content="index, follow, max-snippet:-1, max-image-preview:large, max-video-preview:-1" />
<link rel="canonical" href="https://www.manaus.am.gov.br/semcom/pautas/sistema-igualdade-racial/" />
<meta property="og:locale" content="pt_BR" />
<meta property="og:type" content="article" />
<meta property="og:title" content="Prefeitura de Manaus adere ao &#039;Sistema Nacional de Promoção da Igualdade Racial do Ministério da Igualdade Racial&#039;, na próxima segunda-feira" />
<meta property="og:description" content="A Prefeitura de Manaus, por meio da Secretaria Municipal de Relações Institucionais e de Promoção da Igualdade Racial (Semuripir), formaliza, na próxima segunda-feira, 9/12, às 9h, a adesão ao &#039;Sistema Nacional de Promoção da Igualdade Racial do Ministério da Igualdade Racial&#039; (Sinapir)." />
<meta property="og:url" content="https://www.manaus.am.gov.br/semcom/pautas/sistema-igualdade-racial/" />
<meta property="og:site_name" content="SEMCOM" />
<meta property="article:modified_time" content="2024-12-06T20:22:29+00:00" />
<meta property="og:image" content="https://www.manaus.am.gov.br/semcom/wp-content/uploads/sites/5/2023/02/sugestaodepauta.png" />
	<meta property="og:image:width" content="1020" />
	<meta property="og:image:height" content="540" />
	<meta property="og:image:type" content="image/png" />
<meta name="twitter:card" content="summary_large_image" />
<meta name="twitter:label1" content="Est. reading time" />
	<meta name="twitter:data1" content="2 minutos" />
<script type="application/ld+json" class="yoast-schema-graph">{"@context":"https://schema.org","@graph":[{"@type":"WebPage","@id":"https://www.manaus.am.gov.br/semcom/pautas/sistema-igualdade-racial/","url":"https://www.manaus.am.gov.br/semcom/pautas/sistema-igualdade-racial/","name":"Prefeitura de Manaus adere ao 'Sistema Nacional de Promoção da Igualdade Racial do Ministério da Igualdade Racial', na próxima segunda-feira","isPartOf":{"@id":"https://www.manaus.am.gov.br/semcom/#website"},"primaryImageOfPage":{"@id":"https://www.manaus.am.gov.br/semcom/pautas/sistema-igualdade-racial/#primaryimage"},"image":{"@id":"https://www.manaus.am.gov.br/semcom/pautas/sistema-igualdade-racial/#primaryimage"},"thumbnailUrl":"https://www.manaus.am.gov.br/semcom/wp-content/uploads/sites/5/2023/02/sugestaodepauta.png","datePublished":"2024-12-06T20:22:28+00:00","dateModified":"2024-12-06T20:22:29+00:00","description":"A Prefeitura de Manaus, por meio da Secretaria Municipal de Relações Institucionais e de Promoção da Igualdade Racial (Semuripir), formaliza, na próxima segunda-feira, 9/12, às 9h, a adesão ao 'Sistema Nacional de Promoção da Igualdade Racial do Ministério da Igualdade Racial' (Sinapir).","inLanguage":"pt-BR","potentialAction":[{"@type":"ReadAction","target":["https://www.manaus.am.gov.br/semcom/pautas/sistema-igualdade-racial/"]}]},{"@type":"ImageObject","inLanguage":"pt-BR","@id":"https://www.manaus.am.gov.br/semcom/pautas/sistema-igualdade-racial/#primaryimage","url":"https://www.manaus.am.gov.br/semcom/wp-content/uploads/sites/5/2023/02/sugestaodepauta.png","contentUrl":"https://www.manaus.am.gov.br/semcom/wp-content/uploads/sites/5/2023/02/sugestaodepauta.png","width":1020,"height":540},{"@type":"WebSite","@id":"https://www.manaus.am.gov.br/semcom/#website","url":"https://www.manaus.am.gov.br/semcom/","name":"SEMCOM","description":"Secretaria Municipal de Comunicação","potentialAction":[{"@type":"SearchAction","target":{"@type":"EntryPoint","urlTemplate":"https://www.manaus.am.gov.br/semcom/?s={search_term_string}"},"query-input":"required name=search_term_string"}],"inLanguage":"pt-BR"}]}</script>
<!-- / Yoast SEO plugin. -->

Prefeitura de Manaus adere ao 'Sistema Nacional de Promoção da Igualdade Racial do Ministério da Igualdade Racial', na próxima segunda-feira

A Prefeitura de Manaus, por meio da Secretaria Municipal de Relações Institucionais e de Promoção da Igualdade Racial (Semuripir), formaliza, na próxima segunda-feira, 9/12, às 9h, a adesão ao 'Sistema Nacional de Promoção da Igualdade Racial do Ministério da Igualdade Racial' (Sinapir).

Secretaria Municipal de Comunicação
