{"id":231806,"date":"2024-11-12T12:00:17","date_gmt":"2024-11-12T15:00:17","guid":{"rendered":"https:\/\/www.manaus.am.gov.br\/semcom\/?post_type=pautas&#038;p=231806"},"modified":"2024-11-12T15:53:56","modified_gmt":"2024-11-12T18:53:56","slug":"prefeitura-olimpiadas-terceira-idade","status":"publish","type":"pautas","link":"https:\/\/www.manaus.am.gov.br\/semcom\/pautas\/prefeitura-olimpiadas-terceira-idade\/","title":{"rendered":"Prefeitura de Manaus retoma Olimp\u00edadas da Terceira Idade com provas de atletismo nesta quarta-feira"},"content":{"rendered":"\n<p>A 24\u00aa edi\u00e7\u00e3o das Olimp\u00edadas da Terceira Idade, da Prefeitura de Manaus, por meio da Funda\u00e7\u00e3o Manaus Esporte (FME), ser\u00e1 retomada, nesta quarta-feira, 13\/11, com as provas de atletismo na Universidade Federal do Amazonas (Ufam), a partir das 14h. O evento incentiva os idosos a participarem do ambiente esportivo, oferecendo a pr\u00e1tica de modalidades variadas que incentivam a socializa\u00e7\u00e3o e a qualidade de vida a este p\u00fablico na capital.\u00a0<\/p>\n\n\n\n<p>Entre os dias 16 e 24 de setembro, foram disputadas diversas modalidades esportivas e recreativas, incluindo gerontovoleibol, t\u00eanis de mesa, jogo de malha, chute a gol, futp\u00eanalti, bocha, boliche, lance livre na cesta, taco no disco, lan\u00e7amento ao alvo, jogo de argolas, nata\u00e7\u00e3o e domin\u00f3. De volta ap\u00f3s um m\u00eas e meio, a programa\u00e7\u00e3o se encerrar\u00e1, na sexta-feira, 15\/11, com concurso de dan\u00e7a e o tradicional baile de encerramento, que acontecer\u00e1 a partir das 16h, no Parque Municipal do Idoso.&nbsp;<\/p>\n\n\n\n<p>Ao todo, 28 grupos est\u00e3o inscritos nessa edi\u00e7\u00e3o, representando 14 n\u00facleos da prefeitura, e outros 14 projetos de diferentes regi\u00f5es da cidade, com aproximadamente 1.500 idosos envolvidos. A a\u00e7\u00e3o fortalece o compromisso da Prefeitura de Manaus com o bem-estar e a inclus\u00e3o social da terceira idade, proporcionando uma experi\u00eancia de integra\u00e7\u00e3o, sa\u00fade e alegria para os participantes.&nbsp;<\/p>\n\n\n\n<p>&nbsp;&#8212; &#8212; \u2013&nbsp;<\/p>\n\n\n\n<p><strong>SERVI\u00c7O:<\/strong><\/p>\n\n\n\n<p><strong>O qu\u00ea<\/strong>&nbsp;&#8211; Atletismo nas Olimp\u00edadas da Terceira Idade 2024&nbsp;<\/p>\n\n\n\n<p><strong>Quando<\/strong>&nbsp;&#8211; Quarta-feira, 13\/11&nbsp;<\/p>\n\n\n\n<p><strong>Hor\u00e1rio<\/strong>&nbsp;&#8211; 14h&nbsp;<\/p>\n\n\n\n<p><strong>Local<\/strong>&nbsp;&#8211; Universidade Federal do Amazonas (Ufam), localizada na avenida General Rodrigo Ot\u00e1vio Jord\u00e3o Ramos, n\u00ba 6.200, bairro Coroado 1, zona Leste.&nbsp;<\/p>\n","protected":false},"featured_media":208729,"template":"","categories":[833],"acf":[],"yoast_head":"<!-- This site is optimized with the Yoast SEO plugin v23.0 - https:\/\/yoast.com\/wordpress\/plugins\/seo\/ -->\n<title>Prefeitura de Manaus retoma Olimp\u00edadas da Terceira Idade com provas de atletismo nesta quarta-feira<\/title>\n<meta name=\"description\" content=\"A 24\u00aa edi\u00e7\u00e3o das Olimp\u00edadas da Terceira Idade, da Prefeitura de Manaus, por meio da Funda\u00e7\u00e3o Manaus Esporte (FME), ser\u00e1 retomada, nesta quarta-feira, 13\/12, com as provas de atletismo na Universidade Federal do Amazonas (Ufam), a partir das 14h.\" \/>\n<meta name=\"robots\" content=\"index, follow, max-snippet:-1, max-image-preview:large, max-video-preview:-1\" \/>\n<link rel=\"canonical\" href=\"https:\/\/www.manaus.am.gov.br\/semcom\/pautas\/prefeitura-olimpiadas-terceira-idade\/\" \/>\n<meta property=\"og:locale\" content=\"pt_BR\" \/>\n<meta property=\"og:type\" content=\"article\" \/>\n<meta property=\"og:title\" content=\"Prefeitura de Manaus retoma Olimp\u00edadas da Terceira Idade com provas de atletismo nesta quarta-feira\" \/>\n<meta property=\"og:description\" content=\"A 24\u00aa edi\u00e7\u00e3o das Olimp\u00edadas da Terceira Idade, da Prefeitura de Manaus, por meio da Funda\u00e7\u00e3o Manaus Esporte (FME), ser\u00e1 retomada, nesta quarta-feira, 13\/12, com as provas de atletismo na Universidade Federal do Amazonas (Ufam), a partir das 14h.\" \/>\n<meta property=\"og:url\" content=\"https:\/\/www.manaus.am.gov.br\/semcom\/pautas\/prefeitura-olimpiadas-terceira-idade\/\" \/>\n<meta property=\"og:site_name\" content=\"SEMCOM\" \/>\n<meta property=\"article:modified_time\" content=\"2024-11-12T18:53:56+00:00\" \/>\n<meta property=\"og:image\" content=\"https:\/\/www.manaus.am.gov.br\/semcom\/wp-content\/uploads\/sites\/5\/2023\/02\/sugestaodepauta.png\" \/>\n\t<meta property=\"og:image:width\" content=\"1020\" \/>\n\t<meta property=\"og:image:height\" content=\"540\" \/>\n\t<meta property=\"og:image:type\" content=\"image\/png\" \/>\n<meta name=\"twitter:card\" content=\"summary_large_image\" \/>\n<meta name=\"twitter:label1\" content=\"Est. reading time\" \/>\n\t<meta name=\"twitter:data1\" content=\"2 minutos\" \/>\n<script type=\"application\/ld+json\" class=\"yoast-schema-graph\">{\"@context\":\"https:\/\/schema.org\",\"@graph\":[{\"@type\":\"WebPage\",\"@id\":\"https:\/\/www.manaus.am.gov.br\/semcom\/pautas\/prefeitura-olimpiadas-terceira-idade\/\",\"url\":\"https:\/\/www.manaus.am.gov.br\/semcom\/pautas\/prefeitura-olimpiadas-terceira-idade\/\",\"name\":\"Prefeitura de Manaus retoma Olimp\u00edadas da Terceira Idade com provas de atletismo nesta quarta-feira\",\"isPartOf\":{\"@id\":\"https:\/\/www.manaus.am.gov.br\/semcom\/#website\"},\"primaryImageOfPage\":{\"@id\":\"https:\/\/www.manaus.am.gov.br\/semcom\/pautas\/prefeitura-olimpiadas-terceira-idade\/#primaryimage\"},\"image\":{\"@id\":\"https:\/\/www.manaus.am.gov.br\/semcom\/pautas\/prefeitura-olimpiadas-terceira-idade\/#primaryimage\"},\"thumbnailUrl\":\"https:\/\/www.manaus.am.gov.br\/semcom\/wp-content\/uploads\/sites\/5\/2023\/02\/sugestaodepauta.png\",\"datePublished\":\"2024-11-12T15:00:17+00:00\",\"dateModified\":\"2024-11-12T18:53:56+00:00\",\"description\":\"A 24\u00aa edi\u00e7\u00e3o das Olimp\u00edadas da Terceira Idade, da Prefeitura de Manaus, por meio da Funda\u00e7\u00e3o Manaus Esporte (FME), ser\u00e1 retomada, nesta quarta-feira, 13\/12, com as provas de atletismo na Universidade Federal do Amazonas (Ufam), a partir das 14h.\",\"inLanguage\":\"pt-BR\",\"potentialAction\":[{\"@type\":\"ReadAction\",\"target\":[\"https:\/\/www.manaus.am.gov.br\/semcom\/pautas\/prefeitura-olimpiadas-terceira-idade\/\"]}]},{\"@type\":\"ImageObject\",\"inLanguage\":\"pt-BR\",\"@id\":\"https:\/\/www.manaus.am.gov.br\/semcom\/pautas\/prefeitura-olimpiadas-terceira-idade\/#primaryimage\",\"url\":\"https:\/\/www.manaus.am.gov.br\/semcom\/wp-content\/uploads\/sites\/5\/2023\/02\/sugestaodepauta.png\",\"contentUrl\":\"https:\/\/www.manaus.am.gov.br\/semcom\/wp-content\/uploads\/sites\/5\/2023\/02\/sugestaodepauta.png\",\"width\":1020,\"height\":540},{\"@type\":\"WebSite\",\"@id\":\"https:\/\/www.manaus.am.gov.br\/semcom\/#website\",\"url\":\"https:\/\/www.manaus.am.gov.br\/semcom\/\",\"name\":\"SEMCOM\",\"description\":\"Secretaria Municipal de Comunica\u00e7\u00e3o\",\"potentialAction\":[{\"@type\":\"SearchAction\",\"target\":{\"@type\":\"EntryPoint\",\"urlTemplate\":\"https:\/\/www.manaus.am.gov.br\/semcom\/?s={search_term_string}\"},\"query-input\":\"required name=search_term_string\"}],\"inLanguage\":\"pt-BR\"}]}<\/script>\n<!-- \/ Yoast SEO plugin. -->","yoast_head_json":{"title":"Prefeitura de Manaus retoma Olimp\u00edadas da Terceira Idade com provas de atletismo nesta quarta-feira","description":"A 24\u00aa edi\u00e7\u00e3o das Olimp\u00edadas da Terceira Idade, da Prefeitura de Manaus, por meio da Funda\u00e7\u00e3o Manaus Esporte (FME), ser\u00e1 retomada, nesta quarta-feira, 13\/12, com as provas de atletismo na Universidade Federal do Amazonas (Ufam), a partir das 14h.","robots":{"index":"index","follow":"follow","max-snippet":"max-snippet:-1","max-image-preview":"max-image-preview:large","max-video-preview":"max-video-preview:-1"},"canonical":"https:\/\/www.manaus.am.gov.br\/semcom\/pautas\/prefeitura-olimpiadas-terceira-idade\/","og_locale":"pt_BR","og_type":"article","og_title":"Prefeitura de Manaus retoma Olimp\u00edadas da Terceira Idade com provas de atletismo nesta quarta-feira","og_description":"A 24\u00aa edi\u00e7\u00e3o das Olimp\u00edadas da Terceira Idade, da Prefeitura de Manaus, por meio da Funda\u00e7\u00e3o Manaus Esporte (FME), ser\u00e1 retomada, nesta quarta-feira, 13\/12, com as provas de atletismo na Universidade Federal do Amazonas (Ufam), a partir das 14h.","og_url":"https:\/\/www.manaus.am.gov.br\/semcom\/pautas\/prefeitura-olimpiadas-terceira-idade\/","og_site_name":"SEMCOM","article_modified_time":"2024-11-12T18:53:56+00:00","og_image":[{"width":1020,"height":540,"url":"https:\/\/www.manaus.am.gov.br\/semcom\/wp-content\/uploads\/sites\/5\/2023\/02\/sugestaodepauta.png","type":"image\/png"}],"twitter_card":"summary_large_image","twitter_misc":{"Est. reading time":"2 minutos"},"schema":{"@context":"https:\/\/schema.org","@graph":[{"@type":"WebPage","@id":"https:\/\/www.manaus.am.gov.br\/semcom\/pautas\/prefeitura-olimpiadas-terceira-idade\/","url":"https:\/\/www.manaus.am.gov.br\/semcom\/pautas\/prefeitura-olimpiadas-terceira-idade\/","name":"Prefeitura de Manaus retoma Olimp\u00edadas da Terceira Idade com provas de atletismo nesta quarta-feira","isPartOf":{"@id":"https:\/\/www.manaus.am.gov.br\/semcom\/#website"},"primaryImageOfPage":{"@id":"https:\/\/www.manaus.am.gov.br\/semcom\/pautas\/prefeitura-olimpiadas-terceira-idade\/#primaryimage"},"image":{"@id":"https:\/\/www.manaus.am.gov.br\/semcom\/pautas\/prefeitura-olimpiadas-terceira-idade\/#primaryimage"},"thumbnailUrl":"https:\/\/www.manaus.am.gov.br\/semcom\/wp-content\/uploads\/sites\/5\/2023\/02\/sugestaodepauta.png","datePublished":"2024-11-12T15:00:17+00:00","dateModified":"2024-11-12T18:53:56+00:00","description":"A 24\u00aa edi\u00e7\u00e3o das Olimp\u00edadas da Terceira Idade, da Prefeitura de Manaus, por meio da Funda\u00e7\u00e3o Manaus Esporte (FME), ser\u00e1 retomada, nesta quarta-feira, 13\/12, com as provas de atletismo na Universidade Federal do Amazonas (Ufam), a partir das 14h.","inLanguage":"pt-BR","potentialAction":[{"@type":"ReadAction","target":["https:\/\/www.manaus.am.gov.br\/semcom\/pautas\/prefeitura-olimpiadas-terceira-idade\/"]}]},{"@type":"ImageObject","inLanguage":"pt-BR","@id":"https:\/\/www.manaus.am.gov.br\/semcom\/pautas\/prefeitura-olimpiadas-terceira-idade\/#primaryimage","url":"https:\/\/www.manaus.am.gov.br\/semcom\/wp-content\/uploads\/sites\/5\/2023\/02\/sugestaodepauta.png","contentUrl":"https:\/\/www.manaus.am.gov.br\/semcom\/wp-content\/uploads\/sites\/5\/2023\/02\/sugestaodepauta.png","width":1020,"height":540},{"@type":"WebSite","@id":"https:\/\/www.manaus.am.gov.br\/semcom\/#website","url":"https:\/\/www.manaus.am.gov.br\/semcom\/","name":"SEMCOM","description":"Secretaria Municipal de Comunica\u00e7\u00e3o","potentialAction":[{"@type":"SearchAction","target":{"@type":"EntryPoint","urlTemplate":"https:\/\/www.manaus.am.gov.br\/semcom\/?s={search_term_string}"},"query-input":"required name=search_term_string"}],"inLanguage":"pt-BR"}]}},"_links":{"self":[{"href":"https:\/\/www.manaus.am.gov.br\/semcom\/wp-json\/wp\/v2\/pautas\/231806"}],"collection":[{"href":"https:\/\/www.manaus.am.gov.br\/semcom\/wp-json\/wp\/v2\/pautas"}],"about":[{"href":"https:\/\/www.manaus.am.gov.br\/semcom\/wp-json\/wp\/v2\/types\/pautas"}],"wp:featuredmedia":[{"embeddable":true,"href":"https:\/\/www.manaus.am.gov.br\/semcom\/wp-json\/wp\/v2\/media\/208729"}],"wp:attachment":[{"href":"https:\/\/www.manaus.am.gov.br\/semcom\/wp-json\/wp\/v2\/media?parent=231806"}],"wp:term":[{"taxonomy":"category","embeddable":true,"href":"https:\/\/www.manaus.am.gov.br\/semcom\/wp-json\/wp\/v2\/categories?post=231806"}],"curies":[{"name":"wp","href":"https:\/\/api.w.org\/{rel}","templated":true}]}}

Prefeitura de Manaus retoma Olimpíadas da Terceira Idade com provas de atletismo nesta quarta-feira

<p>A 24ª edição das Olimpíadas da Terceira Idade, da Prefeitura de Manaus, por meio da Fundação Manaus Esporte (FME), será retomada, nesta quarta-feira, 13/11, com as provas de atletismo na Universidade Federal do Amazonas (Ufam), a partir das 14h. O evento incentiva os idosos a participarem do ambiente esportivo, oferecendo a prática de modalidades variadas que incentivam a socialização e a qualidade de vida a este público na capital. </p>



<p>Entre os dias 16 e 24 de setembro, foram disputadas diversas modalidades esportivas e recreativas, incluindo gerontovoleibol, tênis de mesa, jogo de malha, chute a gol, futpênalti, bocha, boliche, lance livre na cesta, taco no disco, lançamento ao alvo, jogo de argolas, natação e dominó. De volta após um mês e meio, a programação se encerrará, na sexta-feira, 15/11, com concurso de dança e o tradicional baile de encerramento, que acontecerá a partir das 16h, no Parque Municipal do Idoso.&nbsp;</p>



<p>Ao todo, 28 grupos estão inscritos nessa edição, representando 14 núcleos da prefeitura, e outros 14 projetos de diferentes regiões da cidade, com aproximadamente 1.500 idosos envolvidos. A ação fortalece o compromisso da Prefeitura de Manaus com o bem-estar e a inclusão social da terceira idade, proporcionando uma experiência de integração, saúde e alegria para os participantes.&nbsp;</p>



<p>&nbsp;&#8212; &#8212; –&nbsp;</p>



<p><strong>SERVIÇO:</strong></p>



<p><strong>O quê</strong>&nbsp;&#8211; Atletismo nas Olimpíadas da Terceira Idade 2024&nbsp;</p>



<p><strong>Quando</strong>&nbsp;&#8211; Quarta-feira, 13/11&nbsp;</p>



<p><strong>Horário</strong>&nbsp;&#8211; 14h&nbsp;</p>



<p><strong>Local</strong>&nbsp;&#8211; Universidade Federal do Amazonas (Ufam), localizada na avenida General Rodrigo Otávio Jordão Ramos, nº 6.200, bairro Coroado 1, zona Leste.&nbsp;</p>

<!-- This site is optimized with the Yoast SEO plugin v23.0 - https://yoast.com/wordpress/plugins/seo/ -->
<title>Prefeitura de Manaus retoma Olimpíadas da Terceira Idade com provas de atletismo nesta quarta-feira</title>
<meta name="description" content="A 24ª edição das Olimpíadas da Terceira Idade, da Prefeitura de Manaus, por meio da Fundação Manaus Esporte (FME), será retomada, nesta quarta-feira, 13/12, com as provas de atletismo na Universidade Federal do Amazonas (Ufam), a partir das 14h." />
<meta name="robots" content="index, follow, max-snippet:-1, max-image-preview:large, max-video-preview:-1" />
<link rel="canonical" href="https://www.manaus.am.gov.br/semcom/pautas/prefeitura-olimpiadas-terceira-idade/" />
<meta property="og:locale" content="pt_BR" />
<meta property="og:type" content="article" />
<meta property="og:title" content="Prefeitura de Manaus retoma Olimpíadas da Terceira Idade com provas de atletismo nesta quarta-feira" />
<meta property="og:description" content="A 24ª edição das Olimpíadas da Terceira Idade, da Prefeitura de Manaus, por meio da Fundação Manaus Esporte (FME), será retomada, nesta quarta-feira, 13/12, com as provas de atletismo na Universidade Federal do Amazonas (Ufam), a partir das 14h." />
<meta property="og:url" content="https://www.manaus.am.gov.br/semcom/pautas/prefeitura-olimpiadas-terceira-idade/" />
<meta property="og:site_name" content="SEMCOM" />
<meta property="article:modified_time" content="2024-11-12T18:53:56+00:00" />
<meta property="og:image" content="https://www.manaus.am.gov.br/semcom/wp-content/uploads/sites/5/2023/02/sugestaodepauta.png" />
	<meta property="og:image:width" content="1020" />
	<meta property="og:image:height" content="540" />
	<meta property="og:image:type" content="image/png" />
<meta name="twitter:card" content="summary_large_image" />
<meta name="twitter:label1" content="Est. reading time" />
	<meta name="twitter:data1" content="2 minutos" />
<script type="application/ld+json" class="yoast-schema-graph">{"@context":"https://schema.org","@graph":[{"@type":"WebPage","@id":"https://www.manaus.am.gov.br/semcom/pautas/prefeitura-olimpiadas-terceira-idade/","url":"https://www.manaus.am.gov.br/semcom/pautas/prefeitura-olimpiadas-terceira-idade/","name":"Prefeitura de Manaus retoma Olimpíadas da Terceira Idade com provas de atletismo nesta quarta-feira","isPartOf":{"@id":"https://www.manaus.am.gov.br/semcom/#website"},"primaryImageOfPage":{"@id":"https://www.manaus.am.gov.br/semcom/pautas/prefeitura-olimpiadas-terceira-idade/#primaryimage"},"image":{"@id":"https://www.manaus.am.gov.br/semcom/pautas/prefeitura-olimpiadas-terceira-idade/#primaryimage"},"thumbnailUrl":"https://www.manaus.am.gov.br/semcom/wp-content/uploads/sites/5/2023/02/sugestaodepauta.png","datePublished":"2024-11-12T15:00:17+00:00","dateModified":"2024-11-12T18:53:56+00:00","description":"A 24ª edição das Olimpíadas da Terceira Idade, da Prefeitura de Manaus, por meio da Fundação Manaus Esporte (FME), será retomada, nesta quarta-feira, 13/12, com as provas de atletismo na Universidade Federal do Amazonas (Ufam), a partir das 14h.","inLanguage":"pt-BR","potentialAction":[{"@type":"ReadAction","target":["https://www.manaus.am.gov.br/semcom/pautas/prefeitura-olimpiadas-terceira-idade/"]}]},{"@type":"ImageObject","inLanguage":"pt-BR","@id":"https://www.manaus.am.gov.br/semcom/pautas/prefeitura-olimpiadas-terceira-idade/#primaryimage","url":"https://www.manaus.am.gov.br/semcom/wp-content/uploads/sites/5/2023/02/sugestaodepauta.png","contentUrl":"https://www.manaus.am.gov.br/semcom/wp-content/uploads/sites/5/2023/02/sugestaodepauta.png","width":1020,"height":540},{"@type":"WebSite","@id":"https://www.manaus.am.gov.br/semcom/#website","url":"https://www.manaus.am.gov.br/semcom/","name":"SEMCOM","description":"Secretaria Municipal de Comunicação","potentialAction":[{"@type":"SearchAction","target":{"@type":"EntryPoint","urlTemplate":"https://www.manaus.am.gov.br/semcom/?s={search_term_string}"},"query-input":"required name=search_term_string"}],"inLanguage":"pt-BR"}]}</script>
<!-- / Yoast SEO plugin. -->

A 24ª edição das Olimpíadas da Terceira Idade, da Prefeitura de Manaus, por meio da Fundação Manaus Esporte (FME), será retomada, nesta quarta-feira, 13/12, com as provas de atletismo na Universidade Federal do Amazonas (Ufam), a partir das 14h.

Secretaria Municipal de Comunicação
