{"id":231760,"date":"2024-11-08T21:52:39","date_gmt":"2024-11-09T00:52:39","guid":{"rendered":"https:\/\/www.manaus.am.gov.br\/semcom\/?post_type=pautas&#038;p=231760"},"modified":"2024-11-08T21:52:39","modified_gmt":"2024-11-09T00:52:39","slug":"limpeza-obras-servicos","status":"publish","type":"pautas","link":"https:\/\/www.manaus.am.gov.br\/semcom\/pautas\/limpeza-obras-servicos\/","title":{"rendered":"Prefeito anuncia for\u00e7a-tarefa preventiva para minimizar impactos que possam ser causados pela chuva com a chegada do inverno"},"content":{"rendered":"\n<p>O prefeito de Manaus, David Almeida, anuncia, nesta segunda-feira, 11\/11, \u00e0s 9h, uma for\u00e7a-tarefa preventiva integrada pelas secretarias municipais de Infraestrutura (Seminf) e Limpeza Urbana (Semulsp), para minimizar os impactos que possam ser causados pelas chuvas que se aproximam.<\/p>\n\n\n\n<p>O atendimento \u00e0 imprensa ser\u00e1 realizado na sede da Semulsp, na avenida Compensa, n\u00ba 1.335, bairro Compensa, zona Oeste. Na oportunidade, o chefe do Executivo Municipal anunciar\u00e1 as frentes de trabalho de limpeza de lixo descartado em via p\u00fablica, desobstru\u00e7\u00e3o de galerias e bueiros, al\u00e9m da dragagens de igarap\u00e9s na capital, entre outros servi\u00e7os emergenciais.<\/p>\n\n\n\n<p><strong>SERVI\u00c7O:<\/strong><\/p>\n\n\n\n<p><strong>O qu\u00ea &#8211; <\/strong>Prefeito anuncia for\u00e7a-tarefa preventiva para minimizar impactos que possam ser causados pela chuva com a chegada do inverno<br><strong>Quando &#8211;\u00a0 <\/strong>Segunda-feira, 11\/11<br><strong>Hor\u00e1rio &#8211; <\/strong>9h<br><strong>Local &#8211; <\/strong>Sede da Semulsp, na avenida Compensa, n\u00ba 1.335, bairro Compensa, zona Oeste<br><strong>Localiza\u00e7\u00e3o \u2013 <\/strong><a href=\"https:\/\/maps.app.goo.gl\/wCLsizZyLjvneRoP8\">https:\/\/maps.app.goo.gl\/wCLsizZyLjvneRoP8<\/a>\u00a0\u00a0<\/p>\n\n\n\n<p><br><br><\/p>\n","protected":false},"featured_media":208729,"template":"","categories":[27],"acf":[],"yoast_head":"<!-- This site is optimized with the Yoast SEO plugin v23.0 - https:\/\/yoast.com\/wordpress\/plugins\/seo\/ -->\n<title>Prefeito anuncia for\u00e7a-tarefa preventiva para minimizar impactos que possam ser causados pela chuva com a chegada do inverno<\/title>\n<meta name=\"description\" content=\"O prefeito de Manaus, David Almeida, anuncia, nesta segunda-feira, 11\/11, \u00e0s 9h, uma for\u00e7a-tarefa preventiva integrada para minimizar os impactos que possam ser causados pelas chuvas que se aproximam.\" \/>\n<meta name=\"robots\" content=\"index, follow, max-snippet:-1, max-image-preview:large, max-video-preview:-1\" \/>\n<link rel=\"canonical\" href=\"https:\/\/www.manaus.am.gov.br\/semcom\/pautas\/limpeza-obras-servicos\/\" \/>\n<meta property=\"og:locale\" content=\"pt_BR\" \/>\n<meta property=\"og:type\" content=\"article\" \/>\n<meta property=\"og:title\" content=\"Prefeito anuncia for\u00e7a-tarefa preventiva para minimizar impactos que possam ser causados pela chuva com a chegada do inverno\" \/>\n<meta property=\"og:description\" content=\"O prefeito de Manaus, David Almeida, anuncia, nesta segunda-feira, 11\/11, \u00e0s 9h, uma for\u00e7a-tarefa preventiva integrada para minimizar os impactos que possam ser causados pelas chuvas que se aproximam.\" \/>\n<meta property=\"og:url\" content=\"https:\/\/www.manaus.am.gov.br\/semcom\/pautas\/limpeza-obras-servicos\/\" \/>\n<meta property=\"og:site_name\" content=\"SEMCOM\" \/>\n<meta property=\"og:image\" content=\"https:\/\/www.manaus.am.gov.br\/semcom\/wp-content\/uploads\/sites\/5\/2023\/02\/sugestaodepauta.png\" \/>\n\t<meta property=\"og:image:width\" content=\"1020\" \/>\n\t<meta property=\"og:image:height\" content=\"540\" \/>\n\t<meta property=\"og:image:type\" content=\"image\/png\" \/>\n<meta name=\"twitter:card\" content=\"summary_large_image\" \/>\n<meta name=\"twitter:label1\" content=\"Est. reading time\" \/>\n\t<meta name=\"twitter:data1\" content=\"1 minuto\" \/>\n<script type=\"application\/ld+json\" class=\"yoast-schema-graph\">{\"@context\":\"https:\/\/schema.org\",\"@graph\":[{\"@type\":\"WebPage\",\"@id\":\"https:\/\/www.manaus.am.gov.br\/semcom\/pautas\/limpeza-obras-servicos\/\",\"url\":\"https:\/\/www.manaus.am.gov.br\/semcom\/pautas\/limpeza-obras-servicos\/\",\"name\":\"Prefeito anuncia for\u00e7a-tarefa preventiva para minimizar impactos que possam ser causados pela chuva com a chegada do inverno\",\"isPartOf\":{\"@id\":\"https:\/\/www.manaus.am.gov.br\/semcom\/#website\"},\"primaryImageOfPage\":{\"@id\":\"https:\/\/www.manaus.am.gov.br\/semcom\/pautas\/limpeza-obras-servicos\/#primaryimage\"},\"image\":{\"@id\":\"https:\/\/www.manaus.am.gov.br\/semcom\/pautas\/limpeza-obras-servicos\/#primaryimage\"},\"thumbnailUrl\":\"https:\/\/www.manaus.am.gov.br\/semcom\/wp-content\/uploads\/sites\/5\/2023\/02\/sugestaodepauta.png\",\"datePublished\":\"2024-11-09T00:52:39+00:00\",\"dateModified\":\"2024-11-09T00:52:39+00:00\",\"description\":\"O prefeito de Manaus, David Almeida, anuncia, nesta segunda-feira, 11\/11, \u00e0s 9h, uma for\u00e7a-tarefa preventiva integrada para minimizar os impactos que possam ser causados pelas chuvas que se aproximam.\",\"inLanguage\":\"pt-BR\",\"potentialAction\":[{\"@type\":\"ReadAction\",\"target\":[\"https:\/\/www.manaus.am.gov.br\/semcom\/pautas\/limpeza-obras-servicos\/\"]}]},{\"@type\":\"ImageObject\",\"inLanguage\":\"pt-BR\",\"@id\":\"https:\/\/www.manaus.am.gov.br\/semcom\/pautas\/limpeza-obras-servicos\/#primaryimage\",\"url\":\"https:\/\/www.manaus.am.gov.br\/semcom\/wp-content\/uploads\/sites\/5\/2023\/02\/sugestaodepauta.png\",\"contentUrl\":\"https:\/\/www.manaus.am.gov.br\/semcom\/wp-content\/uploads\/sites\/5\/2023\/02\/sugestaodepauta.png\",\"width\":1020,\"height\":540},{\"@type\":\"WebSite\",\"@id\":\"https:\/\/www.manaus.am.gov.br\/semcom\/#website\",\"url\":\"https:\/\/www.manaus.am.gov.br\/semcom\/\",\"name\":\"SEMCOM\",\"description\":\"Secretaria Municipal de Comunica\u00e7\u00e3o\",\"potentialAction\":[{\"@type\":\"SearchAction\",\"target\":{\"@type\":\"EntryPoint\",\"urlTemplate\":\"https:\/\/www.manaus.am.gov.br\/semcom\/?s={search_term_string}\"},\"query-input\":\"required name=search_term_string\"}],\"inLanguage\":\"pt-BR\"}]}<\/script>\n<!-- \/ Yoast SEO plugin. -->","yoast_head_json":{"title":"Prefeito anuncia for\u00e7a-tarefa preventiva para minimizar impactos que possam ser causados pela chuva com a chegada do inverno","description":"O prefeito de Manaus, David Almeida, anuncia, nesta segunda-feira, 11\/11, \u00e0s 9h, uma for\u00e7a-tarefa preventiva integrada para minimizar os impactos que possam ser causados pelas chuvas que se aproximam.","robots":{"index":"index","follow":"follow","max-snippet":"max-snippet:-1","max-image-preview":"max-image-preview:large","max-video-preview":"max-video-preview:-1"},"canonical":"https:\/\/www.manaus.am.gov.br\/semcom\/pautas\/limpeza-obras-servicos\/","og_locale":"pt_BR","og_type":"article","og_title":"Prefeito anuncia for\u00e7a-tarefa preventiva para minimizar impactos que possam ser causados pela chuva com a chegada do inverno","og_description":"O prefeito de Manaus, David Almeida, anuncia, nesta segunda-feira, 11\/11, \u00e0s 9h, uma for\u00e7a-tarefa preventiva integrada para minimizar os impactos que possam ser causados pelas chuvas que se aproximam.","og_url":"https:\/\/www.manaus.am.gov.br\/semcom\/pautas\/limpeza-obras-servicos\/","og_site_name":"SEMCOM","og_image":[{"width":1020,"height":540,"url":"https:\/\/www.manaus.am.gov.br\/semcom\/wp-content\/uploads\/sites\/5\/2023\/02\/sugestaodepauta.png","type":"image\/png"}],"twitter_card":"summary_large_image","twitter_misc":{"Est. reading time":"1 minuto"},"schema":{"@context":"https:\/\/schema.org","@graph":[{"@type":"WebPage","@id":"https:\/\/www.manaus.am.gov.br\/semcom\/pautas\/limpeza-obras-servicos\/","url":"https:\/\/www.manaus.am.gov.br\/semcom\/pautas\/limpeza-obras-servicos\/","name":"Prefeito anuncia for\u00e7a-tarefa preventiva para minimizar impactos que possam ser causados pela chuva com a chegada do inverno","isPartOf":{"@id":"https:\/\/www.manaus.am.gov.br\/semcom\/#website"},"primaryImageOfPage":{"@id":"https:\/\/www.manaus.am.gov.br\/semcom\/pautas\/limpeza-obras-servicos\/#primaryimage"},"image":{"@id":"https:\/\/www.manaus.am.gov.br\/semcom\/pautas\/limpeza-obras-servicos\/#primaryimage"},"thumbnailUrl":"https:\/\/www.manaus.am.gov.br\/semcom\/wp-content\/uploads\/sites\/5\/2023\/02\/sugestaodepauta.png","datePublished":"2024-11-09T00:52:39+00:00","dateModified":"2024-11-09T00:52:39+00:00","description":"O prefeito de Manaus, David Almeida, anuncia, nesta segunda-feira, 11\/11, \u00e0s 9h, uma for\u00e7a-tarefa preventiva integrada para minimizar os impactos que possam ser causados pelas chuvas que se aproximam.","inLanguage":"pt-BR","potentialAction":[{"@type":"ReadAction","target":["https:\/\/www.manaus.am.gov.br\/semcom\/pautas\/limpeza-obras-servicos\/"]}]},{"@type":"ImageObject","inLanguage":"pt-BR","@id":"https:\/\/www.manaus.am.gov.br\/semcom\/pautas\/limpeza-obras-servicos\/#primaryimage","url":"https:\/\/www.manaus.am.gov.br\/semcom\/wp-content\/uploads\/sites\/5\/2023\/02\/sugestaodepauta.png","contentUrl":"https:\/\/www.manaus.am.gov.br\/semcom\/wp-content\/uploads\/sites\/5\/2023\/02\/sugestaodepauta.png","width":1020,"height":540},{"@type":"WebSite","@id":"https:\/\/www.manaus.am.gov.br\/semcom\/#website","url":"https:\/\/www.manaus.am.gov.br\/semcom\/","name":"SEMCOM","description":"Secretaria Municipal de Comunica\u00e7\u00e3o","potentialAction":[{"@type":"SearchAction","target":{"@type":"EntryPoint","urlTemplate":"https:\/\/www.manaus.am.gov.br\/semcom\/?s={search_term_string}"},"query-input":"required name=search_term_string"}],"inLanguage":"pt-BR"}]}},"_links":{"self":[{"href":"https:\/\/www.manaus.am.gov.br\/semcom\/wp-json\/wp\/v2\/pautas\/231760"}],"collection":[{"href":"https:\/\/www.manaus.am.gov.br\/semcom\/wp-json\/wp\/v2\/pautas"}],"about":[{"href":"https:\/\/www.manaus.am.gov.br\/semcom\/wp-json\/wp\/v2\/types\/pautas"}],"wp:featuredmedia":[{"embeddable":true,"href":"https:\/\/www.manaus.am.gov.br\/semcom\/wp-json\/wp\/v2\/media\/208729"}],"wp:attachment":[{"href":"https:\/\/www.manaus.am.gov.br\/semcom\/wp-json\/wp\/v2\/media?parent=231760"}],"wp:term":[{"taxonomy":"category","embeddable":true,"href":"https:\/\/www.manaus.am.gov.br\/semcom\/wp-json\/wp\/v2\/categories?post=231760"}],"curies":[{"name":"wp","href":"https:\/\/api.w.org\/{rel}","templated":true}]}}

Prefeito anuncia força-tarefa preventiva para minimizar impactos que possam ser causados pela chuva com a chegada do inverno

<p>O prefeito de Manaus, David Almeida, anuncia, nesta segunda-feira, 11/11, às 9h, uma força-tarefa preventiva integrada pelas secretarias municipais de Infraestrutura (Seminf) e Limpeza Urbana (Semulsp), para minimizar os impactos que possam ser causados pelas chuvas que se aproximam.</p>



<p>O atendimento à imprensa será realizado na sede da Semulsp, na avenida Compensa, nº 1.335, bairro Compensa, zona Oeste. Na oportunidade, o chefe do Executivo Municipal anunciará as frentes de trabalho de limpeza de lixo descartado em via pública, desobstrução de galerias e bueiros, além da dragagens de igarapés na capital, entre outros serviços emergenciais.</p>



<p><strong>SERVIÇO:</strong></p>



<p><strong>O quê &#8211; </strong>Prefeito anuncia força-tarefa preventiva para minimizar impactos que possam ser causados pela chuva com a chegada do inverno<br><strong>Quando &#8211;  </strong>Segunda-feira, 11/11<br><strong>Horário &#8211; </strong>9h<br><strong>Local &#8211; </strong>Sede da Semulsp, na avenida Compensa, nº 1.335, bairro Compensa, zona Oeste<br><strong>Localização – </strong><a href="https://maps.app.goo.gl/wCLsizZyLjvneRoP8">https://maps.app.goo.gl/wCLsizZyLjvneRoP8</a>  </p>



<p><br><br></p>

<!-- This site is optimized with the Yoast SEO plugin v23.0 - https://yoast.com/wordpress/plugins/seo/ -->
<title>Prefeito anuncia força-tarefa preventiva para minimizar impactos que possam ser causados pela chuva com a chegada do inverno</title>
<meta name="description" content="O prefeito de Manaus, David Almeida, anuncia, nesta segunda-feira, 11/11, às 9h, uma força-tarefa preventiva integrada para minimizar os impactos que possam ser causados pelas chuvas que se aproximam." />
<meta name="robots" content="index, follow, max-snippet:-1, max-image-preview:large, max-video-preview:-1" />
<link rel="canonical" href="https://www.manaus.am.gov.br/semcom/pautas/limpeza-obras-servicos/" />
<meta property="og:locale" content="pt_BR" />
<meta property="og:type" content="article" />
<meta property="og:title" content="Prefeito anuncia força-tarefa preventiva para minimizar impactos que possam ser causados pela chuva com a chegada do inverno" />
<meta property="og:description" content="O prefeito de Manaus, David Almeida, anuncia, nesta segunda-feira, 11/11, às 9h, uma força-tarefa preventiva integrada para minimizar os impactos que possam ser causados pelas chuvas que se aproximam." />
<meta property="og:url" content="https://www.manaus.am.gov.br/semcom/pautas/limpeza-obras-servicos/" />
<meta property="og:site_name" content="SEMCOM" />
<meta property="og:image" content="https://www.manaus.am.gov.br/semcom/wp-content/uploads/sites/5/2023/02/sugestaodepauta.png" />
	<meta property="og:image:width" content="1020" />
	<meta property="og:image:height" content="540" />
	<meta property="og:image:type" content="image/png" />
<meta name="twitter:card" content="summary_large_image" />
<meta name="twitter:label1" content="Est. reading time" />
	<meta name="twitter:data1" content="1 minuto" />
<script type="application/ld+json" class="yoast-schema-graph">{"@context":"https://schema.org","@graph":[{"@type":"WebPage","@id":"https://www.manaus.am.gov.br/semcom/pautas/limpeza-obras-servicos/","url":"https://www.manaus.am.gov.br/semcom/pautas/limpeza-obras-servicos/","name":"Prefeito anuncia força-tarefa preventiva para minimizar impactos que possam ser causados pela chuva com a chegada do inverno","isPartOf":{"@id":"https://www.manaus.am.gov.br/semcom/#website"},"primaryImageOfPage":{"@id":"https://www.manaus.am.gov.br/semcom/pautas/limpeza-obras-servicos/#primaryimage"},"image":{"@id":"https://www.manaus.am.gov.br/semcom/pautas/limpeza-obras-servicos/#primaryimage"},"thumbnailUrl":"https://www.manaus.am.gov.br/semcom/wp-content/uploads/sites/5/2023/02/sugestaodepauta.png","datePublished":"2024-11-09T00:52:39+00:00","dateModified":"2024-11-09T00:52:39+00:00","description":"O prefeito de Manaus, David Almeida, anuncia, nesta segunda-feira, 11/11, às 9h, uma força-tarefa preventiva integrada para minimizar os impactos que possam ser causados pelas chuvas que se aproximam.","inLanguage":"pt-BR","potentialAction":[{"@type":"ReadAction","target":["https://www.manaus.am.gov.br/semcom/pautas/limpeza-obras-servicos/"]}]},{"@type":"ImageObject","inLanguage":"pt-BR","@id":"https://www.manaus.am.gov.br/semcom/pautas/limpeza-obras-servicos/#primaryimage","url":"https://www.manaus.am.gov.br/semcom/wp-content/uploads/sites/5/2023/02/sugestaodepauta.png","contentUrl":"https://www.manaus.am.gov.br/semcom/wp-content/uploads/sites/5/2023/02/sugestaodepauta.png","width":1020,"height":540},{"@type":"WebSite","@id":"https://www.manaus.am.gov.br/semcom/#website","url":"https://www.manaus.am.gov.br/semcom/","name":"SEMCOM","description":"Secretaria Municipal de Comunicação","potentialAction":[{"@type":"SearchAction","target":{"@type":"EntryPoint","urlTemplate":"https://www.manaus.am.gov.br/semcom/?s={search_term_string}"},"query-input":"required name=search_term_string"}],"inLanguage":"pt-BR"}]}</script>
<!-- / Yoast SEO plugin. -->

O prefeito de Manaus, David Almeida, anuncia, nesta segunda-feira, 11/11, às 9h, uma força-tarefa preventiva integrada para minimizar os impactos que possam ser causados pelas chuvas que se aproximam.

Secretaria Municipal de Comunicação
