{"id":230986,"date":"2024-07-01T15:28:52","date_gmt":"2024-07-01T18:28:52","guid":{"rendered":"https:\/\/www.manaus.am.gov.br\/semcom\/?post_type=pautas&#038;p=230986"},"modified":"2024-07-04T14:30:17","modified_gmt":"2024-07-04T17:30:17","slug":"prefeitura-anuncia-pacote-de-acoes","status":"publish","type":"pautas","link":"https:\/\/www.manaus.am.gov.br\/semcom\/pautas\/prefeitura-anuncia-pacote-de-acoes\/","title":{"rendered":"Prefeitura de Manaus anuncia pacote de a\u00e7\u00f5es para seguran\u00e7a, sa\u00fade, habita\u00e7\u00e3o, infraestrutura e feiras e mercados"},"content":{"rendered":"\n<p>O prefeito de Manaus, David Almeida, anuncia, nesta sexta-feira, 5\/7, \u00e0s 11h, no Parque \u2018Gigantes da Floresta\u2019, localizado entre as avenidas Isa\u00edas Vieiralves e Ol\u00edvia de Menezes Vieiralves, nas zonas Leste e Norte, um pacote de a\u00e7\u00f5es que garante investimentos na seguran\u00e7a, sa\u00fade, habita\u00e7\u00e3o, infraestrutura e feiras e mercados. Todos os investimentos foram frutos de emendas parlamentar do senador Eduardo Braga, que estar\u00e1 presente no evento.<\/p>\n\n\n\n<p>Com o objetivo de ampliar a \u00e1rea de a\u00e7\u00e3o, dando assim uma resposta r\u00e1pida para a popula\u00e7\u00e3o, ser\u00e3o entregues, na sexta-feira, mais 52 ve\u00edculos, sendo 12 viaturas, 30 motos e dez quadriciclos para a Guarda Municipal de Manaus. A Secretaria de Seguran\u00e7a P\u00fablica e Defesa Social (Semseg) tamb\u00e9m vai dispor de 30 espingardas calibre 12, dez carabinas 9 mil\u00edmetros, 50 pistolas de menor potencial ofensivo e mais de 300 coletes bal\u00edsticos.<\/p>\n\n\n\n<p>Tamb\u00e9m ser\u00e1 assinada a ordem de servi\u00e7o para a reforma da feira da Bet\u00e2nia, beneficiando 153 permission\u00e1rios, que geram 302 empregos diretos e mais de 2 mil indiretos. Administrada pela Secretaria Municipal de Agricultura, Abastecimento, Centro e Com\u00e9rcio Informal (Semacc), a moderniza\u00e7\u00e3o do espa\u00e7o refor\u00e7a o compromisso com a popula\u00e7\u00e3o, que aguarda com grande expectativa esse marco para a comunidade.<\/p>\n\n\n\n<p>Na \u00e1rea da habita\u00e7\u00e3o, haver\u00e1 o lan\u00e7amento oficial do programa \u201cManaus, Minha Terra\u201d, gerenciado pela Secretaria Municipal de Habita\u00e7\u00e3o (Semhaf), que ter\u00e1 investimento nessa primeira fase de R$ 61,5 milh\u00f5es, possibilitando a implanta\u00e7\u00e3o de infraestrutura urbana. \u00c9 o novo bairro planejado da capital, denominado \u201cNova Manaus\u201d, localizado no antigo Monte Horebe, zona Norte, e que contemplar\u00e1 no total mais de 3,5 mil fam\u00edlias.<\/p>\n\n\n\n<p>Na infraestrutura, ser\u00e3o investidos R$ 164,8 milh\u00f5es para a revitaliza\u00e7\u00e3o da infraestrutura urbana e rural. O valor \u00e9 destinado \u00e0 conten\u00e7\u00e3o de encostas; \u00e0 pavimenta\u00e7\u00e3o de ruas e ramais pelo programa \u201cAsfalta Manaus\u201d, especialmente em ruas vicinais, onde h\u00e1 escolas; ao melhoramento de vias de acesso a pontos tur\u00edsticos, a come\u00e7ar pela avenida do Turismo; e \u00e0 constru\u00e7\u00e3o e reforma de quadra coberta em comunidade na zona rural.<\/p>\n\n\n\n<p>Desde o come\u00e7o da gest\u00e3o do prefeito David Almeida, o senador Eduardo Braga j\u00e1 destinou mais de R$ 383,4 milh\u00f5es em emendas parlamentares para Manaus, recursos tamb\u00e9m para a infraestrutura e assist\u00eancia social, e ainda para a rede de sa\u00fade b\u00e1sica, da Secretaria Municipal de Sa\u00fade (Semsa), que conta com mais de 300 unidades de assist\u00eancia e apoio aos servi\u00e7os prestados aos usu\u00e1rios do Sistema \u00danico de Sa\u00fade (SUS) nos quatro distritos urbanos e no distrito rural de Manaus.<\/p>\n\n\n\n<p><strong>SERVI\u00c7O<\/strong><\/p>\n\n\n\n<p><strong>O qu\u00ea<\/strong> \u2013 Prefeito David Almeida anuncia pacote de a\u00e7\u00f5es<\/p>\n\n\n\n<p><strong>Quando<\/strong> &#8211; Sexta-feira, 5\/7<\/p>\n\n\n\n<p><strong>Hor\u00e1rio<\/strong> &#8211; 11h<\/p>\n\n\n\n<p><strong>Local<\/strong> \u2013 Segunda etapa do parque Amazonino Mendes, entre as avenidas Isa\u00edas Vieiralves e Ol\u00edvia de Menezes Vieiralves, nas zonas Leste e Norte<\/p>\n\n\n\n<p><\/p>\n","protected":false},"featured_media":208729,"template":"","categories":[793],"acf":[],"yoast_head":"<!-- This site is optimized with the Yoast SEO plugin v23.0 - https:\/\/yoast.com\/wordpress\/plugins\/seo\/ -->\n<title>Prefeitura de Manaus anuncia pacote de a\u00e7\u00f5es para seguran\u00e7a, sa\u00fade, habita\u00e7\u00e3o, infraestrutura e feiras e mercados<\/title>\n<meta name=\"description\" content=\"O prefeito de Manaus, David Almeida, anuncia, nesta sexta-feira, 6\/7, \u00e0s 11h, no parque Gigantes da Floresta\" \/>\n<meta name=\"robots\" content=\"index, follow, max-snippet:-1, max-image-preview:large, max-video-preview:-1\" \/>\n<link rel=\"canonical\" href=\"https:\/\/www.manaus.am.gov.br\/semcom\/pautas\/prefeitura-anuncia-pacote-de-acoes\/\" \/>\n<meta property=\"og:locale\" content=\"pt_BR\" \/>\n<meta property=\"og:type\" content=\"article\" \/>\n<meta property=\"og:title\" content=\"Prefeitura de Manaus anuncia pacote de a\u00e7\u00f5es para seguran\u00e7a, sa\u00fade, habita\u00e7\u00e3o, infraestrutura e feiras e mercados\" \/>\n<meta property=\"og:description\" content=\"O prefeito de Manaus, David Almeida, anuncia, nesta sexta-feira, 6\/7, \u00e0s 11h, no parque Gigantes da Floresta\" \/>\n<meta property=\"og:url\" content=\"https:\/\/www.manaus.am.gov.br\/semcom\/pautas\/prefeitura-anuncia-pacote-de-acoes\/\" \/>\n<meta property=\"og:site_name\" content=\"SEMCOM\" \/>\n<meta property=\"article:modified_time\" content=\"2024-07-04T17:30:17+00:00\" \/>\n<meta property=\"og:image\" content=\"https:\/\/www.manaus.am.gov.br\/semcom\/wp-content\/uploads\/sites\/5\/2023\/02\/sugestaodepauta.png\" \/>\n\t<meta property=\"og:image:width\" content=\"1020\" \/>\n\t<meta property=\"og:image:height\" content=\"540\" \/>\n\t<meta property=\"og:image:type\" content=\"image\/png\" \/>\n<meta name=\"twitter:card\" content=\"summary_large_image\" \/>\n<meta name=\"twitter:label1\" content=\"Est. reading time\" \/>\n\t<meta name=\"twitter:data1\" content=\"3 minutos\" \/>\n<script type=\"application\/ld+json\" class=\"yoast-schema-graph\">{\"@context\":\"https:\/\/schema.org\",\"@graph\":[{\"@type\":\"WebPage\",\"@id\":\"https:\/\/www.manaus.am.gov.br\/semcom\/pautas\/prefeitura-anuncia-pacote-de-acoes\/\",\"url\":\"https:\/\/www.manaus.am.gov.br\/semcom\/pautas\/prefeitura-anuncia-pacote-de-acoes\/\",\"name\":\"Prefeitura de Manaus anuncia pacote de a\u00e7\u00f5es para seguran\u00e7a, sa\u00fade, habita\u00e7\u00e3o, infraestrutura e feiras e mercados\",\"isPartOf\":{\"@id\":\"https:\/\/www.manaus.am.gov.br\/semcom\/#website\"},\"primaryImageOfPage\":{\"@id\":\"https:\/\/www.manaus.am.gov.br\/semcom\/pautas\/prefeitura-anuncia-pacote-de-acoes\/#primaryimage\"},\"image\":{\"@id\":\"https:\/\/www.manaus.am.gov.br\/semcom\/pautas\/prefeitura-anuncia-pacote-de-acoes\/#primaryimage\"},\"thumbnailUrl\":\"https:\/\/www.manaus.am.gov.br\/semcom\/wp-content\/uploads\/sites\/5\/2023\/02\/sugestaodepauta.png\",\"datePublished\":\"2024-07-01T18:28:52+00:00\",\"dateModified\":\"2024-07-04T17:30:17+00:00\",\"description\":\"O prefeito de Manaus, David Almeida, anuncia, nesta sexta-feira, 6\/7, \u00e0s 11h, no parque Gigantes da Floresta\",\"inLanguage\":\"pt-BR\",\"potentialAction\":[{\"@type\":\"ReadAction\",\"target\":[\"https:\/\/www.manaus.am.gov.br\/semcom\/pautas\/prefeitura-anuncia-pacote-de-acoes\/\"]}]},{\"@type\":\"ImageObject\",\"inLanguage\":\"pt-BR\",\"@id\":\"https:\/\/www.manaus.am.gov.br\/semcom\/pautas\/prefeitura-anuncia-pacote-de-acoes\/#primaryimage\",\"url\":\"https:\/\/www.manaus.am.gov.br\/semcom\/wp-content\/uploads\/sites\/5\/2023\/02\/sugestaodepauta.png\",\"contentUrl\":\"https:\/\/www.manaus.am.gov.br\/semcom\/wp-content\/uploads\/sites\/5\/2023\/02\/sugestaodepauta.png\",\"width\":1020,\"height\":540},{\"@type\":\"WebSite\",\"@id\":\"https:\/\/www.manaus.am.gov.br\/semcom\/#website\",\"url\":\"https:\/\/www.manaus.am.gov.br\/semcom\/\",\"name\":\"SEMCOM\",\"description\":\"Secretaria Municipal de Comunica\u00e7\u00e3o\",\"potentialAction\":[{\"@type\":\"SearchAction\",\"target\":{\"@type\":\"EntryPoint\",\"urlTemplate\":\"https:\/\/www.manaus.am.gov.br\/semcom\/?s={search_term_string}\"},\"query-input\":\"required name=search_term_string\"}],\"inLanguage\":\"pt-BR\"}]}<\/script>\n<!-- \/ Yoast SEO plugin. -->","yoast_head_json":{"title":"Prefeitura de Manaus anuncia pacote de a\u00e7\u00f5es para seguran\u00e7a, sa\u00fade, habita\u00e7\u00e3o, infraestrutura e feiras e mercados","description":"O prefeito de Manaus, David Almeida, anuncia, nesta sexta-feira, 6\/7, \u00e0s 11h, no parque Gigantes da Floresta","robots":{"index":"index","follow":"follow","max-snippet":"max-snippet:-1","max-image-preview":"max-image-preview:large","max-video-preview":"max-video-preview:-1"},"canonical":"https:\/\/www.manaus.am.gov.br\/semcom\/pautas\/prefeitura-anuncia-pacote-de-acoes\/","og_locale":"pt_BR","og_type":"article","og_title":"Prefeitura de Manaus anuncia pacote de a\u00e7\u00f5es para seguran\u00e7a, sa\u00fade, habita\u00e7\u00e3o, infraestrutura e feiras e mercados","og_description":"O prefeito de Manaus, David Almeida, anuncia, nesta sexta-feira, 6\/7, \u00e0s 11h, no parque Gigantes da Floresta","og_url":"https:\/\/www.manaus.am.gov.br\/semcom\/pautas\/prefeitura-anuncia-pacote-de-acoes\/","og_site_name":"SEMCOM","article_modified_time":"2024-07-04T17:30:17+00:00","og_image":[{"width":1020,"height":540,"url":"https:\/\/www.manaus.am.gov.br\/semcom\/wp-content\/uploads\/sites\/5\/2023\/02\/sugestaodepauta.png","type":"image\/png"}],"twitter_card":"summary_large_image","twitter_misc":{"Est. reading time":"3 minutos"},"schema":{"@context":"https:\/\/schema.org","@graph":[{"@type":"WebPage","@id":"https:\/\/www.manaus.am.gov.br\/semcom\/pautas\/prefeitura-anuncia-pacote-de-acoes\/","url":"https:\/\/www.manaus.am.gov.br\/semcom\/pautas\/prefeitura-anuncia-pacote-de-acoes\/","name":"Prefeitura de Manaus anuncia pacote de a\u00e7\u00f5es para seguran\u00e7a, sa\u00fade, habita\u00e7\u00e3o, infraestrutura e feiras e mercados","isPartOf":{"@id":"https:\/\/www.manaus.am.gov.br\/semcom\/#website"},"primaryImageOfPage":{"@id":"https:\/\/www.manaus.am.gov.br\/semcom\/pautas\/prefeitura-anuncia-pacote-de-acoes\/#primaryimage"},"image":{"@id":"https:\/\/www.manaus.am.gov.br\/semcom\/pautas\/prefeitura-anuncia-pacote-de-acoes\/#primaryimage"},"thumbnailUrl":"https:\/\/www.manaus.am.gov.br\/semcom\/wp-content\/uploads\/sites\/5\/2023\/02\/sugestaodepauta.png","datePublished":"2024-07-01T18:28:52+00:00","dateModified":"2024-07-04T17:30:17+00:00","description":"O prefeito de Manaus, David Almeida, anuncia, nesta sexta-feira, 6\/7, \u00e0s 11h, no parque Gigantes da Floresta","inLanguage":"pt-BR","potentialAction":[{"@type":"ReadAction","target":["https:\/\/www.manaus.am.gov.br\/semcom\/pautas\/prefeitura-anuncia-pacote-de-acoes\/"]}]},{"@type":"ImageObject","inLanguage":"pt-BR","@id":"https:\/\/www.manaus.am.gov.br\/semcom\/pautas\/prefeitura-anuncia-pacote-de-acoes\/#primaryimage","url":"https:\/\/www.manaus.am.gov.br\/semcom\/wp-content\/uploads\/sites\/5\/2023\/02\/sugestaodepauta.png","contentUrl":"https:\/\/www.manaus.am.gov.br\/semcom\/wp-content\/uploads\/sites\/5\/2023\/02\/sugestaodepauta.png","width":1020,"height":540},{"@type":"WebSite","@id":"https:\/\/www.manaus.am.gov.br\/semcom\/#website","url":"https:\/\/www.manaus.am.gov.br\/semcom\/","name":"SEMCOM","description":"Secretaria Municipal de Comunica\u00e7\u00e3o","potentialAction":[{"@type":"SearchAction","target":{"@type":"EntryPoint","urlTemplate":"https:\/\/www.manaus.am.gov.br\/semcom\/?s={search_term_string}"},"query-input":"required name=search_term_string"}],"inLanguage":"pt-BR"}]}},"_links":{"self":[{"href":"https:\/\/www.manaus.am.gov.br\/semcom\/wp-json\/wp\/v2\/pautas\/230986"}],"collection":[{"href":"https:\/\/www.manaus.am.gov.br\/semcom\/wp-json\/wp\/v2\/pautas"}],"about":[{"href":"https:\/\/www.manaus.am.gov.br\/semcom\/wp-json\/wp\/v2\/types\/pautas"}],"wp:featuredmedia":[{"embeddable":true,"href":"https:\/\/www.manaus.am.gov.br\/semcom\/wp-json\/wp\/v2\/media\/208729"}],"wp:attachment":[{"href":"https:\/\/www.manaus.am.gov.br\/semcom\/wp-json\/wp\/v2\/media?parent=230986"}],"wp:term":[{"taxonomy":"category","embeddable":true,"href":"https:\/\/www.manaus.am.gov.br\/semcom\/wp-json\/wp\/v2\/categories?post=230986"}],"curies":[{"name":"wp","href":"https:\/\/api.w.org\/{rel}","templated":true}]}}

Prefeitura de Manaus anuncia pacote de ações para segurança, saúde, habitação, infraestrutura e feiras e mercados

<p>O prefeito de Manaus, David Almeida, anuncia, nesta sexta-feira, 5/7, às 11h, no Parque ‘Gigantes da Floresta’, localizado entre as avenidas Isaías Vieiralves e Olívia de Menezes Vieiralves, nas zonas Leste e Norte, um pacote de ações que garante investimentos na segurança, saúde, habitação, infraestrutura e feiras e mercados. Todos os investimentos foram frutos de emendas parlamentar do senador Eduardo Braga, que estará presente no evento.</p>



<p>Com o objetivo de ampliar a área de ação, dando assim uma resposta rápida para a população, serão entregues, na sexta-feira, mais 52 veículos, sendo 12 viaturas, 30 motos e dez quadriciclos para a Guarda Municipal de Manaus. A Secretaria de Segurança Pública e Defesa Social (Semseg) também vai dispor de 30 espingardas calibre 12, dez carabinas 9 milímetros, 50 pistolas de menor potencial ofensivo e mais de 300 coletes balísticos.</p>



<p>Também será assinada a ordem de serviço para a reforma da feira da Betânia, beneficiando 153 permissionários, que geram 302 empregos diretos e mais de 2 mil indiretos. Administrada pela Secretaria Municipal de Agricultura, Abastecimento, Centro e Comércio Informal (Semacc), a modernização do espaço reforça o compromisso com a população, que aguarda com grande expectativa esse marco para a comunidade.</p>



<p>Na área da habitação, haverá o lançamento oficial do programa “Manaus, Minha Terra”, gerenciado pela Secretaria Municipal de Habitação (Semhaf), que terá investimento nessa primeira fase de R$ 61,5 milhões, possibilitando a implantação de infraestrutura urbana. É o novo bairro planejado da capital, denominado “Nova Manaus”, localizado no antigo Monte Horebe, zona Norte, e que contemplará no total mais de 3,5 mil famílias.</p>



<p>Na infraestrutura, serão investidos R$ 164,8 milhões para a revitalização da infraestrutura urbana e rural. O valor é destinado à contenção de encostas; à pavimentação de ruas e ramais pelo programa “Asfalta Manaus”, especialmente em ruas vicinais, onde há escolas; ao melhoramento de vias de acesso a pontos turísticos, a começar pela avenida do Turismo; e à construção e reforma de quadra coberta em comunidade na zona rural.</p>



<p>Desde o começo da gestão do prefeito David Almeida, o senador Eduardo Braga já destinou mais de R$ 383,4 milhões em emendas parlamentares para Manaus, recursos também para a infraestrutura e assistência social, e ainda para a rede de saúde básica, da Secretaria Municipal de Saúde (Semsa), que conta com mais de 300 unidades de assistência e apoio aos serviços prestados aos usuários do Sistema Único de Saúde (SUS) nos quatro distritos urbanos e no distrito rural de Manaus.</p>



<p><strong>SERVIÇO</strong></p>



<p><strong>O quê</strong> – Prefeito David Almeida anuncia pacote de ações</p>



<p><strong>Quando</strong> &#8211; Sexta-feira, 5/7</p>



<p><strong>Horário</strong> &#8211; 11h</p>



<p><strong>Local</strong> – Segunda etapa do parque Amazonino Mendes, entre as avenidas Isaías Vieiralves e Olívia de Menezes Vieiralves, nas zonas Leste e Norte</p>



<p></p>

<!-- This site is optimized with the Yoast SEO plugin v23.0 - https://yoast.com/wordpress/plugins/seo/ -->
<title>Prefeitura de Manaus anuncia pacote de ações para segurança, saúde, habitação, infraestrutura e feiras e mercados</title>
<meta name="description" content="O prefeito de Manaus, David Almeida, anuncia, nesta sexta-feira, 6/7, às 11h, no parque Gigantes da Floresta" />
<meta name="robots" content="index, follow, max-snippet:-1, max-image-preview:large, max-video-preview:-1" />
<link rel="canonical" href="https://www.manaus.am.gov.br/semcom/pautas/prefeitura-anuncia-pacote-de-acoes/" />
<meta property="og:locale" content="pt_BR" />
<meta property="og:type" content="article" />
<meta property="og:title" content="Prefeitura de Manaus anuncia pacote de ações para segurança, saúde, habitação, infraestrutura e feiras e mercados" />
<meta property="og:description" content="O prefeito de Manaus, David Almeida, anuncia, nesta sexta-feira, 6/7, às 11h, no parque Gigantes da Floresta" />
<meta property="og:url" content="https://www.manaus.am.gov.br/semcom/pautas/prefeitura-anuncia-pacote-de-acoes/" />
<meta property="og:site_name" content="SEMCOM" />
<meta property="article:modified_time" content="2024-07-04T17:30:17+00:00" />
<meta property="og:image" content="https://www.manaus.am.gov.br/semcom/wp-content/uploads/sites/5/2023/02/sugestaodepauta.png" />
	<meta property="og:image:width" content="1020" />
	<meta property="og:image:height" content="540" />
	<meta property="og:image:type" content="image/png" />
<meta name="twitter:card" content="summary_large_image" />
<meta name="twitter:label1" content="Est. reading time" />
	<meta name="twitter:data1" content="3 minutos" />
<script type="application/ld+json" class="yoast-schema-graph">{"@context":"https://schema.org","@graph":[{"@type":"WebPage","@id":"https://www.manaus.am.gov.br/semcom/pautas/prefeitura-anuncia-pacote-de-acoes/","url":"https://www.manaus.am.gov.br/semcom/pautas/prefeitura-anuncia-pacote-de-acoes/","name":"Prefeitura de Manaus anuncia pacote de ações para segurança, saúde, habitação, infraestrutura e feiras e mercados","isPartOf":{"@id":"https://www.manaus.am.gov.br/semcom/#website"},"primaryImageOfPage":{"@id":"https://www.manaus.am.gov.br/semcom/pautas/prefeitura-anuncia-pacote-de-acoes/#primaryimage"},"image":{"@id":"https://www.manaus.am.gov.br/semcom/pautas/prefeitura-anuncia-pacote-de-acoes/#primaryimage"},"thumbnailUrl":"https://www.manaus.am.gov.br/semcom/wp-content/uploads/sites/5/2023/02/sugestaodepauta.png","datePublished":"2024-07-01T18:28:52+00:00","dateModified":"2024-07-04T17:30:17+00:00","description":"O prefeito de Manaus, David Almeida, anuncia, nesta sexta-feira, 6/7, às 11h, no parque Gigantes da Floresta","inLanguage":"pt-BR","potentialAction":[{"@type":"ReadAction","target":["https://www.manaus.am.gov.br/semcom/pautas/prefeitura-anuncia-pacote-de-acoes/"]}]},{"@type":"ImageObject","inLanguage":"pt-BR","@id":"https://www.manaus.am.gov.br/semcom/pautas/prefeitura-anuncia-pacote-de-acoes/#primaryimage","url":"https://www.manaus.am.gov.br/semcom/wp-content/uploads/sites/5/2023/02/sugestaodepauta.png","contentUrl":"https://www.manaus.am.gov.br/semcom/wp-content/uploads/sites/5/2023/02/sugestaodepauta.png","width":1020,"height":540},{"@type":"WebSite","@id":"https://www.manaus.am.gov.br/semcom/#website","url":"https://www.manaus.am.gov.br/semcom/","name":"SEMCOM","description":"Secretaria Municipal de Comunicação","potentialAction":[{"@type":"SearchAction","target":{"@type":"EntryPoint","urlTemplate":"https://www.manaus.am.gov.br/semcom/?s={search_term_string}"},"query-input":"required name=search_term_string"}],"inLanguage":"pt-BR"}]}</script>
<!-- / Yoast SEO plugin. -->

O prefeito de Manaus, David Almeida, anuncia, nesta sexta-feira, 6/7, às 11h, no parque Gigantes da Floresta

Secretaria Municipal de Comunicação
