{"id":230859,"date":"2024-06-26T19:43:37","date_gmt":"2024-06-26T22:43:37","guid":{"rendered":"https:\/\/www.manaus.am.gov.br\/semcom\/?post_type=pautas&#038;p=230859"},"modified":"2024-06-26T19:43:37","modified_gmt":"2024-06-26T22:43:37","slug":"encerramento-do-projeto-despertando-vocacoes-para-o-turismo","status":"publish","type":"pautas","link":"https:\/\/www.manaus.am.gov.br\/semcom\/pautas\/encerramento-do-projeto-despertando-vocacoes-para-o-turismo\/","title":{"rendered":"Prefeitura realiza encerramento do Projeto \u2018Despertando Voca\u00e7\u00f5es para o Turismo\u2019 em Manaus"},"content":{"rendered":"\n<p>A Prefeitura de Manaus, por meio da Funda\u00e7\u00e3o Municipal de Cultura, Turismo e Eventos (Manauscult), encerra, nesta quinta-feira, 27\/6, \u00e0s 9h30, o Projeto &#8220;Despertando Voca\u00e7\u00e3o para o Turismo&#8221;, na escola municipal Nossa Senhora das Gra\u00e7as, localizada no bairro Col\u00f4nia Ant\u00f4nio Aleixo, zona Leste.<\/p>\n\n\n\n<p>Este projeto n\u00e3o apenas visa consolidar Manaus como um Destino Tur\u00edstico Sustent\u00e1vel, mas tamb\u00e9m fortalecer pol\u00edticas p\u00fablicas direcionadas \u00e0s crian\u00e7as e adolescentes, em alinhamento ao termo de coopera\u00e7\u00e3o t\u00e9cnica firmado pelo prefeito David Almeida com o Fundo das Na\u00e7\u00f5es Unidas para a Inf\u00e2ncia (Unicef), como parte da iniciativa #AgendaCidadeUnicef na capital amazonense.<\/p>\n\n\n\n<p>Em 2023, a Manauscult, com apoio das secretarias municipais de Educa\u00e7\u00e3o (Semed) e da Mulher, Assist\u00eancia Social e Cidadania (Semasc), Secretaria de Estado de Educa\u00e7\u00e3o do Amazonas (Seduc-AM) e Unicef, implementou o projeto, beneficiando 400 alunos de quatro escolas p\u00fablicas na zona Leste da cidade.<\/p>\n\n\n\n<p>O encerramento contar\u00e1 com a participa\u00e7\u00e3o de 200 alunos engajados no projeto, demonstrando aprendizado no turismo. O projeto busca educar os jovens sobre as oportunidades no turismo, preparando futuros profissionais para contribuir com o desenvolvimento econ\u00f4mico e cultural de Manaus.<\/p>\n\n\n\n<p><strong>SERVI\u00c7O<\/strong><\/p>\n\n\n\n<p><strong>O qu\u00ea &#8211; <\/strong>Encerramento do Projeto &#8220;Despertando Voca\u00e7\u00e3o para o Turismo&#8221;<\/p>\n\n\n\n<p><strong>Quando \u2013 <\/strong>Quinta-feira, 27\/6<\/p>\n\n\n\n<p><strong>Hor\u00e1rio &#8211; <\/strong>9h30<\/p>\n\n\n\n<p><strong>Local &#8211;<\/strong> Rua Padre M\u00e1rio, n\u00b0 211, conjunto 11 de Maio, bairro Col\u00f4nia Ant\u00f4nio Aleixo, zona Leste<\/p>\n\n\n\n<p><strong>Localiza\u00e7\u00e3o &#8211; <\/strong><a href=\"https:\/\/maps.app.goo.gl\/Uj2u7G6HzFgEXzSSA\">https:\/\/maps.app.goo.gl\/Uj2u7G6HzFgEXzSSA<\/a><\/p>\n","protected":false},"featured_media":208729,"template":"","categories":[799],"acf":[],"yoast_head":"<!-- This site is optimized with the Yoast SEO plugin v23.0 - https:\/\/yoast.com\/wordpress\/plugins\/seo\/ -->\n<title>Encerramento do Projeto \u2018Despertando Voca\u00e7\u00f5es para o Turismo\u2019<\/title>\n<meta name=\"description\" content=\"Prefeitura de Manaus, por meio da Manauscult, encerra, nesta quinta-feira, 27\/6, \u00e0s 9h30, o Projeto &quot;Despertando Voca\u00e7\u00e3o para o Turismo&quot;.\" \/>\n<meta name=\"robots\" content=\"index, follow, max-snippet:-1, max-image-preview:large, max-video-preview:-1\" \/>\n<link rel=\"canonical\" href=\"https:\/\/www.manaus.am.gov.br\/semcom\/pautas\/encerramento-do-projeto-despertando-vocacoes-para-o-turismo\/\" \/>\n<meta property=\"og:locale\" content=\"pt_BR\" \/>\n<meta property=\"og:type\" content=\"article\" \/>\n<meta property=\"og:title\" content=\"Encerramento do Projeto \u2018Despertando Voca\u00e7\u00f5es para o Turismo\u2019\" \/>\n<meta property=\"og:description\" content=\"Prefeitura de Manaus, por meio da Manauscult, encerra, nesta quinta-feira, 27\/6, \u00e0s 9h30, o Projeto &quot;Despertando Voca\u00e7\u00e3o para o Turismo&quot;.\" \/>\n<meta property=\"og:url\" content=\"https:\/\/www.manaus.am.gov.br\/semcom\/pautas\/encerramento-do-projeto-despertando-vocacoes-para-o-turismo\/\" \/>\n<meta property=\"og:site_name\" content=\"SEMCOM\" \/>\n<meta property=\"og:image\" content=\"https:\/\/www.manaus.am.gov.br\/semcom\/wp-content\/uploads\/sites\/5\/2023\/02\/sugestaodepauta.png\" \/>\n\t<meta property=\"og:image:width\" content=\"1020\" \/>\n\t<meta property=\"og:image:height\" content=\"540\" \/>\n\t<meta property=\"og:image:type\" content=\"image\/png\" \/>\n<meta name=\"twitter:card\" content=\"summary_large_image\" \/>\n<meta name=\"twitter:label1\" content=\"Est. reading time\" \/>\n\t<meta name=\"twitter:data1\" content=\"2 minutos\" \/>\n<script type=\"application\/ld+json\" class=\"yoast-schema-graph\">{\"@context\":\"https:\/\/schema.org\",\"@graph\":[{\"@type\":\"WebPage\",\"@id\":\"https:\/\/www.manaus.am.gov.br\/semcom\/pautas\/encerramento-do-projeto-despertando-vocacoes-para-o-turismo\/\",\"url\":\"https:\/\/www.manaus.am.gov.br\/semcom\/pautas\/encerramento-do-projeto-despertando-vocacoes-para-o-turismo\/\",\"name\":\"Encerramento do Projeto \u2018Despertando Voca\u00e7\u00f5es para o Turismo\u2019\",\"isPartOf\":{\"@id\":\"https:\/\/www.manaus.am.gov.br\/semcom\/#website\"},\"primaryImageOfPage\":{\"@id\":\"https:\/\/www.manaus.am.gov.br\/semcom\/pautas\/encerramento-do-projeto-despertando-vocacoes-para-o-turismo\/#primaryimage\"},\"image\":{\"@id\":\"https:\/\/www.manaus.am.gov.br\/semcom\/pautas\/encerramento-do-projeto-despertando-vocacoes-para-o-turismo\/#primaryimage\"},\"thumbnailUrl\":\"https:\/\/www.manaus.am.gov.br\/semcom\/wp-content\/uploads\/sites\/5\/2023\/02\/sugestaodepauta.png\",\"datePublished\":\"2024-06-26T22:43:37+00:00\",\"dateModified\":\"2024-06-26T22:43:37+00:00\",\"description\":\"Prefeitura de Manaus, por meio da Manauscult, encerra, nesta quinta-feira, 27\/6, \u00e0s 9h30, o Projeto \\\"Despertando Voca\u00e7\u00e3o para o Turismo\\\".\",\"inLanguage\":\"pt-BR\",\"potentialAction\":[{\"@type\":\"ReadAction\",\"target\":[\"https:\/\/www.manaus.am.gov.br\/semcom\/pautas\/encerramento-do-projeto-despertando-vocacoes-para-o-turismo\/\"]}]},{\"@type\":\"ImageObject\",\"inLanguage\":\"pt-BR\",\"@id\":\"https:\/\/www.manaus.am.gov.br\/semcom\/pautas\/encerramento-do-projeto-despertando-vocacoes-para-o-turismo\/#primaryimage\",\"url\":\"https:\/\/www.manaus.am.gov.br\/semcom\/wp-content\/uploads\/sites\/5\/2023\/02\/sugestaodepauta.png\",\"contentUrl\":\"https:\/\/www.manaus.am.gov.br\/semcom\/wp-content\/uploads\/sites\/5\/2023\/02\/sugestaodepauta.png\",\"width\":1020,\"height\":540},{\"@type\":\"WebSite\",\"@id\":\"https:\/\/www.manaus.am.gov.br\/semcom\/#website\",\"url\":\"https:\/\/www.manaus.am.gov.br\/semcom\/\",\"name\":\"SEMCOM\",\"description\":\"Secretaria Municipal de Comunica\u00e7\u00e3o\",\"potentialAction\":[{\"@type\":\"SearchAction\",\"target\":{\"@type\":\"EntryPoint\",\"urlTemplate\":\"https:\/\/www.manaus.am.gov.br\/semcom\/?s={search_term_string}\"},\"query-input\":\"required name=search_term_string\"}],\"inLanguage\":\"pt-BR\"}]}<\/script>\n<!-- \/ Yoast SEO plugin. -->","yoast_head_json":{"title":"Encerramento do Projeto \u2018Despertando Voca\u00e7\u00f5es para o Turismo\u2019","description":"Prefeitura de Manaus, por meio da Manauscult, encerra, nesta quinta-feira, 27\/6, \u00e0s 9h30, o Projeto \"Despertando Voca\u00e7\u00e3o para o Turismo\".","robots":{"index":"index","follow":"follow","max-snippet":"max-snippet:-1","max-image-preview":"max-image-preview:large","max-video-preview":"max-video-preview:-1"},"canonical":"https:\/\/www.manaus.am.gov.br\/semcom\/pautas\/encerramento-do-projeto-despertando-vocacoes-para-o-turismo\/","og_locale":"pt_BR","og_type":"article","og_title":"Encerramento do Projeto \u2018Despertando Voca\u00e7\u00f5es para o Turismo\u2019","og_description":"Prefeitura de Manaus, por meio da Manauscult, encerra, nesta quinta-feira, 27\/6, \u00e0s 9h30, o Projeto \"Despertando Voca\u00e7\u00e3o para o Turismo\".","og_url":"https:\/\/www.manaus.am.gov.br\/semcom\/pautas\/encerramento-do-projeto-despertando-vocacoes-para-o-turismo\/","og_site_name":"SEMCOM","og_image":[{"width":1020,"height":540,"url":"https:\/\/www.manaus.am.gov.br\/semcom\/wp-content\/uploads\/sites\/5\/2023\/02\/sugestaodepauta.png","type":"image\/png"}],"twitter_card":"summary_large_image","twitter_misc":{"Est. reading time":"2 minutos"},"schema":{"@context":"https:\/\/schema.org","@graph":[{"@type":"WebPage","@id":"https:\/\/www.manaus.am.gov.br\/semcom\/pautas\/encerramento-do-projeto-despertando-vocacoes-para-o-turismo\/","url":"https:\/\/www.manaus.am.gov.br\/semcom\/pautas\/encerramento-do-projeto-despertando-vocacoes-para-o-turismo\/","name":"Encerramento do Projeto \u2018Despertando Voca\u00e7\u00f5es para o Turismo\u2019","isPartOf":{"@id":"https:\/\/www.manaus.am.gov.br\/semcom\/#website"},"primaryImageOfPage":{"@id":"https:\/\/www.manaus.am.gov.br\/semcom\/pautas\/encerramento-do-projeto-despertando-vocacoes-para-o-turismo\/#primaryimage"},"image":{"@id":"https:\/\/www.manaus.am.gov.br\/semcom\/pautas\/encerramento-do-projeto-despertando-vocacoes-para-o-turismo\/#primaryimage"},"thumbnailUrl":"https:\/\/www.manaus.am.gov.br\/semcom\/wp-content\/uploads\/sites\/5\/2023\/02\/sugestaodepauta.png","datePublished":"2024-06-26T22:43:37+00:00","dateModified":"2024-06-26T22:43:37+00:00","description":"Prefeitura de Manaus, por meio da Manauscult, encerra, nesta quinta-feira, 27\/6, \u00e0s 9h30, o Projeto \"Despertando Voca\u00e7\u00e3o para o Turismo\".","inLanguage":"pt-BR","potentialAction":[{"@type":"ReadAction","target":["https:\/\/www.manaus.am.gov.br\/semcom\/pautas\/encerramento-do-projeto-despertando-vocacoes-para-o-turismo\/"]}]},{"@type":"ImageObject","inLanguage":"pt-BR","@id":"https:\/\/www.manaus.am.gov.br\/semcom\/pautas\/encerramento-do-projeto-despertando-vocacoes-para-o-turismo\/#primaryimage","url":"https:\/\/www.manaus.am.gov.br\/semcom\/wp-content\/uploads\/sites\/5\/2023\/02\/sugestaodepauta.png","contentUrl":"https:\/\/www.manaus.am.gov.br\/semcom\/wp-content\/uploads\/sites\/5\/2023\/02\/sugestaodepauta.png","width":1020,"height":540},{"@type":"WebSite","@id":"https:\/\/www.manaus.am.gov.br\/semcom\/#website","url":"https:\/\/www.manaus.am.gov.br\/semcom\/","name":"SEMCOM","description":"Secretaria Municipal de Comunica\u00e7\u00e3o","potentialAction":[{"@type":"SearchAction","target":{"@type":"EntryPoint","urlTemplate":"https:\/\/www.manaus.am.gov.br\/semcom\/?s={search_term_string}"},"query-input":"required name=search_term_string"}],"inLanguage":"pt-BR"}]}},"_links":{"self":[{"href":"https:\/\/www.manaus.am.gov.br\/semcom\/wp-json\/wp\/v2\/pautas\/230859"}],"collection":[{"href":"https:\/\/www.manaus.am.gov.br\/semcom\/wp-json\/wp\/v2\/pautas"}],"about":[{"href":"https:\/\/www.manaus.am.gov.br\/semcom\/wp-json\/wp\/v2\/types\/pautas"}],"wp:featuredmedia":[{"embeddable":true,"href":"https:\/\/www.manaus.am.gov.br\/semcom\/wp-json\/wp\/v2\/media\/208729"}],"wp:attachment":[{"href":"https:\/\/www.manaus.am.gov.br\/semcom\/wp-json\/wp\/v2\/media?parent=230859"}],"wp:term":[{"taxonomy":"category","embeddable":true,"href":"https:\/\/www.manaus.am.gov.br\/semcom\/wp-json\/wp\/v2\/categories?post=230859"}],"curies":[{"name":"wp","href":"https:\/\/api.w.org\/{rel}","templated":true}]}}

Prefeitura realiza encerramento do Projeto ‘Despertando Vocações para o Turismo’ em Manaus

<p>A Prefeitura de Manaus, por meio da Fundação Municipal de Cultura, Turismo e Eventos (Manauscult), encerra, nesta quinta-feira, 27/6, às 9h30, o Projeto &#8220;Despertando Vocação para o Turismo&#8221;, na escola municipal Nossa Senhora das Graças, localizada no bairro Colônia Antônio Aleixo, zona Leste.</p>



<p>Este projeto não apenas visa consolidar Manaus como um Destino Turístico Sustentável, mas também fortalecer políticas públicas direcionadas às crianças e adolescentes, em alinhamento ao termo de cooperação técnica firmado pelo prefeito David Almeida com o Fundo das Nações Unidas para a Infância (Unicef), como parte da iniciativa #AgendaCidadeUnicef na capital amazonense.</p>



<p>Em 2023, a Manauscult, com apoio das secretarias municipais de Educação (Semed) e da Mulher, Assistência Social e Cidadania (Semasc), Secretaria de Estado de Educação do Amazonas (Seduc-AM) e Unicef, implementou o projeto, beneficiando 400 alunos de quatro escolas públicas na zona Leste da cidade.</p>



<p>O encerramento contará com a participação de 200 alunos engajados no projeto, demonstrando aprendizado no turismo. O projeto busca educar os jovens sobre as oportunidades no turismo, preparando futuros profissionais para contribuir com o desenvolvimento econômico e cultural de Manaus.</p>



<p><strong>SERVIÇO</strong></p>



<p><strong>O quê &#8211; </strong>Encerramento do Projeto &#8220;Despertando Vocação para o Turismo&#8221;</p>



<p><strong>Quando – </strong>Quinta-feira, 27/6</p>



<p><strong>Horário &#8211; </strong>9h30</p>



<p><strong>Local &#8211;</strong> Rua Padre Mário, n° 211, conjunto 11 de Maio, bairro Colônia Antônio Aleixo, zona Leste</p>



<p><strong>Localização &#8211; </strong><a href="https://maps.app.goo.gl/Uj2u7G6HzFgEXzSSA">https://maps.app.goo.gl/Uj2u7G6HzFgEXzSSA</a></p>

<!-- This site is optimized with the Yoast SEO plugin v23.0 - https://yoast.com/wordpress/plugins/seo/ -->
<title>Encerramento do Projeto ‘Despertando Vocações para o Turismo’</title>
<meta name="description" content="Prefeitura de Manaus, por meio da Manauscult, encerra, nesta quinta-feira, 27/6, às 9h30, o Projeto &quot;Despertando Vocação para o Turismo&quot;." />
<meta name="robots" content="index, follow, max-snippet:-1, max-image-preview:large, max-video-preview:-1" />
<link rel="canonical" href="https://www.manaus.am.gov.br/semcom/pautas/encerramento-do-projeto-despertando-vocacoes-para-o-turismo/" />
<meta property="og:locale" content="pt_BR" />
<meta property="og:type" content="article" />
<meta property="og:title" content="Encerramento do Projeto ‘Despertando Vocações para o Turismo’" />
<meta property="og:description" content="Prefeitura de Manaus, por meio da Manauscult, encerra, nesta quinta-feira, 27/6, às 9h30, o Projeto &quot;Despertando Vocação para o Turismo&quot;." />
<meta property="og:url" content="https://www.manaus.am.gov.br/semcom/pautas/encerramento-do-projeto-despertando-vocacoes-para-o-turismo/" />
<meta property="og:site_name" content="SEMCOM" />
<meta property="og:image" content="https://www.manaus.am.gov.br/semcom/wp-content/uploads/sites/5/2023/02/sugestaodepauta.png" />
	<meta property="og:image:width" content="1020" />
	<meta property="og:image:height" content="540" />
	<meta property="og:image:type" content="image/png" />
<meta name="twitter:card" content="summary_large_image" />
<meta name="twitter:label1" content="Est. reading time" />
	<meta name="twitter:data1" content="2 minutos" />
<script type="application/ld+json" class="yoast-schema-graph">{"@context":"https://schema.org","@graph":[{"@type":"WebPage","@id":"https://www.manaus.am.gov.br/semcom/pautas/encerramento-do-projeto-despertando-vocacoes-para-o-turismo/","url":"https://www.manaus.am.gov.br/semcom/pautas/encerramento-do-projeto-despertando-vocacoes-para-o-turismo/","name":"Encerramento do Projeto ‘Despertando Vocações para o Turismo’","isPartOf":{"@id":"https://www.manaus.am.gov.br/semcom/#website"},"primaryImageOfPage":{"@id":"https://www.manaus.am.gov.br/semcom/pautas/encerramento-do-projeto-despertando-vocacoes-para-o-turismo/#primaryimage"},"image":{"@id":"https://www.manaus.am.gov.br/semcom/pautas/encerramento-do-projeto-despertando-vocacoes-para-o-turismo/#primaryimage"},"thumbnailUrl":"https://www.manaus.am.gov.br/semcom/wp-content/uploads/sites/5/2023/02/sugestaodepauta.png","datePublished":"2024-06-26T22:43:37+00:00","dateModified":"2024-06-26T22:43:37+00:00","description":"Prefeitura de Manaus, por meio da Manauscult, encerra, nesta quinta-feira, 27/6, às 9h30, o Projeto \"Despertando Vocação para o Turismo\".","inLanguage":"pt-BR","potentialAction":[{"@type":"ReadAction","target":["https://www.manaus.am.gov.br/semcom/pautas/encerramento-do-projeto-despertando-vocacoes-para-o-turismo/"]}]},{"@type":"ImageObject","inLanguage":"pt-BR","@id":"https://www.manaus.am.gov.br/semcom/pautas/encerramento-do-projeto-despertando-vocacoes-para-o-turismo/#primaryimage","url":"https://www.manaus.am.gov.br/semcom/wp-content/uploads/sites/5/2023/02/sugestaodepauta.png","contentUrl":"https://www.manaus.am.gov.br/semcom/wp-content/uploads/sites/5/2023/02/sugestaodepauta.png","width":1020,"height":540},{"@type":"WebSite","@id":"https://www.manaus.am.gov.br/semcom/#website","url":"https://www.manaus.am.gov.br/semcom/","name":"SEMCOM","description":"Secretaria Municipal de Comunicação","potentialAction":[{"@type":"SearchAction","target":{"@type":"EntryPoint","urlTemplate":"https://www.manaus.am.gov.br/semcom/?s={search_term_string}"},"query-input":"required name=search_term_string"}],"inLanguage":"pt-BR"}]}</script>
<!-- / Yoast SEO plugin. -->

Encerramento do Projeto ‘Despertando Vocações para o Turismo’

Prefeitura de Manaus, por meio da Manauscult, encerra, nesta quinta-feira, 27/6, às 9h30, o Projeto "Despertando Vocação para o Turismo".

Secretaria Municipal de Comunicação
