{"id":230479,"date":"2024-06-18T13:42:19","date_gmt":"2024-06-18T16:42:19","guid":{"rendered":"https:\/\/www.manaus.am.gov.br\/semcom\/?post_type=pautas&#038;p=230479"},"modified":"2024-06-18T13:42:19","modified_gmt":"2024-06-18T16:42:19","slug":"semed-cmeimariaemilia","status":"publish","type":"pautas","link":"https:\/\/www.manaus.am.gov.br\/semcom\/pautas\/semed-cmeimariaemilia\/","title":{"rendered":"Prefeitura de Manaus reinaugura Cmei Maria Em\u00edlia Mestrinho ap\u00f3s revitaliza\u00e7\u00e3o completa"},"content":{"rendered":"\n<p>A Prefeitura de Manaus, por meio da Secretaria Municipal de Educa\u00e7\u00e3o (Semed), reinaugura, \u00e0s 15h desta quarta-feira, 19\/6, o Centro Municipal de Educa\u00e7\u00e3o Infantil (Cmei) Maria Em\u00edlia, no bairro Col\u00f4nia Ant\u00f4nio Aleixo, na zona Leste da cidade. Esta \u00e9 a 340\u00aa unidade escolar reinaugurada, sendo a \u00faltima entregue totalmente revitalizada no bairro.<\/p>\n\n\n\n<p>O Cmei Maria Em\u00edlia passou por uma revitaliza\u00e7\u00e3o completa, incluindo a demoli\u00e7\u00e3o geral da edifica\u00e7\u00e3o existente e a constru\u00e7\u00e3o de novas instala\u00e7\u00f5es. As melhorias incluem a constru\u00e7\u00e3o dos blocos pedag\u00f3gico e administrativo com 20 salas de aula e seis salas administrativas; constru\u00e7\u00e3o do bloco de servi\u00e7os (cozinha e refeit\u00f3rio); nova quadra poliesportiva; reservat\u00f3rio de \u00e1gua em estrutura de concreto armado e instala\u00e7\u00f5es de placas solares.<\/p>\n\n\n\n<p><strong>SERVI\u00c7O:<\/strong><\/p>\n\n\n\n<p><strong>O qu\u00ea<\/strong>&nbsp;&#8211; Reinaugura\u00e7\u00e3o do Cmei Maria Em\u00edlia Mestrinho<\/p>\n\n\n\n<p><strong>Quando<\/strong>&nbsp;\u2013 Quarta-feira, 19\/6<\/p>\n\n\n\n<p><strong>Hor\u00e1rio<\/strong>&nbsp;&#8211; 15h<\/p>\n\n\n\n<p><strong>Local<\/strong>&nbsp;&#8211; Rua Jos\u00e9 Maria, n\u00ba 2, Col\u00f4nia Ant\u00f4nio Aleixo, zona Leste.<\/p>\n","protected":false},"featured_media":208729,"template":"","categories":[788],"acf":[],"yoast_head":"<!-- This site is optimized with the Yoast SEO plugin v23.0 - https:\/\/yoast.com\/wordpress\/plugins\/seo\/ -->\n<title>Prefeitura de Manaus reinaugura Cmei Maria Em\u00edlia Mestrinho ap\u00f3s revitaliza\u00e7\u00e3o completa<\/title>\n<meta name=\"description\" content=\"A Prefeitura de Manaus, por meio da Secretaria Municipal de Educa\u00e7\u00e3o (Semed), reinaugura, \u00e0s 15h desta quarta-feira, 19\/6, o Centro Municipal de Educa\u00e7\u00e3o Infantil (Cmei) Maria Em\u00edlia, no bairro Col\u00f4nia Ant\u00f4nio Aleixo, na zona Leste da cidade. Esta \u00e9 a 340\u00aa unidade escolar reinaugurada, sendo a \u00faltima entregue totalmente revitalizada no bairro.\" \/>\n<meta name=\"robots\" content=\"index, follow, max-snippet:-1, max-image-preview:large, max-video-preview:-1\" \/>\n<link rel=\"canonical\" href=\"https:\/\/www.manaus.am.gov.br\/semcom\/pautas\/semed-cmeimariaemilia\/\" \/>\n<meta property=\"og:locale\" content=\"pt_BR\" \/>\n<meta property=\"og:type\" content=\"article\" \/>\n<meta property=\"og:title\" content=\"Prefeitura de Manaus reinaugura Cmei Maria Em\u00edlia Mestrinho ap\u00f3s revitaliza\u00e7\u00e3o completa\" \/>\n<meta property=\"og:description\" content=\"A Prefeitura de Manaus, por meio da Secretaria Municipal de Educa\u00e7\u00e3o (Semed), reinaugura, \u00e0s 15h desta quarta-feira, 19\/6, o Centro Municipal de Educa\u00e7\u00e3o Infantil (Cmei) Maria Em\u00edlia, no bairro Col\u00f4nia Ant\u00f4nio Aleixo, na zona Leste da cidade. Esta \u00e9 a 340\u00aa unidade escolar reinaugurada, sendo a \u00faltima entregue totalmente revitalizada no bairro.\" \/>\n<meta property=\"og:url\" content=\"https:\/\/www.manaus.am.gov.br\/semcom\/pautas\/semed-cmeimariaemilia\/\" \/>\n<meta property=\"og:site_name\" content=\"SEMCOM\" \/>\n<meta property=\"og:image\" content=\"https:\/\/www.manaus.am.gov.br\/semcom\/wp-content\/uploads\/sites\/5\/2023\/02\/sugestaodepauta.png\" \/>\n\t<meta property=\"og:image:width\" content=\"1020\" \/>\n\t<meta property=\"og:image:height\" content=\"540\" \/>\n\t<meta property=\"og:image:type\" content=\"image\/png\" \/>\n<meta name=\"twitter:card\" content=\"summary_large_image\" \/>\n<meta name=\"twitter:label1\" content=\"Est. reading time\" \/>\n\t<meta name=\"twitter:data1\" content=\"1 minuto\" \/>\n<script type=\"application\/ld+json\" class=\"yoast-schema-graph\">{\"@context\":\"https:\/\/schema.org\",\"@graph\":[{\"@type\":\"WebPage\",\"@id\":\"https:\/\/www.manaus.am.gov.br\/semcom\/pautas\/semed-cmeimariaemilia\/\",\"url\":\"https:\/\/www.manaus.am.gov.br\/semcom\/pautas\/semed-cmeimariaemilia\/\",\"name\":\"Prefeitura de Manaus reinaugura Cmei Maria Em\u00edlia Mestrinho ap\u00f3s revitaliza\u00e7\u00e3o completa\",\"isPartOf\":{\"@id\":\"https:\/\/www.manaus.am.gov.br\/semcom\/#website\"},\"primaryImageOfPage\":{\"@id\":\"https:\/\/www.manaus.am.gov.br\/semcom\/pautas\/semed-cmeimariaemilia\/#primaryimage\"},\"image\":{\"@id\":\"https:\/\/www.manaus.am.gov.br\/semcom\/pautas\/semed-cmeimariaemilia\/#primaryimage\"},\"thumbnailUrl\":\"https:\/\/www.manaus.am.gov.br\/semcom\/wp-content\/uploads\/sites\/5\/2023\/02\/sugestaodepauta.png\",\"datePublished\":\"2024-06-18T16:42:19+00:00\",\"dateModified\":\"2024-06-18T16:42:19+00:00\",\"description\":\"A Prefeitura de Manaus, por meio da Secretaria Municipal de Educa\u00e7\u00e3o (Semed), reinaugura, \u00e0s 15h desta quarta-feira, 19\/6, o Centro Municipal de Educa\u00e7\u00e3o Infantil (Cmei) Maria Em\u00edlia, no bairro Col\u00f4nia Ant\u00f4nio Aleixo, na zona Leste da cidade. Esta \u00e9 a 340\u00aa unidade escolar reinaugurada, sendo a \u00faltima entregue totalmente revitalizada no bairro.\",\"inLanguage\":\"pt-BR\",\"potentialAction\":[{\"@type\":\"ReadAction\",\"target\":[\"https:\/\/www.manaus.am.gov.br\/semcom\/pautas\/semed-cmeimariaemilia\/\"]}]},{\"@type\":\"ImageObject\",\"inLanguage\":\"pt-BR\",\"@id\":\"https:\/\/www.manaus.am.gov.br\/semcom\/pautas\/semed-cmeimariaemilia\/#primaryimage\",\"url\":\"https:\/\/www.manaus.am.gov.br\/semcom\/wp-content\/uploads\/sites\/5\/2023\/02\/sugestaodepauta.png\",\"contentUrl\":\"https:\/\/www.manaus.am.gov.br\/semcom\/wp-content\/uploads\/sites\/5\/2023\/02\/sugestaodepauta.png\",\"width\":1020,\"height\":540},{\"@type\":\"WebSite\",\"@id\":\"https:\/\/www.manaus.am.gov.br\/semcom\/#website\",\"url\":\"https:\/\/www.manaus.am.gov.br\/semcom\/\",\"name\":\"SEMCOM\",\"description\":\"Secretaria Municipal de Comunica\u00e7\u00e3o\",\"potentialAction\":[{\"@type\":\"SearchAction\",\"target\":{\"@type\":\"EntryPoint\",\"urlTemplate\":\"https:\/\/www.manaus.am.gov.br\/semcom\/?s={search_term_string}\"},\"query-input\":\"required name=search_term_string\"}],\"inLanguage\":\"pt-BR\"}]}<\/script>\n<!-- \/ Yoast SEO plugin. -->","yoast_head_json":{"title":"Prefeitura de Manaus reinaugura Cmei Maria Em\u00edlia Mestrinho ap\u00f3s revitaliza\u00e7\u00e3o completa","description":"A Prefeitura de Manaus, por meio da Secretaria Municipal de Educa\u00e7\u00e3o (Semed), reinaugura, \u00e0s 15h desta quarta-feira, 19\/6, o Centro Municipal de Educa\u00e7\u00e3o Infantil (Cmei) Maria Em\u00edlia, no bairro Col\u00f4nia Ant\u00f4nio Aleixo, na zona Leste da cidade. Esta \u00e9 a 340\u00aa unidade escolar reinaugurada, sendo a \u00faltima entregue totalmente revitalizada no bairro.","robots":{"index":"index","follow":"follow","max-snippet":"max-snippet:-1","max-image-preview":"max-image-preview:large","max-video-preview":"max-video-preview:-1"},"canonical":"https:\/\/www.manaus.am.gov.br\/semcom\/pautas\/semed-cmeimariaemilia\/","og_locale":"pt_BR","og_type":"article","og_title":"Prefeitura de Manaus reinaugura Cmei Maria Em\u00edlia Mestrinho ap\u00f3s revitaliza\u00e7\u00e3o completa","og_description":"A Prefeitura de Manaus, por meio da Secretaria Municipal de Educa\u00e7\u00e3o (Semed), reinaugura, \u00e0s 15h desta quarta-feira, 19\/6, o Centro Municipal de Educa\u00e7\u00e3o Infantil (Cmei) Maria Em\u00edlia, no bairro Col\u00f4nia Ant\u00f4nio Aleixo, na zona Leste da cidade. Esta \u00e9 a 340\u00aa unidade escolar reinaugurada, sendo a \u00faltima entregue totalmente revitalizada no bairro.","og_url":"https:\/\/www.manaus.am.gov.br\/semcom\/pautas\/semed-cmeimariaemilia\/","og_site_name":"SEMCOM","og_image":[{"width":1020,"height":540,"url":"https:\/\/www.manaus.am.gov.br\/semcom\/wp-content\/uploads\/sites\/5\/2023\/02\/sugestaodepauta.png","type":"image\/png"}],"twitter_card":"summary_large_image","twitter_misc":{"Est. reading time":"1 minuto"},"schema":{"@context":"https:\/\/schema.org","@graph":[{"@type":"WebPage","@id":"https:\/\/www.manaus.am.gov.br\/semcom\/pautas\/semed-cmeimariaemilia\/","url":"https:\/\/www.manaus.am.gov.br\/semcom\/pautas\/semed-cmeimariaemilia\/","name":"Prefeitura de Manaus reinaugura Cmei Maria Em\u00edlia Mestrinho ap\u00f3s revitaliza\u00e7\u00e3o completa","isPartOf":{"@id":"https:\/\/www.manaus.am.gov.br\/semcom\/#website"},"primaryImageOfPage":{"@id":"https:\/\/www.manaus.am.gov.br\/semcom\/pautas\/semed-cmeimariaemilia\/#primaryimage"},"image":{"@id":"https:\/\/www.manaus.am.gov.br\/semcom\/pautas\/semed-cmeimariaemilia\/#primaryimage"},"thumbnailUrl":"https:\/\/www.manaus.am.gov.br\/semcom\/wp-content\/uploads\/sites\/5\/2023\/02\/sugestaodepauta.png","datePublished":"2024-06-18T16:42:19+00:00","dateModified":"2024-06-18T16:42:19+00:00","description":"A Prefeitura de Manaus, por meio da Secretaria Municipal de Educa\u00e7\u00e3o (Semed), reinaugura, \u00e0s 15h desta quarta-feira, 19\/6, o Centro Municipal de Educa\u00e7\u00e3o Infantil (Cmei) Maria Em\u00edlia, no bairro Col\u00f4nia Ant\u00f4nio Aleixo, na zona Leste da cidade. Esta \u00e9 a 340\u00aa unidade escolar reinaugurada, sendo a \u00faltima entregue totalmente revitalizada no bairro.","inLanguage":"pt-BR","potentialAction":[{"@type":"ReadAction","target":["https:\/\/www.manaus.am.gov.br\/semcom\/pautas\/semed-cmeimariaemilia\/"]}]},{"@type":"ImageObject","inLanguage":"pt-BR","@id":"https:\/\/www.manaus.am.gov.br\/semcom\/pautas\/semed-cmeimariaemilia\/#primaryimage","url":"https:\/\/www.manaus.am.gov.br\/semcom\/wp-content\/uploads\/sites\/5\/2023\/02\/sugestaodepauta.png","contentUrl":"https:\/\/www.manaus.am.gov.br\/semcom\/wp-content\/uploads\/sites\/5\/2023\/02\/sugestaodepauta.png","width":1020,"height":540},{"@type":"WebSite","@id":"https:\/\/www.manaus.am.gov.br\/semcom\/#website","url":"https:\/\/www.manaus.am.gov.br\/semcom\/","name":"SEMCOM","description":"Secretaria Municipal de Comunica\u00e7\u00e3o","potentialAction":[{"@type":"SearchAction","target":{"@type":"EntryPoint","urlTemplate":"https:\/\/www.manaus.am.gov.br\/semcom\/?s={search_term_string}"},"query-input":"required name=search_term_string"}],"inLanguage":"pt-BR"}]}},"_links":{"self":[{"href":"https:\/\/www.manaus.am.gov.br\/semcom\/wp-json\/wp\/v2\/pautas\/230479"}],"collection":[{"href":"https:\/\/www.manaus.am.gov.br\/semcom\/wp-json\/wp\/v2\/pautas"}],"about":[{"href":"https:\/\/www.manaus.am.gov.br\/semcom\/wp-json\/wp\/v2\/types\/pautas"}],"wp:featuredmedia":[{"embeddable":true,"href":"https:\/\/www.manaus.am.gov.br\/semcom\/wp-json\/wp\/v2\/media\/208729"}],"wp:attachment":[{"href":"https:\/\/www.manaus.am.gov.br\/semcom\/wp-json\/wp\/v2\/media?parent=230479"}],"wp:term":[{"taxonomy":"category","embeddable":true,"href":"https:\/\/www.manaus.am.gov.br\/semcom\/wp-json\/wp\/v2\/categories?post=230479"}],"curies":[{"name":"wp","href":"https:\/\/api.w.org\/{rel}","templated":true}]}}

Prefeitura de Manaus reinaugura Cmei Maria Emília Mestrinho após revitalização completa

<p>A Prefeitura de Manaus, por meio da Secretaria Municipal de Educação (Semed), reinaugura, às 15h desta quarta-feira, 19/6, o Centro Municipal de Educação Infantil (Cmei) Maria Emília, no bairro Colônia Antônio Aleixo, na zona Leste da cidade. Esta é a 340ª unidade escolar reinaugurada, sendo a última entregue totalmente revitalizada no bairro.</p>



<p>O Cmei Maria Emília passou por uma revitalização completa, incluindo a demolição geral da edificação existente e a construção de novas instalações. As melhorias incluem a construção dos blocos pedagógico e administrativo com 20 salas de aula e seis salas administrativas; construção do bloco de serviços (cozinha e refeitório); nova quadra poliesportiva; reservatório de água em estrutura de concreto armado e instalações de placas solares.</p>



<p><strong>SERVIÇO:</strong></p>



<p><strong>O quê</strong>&nbsp;&#8211; Reinauguração do Cmei Maria Emília Mestrinho</p>



<p><strong>Quando</strong>&nbsp;– Quarta-feira, 19/6</p>



<p><strong>Horário</strong>&nbsp;&#8211; 15h</p>



<p><strong>Local</strong>&nbsp;&#8211; Rua José Maria, nº 2, Colônia Antônio Aleixo, zona Leste.</p>

<!-- This site is optimized with the Yoast SEO plugin v23.0 - https://yoast.com/wordpress/plugins/seo/ -->
<title>Prefeitura de Manaus reinaugura Cmei Maria Emília Mestrinho após revitalização completa</title>
<meta name="description" content="A Prefeitura de Manaus, por meio da Secretaria Municipal de Educação (Semed), reinaugura, às 15h desta quarta-feira, 19/6, o Centro Municipal de Educação Infantil (Cmei) Maria Emília, no bairro Colônia Antônio Aleixo, na zona Leste da cidade. Esta é a 340ª unidade escolar reinaugurada, sendo a última entregue totalmente revitalizada no bairro." />
<meta name="robots" content="index, follow, max-snippet:-1, max-image-preview:large, max-video-preview:-1" />
<link rel="canonical" href="https://www.manaus.am.gov.br/semcom/pautas/semed-cmeimariaemilia/" />
<meta property="og:locale" content="pt_BR" />
<meta property="og:type" content="article" />
<meta property="og:title" content="Prefeitura de Manaus reinaugura Cmei Maria Emília Mestrinho após revitalização completa" />
<meta property="og:description" content="A Prefeitura de Manaus, por meio da Secretaria Municipal de Educação (Semed), reinaugura, às 15h desta quarta-feira, 19/6, o Centro Municipal de Educação Infantil (Cmei) Maria Emília, no bairro Colônia Antônio Aleixo, na zona Leste da cidade. Esta é a 340ª unidade escolar reinaugurada, sendo a última entregue totalmente revitalizada no bairro." />
<meta property="og:url" content="https://www.manaus.am.gov.br/semcom/pautas/semed-cmeimariaemilia/" />
<meta property="og:site_name" content="SEMCOM" />
<meta property="og:image" content="https://www.manaus.am.gov.br/semcom/wp-content/uploads/sites/5/2023/02/sugestaodepauta.png" />
	<meta property="og:image:width" content="1020" />
	<meta property="og:image:height" content="540" />
	<meta property="og:image:type" content="image/png" />
<meta name="twitter:card" content="summary_large_image" />
<meta name="twitter:label1" content="Est. reading time" />
	<meta name="twitter:data1" content="1 minuto" />
<script type="application/ld+json" class="yoast-schema-graph">{"@context":"https://schema.org","@graph":[{"@type":"WebPage","@id":"https://www.manaus.am.gov.br/semcom/pautas/semed-cmeimariaemilia/","url":"https://www.manaus.am.gov.br/semcom/pautas/semed-cmeimariaemilia/","name":"Prefeitura de Manaus reinaugura Cmei Maria Emília Mestrinho após revitalização completa","isPartOf":{"@id":"https://www.manaus.am.gov.br/semcom/#website"},"primaryImageOfPage":{"@id":"https://www.manaus.am.gov.br/semcom/pautas/semed-cmeimariaemilia/#primaryimage"},"image":{"@id":"https://www.manaus.am.gov.br/semcom/pautas/semed-cmeimariaemilia/#primaryimage"},"thumbnailUrl":"https://www.manaus.am.gov.br/semcom/wp-content/uploads/sites/5/2023/02/sugestaodepauta.png","datePublished":"2024-06-18T16:42:19+00:00","dateModified":"2024-06-18T16:42:19+00:00","description":"A Prefeitura de Manaus, por meio da Secretaria Municipal de Educação (Semed), reinaugura, às 15h desta quarta-feira, 19/6, o Centro Municipal de Educação Infantil (Cmei) Maria Emília, no bairro Colônia Antônio Aleixo, na zona Leste da cidade. Esta é a 340ª unidade escolar reinaugurada, sendo a última entregue totalmente revitalizada no bairro.","inLanguage":"pt-BR","potentialAction":[{"@type":"ReadAction","target":["https://www.manaus.am.gov.br/semcom/pautas/semed-cmeimariaemilia/"]}]},{"@type":"ImageObject","inLanguage":"pt-BR","@id":"https://www.manaus.am.gov.br/semcom/pautas/semed-cmeimariaemilia/#primaryimage","url":"https://www.manaus.am.gov.br/semcom/wp-content/uploads/sites/5/2023/02/sugestaodepauta.png","contentUrl":"https://www.manaus.am.gov.br/semcom/wp-content/uploads/sites/5/2023/02/sugestaodepauta.png","width":1020,"height":540},{"@type":"WebSite","@id":"https://www.manaus.am.gov.br/semcom/#website","url":"https://www.manaus.am.gov.br/semcom/","name":"SEMCOM","description":"Secretaria Municipal de Comunicação","potentialAction":[{"@type":"SearchAction","target":{"@type":"EntryPoint","urlTemplate":"https://www.manaus.am.gov.br/semcom/?s={search_term_string}"},"query-input":"required name=search_term_string"}],"inLanguage":"pt-BR"}]}</script>
<!-- / Yoast SEO plugin. -->

A Prefeitura de Manaus, por meio da Secretaria Municipal de Educação (Semed), reinaugura, às 15h desta quarta-feira, 19/6, o Centro Municipal de Educação Infantil (Cmei) Maria Emília, no bairro Colônia Antônio Aleixo, na zona Leste da cidade. Esta é a 340ª unidade escolar reinaugurada, sendo a última entregue totalmente revitalizada no bairro.

Secretaria Municipal de Comunicação
