{"id":230432,"date":"2024-06-17T12:40:32","date_gmt":"2024-06-17T15:40:32","guid":{"rendered":"https:\/\/www.manaus.am.gov.br\/semcom\/?post_type=pautas&#038;p=230432"},"modified":"2024-06-17T12:40:33","modified_gmt":"2024-06-17T15:40:33","slug":"reinauguracao-escola-municipal-monte-horebe","status":"publish","type":"pautas","link":"https:\/\/www.manaus.am.gov.br\/semcom\/pautas\/reinauguracao-escola-municipal-monte-horebe\/","title":{"rendered":"Prefeitura de Manaus realiza a reinaugura\u00e7\u00e3o da escola municipal Monte Horebe"},"content":{"rendered":"\n<p>A Prefeitura de Manaus, por meio da Secretaria Municipal de Educa\u00e7\u00e3o (Semed), realiza, nesta ter\u00e7a-feira, 18\/6, \u00e0s 15h, a reinaugura\u00e7\u00e3o da escola municipal Monte Horebe, localizada na estrada do Puraquequara, ramal do 09, s\/n\u00ba, zona rural. A unidade de ensino ser\u00e1 entregue totalmente revitalizada, depois de mais de 20 anos da \u00faltima reforma, realizada em 2003.<\/p>\n\n\n\n<p>A escola municipal atende alunos das modalidades da educa\u00e7\u00e3o infantil e do 1\u00ba ao 5\u00ba ano do ensino fundamental, nos turnos matutino e vespertino, al\u00e9m dos Programas Aprende Mais (educa\u00e7\u00e3o infantil), Educa Mais (sequ\u00eancia did\u00e1tica) e Alfabetiza Mais.<\/p>\n\n\n\n<p><strong>SERVI\u00c7O<\/strong><\/p>\n\n\n\n<p><strong>O qu\u00ea&nbsp;<\/strong>&#8211;&nbsp;Reinaugura\u00e7\u00e3o da escola municipal Monte Horebe<\/p>\n\n\n\n<p><strong>Quando &#8211;&nbsp;<\/strong>Ter\u00e7a-feira, 18\/6<\/p>\n\n\n\n<p><strong>Hor\u00e1rio &#8211;&nbsp;<\/strong>15h<\/p>\n\n\n\n<p><strong>Local &#8211;&nbsp;<\/strong>Estrada do Puraquequara, ramal do 09, s\/n\u00ba, zona rural<\/p>\n\n\n\n<p><strong>Localizado \u2013 <\/strong><a href=\"https:\/\/maps.app.goo.gl\/xH8f1QLg5Gd6BDo39\">https:\/\/maps.app.goo.gl\/xH8f1QLg5Gd6BDo39<\/a><\/p>\n","protected":false},"featured_media":208729,"template":"","categories":[788],"acf":[],"yoast_head":"<!-- This site is optimized with the Yoast SEO plugin v23.0 - https:\/\/yoast.com\/wordpress\/plugins\/seo\/ -->\n<title>Reinaugura\u00e7\u00e3o da escola municipal Monte Horebe<\/title>\n<meta name=\"description\" content=\"Prefeitura de Manaus, por meio da Semed, realiza a reinaugura\u00e7\u00e3o da escola municipal Monte Horebe, na zona rural.\" \/>\n<meta name=\"robots\" content=\"index, follow, max-snippet:-1, max-image-preview:large, max-video-preview:-1\" \/>\n<link rel=\"canonical\" href=\"https:\/\/www.manaus.am.gov.br\/semcom\/pautas\/reinauguracao-escola-municipal-monte-horebe\/\" \/>\n<meta property=\"og:locale\" content=\"pt_BR\" \/>\n<meta property=\"og:type\" content=\"article\" \/>\n<meta property=\"og:title\" content=\"Reinaugura\u00e7\u00e3o da escola municipal Monte Horebe\" \/>\n<meta property=\"og:description\" content=\"Prefeitura de Manaus, por meio da Semed, realiza a reinaugura\u00e7\u00e3o da escola municipal Monte Horebe, na zona rural.\" \/>\n<meta property=\"og:url\" content=\"https:\/\/www.manaus.am.gov.br\/semcom\/pautas\/reinauguracao-escola-municipal-monte-horebe\/\" \/>\n<meta property=\"og:site_name\" content=\"SEMCOM\" \/>\n<meta property=\"article:modified_time\" content=\"2024-06-17T15:40:33+00:00\" \/>\n<meta property=\"og:image\" content=\"https:\/\/www.manaus.am.gov.br\/semcom\/wp-content\/uploads\/sites\/5\/2023\/02\/sugestaodepauta.png\" \/>\n\t<meta property=\"og:image:width\" content=\"1020\" \/>\n\t<meta property=\"og:image:height\" content=\"540\" \/>\n\t<meta property=\"og:image:type\" content=\"image\/png\" \/>\n<meta name=\"twitter:card\" content=\"summary_large_image\" \/>\n<meta name=\"twitter:label1\" content=\"Est. reading time\" \/>\n\t<meta name=\"twitter:data1\" content=\"1 minuto\" \/>\n<script type=\"application\/ld+json\" class=\"yoast-schema-graph\">{\"@context\":\"https:\/\/schema.org\",\"@graph\":[{\"@type\":\"WebPage\",\"@id\":\"https:\/\/www.manaus.am.gov.br\/semcom\/pautas\/reinauguracao-escola-municipal-monte-horebe\/\",\"url\":\"https:\/\/www.manaus.am.gov.br\/semcom\/pautas\/reinauguracao-escola-municipal-monte-horebe\/\",\"name\":\"Reinaugura\u00e7\u00e3o da escola municipal Monte Horebe\",\"isPartOf\":{\"@id\":\"https:\/\/www.manaus.am.gov.br\/semcom\/#website\"},\"primaryImageOfPage\":{\"@id\":\"https:\/\/www.manaus.am.gov.br\/semcom\/pautas\/reinauguracao-escola-municipal-monte-horebe\/#primaryimage\"},\"image\":{\"@id\":\"https:\/\/www.manaus.am.gov.br\/semcom\/pautas\/reinauguracao-escola-municipal-monte-horebe\/#primaryimage\"},\"thumbnailUrl\":\"https:\/\/www.manaus.am.gov.br\/semcom\/wp-content\/uploads\/sites\/5\/2023\/02\/sugestaodepauta.png\",\"datePublished\":\"2024-06-17T15:40:32+00:00\",\"dateModified\":\"2024-06-17T15:40:33+00:00\",\"description\":\"Prefeitura de Manaus, por meio da Semed, realiza a reinaugura\u00e7\u00e3o da escola municipal Monte Horebe, na zona rural.\",\"inLanguage\":\"pt-BR\",\"potentialAction\":[{\"@type\":\"ReadAction\",\"target\":[\"https:\/\/www.manaus.am.gov.br\/semcom\/pautas\/reinauguracao-escola-municipal-monte-horebe\/\"]}]},{\"@type\":\"ImageObject\",\"inLanguage\":\"pt-BR\",\"@id\":\"https:\/\/www.manaus.am.gov.br\/semcom\/pautas\/reinauguracao-escola-municipal-monte-horebe\/#primaryimage\",\"url\":\"https:\/\/www.manaus.am.gov.br\/semcom\/wp-content\/uploads\/sites\/5\/2023\/02\/sugestaodepauta.png\",\"contentUrl\":\"https:\/\/www.manaus.am.gov.br\/semcom\/wp-content\/uploads\/sites\/5\/2023\/02\/sugestaodepauta.png\",\"width\":1020,\"height\":540},{\"@type\":\"WebSite\",\"@id\":\"https:\/\/www.manaus.am.gov.br\/semcom\/#website\",\"url\":\"https:\/\/www.manaus.am.gov.br\/semcom\/\",\"name\":\"SEMCOM\",\"description\":\"Secretaria Municipal de Comunica\u00e7\u00e3o\",\"potentialAction\":[{\"@type\":\"SearchAction\",\"target\":{\"@type\":\"EntryPoint\",\"urlTemplate\":\"https:\/\/www.manaus.am.gov.br\/semcom\/?s={search_term_string}\"},\"query-input\":\"required name=search_term_string\"}],\"inLanguage\":\"pt-BR\"}]}<\/script>\n<!-- \/ Yoast SEO plugin. -->","yoast_head_json":{"title":"Reinaugura\u00e7\u00e3o da escola municipal Monte Horebe","description":"Prefeitura de Manaus, por meio da Semed, realiza a reinaugura\u00e7\u00e3o da escola municipal Monte Horebe, na zona rural.","robots":{"index":"index","follow":"follow","max-snippet":"max-snippet:-1","max-image-preview":"max-image-preview:large","max-video-preview":"max-video-preview:-1"},"canonical":"https:\/\/www.manaus.am.gov.br\/semcom\/pautas\/reinauguracao-escola-municipal-monte-horebe\/","og_locale":"pt_BR","og_type":"article","og_title":"Reinaugura\u00e7\u00e3o da escola municipal Monte Horebe","og_description":"Prefeitura de Manaus, por meio da Semed, realiza a reinaugura\u00e7\u00e3o da escola municipal Monte Horebe, na zona rural.","og_url":"https:\/\/www.manaus.am.gov.br\/semcom\/pautas\/reinauguracao-escola-municipal-monte-horebe\/","og_site_name":"SEMCOM","article_modified_time":"2024-06-17T15:40:33+00:00","og_image":[{"width":1020,"height":540,"url":"https:\/\/www.manaus.am.gov.br\/semcom\/wp-content\/uploads\/sites\/5\/2023\/02\/sugestaodepauta.png","type":"image\/png"}],"twitter_card":"summary_large_image","twitter_misc":{"Est. reading time":"1 minuto"},"schema":{"@context":"https:\/\/schema.org","@graph":[{"@type":"WebPage","@id":"https:\/\/www.manaus.am.gov.br\/semcom\/pautas\/reinauguracao-escola-municipal-monte-horebe\/","url":"https:\/\/www.manaus.am.gov.br\/semcom\/pautas\/reinauguracao-escola-municipal-monte-horebe\/","name":"Reinaugura\u00e7\u00e3o da escola municipal Monte Horebe","isPartOf":{"@id":"https:\/\/www.manaus.am.gov.br\/semcom\/#website"},"primaryImageOfPage":{"@id":"https:\/\/www.manaus.am.gov.br\/semcom\/pautas\/reinauguracao-escola-municipal-monte-horebe\/#primaryimage"},"image":{"@id":"https:\/\/www.manaus.am.gov.br\/semcom\/pautas\/reinauguracao-escola-municipal-monte-horebe\/#primaryimage"},"thumbnailUrl":"https:\/\/www.manaus.am.gov.br\/semcom\/wp-content\/uploads\/sites\/5\/2023\/02\/sugestaodepauta.png","datePublished":"2024-06-17T15:40:32+00:00","dateModified":"2024-06-17T15:40:33+00:00","description":"Prefeitura de Manaus, por meio da Semed, realiza a reinaugura\u00e7\u00e3o da escola municipal Monte Horebe, na zona rural.","inLanguage":"pt-BR","potentialAction":[{"@type":"ReadAction","target":["https:\/\/www.manaus.am.gov.br\/semcom\/pautas\/reinauguracao-escola-municipal-monte-horebe\/"]}]},{"@type":"ImageObject","inLanguage":"pt-BR","@id":"https:\/\/www.manaus.am.gov.br\/semcom\/pautas\/reinauguracao-escola-municipal-monte-horebe\/#primaryimage","url":"https:\/\/www.manaus.am.gov.br\/semcom\/wp-content\/uploads\/sites\/5\/2023\/02\/sugestaodepauta.png","contentUrl":"https:\/\/www.manaus.am.gov.br\/semcom\/wp-content\/uploads\/sites\/5\/2023\/02\/sugestaodepauta.png","width":1020,"height":540},{"@type":"WebSite","@id":"https:\/\/www.manaus.am.gov.br\/semcom\/#website","url":"https:\/\/www.manaus.am.gov.br\/semcom\/","name":"SEMCOM","description":"Secretaria Municipal de Comunica\u00e7\u00e3o","potentialAction":[{"@type":"SearchAction","target":{"@type":"EntryPoint","urlTemplate":"https:\/\/www.manaus.am.gov.br\/semcom\/?s={search_term_string}"},"query-input":"required name=search_term_string"}],"inLanguage":"pt-BR"}]}},"_links":{"self":[{"href":"https:\/\/www.manaus.am.gov.br\/semcom\/wp-json\/wp\/v2\/pautas\/230432"}],"collection":[{"href":"https:\/\/www.manaus.am.gov.br\/semcom\/wp-json\/wp\/v2\/pautas"}],"about":[{"href":"https:\/\/www.manaus.am.gov.br\/semcom\/wp-json\/wp\/v2\/types\/pautas"}],"wp:featuredmedia":[{"embeddable":true,"href":"https:\/\/www.manaus.am.gov.br\/semcom\/wp-json\/wp\/v2\/media\/208729"}],"wp:attachment":[{"href":"https:\/\/www.manaus.am.gov.br\/semcom\/wp-json\/wp\/v2\/media?parent=230432"}],"wp:term":[{"taxonomy":"category","embeddable":true,"href":"https:\/\/www.manaus.am.gov.br\/semcom\/wp-json\/wp\/v2\/categories?post=230432"}],"curies":[{"name":"wp","href":"https:\/\/api.w.org\/{rel}","templated":true}]}}

Prefeitura de Manaus realiza a reinauguração da escola municipal Monte Horebe

<p>A Prefeitura de Manaus, por meio da Secretaria Municipal de Educação (Semed), realiza, nesta terça-feira, 18/6, às 15h, a reinauguração da escola municipal Monte Horebe, localizada na estrada do Puraquequara, ramal do 09, s/nº, zona rural. A unidade de ensino será entregue totalmente revitalizada, depois de mais de 20 anos da última reforma, realizada em 2003.</p>



<p>A escola municipal atende alunos das modalidades da educação infantil e do 1º ao 5º ano do ensino fundamental, nos turnos matutino e vespertino, além dos Programas Aprende Mais (educação infantil), Educa Mais (sequência didática) e Alfabetiza Mais.</p>



<p><strong>SERVIÇO</strong></p>



<p><strong>O quê&nbsp;</strong>&#8211;&nbsp;Reinauguração da escola municipal Monte Horebe</p>



<p><strong>Quando &#8211;&nbsp;</strong>Terça-feira, 18/6</p>



<p><strong>Horário &#8211;&nbsp;</strong>15h</p>



<p><strong>Local &#8211;&nbsp;</strong>Estrada do Puraquequara, ramal do 09, s/nº, zona rural</p>



<p><strong>Localizado – </strong><a href="https://maps.app.goo.gl/xH8f1QLg5Gd6BDo39">https://maps.app.goo.gl/xH8f1QLg5Gd6BDo39</a></p>

<!-- This site is optimized with the Yoast SEO plugin v23.0 - https://yoast.com/wordpress/plugins/seo/ -->
<title>Reinauguração da escola municipal Monte Horebe</title>
<meta name="description" content="Prefeitura de Manaus, por meio da Semed, realiza a reinauguração da escola municipal Monte Horebe, na zona rural." />
<meta name="robots" content="index, follow, max-snippet:-1, max-image-preview:large, max-video-preview:-1" />
<link rel="canonical" href="https://www.manaus.am.gov.br/semcom/pautas/reinauguracao-escola-municipal-monte-horebe/" />
<meta property="og:locale" content="pt_BR" />
<meta property="og:type" content="article" />
<meta property="og:title" content="Reinauguração da escola municipal Monte Horebe" />
<meta property="og:description" content="Prefeitura de Manaus, por meio da Semed, realiza a reinauguração da escola municipal Monte Horebe, na zona rural." />
<meta property="og:url" content="https://www.manaus.am.gov.br/semcom/pautas/reinauguracao-escola-municipal-monte-horebe/" />
<meta property="og:site_name" content="SEMCOM" />
<meta property="article:modified_time" content="2024-06-17T15:40:33+00:00" />
<meta property="og:image" content="https://www.manaus.am.gov.br/semcom/wp-content/uploads/sites/5/2023/02/sugestaodepauta.png" />
	<meta property="og:image:width" content="1020" />
	<meta property="og:image:height" content="540" />
	<meta property="og:image:type" content="image/png" />
<meta name="twitter:card" content="summary_large_image" />
<meta name="twitter:label1" content="Est. reading time" />
	<meta name="twitter:data1" content="1 minuto" />
<script type="application/ld+json" class="yoast-schema-graph">{"@context":"https://schema.org","@graph":[{"@type":"WebPage","@id":"https://www.manaus.am.gov.br/semcom/pautas/reinauguracao-escola-municipal-monte-horebe/","url":"https://www.manaus.am.gov.br/semcom/pautas/reinauguracao-escola-municipal-monte-horebe/","name":"Reinauguração da escola municipal Monte Horebe","isPartOf":{"@id":"https://www.manaus.am.gov.br/semcom/#website"},"primaryImageOfPage":{"@id":"https://www.manaus.am.gov.br/semcom/pautas/reinauguracao-escola-municipal-monte-horebe/#primaryimage"},"image":{"@id":"https://www.manaus.am.gov.br/semcom/pautas/reinauguracao-escola-municipal-monte-horebe/#primaryimage"},"thumbnailUrl":"https://www.manaus.am.gov.br/semcom/wp-content/uploads/sites/5/2023/02/sugestaodepauta.png","datePublished":"2024-06-17T15:40:32+00:00","dateModified":"2024-06-17T15:40:33+00:00","description":"Prefeitura de Manaus, por meio da Semed, realiza a reinauguração da escola municipal Monte Horebe, na zona rural.","inLanguage":"pt-BR","potentialAction":[{"@type":"ReadAction","target":["https://www.manaus.am.gov.br/semcom/pautas/reinauguracao-escola-municipal-monte-horebe/"]}]},{"@type":"ImageObject","inLanguage":"pt-BR","@id":"https://www.manaus.am.gov.br/semcom/pautas/reinauguracao-escola-municipal-monte-horebe/#primaryimage","url":"https://www.manaus.am.gov.br/semcom/wp-content/uploads/sites/5/2023/02/sugestaodepauta.png","contentUrl":"https://www.manaus.am.gov.br/semcom/wp-content/uploads/sites/5/2023/02/sugestaodepauta.png","width":1020,"height":540},{"@type":"WebSite","@id":"https://www.manaus.am.gov.br/semcom/#website","url":"https://www.manaus.am.gov.br/semcom/","name":"SEMCOM","description":"Secretaria Municipal de Comunicação","potentialAction":[{"@type":"SearchAction","target":{"@type":"EntryPoint","urlTemplate":"https://www.manaus.am.gov.br/semcom/?s={search_term_string}"},"query-input":"required name=search_term_string"}],"inLanguage":"pt-BR"}]}</script>
<!-- / Yoast SEO plugin. -->

Reinauguração da escola municipal Monte Horebe

Prefeitura de Manaus, por meio da Semed, realiza a reinauguração da escola municipal Monte Horebe, na zona rural.

Secretaria Municipal de Comunicação
