{"id":229568,"date":"2024-05-25T16:05:13","date_gmt":"2024-05-25T19:05:13","guid":{"rendered":"https:\/\/www.manaus.am.gov.br\/semcom\/?post_type=pautas&#038;p=229568"},"modified":"2024-05-25T16:05:15","modified_gmt":"2024-05-25T19:05:15","slug":"empossa-eleitos","status":"publish","type":"pautas","link":"https:\/\/www.manaus.am.gov.br\/semcom\/pautas\/empossa-eleitos\/","title":{"rendered":"Prefeitura de Manaus empossa eleitos no Conselho Municipal de Juventude para o bi\u00eanio 2024-2026"},"content":{"rendered":"\n<p>A Prefeitura de Manaus, por meio da Funda\u00e7\u00e3o Manaus Esporte (FME), realiza, na ter\u00e7a-feira, 28\/5, a partir das 16h, a cerim\u00f4nia de posse da nova composi\u00e7\u00e3o do Conselho Municipal de Juventude (CMJ) para o bi\u00eanio 2024-2026. O evento acontece no audit\u00f3rio Luiz Geraldo Pontes Teixeira, da Secretaria Municipal de Educa\u00e7\u00e3o (Semed), localizado no bairro Parque Dez, zona Centro-Sul.<\/p>\n\n\n\n<p>O pleito que elegeu os novos membros foi realizado no \u00faltimo dia 17 de maio. A cerim\u00f4nia de posse contar\u00e1 com a presen\u00e7a do prefeito David Almeida; da secret\u00e1ria de Educa\u00e7\u00e3o, Dulce Almeida; do diretor-presidente da FME, Aurilex Moreira, e do novo presidente do CMJ, Daniel Vasconcelos.<\/p>\n\n\n\n<p>Ap\u00f3s a posse, ser\u00e3o entregues certificados de agradecimento \u00e0s autoridades e diplomas aos conselheiros titulares e suplentes.<\/p>\n\n\n\n<p>O Conselho Municipal de Juventude \u00e9 um \u00f3rg\u00e3o aut\u00f4nomo, permanente, consultivo e deliberativo vinculado \u00e0 FME, destinado \u00e0 discuss\u00e3o, elabora\u00e7\u00e3o e execu\u00e7\u00e3o de pol\u00edticas p\u00fablicas voltadas para a juventude. O CMJ \u00e9 composto por 30 conselheiros titulares e 30 suplentes, divididos igualmente entre representantes do poder p\u00fablico e da sociedade civil.&nbsp;<\/p>\n\n\n\n<p>&#8212; &#8212; &#8212;<\/p>\n\n\n\n<p><strong>SERVI\u00c7O<\/strong><\/p>\n\n\n\n<p><strong>O qu\u00ea<\/strong> &#8211; Cerim\u00f4nia de posse da nova composi\u00e7\u00e3o Conselho Municipal de Juventude para o bi\u00eanio 2024-2026<\/p>\n\n\n\n<p><strong>Quando<\/strong> &#8211; Ter\u00e7a-feira, 28\/5<\/p>\n\n\n\n<p><strong>Hor\u00e1rio<\/strong> &#8211; 16h<\/p>\n\n\n\n<p><strong>Local<\/strong> &#8211; Audit\u00f3rio Luiz Geraldo Pontes Teixeira, da Secretaria Municipal de Educa\u00e7\u00e3o de Manaus (Semed), localizado no bairro Parque Dez, zona Centro-Sul.<\/p>\n","protected":false},"featured_media":208729,"template":"","categories":[833],"acf":[],"yoast_head":"<!-- This site is optimized with the Yoast SEO plugin v23.0 - https:\/\/yoast.com\/wordpress\/plugins\/seo\/ -->\n<title>Prefeitura de Manaus empossa eleitos no Conselho Municipal de Juventude<\/title>\n<meta name=\"description\" content=\"A Prefeitura de Manaus, por meio da FME, realiza, na ter\u00e7a-feira, 28\/5, a partir das 16h, a cerim\u00f4nia de posse da nova composi\u00e7\u00e3o do CMJ.\" \/>\n<meta name=\"robots\" content=\"index, follow, max-snippet:-1, max-image-preview:large, max-video-preview:-1\" \/>\n<link rel=\"canonical\" href=\"https:\/\/www.manaus.am.gov.br\/semcom\/pautas\/empossa-eleitos\/\" \/>\n<meta property=\"og:locale\" content=\"pt_BR\" \/>\n<meta property=\"og:type\" content=\"article\" \/>\n<meta property=\"og:title\" content=\"Prefeitura de Manaus empossa eleitos no Conselho Municipal de Juventude\" \/>\n<meta property=\"og:description\" content=\"A Prefeitura de Manaus, por meio da FME, realiza, na ter\u00e7a-feira, 28\/5, a partir das 16h, a cerim\u00f4nia de posse da nova composi\u00e7\u00e3o do CMJ.\" \/>\n<meta property=\"og:url\" content=\"https:\/\/www.manaus.am.gov.br\/semcom\/pautas\/empossa-eleitos\/\" \/>\n<meta property=\"og:site_name\" content=\"SEMCOM\" \/>\n<meta property=\"article:modified_time\" content=\"2024-05-25T19:05:15+00:00\" \/>\n<meta property=\"og:image\" content=\"https:\/\/www.manaus.am.gov.br\/semcom\/wp-content\/uploads\/sites\/5\/2023\/02\/sugestaodepauta.png\" \/>\n\t<meta property=\"og:image:width\" content=\"1020\" \/>\n\t<meta property=\"og:image:height\" content=\"540\" \/>\n\t<meta property=\"og:image:type\" content=\"image\/png\" \/>\n<meta name=\"twitter:card\" content=\"summary_large_image\" \/>\n<meta name=\"twitter:label1\" content=\"Est. reading time\" \/>\n\t<meta name=\"twitter:data1\" content=\"2 minutos\" \/>\n<script type=\"application\/ld+json\" class=\"yoast-schema-graph\">{\"@context\":\"https:\/\/schema.org\",\"@graph\":[{\"@type\":\"WebPage\",\"@id\":\"https:\/\/www.manaus.am.gov.br\/semcom\/pautas\/empossa-eleitos\/\",\"url\":\"https:\/\/www.manaus.am.gov.br\/semcom\/pautas\/empossa-eleitos\/\",\"name\":\"Prefeitura de Manaus empossa eleitos no Conselho Municipal de Juventude\",\"isPartOf\":{\"@id\":\"https:\/\/www.manaus.am.gov.br\/semcom\/#website\"},\"primaryImageOfPage\":{\"@id\":\"https:\/\/www.manaus.am.gov.br\/semcom\/pautas\/empossa-eleitos\/#primaryimage\"},\"image\":{\"@id\":\"https:\/\/www.manaus.am.gov.br\/semcom\/pautas\/empossa-eleitos\/#primaryimage\"},\"thumbnailUrl\":\"https:\/\/www.manaus.am.gov.br\/semcom\/wp-content\/uploads\/sites\/5\/2023\/02\/sugestaodepauta.png\",\"datePublished\":\"2024-05-25T19:05:13+00:00\",\"dateModified\":\"2024-05-25T19:05:15+00:00\",\"description\":\"A Prefeitura de Manaus, por meio da FME, realiza, na ter\u00e7a-feira, 28\/5, a partir das 16h, a cerim\u00f4nia de posse da nova composi\u00e7\u00e3o do CMJ.\",\"inLanguage\":\"pt-BR\",\"potentialAction\":[{\"@type\":\"ReadAction\",\"target\":[\"https:\/\/www.manaus.am.gov.br\/semcom\/pautas\/empossa-eleitos\/\"]}]},{\"@type\":\"ImageObject\",\"inLanguage\":\"pt-BR\",\"@id\":\"https:\/\/www.manaus.am.gov.br\/semcom\/pautas\/empossa-eleitos\/#primaryimage\",\"url\":\"https:\/\/www.manaus.am.gov.br\/semcom\/wp-content\/uploads\/sites\/5\/2023\/02\/sugestaodepauta.png\",\"contentUrl\":\"https:\/\/www.manaus.am.gov.br\/semcom\/wp-content\/uploads\/sites\/5\/2023\/02\/sugestaodepauta.png\",\"width\":1020,\"height\":540},{\"@type\":\"WebSite\",\"@id\":\"https:\/\/www.manaus.am.gov.br\/semcom\/#website\",\"url\":\"https:\/\/www.manaus.am.gov.br\/semcom\/\",\"name\":\"SEMCOM\",\"description\":\"Secretaria Municipal de Comunica\u00e7\u00e3o\",\"potentialAction\":[{\"@type\":\"SearchAction\",\"target\":{\"@type\":\"EntryPoint\",\"urlTemplate\":\"https:\/\/www.manaus.am.gov.br\/semcom\/?s={search_term_string}\"},\"query-input\":\"required name=search_term_string\"}],\"inLanguage\":\"pt-BR\"}]}<\/script>\n<!-- \/ Yoast SEO plugin. -->","yoast_head_json":{"title":"Prefeitura de Manaus empossa eleitos no Conselho Municipal de Juventude","description":"A Prefeitura de Manaus, por meio da FME, realiza, na ter\u00e7a-feira, 28\/5, a partir das 16h, a cerim\u00f4nia de posse da nova composi\u00e7\u00e3o do CMJ.","robots":{"index":"index","follow":"follow","max-snippet":"max-snippet:-1","max-image-preview":"max-image-preview:large","max-video-preview":"max-video-preview:-1"},"canonical":"https:\/\/www.manaus.am.gov.br\/semcom\/pautas\/empossa-eleitos\/","og_locale":"pt_BR","og_type":"article","og_title":"Prefeitura de Manaus empossa eleitos no Conselho Municipal de Juventude","og_description":"A Prefeitura de Manaus, por meio da FME, realiza, na ter\u00e7a-feira, 28\/5, a partir das 16h, a cerim\u00f4nia de posse da nova composi\u00e7\u00e3o do CMJ.","og_url":"https:\/\/www.manaus.am.gov.br\/semcom\/pautas\/empossa-eleitos\/","og_site_name":"SEMCOM","article_modified_time":"2024-05-25T19:05:15+00:00","og_image":[{"width":1020,"height":540,"url":"https:\/\/www.manaus.am.gov.br\/semcom\/wp-content\/uploads\/sites\/5\/2023\/02\/sugestaodepauta.png","type":"image\/png"}],"twitter_card":"summary_large_image","twitter_misc":{"Est. reading time":"2 minutos"},"schema":{"@context":"https:\/\/schema.org","@graph":[{"@type":"WebPage","@id":"https:\/\/www.manaus.am.gov.br\/semcom\/pautas\/empossa-eleitos\/","url":"https:\/\/www.manaus.am.gov.br\/semcom\/pautas\/empossa-eleitos\/","name":"Prefeitura de Manaus empossa eleitos no Conselho Municipal de Juventude","isPartOf":{"@id":"https:\/\/www.manaus.am.gov.br\/semcom\/#website"},"primaryImageOfPage":{"@id":"https:\/\/www.manaus.am.gov.br\/semcom\/pautas\/empossa-eleitos\/#primaryimage"},"image":{"@id":"https:\/\/www.manaus.am.gov.br\/semcom\/pautas\/empossa-eleitos\/#primaryimage"},"thumbnailUrl":"https:\/\/www.manaus.am.gov.br\/semcom\/wp-content\/uploads\/sites\/5\/2023\/02\/sugestaodepauta.png","datePublished":"2024-05-25T19:05:13+00:00","dateModified":"2024-05-25T19:05:15+00:00","description":"A Prefeitura de Manaus, por meio da FME, realiza, na ter\u00e7a-feira, 28\/5, a partir das 16h, a cerim\u00f4nia de posse da nova composi\u00e7\u00e3o do CMJ.","inLanguage":"pt-BR","potentialAction":[{"@type":"ReadAction","target":["https:\/\/www.manaus.am.gov.br\/semcom\/pautas\/empossa-eleitos\/"]}]},{"@type":"ImageObject","inLanguage":"pt-BR","@id":"https:\/\/www.manaus.am.gov.br\/semcom\/pautas\/empossa-eleitos\/#primaryimage","url":"https:\/\/www.manaus.am.gov.br\/semcom\/wp-content\/uploads\/sites\/5\/2023\/02\/sugestaodepauta.png","contentUrl":"https:\/\/www.manaus.am.gov.br\/semcom\/wp-content\/uploads\/sites\/5\/2023\/02\/sugestaodepauta.png","width":1020,"height":540},{"@type":"WebSite","@id":"https:\/\/www.manaus.am.gov.br\/semcom\/#website","url":"https:\/\/www.manaus.am.gov.br\/semcom\/","name":"SEMCOM","description":"Secretaria Municipal de Comunica\u00e7\u00e3o","potentialAction":[{"@type":"SearchAction","target":{"@type":"EntryPoint","urlTemplate":"https:\/\/www.manaus.am.gov.br\/semcom\/?s={search_term_string}"},"query-input":"required name=search_term_string"}],"inLanguage":"pt-BR"}]}},"_links":{"self":[{"href":"https:\/\/www.manaus.am.gov.br\/semcom\/wp-json\/wp\/v2\/pautas\/229568"}],"collection":[{"href":"https:\/\/www.manaus.am.gov.br\/semcom\/wp-json\/wp\/v2\/pautas"}],"about":[{"href":"https:\/\/www.manaus.am.gov.br\/semcom\/wp-json\/wp\/v2\/types\/pautas"}],"wp:featuredmedia":[{"embeddable":true,"href":"https:\/\/www.manaus.am.gov.br\/semcom\/wp-json\/wp\/v2\/media\/208729"}],"wp:attachment":[{"href":"https:\/\/www.manaus.am.gov.br\/semcom\/wp-json\/wp\/v2\/media?parent=229568"}],"wp:term":[{"taxonomy":"category","embeddable":true,"href":"https:\/\/www.manaus.am.gov.br\/semcom\/wp-json\/wp\/v2\/categories?post=229568"}],"curies":[{"name":"wp","href":"https:\/\/api.w.org\/{rel}","templated":true}]}}

Prefeitura de Manaus empossa eleitos no Conselho Municipal de Juventude para o biênio 2024-2026

<p>A Prefeitura de Manaus, por meio da Fundação Manaus Esporte (FME), realiza, na terça-feira, 28/5, a partir das 16h, a cerimônia de posse da nova composição do Conselho Municipal de Juventude (CMJ) para o biênio 2024-2026. O evento acontece no auditório Luiz Geraldo Pontes Teixeira, da Secretaria Municipal de Educação (Semed), localizado no bairro Parque Dez, zona Centro-Sul.</p>



<p>O pleito que elegeu os novos membros foi realizado no último dia 17 de maio. A cerimônia de posse contará com a presença do prefeito David Almeida; da secretária de Educação, Dulce Almeida; do diretor-presidente da FME, Aurilex Moreira, e do novo presidente do CMJ, Daniel Vasconcelos.</p>



<p>Após a posse, serão entregues certificados de agradecimento às autoridades e diplomas aos conselheiros titulares e suplentes.</p>



<p>O Conselho Municipal de Juventude é um órgão autônomo, permanente, consultivo e deliberativo vinculado à FME, destinado à discussão, elaboração e execução de políticas públicas voltadas para a juventude. O CMJ é composto por 30 conselheiros titulares e 30 suplentes, divididos igualmente entre representantes do poder público e da sociedade civil.&nbsp;</p>



<p>&#8212; &#8212; &#8212;</p>



<p><strong>SERVIÇO</strong></p>



<p><strong>O quê</strong> &#8211; Cerimônia de posse da nova composição Conselho Municipal de Juventude para o biênio 2024-2026</p>



<p><strong>Quando</strong> &#8211; Terça-feira, 28/5</p>



<p><strong>Horário</strong> &#8211; 16h</p>



<p><strong>Local</strong> &#8211; Auditório Luiz Geraldo Pontes Teixeira, da Secretaria Municipal de Educação de Manaus (Semed), localizado no bairro Parque Dez, zona Centro-Sul.</p>

<!-- This site is optimized with the Yoast SEO plugin v23.0 - https://yoast.com/wordpress/plugins/seo/ -->
<title>Prefeitura de Manaus empossa eleitos no Conselho Municipal de Juventude</title>
<meta name="description" content="A Prefeitura de Manaus, por meio da FME, realiza, na terça-feira, 28/5, a partir das 16h, a cerimônia de posse da nova composição do CMJ." />
<meta name="robots" content="index, follow, max-snippet:-1, max-image-preview:large, max-video-preview:-1" />
<link rel="canonical" href="https://www.manaus.am.gov.br/semcom/pautas/empossa-eleitos/" />
<meta property="og:locale" content="pt_BR" />
<meta property="og:type" content="article" />
<meta property="og:title" content="Prefeitura de Manaus empossa eleitos no Conselho Municipal de Juventude" />
<meta property="og:description" content="A Prefeitura de Manaus, por meio da FME, realiza, na terça-feira, 28/5, a partir das 16h, a cerimônia de posse da nova composição do CMJ." />
<meta property="og:url" content="https://www.manaus.am.gov.br/semcom/pautas/empossa-eleitos/" />
<meta property="og:site_name" content="SEMCOM" />
<meta property="article:modified_time" content="2024-05-25T19:05:15+00:00" />
<meta property="og:image" content="https://www.manaus.am.gov.br/semcom/wp-content/uploads/sites/5/2023/02/sugestaodepauta.png" />
	<meta property="og:image:width" content="1020" />
	<meta property="og:image:height" content="540" />
	<meta property="og:image:type" content="image/png" />
<meta name="twitter:card" content="summary_large_image" />
<meta name="twitter:label1" content="Est. reading time" />
	<meta name="twitter:data1" content="2 minutos" />
<script type="application/ld+json" class="yoast-schema-graph">{"@context":"https://schema.org","@graph":[{"@type":"WebPage","@id":"https://www.manaus.am.gov.br/semcom/pautas/empossa-eleitos/","url":"https://www.manaus.am.gov.br/semcom/pautas/empossa-eleitos/","name":"Prefeitura de Manaus empossa eleitos no Conselho Municipal de Juventude","isPartOf":{"@id":"https://www.manaus.am.gov.br/semcom/#website"},"primaryImageOfPage":{"@id":"https://www.manaus.am.gov.br/semcom/pautas/empossa-eleitos/#primaryimage"},"image":{"@id":"https://www.manaus.am.gov.br/semcom/pautas/empossa-eleitos/#primaryimage"},"thumbnailUrl":"https://www.manaus.am.gov.br/semcom/wp-content/uploads/sites/5/2023/02/sugestaodepauta.png","datePublished":"2024-05-25T19:05:13+00:00","dateModified":"2024-05-25T19:05:15+00:00","description":"A Prefeitura de Manaus, por meio da FME, realiza, na terça-feira, 28/5, a partir das 16h, a cerimônia de posse da nova composição do CMJ.","inLanguage":"pt-BR","potentialAction":[{"@type":"ReadAction","target":["https://www.manaus.am.gov.br/semcom/pautas/empossa-eleitos/"]}]},{"@type":"ImageObject","inLanguage":"pt-BR","@id":"https://www.manaus.am.gov.br/semcom/pautas/empossa-eleitos/#primaryimage","url":"https://www.manaus.am.gov.br/semcom/wp-content/uploads/sites/5/2023/02/sugestaodepauta.png","contentUrl":"https://www.manaus.am.gov.br/semcom/wp-content/uploads/sites/5/2023/02/sugestaodepauta.png","width":1020,"height":540},{"@type":"WebSite","@id":"https://www.manaus.am.gov.br/semcom/#website","url":"https://www.manaus.am.gov.br/semcom/","name":"SEMCOM","description":"Secretaria Municipal de Comunicação","potentialAction":[{"@type":"SearchAction","target":{"@type":"EntryPoint","urlTemplate":"https://www.manaus.am.gov.br/semcom/?s={search_term_string}"},"query-input":"required name=search_term_string"}],"inLanguage":"pt-BR"}]}</script>
<!-- / Yoast SEO plugin. -->

A Prefeitura de Manaus, por meio da FME, realiza, na terça-feira, 28/5, a partir das 16h, a cerimônia de posse da nova composição do CMJ.

Secretaria Municipal de Comunicação
