{"id":228399,"date":"2024-05-02T09:32:00","date_gmt":"2024-05-02T12:32:00","guid":{"rendered":"https:\/\/www.manaus.am.gov.br\/semcom\/?post_type=pautas&#038;p=228399"},"modified":"2024-05-02T09:32:00","modified_gmt":"2024-05-02T12:32:00","slug":"visita-citiesforward","status":"publish","type":"pautas","link":"https:\/\/www.manaus.am.gov.br\/semcom\/pautas\/visita-citiesforward\/","title":{"rendered":"Prefeitura de Manaus recebe visita t\u00e9cnica de equipes do programa Cities Forward"},"content":{"rendered":"\n<p>A Prefeitura de Manaus recebe as equipes do programa Cities Forward para uma visita t\u00e9cnica, a partir desta quinta-feira, 2\/5.&nbsp; A proposta \u00e9 reunir, durante dois dias, as equipes da prefeitura e parceiros, para colaborar coletivamente com a equipe do Cities Forward no contexto do projeto de \u201cRevitaliza\u00e7\u00e3o da Bacia Hidrogr\u00e1fica do Igarap\u00e9 do Mindu\u201d, al\u00e9m de entender como trabalhar em seus componentes para criar um roteiro de implementa\u00e7\u00e3o.&nbsp;<\/p>\n\n\n\n<p>O programa Cities Forward, financiado pelo Departamento de Estado dos Estados Unidos, tem como objetivo principal auxiliar as 12 cidades latino-americanas participantes, na implementa\u00e7\u00e3o de solu\u00e7\u00f5es que fomentem investimentos em servi\u00e7os urbanos, promovendo a sustentabilidade, inclus\u00e3o e resili\u00eancia em seus bairros e comunidades.&nbsp;<\/p>\n\n\n\n<p>&nbsp;Essa ser\u00e1 a primeira visita t\u00e9cnica da equipe do Cities Forward ao Brasil, e \u00e9 considerada um marco tanto para o programa quanto para a cidade de Manaus, colocando o projeto \u201cRevitaliza\u00e7\u00e3o da Bacia Hidrogr\u00e1fica do Igarap\u00e9 do Mindu\u201d em evid\u00eancia e preparando-o para ser visibilizado em importantes agendas globais de grande relev\u00e2ncia, como a COP 16 e a COP 29. &nbsp;<\/p>\n\n\n\n<p><strong>SERVI\u00c7O:&nbsp;<\/strong><\/p>\n\n\n\n<p><strong>&nbsp;O qu\u00ea<\/strong>&nbsp;\u2013 Prefeitura de Manaus recebe equipes do programa Cities Forward&nbsp;<\/p>\n\n\n\n<p><strong>Quando<\/strong>&nbsp;\u2013 Quinta-feira, 2\/5&nbsp;<\/p>\n\n\n\n<p><strong>Hor\u00e1rio<\/strong>&nbsp;\u2013 10h30&nbsp;<\/p>\n\n\n\n<p><strong>Local<\/strong>&nbsp;\u2013 Casar\u00e3o da Inova\u00e7\u00e3o Cassina &#8211; na rua Bernardo Ramos, no Centro Hist\u00f3rico de Manaus.&nbsp;<\/p>\n","protected":false},"featured_media":208729,"template":"","categories":[808],"acf":[],"yoast_head":"<!-- This site is optimized with the Yoast SEO plugin v23.0 - https:\/\/yoast.com\/wordpress\/plugins\/seo\/ -->\n<title>Prefeitura de Manaus recebe visita t\u00e9cnica de equipes do programa Cities Forward<\/title>\n<meta name=\"description\" content=\"A Prefeitura de Manaus recebe as equipes do programa Cities Forward para uma visita t\u00e9cnica a partir desta quinta-feira, 2\/5.\" \/>\n<meta name=\"robots\" content=\"index, follow, max-snippet:-1, max-image-preview:large, max-video-preview:-1\" \/>\n<link rel=\"canonical\" href=\"https:\/\/www.manaus.am.gov.br\/semcom\/pautas\/visita-citiesforward\/\" \/>\n<meta property=\"og:locale\" content=\"pt_BR\" \/>\n<meta property=\"og:type\" content=\"article\" \/>\n<meta property=\"og:title\" content=\"Prefeitura de Manaus recebe visita t\u00e9cnica de equipes do programa Cities Forward\" \/>\n<meta property=\"og:description\" content=\"A Prefeitura de Manaus recebe as equipes do programa Cities Forward para uma visita t\u00e9cnica a partir desta quinta-feira, 2\/5.\" \/>\n<meta property=\"og:url\" content=\"https:\/\/www.manaus.am.gov.br\/semcom\/pautas\/visita-citiesforward\/\" \/>\n<meta property=\"og:site_name\" content=\"SEMCOM\" \/>\n<meta property=\"og:image\" content=\"https:\/\/www.manaus.am.gov.br\/semcom\/wp-content\/uploads\/sites\/5\/2023\/02\/sugestaodepauta.png\" \/>\n\t<meta property=\"og:image:width\" content=\"1020\" \/>\n\t<meta property=\"og:image:height\" content=\"540\" \/>\n\t<meta property=\"og:image:type\" content=\"image\/png\" \/>\n<meta name=\"twitter:card\" content=\"summary_large_image\" \/>\n<meta name=\"twitter:label1\" content=\"Est. reading time\" \/>\n\t<meta name=\"twitter:data1\" content=\"2 minutos\" \/>\n<script type=\"application\/ld+json\" class=\"yoast-schema-graph\">{\"@context\":\"https:\/\/schema.org\",\"@graph\":[{\"@type\":\"WebPage\",\"@id\":\"https:\/\/www.manaus.am.gov.br\/semcom\/pautas\/visita-citiesforward\/\",\"url\":\"https:\/\/www.manaus.am.gov.br\/semcom\/pautas\/visita-citiesforward\/\",\"name\":\"Prefeitura de Manaus recebe visita t\u00e9cnica de equipes do programa Cities Forward\",\"isPartOf\":{\"@id\":\"https:\/\/www.manaus.am.gov.br\/semcom\/#website\"},\"primaryImageOfPage\":{\"@id\":\"https:\/\/www.manaus.am.gov.br\/semcom\/pautas\/visita-citiesforward\/#primaryimage\"},\"image\":{\"@id\":\"https:\/\/www.manaus.am.gov.br\/semcom\/pautas\/visita-citiesforward\/#primaryimage\"},\"thumbnailUrl\":\"https:\/\/www.manaus.am.gov.br\/semcom\/wp-content\/uploads\/sites\/5\/2023\/02\/sugestaodepauta.png\",\"datePublished\":\"2024-05-02T12:32:00+00:00\",\"dateModified\":\"2024-05-02T12:32:00+00:00\",\"description\":\"A Prefeitura de Manaus recebe as equipes do programa Cities Forward para uma visita t\u00e9cnica a partir desta quinta-feira, 2\/5.\",\"inLanguage\":\"pt-BR\",\"potentialAction\":[{\"@type\":\"ReadAction\",\"target\":[\"https:\/\/www.manaus.am.gov.br\/semcom\/pautas\/visita-citiesforward\/\"]}]},{\"@type\":\"ImageObject\",\"inLanguage\":\"pt-BR\",\"@id\":\"https:\/\/www.manaus.am.gov.br\/semcom\/pautas\/visita-citiesforward\/#primaryimage\",\"url\":\"https:\/\/www.manaus.am.gov.br\/semcom\/wp-content\/uploads\/sites\/5\/2023\/02\/sugestaodepauta.png\",\"contentUrl\":\"https:\/\/www.manaus.am.gov.br\/semcom\/wp-content\/uploads\/sites\/5\/2023\/02\/sugestaodepauta.png\",\"width\":1020,\"height\":540},{\"@type\":\"WebSite\",\"@id\":\"https:\/\/www.manaus.am.gov.br\/semcom\/#website\",\"url\":\"https:\/\/www.manaus.am.gov.br\/semcom\/\",\"name\":\"SEMCOM\",\"description\":\"Secretaria Municipal de Comunica\u00e7\u00e3o\",\"potentialAction\":[{\"@type\":\"SearchAction\",\"target\":{\"@type\":\"EntryPoint\",\"urlTemplate\":\"https:\/\/www.manaus.am.gov.br\/semcom\/?s={search_term_string}\"},\"query-input\":\"required name=search_term_string\"}],\"inLanguage\":\"pt-BR\"}]}<\/script>\n<!-- \/ Yoast SEO plugin. -->","yoast_head_json":{"title":"Prefeitura de Manaus recebe visita t\u00e9cnica de equipes do programa Cities Forward","description":"A Prefeitura de Manaus recebe as equipes do programa Cities Forward para uma visita t\u00e9cnica a partir desta quinta-feira, 2\/5.","robots":{"index":"index","follow":"follow","max-snippet":"max-snippet:-1","max-image-preview":"max-image-preview:large","max-video-preview":"max-video-preview:-1"},"canonical":"https:\/\/www.manaus.am.gov.br\/semcom\/pautas\/visita-citiesforward\/","og_locale":"pt_BR","og_type":"article","og_title":"Prefeitura de Manaus recebe visita t\u00e9cnica de equipes do programa Cities Forward","og_description":"A Prefeitura de Manaus recebe as equipes do programa Cities Forward para uma visita t\u00e9cnica a partir desta quinta-feira, 2\/5.","og_url":"https:\/\/www.manaus.am.gov.br\/semcom\/pautas\/visita-citiesforward\/","og_site_name":"SEMCOM","og_image":[{"width":1020,"height":540,"url":"https:\/\/www.manaus.am.gov.br\/semcom\/wp-content\/uploads\/sites\/5\/2023\/02\/sugestaodepauta.png","type":"image\/png"}],"twitter_card":"summary_large_image","twitter_misc":{"Est. reading time":"2 minutos"},"schema":{"@context":"https:\/\/schema.org","@graph":[{"@type":"WebPage","@id":"https:\/\/www.manaus.am.gov.br\/semcom\/pautas\/visita-citiesforward\/","url":"https:\/\/www.manaus.am.gov.br\/semcom\/pautas\/visita-citiesforward\/","name":"Prefeitura de Manaus recebe visita t\u00e9cnica de equipes do programa Cities Forward","isPartOf":{"@id":"https:\/\/www.manaus.am.gov.br\/semcom\/#website"},"primaryImageOfPage":{"@id":"https:\/\/www.manaus.am.gov.br\/semcom\/pautas\/visita-citiesforward\/#primaryimage"},"image":{"@id":"https:\/\/www.manaus.am.gov.br\/semcom\/pautas\/visita-citiesforward\/#primaryimage"},"thumbnailUrl":"https:\/\/www.manaus.am.gov.br\/semcom\/wp-content\/uploads\/sites\/5\/2023\/02\/sugestaodepauta.png","datePublished":"2024-05-02T12:32:00+00:00","dateModified":"2024-05-02T12:32:00+00:00","description":"A Prefeitura de Manaus recebe as equipes do programa Cities Forward para uma visita t\u00e9cnica a partir desta quinta-feira, 2\/5.","inLanguage":"pt-BR","potentialAction":[{"@type":"ReadAction","target":["https:\/\/www.manaus.am.gov.br\/semcom\/pautas\/visita-citiesforward\/"]}]},{"@type":"ImageObject","inLanguage":"pt-BR","@id":"https:\/\/www.manaus.am.gov.br\/semcom\/pautas\/visita-citiesforward\/#primaryimage","url":"https:\/\/www.manaus.am.gov.br\/semcom\/wp-content\/uploads\/sites\/5\/2023\/02\/sugestaodepauta.png","contentUrl":"https:\/\/www.manaus.am.gov.br\/semcom\/wp-content\/uploads\/sites\/5\/2023\/02\/sugestaodepauta.png","width":1020,"height":540},{"@type":"WebSite","@id":"https:\/\/www.manaus.am.gov.br\/semcom\/#website","url":"https:\/\/www.manaus.am.gov.br\/semcom\/","name":"SEMCOM","description":"Secretaria Municipal de Comunica\u00e7\u00e3o","potentialAction":[{"@type":"SearchAction","target":{"@type":"EntryPoint","urlTemplate":"https:\/\/www.manaus.am.gov.br\/semcom\/?s={search_term_string}"},"query-input":"required name=search_term_string"}],"inLanguage":"pt-BR"}]}},"_links":{"self":[{"href":"https:\/\/www.manaus.am.gov.br\/semcom\/wp-json\/wp\/v2\/pautas\/228399"}],"collection":[{"href":"https:\/\/www.manaus.am.gov.br\/semcom\/wp-json\/wp\/v2\/pautas"}],"about":[{"href":"https:\/\/www.manaus.am.gov.br\/semcom\/wp-json\/wp\/v2\/types\/pautas"}],"wp:featuredmedia":[{"embeddable":true,"href":"https:\/\/www.manaus.am.gov.br\/semcom\/wp-json\/wp\/v2\/media\/208729"}],"wp:attachment":[{"href":"https:\/\/www.manaus.am.gov.br\/semcom\/wp-json\/wp\/v2\/media?parent=228399"}],"wp:term":[{"taxonomy":"category","embeddable":true,"href":"https:\/\/www.manaus.am.gov.br\/semcom\/wp-json\/wp\/v2\/categories?post=228399"}],"curies":[{"name":"wp","href":"https:\/\/api.w.org\/{rel}","templated":true}]}}

Prefeitura de Manaus recebe visita técnica de equipes do programa Cities Forward

<p>A Prefeitura de Manaus recebe as equipes do programa Cities Forward para uma visita técnica, a partir desta quinta-feira, 2/5.&nbsp; A proposta é reunir, durante dois dias, as equipes da prefeitura e parceiros, para colaborar coletivamente com a equipe do Cities Forward no contexto do projeto de “Revitalização da Bacia Hidrográfica do Igarapé do Mindu”, além de entender como trabalhar em seus componentes para criar um roteiro de implementação.&nbsp;</p>



<p>O programa Cities Forward, financiado pelo Departamento de Estado dos Estados Unidos, tem como objetivo principal auxiliar as 12 cidades latino-americanas participantes, na implementação de soluções que fomentem investimentos em serviços urbanos, promovendo a sustentabilidade, inclusão e resiliência em seus bairros e comunidades.&nbsp;</p>



<p>&nbsp;Essa será a primeira visita técnica da equipe do Cities Forward ao Brasil, e é considerada um marco tanto para o programa quanto para a cidade de Manaus, colocando o projeto “Revitalização da Bacia Hidrográfica do Igarapé do Mindu” em evidência e preparando-o para ser visibilizado em importantes agendas globais de grande relevância, como a COP 16 e a COP 29. &nbsp;</p>



<p><strong>SERVIÇO:&nbsp;</strong></p>



<p><strong>&nbsp;O quê</strong>&nbsp;– Prefeitura de Manaus recebe equipes do programa Cities Forward&nbsp;</p>



<p><strong>Quando</strong>&nbsp;– Quinta-feira, 2/5&nbsp;</p>



<p><strong>Horário</strong>&nbsp;– 10h30&nbsp;</p>



<p><strong>Local</strong>&nbsp;– Casarão da Inovação Cassina &#8211; na rua Bernardo Ramos, no Centro Histórico de Manaus.&nbsp;</p>

<!-- This site is optimized with the Yoast SEO plugin v23.0 - https://yoast.com/wordpress/plugins/seo/ -->
<title>Prefeitura de Manaus recebe visita técnica de equipes do programa Cities Forward</title>
<meta name="description" content="A Prefeitura de Manaus recebe as equipes do programa Cities Forward para uma visita técnica a partir desta quinta-feira, 2/5." />
<meta name="robots" content="index, follow, max-snippet:-1, max-image-preview:large, max-video-preview:-1" />
<link rel="canonical" href="https://www.manaus.am.gov.br/semcom/pautas/visita-citiesforward/" />
<meta property="og:locale" content="pt_BR" />
<meta property="og:type" content="article" />
<meta property="og:title" content="Prefeitura de Manaus recebe visita técnica de equipes do programa Cities Forward" />
<meta property="og:description" content="A Prefeitura de Manaus recebe as equipes do programa Cities Forward para uma visita técnica a partir desta quinta-feira, 2/5." />
<meta property="og:url" content="https://www.manaus.am.gov.br/semcom/pautas/visita-citiesforward/" />
<meta property="og:site_name" content="SEMCOM" />
<meta property="og:image" content="https://www.manaus.am.gov.br/semcom/wp-content/uploads/sites/5/2023/02/sugestaodepauta.png" />
	<meta property="og:image:width" content="1020" />
	<meta property="og:image:height" content="540" />
	<meta property="og:image:type" content="image/png" />
<meta name="twitter:card" content="summary_large_image" />
<meta name="twitter:label1" content="Est. reading time" />
	<meta name="twitter:data1" content="2 minutos" />
<script type="application/ld+json" class="yoast-schema-graph">{"@context":"https://schema.org","@graph":[{"@type":"WebPage","@id":"https://www.manaus.am.gov.br/semcom/pautas/visita-citiesforward/","url":"https://www.manaus.am.gov.br/semcom/pautas/visita-citiesforward/","name":"Prefeitura de Manaus recebe visita técnica de equipes do programa Cities Forward","isPartOf":{"@id":"https://www.manaus.am.gov.br/semcom/#website"},"primaryImageOfPage":{"@id":"https://www.manaus.am.gov.br/semcom/pautas/visita-citiesforward/#primaryimage"},"image":{"@id":"https://www.manaus.am.gov.br/semcom/pautas/visita-citiesforward/#primaryimage"},"thumbnailUrl":"https://www.manaus.am.gov.br/semcom/wp-content/uploads/sites/5/2023/02/sugestaodepauta.png","datePublished":"2024-05-02T12:32:00+00:00","dateModified":"2024-05-02T12:32:00+00:00","description":"A Prefeitura de Manaus recebe as equipes do programa Cities Forward para uma visita técnica a partir desta quinta-feira, 2/5.","inLanguage":"pt-BR","potentialAction":[{"@type":"ReadAction","target":["https://www.manaus.am.gov.br/semcom/pautas/visita-citiesforward/"]}]},{"@type":"ImageObject","inLanguage":"pt-BR","@id":"https://www.manaus.am.gov.br/semcom/pautas/visita-citiesforward/#primaryimage","url":"https://www.manaus.am.gov.br/semcom/wp-content/uploads/sites/5/2023/02/sugestaodepauta.png","contentUrl":"https://www.manaus.am.gov.br/semcom/wp-content/uploads/sites/5/2023/02/sugestaodepauta.png","width":1020,"height":540},{"@type":"WebSite","@id":"https://www.manaus.am.gov.br/semcom/#website","url":"https://www.manaus.am.gov.br/semcom/","name":"SEMCOM","description":"Secretaria Municipal de Comunicação","potentialAction":[{"@type":"SearchAction","target":{"@type":"EntryPoint","urlTemplate":"https://www.manaus.am.gov.br/semcom/?s={search_term_string}"},"query-input":"required name=search_term_string"}],"inLanguage":"pt-BR"}]}</script>
<!-- / Yoast SEO plugin. -->

A Prefeitura de Manaus recebe as equipes do programa Cities Forward para uma visita técnica a partir desta quinta-feira, 2/5.

Secretaria Municipal de Comunicação
