{"id":227869,"date":"2024-04-19T15:03:57","date_gmt":"2024-04-19T18:03:57","guid":{"rendered":"https:\/\/www.manaus.am.gov.br\/semcom\/?post_type=pautas&#038;p=227869"},"modified":"2024-04-19T15:03:57","modified_gmt":"2024-04-19T18:03:57","slug":"campeonato-jiujitsu-paradesporto","status":"publish","type":"pautas","link":"https:\/\/www.manaus.am.gov.br\/semcom\/pautas\/campeonato-jiujitsu-paradesporto\/","title":{"rendered":"Com apoio da prefeitura, Manaus sedia 1\u00ba Campeonato\u00a0Pan-Americano\u00a0de Jiu-Jitsu Paradesportivo neste fim de semana"},"content":{"rendered":"\n<p>A Cidade Sul-Americana do Desporto \u00e9 tamb\u00e9m destaque no paradesporto. Neste fim de semana, nos dias 20 e 21 de abril, Manaus recebe a primeira edi\u00e7\u00e3o do Campeonato Pan-Americano de Jiu-Jitsu Paradesportivo, com apoio da prefeitura, por meio da Funda\u00e7\u00e3o Manaus Esporte (FME). O evento vai acontecer no Centro de Conven\u00e7\u00f5es do Amazonas Vasco Vasques, na avenida Constantino Nery, zona Centro-Oeste, a partir das 10h.&nbsp;<\/p>\n\n\n\n<p>A competi\u00e7\u00e3o \u00e9 organizada pela Federa\u00e7\u00e3o Brasileira de Jiu-Jitsu Paradesportivo (FBJJP) e tem como objetivo fomentar a arte suave, promover a confraterniza\u00e7\u00e3o entre os amantes da modalidade e proporcionar experi\u00eancias \u00fanicas para o p\u00fablico presente. A categoria \u00e9 voltada exclusivamente aos atletas que possuem algum tipo de defici\u00eancia, seja ela f\u00edsica, motora ou cognitiva.<\/p>\n\n\n\n<p>No local, o p\u00fablico tamb\u00e9m poder\u00e1 visitar os estandes com uma grande exposi\u00e7\u00e3o de neg\u00f3cios de paratletas e familiares. A programa\u00e7\u00e3o prev\u00ea lutas sem kimono (NoGi) no s\u00e1bado, e as lutas com kimono (Gi), no domingo.<\/p>\n\n\n\n<p>&nbsp;&#8212; &#8212; &#8212;&nbsp;<\/p>\n\n\n\n<p><strong>SERVI\u00c7O<\/strong>:<\/p>\n\n\n\n<p><strong>O qu\u00ea<\/strong>&nbsp;\u2013 1\u00ba Campeonato Pan-Americano de Jiu-Jitsu Paradesportivo&nbsp;<\/p>\n\n\n\n<p><strong>Quando<\/strong>&nbsp;&#8211; S\u00e1bado, 20\/4&nbsp;<\/p>\n\n\n\n<p><strong>Hor\u00e1rio<\/strong>&nbsp;&#8211; 10h&nbsp;<\/p>\n\n\n\n<p><strong>Local<\/strong>&nbsp;&#8211; Centro de Conven\u00e7\u00f5es do Amazonas Vasco Vasques, na avenida Constantino Nery, n\u00ba 5.001, bairro Flores, zona Centro-Sul de Manaus.&nbsp;<\/p>\n","protected":false},"featured_media":208729,"template":"","categories":[833],"acf":[],"yoast_head":"<!-- This site is optimized with the Yoast SEO plugin v23.0 - https:\/\/yoast.com\/wordpress\/plugins\/seo\/ -->\n<title>Com apoio da prefeitura, Manaus sedia 1\u00ba Campeonato Pan-Americano de Jiu-Jitsu Paradesportivo neste fim de semana<\/title>\n<meta name=\"description\" content=\"A Cidade Sul-Americana do Desporto \u00e9 tamb\u00e9m destaque no paradesporto. Neste fim de semana, nos dias 20 e 21 de abril, Manaus recebe a primeira edi\u00e7\u00e3o do Campeonato Pan-Americano de Jiu-Jitsu Paradesportivo, com apoio da prefeitura, por meio da Funda\u00e7\u00e3o Manaus Esporte (FME). O evento vai acontecer no Centro de Conven\u00e7\u00f5es do Amazonas Vasco Vasques, na avenida Constantino Nery, zona Centro-Oeste, a partir das 10h.\" \/>\n<meta name=\"robots\" content=\"index, follow, max-snippet:-1, max-image-preview:large, max-video-preview:-1\" \/>\n<link rel=\"canonical\" href=\"https:\/\/www.manaus.am.gov.br\/semcom\/pautas\/campeonato-jiujitsu-paradesporto\/\" \/>\n<meta property=\"og:locale\" content=\"pt_BR\" \/>\n<meta property=\"og:type\" content=\"article\" \/>\n<meta property=\"og:title\" content=\"Com apoio da prefeitura, Manaus sedia 1\u00ba Campeonato Pan-Americano de Jiu-Jitsu Paradesportivo neste fim de semana\" \/>\n<meta property=\"og:description\" content=\"A Cidade Sul-Americana do Desporto \u00e9 tamb\u00e9m destaque no paradesporto. Neste fim de semana, nos dias 20 e 21 de abril, Manaus recebe a primeira edi\u00e7\u00e3o do Campeonato Pan-Americano de Jiu-Jitsu Paradesportivo, com apoio da prefeitura, por meio da Funda\u00e7\u00e3o Manaus Esporte (FME). O evento vai acontecer no Centro de Conven\u00e7\u00f5es do Amazonas Vasco Vasques, na avenida Constantino Nery, zona Centro-Oeste, a partir das 10h.\" \/>\n<meta property=\"og:url\" content=\"https:\/\/www.manaus.am.gov.br\/semcom\/pautas\/campeonato-jiujitsu-paradesporto\/\" \/>\n<meta property=\"og:site_name\" content=\"SEMCOM\" \/>\n<meta property=\"og:image\" content=\"https:\/\/www.manaus.am.gov.br\/semcom\/wp-content\/uploads\/sites\/5\/2023\/02\/sugestaodepauta.png\" \/>\n\t<meta property=\"og:image:width\" content=\"1020\" \/>\n\t<meta property=\"og:image:height\" content=\"540\" \/>\n\t<meta property=\"og:image:type\" content=\"image\/png\" \/>\n<meta name=\"twitter:card\" content=\"summary_large_image\" \/>\n<meta name=\"twitter:label1\" content=\"Est. reading time\" \/>\n\t<meta name=\"twitter:data1\" content=\"2 minutos\" \/>\n<script type=\"application\/ld+json\" class=\"yoast-schema-graph\">{\"@context\":\"https:\/\/schema.org\",\"@graph\":[{\"@type\":\"WebPage\",\"@id\":\"https:\/\/www.manaus.am.gov.br\/semcom\/pautas\/campeonato-jiujitsu-paradesporto\/\",\"url\":\"https:\/\/www.manaus.am.gov.br\/semcom\/pautas\/campeonato-jiujitsu-paradesporto\/\",\"name\":\"Com apoio da prefeitura, Manaus sedia 1\u00ba Campeonato Pan-Americano de Jiu-Jitsu Paradesportivo neste fim de semana\",\"isPartOf\":{\"@id\":\"https:\/\/www.manaus.am.gov.br\/semcom\/#website\"},\"primaryImageOfPage\":{\"@id\":\"https:\/\/www.manaus.am.gov.br\/semcom\/pautas\/campeonato-jiujitsu-paradesporto\/#primaryimage\"},\"image\":{\"@id\":\"https:\/\/www.manaus.am.gov.br\/semcom\/pautas\/campeonato-jiujitsu-paradesporto\/#primaryimage\"},\"thumbnailUrl\":\"https:\/\/www.manaus.am.gov.br\/semcom\/wp-content\/uploads\/sites\/5\/2023\/02\/sugestaodepauta.png\",\"datePublished\":\"2024-04-19T18:03:57+00:00\",\"dateModified\":\"2024-04-19T18:03:57+00:00\",\"description\":\"A Cidade Sul-Americana do Desporto \u00e9 tamb\u00e9m destaque no paradesporto. Neste fim de semana, nos dias 20 e 21 de abril, Manaus recebe a primeira edi\u00e7\u00e3o do Campeonato Pan-Americano de Jiu-Jitsu Paradesportivo, com apoio da prefeitura, por meio da Funda\u00e7\u00e3o Manaus Esporte (FME). O evento vai acontecer no Centro de Conven\u00e7\u00f5es do Amazonas Vasco Vasques, na avenida Constantino Nery, zona Centro-Oeste, a partir das 10h.\",\"inLanguage\":\"pt-BR\",\"potentialAction\":[{\"@type\":\"ReadAction\",\"target\":[\"https:\/\/www.manaus.am.gov.br\/semcom\/pautas\/campeonato-jiujitsu-paradesporto\/\"]}]},{\"@type\":\"ImageObject\",\"inLanguage\":\"pt-BR\",\"@id\":\"https:\/\/www.manaus.am.gov.br\/semcom\/pautas\/campeonato-jiujitsu-paradesporto\/#primaryimage\",\"url\":\"https:\/\/www.manaus.am.gov.br\/semcom\/wp-content\/uploads\/sites\/5\/2023\/02\/sugestaodepauta.png\",\"contentUrl\":\"https:\/\/www.manaus.am.gov.br\/semcom\/wp-content\/uploads\/sites\/5\/2023\/02\/sugestaodepauta.png\",\"width\":1020,\"height\":540},{\"@type\":\"WebSite\",\"@id\":\"https:\/\/www.manaus.am.gov.br\/semcom\/#website\",\"url\":\"https:\/\/www.manaus.am.gov.br\/semcom\/\",\"name\":\"SEMCOM\",\"description\":\"Secretaria Municipal de Comunica\u00e7\u00e3o\",\"potentialAction\":[{\"@type\":\"SearchAction\",\"target\":{\"@type\":\"EntryPoint\",\"urlTemplate\":\"https:\/\/www.manaus.am.gov.br\/semcom\/?s={search_term_string}\"},\"query-input\":\"required name=search_term_string\"}],\"inLanguage\":\"pt-BR\"}]}<\/script>\n<!-- \/ Yoast SEO plugin. -->","yoast_head_json":{"title":"Com apoio da prefeitura, Manaus sedia 1\u00ba Campeonato Pan-Americano de Jiu-Jitsu Paradesportivo neste fim de semana","description":"A Cidade Sul-Americana do Desporto \u00e9 tamb\u00e9m destaque no paradesporto. Neste fim de semana, nos dias 20 e 21 de abril, Manaus recebe a primeira edi\u00e7\u00e3o do Campeonato Pan-Americano de Jiu-Jitsu Paradesportivo, com apoio da prefeitura, por meio da Funda\u00e7\u00e3o Manaus Esporte (FME). O evento vai acontecer no Centro de Conven\u00e7\u00f5es do Amazonas Vasco Vasques, na avenida Constantino Nery, zona Centro-Oeste, a partir das 10h.","robots":{"index":"index","follow":"follow","max-snippet":"max-snippet:-1","max-image-preview":"max-image-preview:large","max-video-preview":"max-video-preview:-1"},"canonical":"https:\/\/www.manaus.am.gov.br\/semcom\/pautas\/campeonato-jiujitsu-paradesporto\/","og_locale":"pt_BR","og_type":"article","og_title":"Com apoio da prefeitura, Manaus sedia 1\u00ba Campeonato Pan-Americano de Jiu-Jitsu Paradesportivo neste fim de semana","og_description":"A Cidade Sul-Americana do Desporto \u00e9 tamb\u00e9m destaque no paradesporto. Neste fim de semana, nos dias 20 e 21 de abril, Manaus recebe a primeira edi\u00e7\u00e3o do Campeonato Pan-Americano de Jiu-Jitsu Paradesportivo, com apoio da prefeitura, por meio da Funda\u00e7\u00e3o Manaus Esporte (FME). O evento vai acontecer no Centro de Conven\u00e7\u00f5es do Amazonas Vasco Vasques, na avenida Constantino Nery, zona Centro-Oeste, a partir das 10h.","og_url":"https:\/\/www.manaus.am.gov.br\/semcom\/pautas\/campeonato-jiujitsu-paradesporto\/","og_site_name":"SEMCOM","og_image":[{"width":1020,"height":540,"url":"https:\/\/www.manaus.am.gov.br\/semcom\/wp-content\/uploads\/sites\/5\/2023\/02\/sugestaodepauta.png","type":"image\/png"}],"twitter_card":"summary_large_image","twitter_misc":{"Est. reading time":"2 minutos"},"schema":{"@context":"https:\/\/schema.org","@graph":[{"@type":"WebPage","@id":"https:\/\/www.manaus.am.gov.br\/semcom\/pautas\/campeonato-jiujitsu-paradesporto\/","url":"https:\/\/www.manaus.am.gov.br\/semcom\/pautas\/campeonato-jiujitsu-paradesporto\/","name":"Com apoio da prefeitura, Manaus sedia 1\u00ba Campeonato Pan-Americano de Jiu-Jitsu Paradesportivo neste fim de semana","isPartOf":{"@id":"https:\/\/www.manaus.am.gov.br\/semcom\/#website"},"primaryImageOfPage":{"@id":"https:\/\/www.manaus.am.gov.br\/semcom\/pautas\/campeonato-jiujitsu-paradesporto\/#primaryimage"},"image":{"@id":"https:\/\/www.manaus.am.gov.br\/semcom\/pautas\/campeonato-jiujitsu-paradesporto\/#primaryimage"},"thumbnailUrl":"https:\/\/www.manaus.am.gov.br\/semcom\/wp-content\/uploads\/sites\/5\/2023\/02\/sugestaodepauta.png","datePublished":"2024-04-19T18:03:57+00:00","dateModified":"2024-04-19T18:03:57+00:00","description":"A Cidade Sul-Americana do Desporto \u00e9 tamb\u00e9m destaque no paradesporto. Neste fim de semana, nos dias 20 e 21 de abril, Manaus recebe a primeira edi\u00e7\u00e3o do Campeonato Pan-Americano de Jiu-Jitsu Paradesportivo, com apoio da prefeitura, por meio da Funda\u00e7\u00e3o Manaus Esporte (FME). O evento vai acontecer no Centro de Conven\u00e7\u00f5es do Amazonas Vasco Vasques, na avenida Constantino Nery, zona Centro-Oeste, a partir das 10h.","inLanguage":"pt-BR","potentialAction":[{"@type":"ReadAction","target":["https:\/\/www.manaus.am.gov.br\/semcom\/pautas\/campeonato-jiujitsu-paradesporto\/"]}]},{"@type":"ImageObject","inLanguage":"pt-BR","@id":"https:\/\/www.manaus.am.gov.br\/semcom\/pautas\/campeonato-jiujitsu-paradesporto\/#primaryimage","url":"https:\/\/www.manaus.am.gov.br\/semcom\/wp-content\/uploads\/sites\/5\/2023\/02\/sugestaodepauta.png","contentUrl":"https:\/\/www.manaus.am.gov.br\/semcom\/wp-content\/uploads\/sites\/5\/2023\/02\/sugestaodepauta.png","width":1020,"height":540},{"@type":"WebSite","@id":"https:\/\/www.manaus.am.gov.br\/semcom\/#website","url":"https:\/\/www.manaus.am.gov.br\/semcom\/","name":"SEMCOM","description":"Secretaria Municipal de Comunica\u00e7\u00e3o","potentialAction":[{"@type":"SearchAction","target":{"@type":"EntryPoint","urlTemplate":"https:\/\/www.manaus.am.gov.br\/semcom\/?s={search_term_string}"},"query-input":"required name=search_term_string"}],"inLanguage":"pt-BR"}]}},"_links":{"self":[{"href":"https:\/\/www.manaus.am.gov.br\/semcom\/wp-json\/wp\/v2\/pautas\/227869"}],"collection":[{"href":"https:\/\/www.manaus.am.gov.br\/semcom\/wp-json\/wp\/v2\/pautas"}],"about":[{"href":"https:\/\/www.manaus.am.gov.br\/semcom\/wp-json\/wp\/v2\/types\/pautas"}],"wp:featuredmedia":[{"embeddable":true,"href":"https:\/\/www.manaus.am.gov.br\/semcom\/wp-json\/wp\/v2\/media\/208729"}],"wp:attachment":[{"href":"https:\/\/www.manaus.am.gov.br\/semcom\/wp-json\/wp\/v2\/media?parent=227869"}],"wp:term":[{"taxonomy":"category","embeddable":true,"href":"https:\/\/www.manaus.am.gov.br\/semcom\/wp-json\/wp\/v2\/categories?post=227869"}],"curies":[{"name":"wp","href":"https:\/\/api.w.org\/{rel}","templated":true}]}}

Com apoio da prefeitura, Manaus sedia 1º Campeonato Pan-Americano de Jiu-Jitsu Paradesportivo neste fim de semana

<p>A Cidade Sul-Americana do Desporto é também destaque no paradesporto. Neste fim de semana, nos dias 20 e 21 de abril, Manaus recebe a primeira edição do Campeonato Pan-Americano de Jiu-Jitsu Paradesportivo, com apoio da prefeitura, por meio da Fundação Manaus Esporte (FME). O evento vai acontecer no Centro de Convenções do Amazonas Vasco Vasques, na avenida Constantino Nery, zona Centro-Oeste, a partir das 10h.&nbsp;</p>



<p>A competição é organizada pela Federação Brasileira de Jiu-Jitsu Paradesportivo (FBJJP) e tem como objetivo fomentar a arte suave, promover a confraternização entre os amantes da modalidade e proporcionar experiências únicas para o público presente. A categoria é voltada exclusivamente aos atletas que possuem algum tipo de deficiência, seja ela física, motora ou cognitiva.</p>



<p>No local, o público também poderá visitar os estandes com uma grande exposição de negócios de paratletas e familiares. A programação prevê lutas sem kimono (NoGi) no sábado, e as lutas com kimono (Gi), no domingo.</p>



<p>&nbsp;&#8212; &#8212; &#8212;&nbsp;</p>



<p><strong>SERVIÇO</strong>:</p>



<p><strong>O quê</strong>&nbsp;– 1º Campeonato Pan-Americano de Jiu-Jitsu Paradesportivo&nbsp;</p>



<p><strong>Quando</strong>&nbsp;&#8211; Sábado, 20/4&nbsp;</p>



<p><strong>Horário</strong>&nbsp;&#8211; 10h&nbsp;</p>



<p><strong>Local</strong>&nbsp;&#8211; Centro de Convenções do Amazonas Vasco Vasques, na avenida Constantino Nery, nº 5.001, bairro Flores, zona Centro-Sul de Manaus.&nbsp;</p>

<!-- This site is optimized with the Yoast SEO plugin v23.0 - https://yoast.com/wordpress/plugins/seo/ -->
<title>Com apoio da prefeitura, Manaus sedia 1º Campeonato Pan-Americano de Jiu-Jitsu Paradesportivo neste fim de semana</title>
<meta name="description" content="A Cidade Sul-Americana do Desporto é também destaque no paradesporto. Neste fim de semana, nos dias 20 e 21 de abril, Manaus recebe a primeira edição do Campeonato Pan-Americano de Jiu-Jitsu Paradesportivo, com apoio da prefeitura, por meio da Fundação Manaus Esporte (FME). O evento vai acontecer no Centro de Convenções do Amazonas Vasco Vasques, na avenida Constantino Nery, zona Centro-Oeste, a partir das 10h." />
<meta name="robots" content="index, follow, max-snippet:-1, max-image-preview:large, max-video-preview:-1" />
<link rel="canonical" href="https://www.manaus.am.gov.br/semcom/pautas/campeonato-jiujitsu-paradesporto/" />
<meta property="og:locale" content="pt_BR" />
<meta property="og:type" content="article" />
<meta property="og:title" content="Com apoio da prefeitura, Manaus sedia 1º Campeonato Pan-Americano de Jiu-Jitsu Paradesportivo neste fim de semana" />
<meta property="og:description" content="A Cidade Sul-Americana do Desporto é também destaque no paradesporto. Neste fim de semana, nos dias 20 e 21 de abril, Manaus recebe a primeira edição do Campeonato Pan-Americano de Jiu-Jitsu Paradesportivo, com apoio da prefeitura, por meio da Fundação Manaus Esporte (FME). O evento vai acontecer no Centro de Convenções do Amazonas Vasco Vasques, na avenida Constantino Nery, zona Centro-Oeste, a partir das 10h." />
<meta property="og:url" content="https://www.manaus.am.gov.br/semcom/pautas/campeonato-jiujitsu-paradesporto/" />
<meta property="og:site_name" content="SEMCOM" />
<meta property="og:image" content="https://www.manaus.am.gov.br/semcom/wp-content/uploads/sites/5/2023/02/sugestaodepauta.png" />
	<meta property="og:image:width" content="1020" />
	<meta property="og:image:height" content="540" />
	<meta property="og:image:type" content="image/png" />
<meta name="twitter:card" content="summary_large_image" />
<meta name="twitter:label1" content="Est. reading time" />
	<meta name="twitter:data1" content="2 minutos" />
<script type="application/ld+json" class="yoast-schema-graph">{"@context":"https://schema.org","@graph":[{"@type":"WebPage","@id":"https://www.manaus.am.gov.br/semcom/pautas/campeonato-jiujitsu-paradesporto/","url":"https://www.manaus.am.gov.br/semcom/pautas/campeonato-jiujitsu-paradesporto/","name":"Com apoio da prefeitura, Manaus sedia 1º Campeonato Pan-Americano de Jiu-Jitsu Paradesportivo neste fim de semana","isPartOf":{"@id":"https://www.manaus.am.gov.br/semcom/#website"},"primaryImageOfPage":{"@id":"https://www.manaus.am.gov.br/semcom/pautas/campeonato-jiujitsu-paradesporto/#primaryimage"},"image":{"@id":"https://www.manaus.am.gov.br/semcom/pautas/campeonato-jiujitsu-paradesporto/#primaryimage"},"thumbnailUrl":"https://www.manaus.am.gov.br/semcom/wp-content/uploads/sites/5/2023/02/sugestaodepauta.png","datePublished":"2024-04-19T18:03:57+00:00","dateModified":"2024-04-19T18:03:57+00:00","description":"A Cidade Sul-Americana do Desporto é também destaque no paradesporto. Neste fim de semana, nos dias 20 e 21 de abril, Manaus recebe a primeira edição do Campeonato Pan-Americano de Jiu-Jitsu Paradesportivo, com apoio da prefeitura, por meio da Fundação Manaus Esporte (FME). O evento vai acontecer no Centro de Convenções do Amazonas Vasco Vasques, na avenida Constantino Nery, zona Centro-Oeste, a partir das 10h.","inLanguage":"pt-BR","potentialAction":[{"@type":"ReadAction","target":["https://www.manaus.am.gov.br/semcom/pautas/campeonato-jiujitsu-paradesporto/"]}]},{"@type":"ImageObject","inLanguage":"pt-BR","@id":"https://www.manaus.am.gov.br/semcom/pautas/campeonato-jiujitsu-paradesporto/#primaryimage","url":"https://www.manaus.am.gov.br/semcom/wp-content/uploads/sites/5/2023/02/sugestaodepauta.png","contentUrl":"https://www.manaus.am.gov.br/semcom/wp-content/uploads/sites/5/2023/02/sugestaodepauta.png","width":1020,"height":540},{"@type":"WebSite","@id":"https://www.manaus.am.gov.br/semcom/#website","url":"https://www.manaus.am.gov.br/semcom/","name":"SEMCOM","description":"Secretaria Municipal de Comunicação","potentialAction":[{"@type":"SearchAction","target":{"@type":"EntryPoint","urlTemplate":"https://www.manaus.am.gov.br/semcom/?s={search_term_string}"},"query-input":"required name=search_term_string"}],"inLanguage":"pt-BR"}]}</script>
<!-- / Yoast SEO plugin. -->

Com apoio da prefeitura, Manaus sedia 1º Campeonato Pan-Americano de Jiu-Jitsu Paradesportivo neste fim de semana

A Cidade Sul-Americana do Desporto é também destaque no paradesporto. Neste fim de semana, nos dias 20 e 21 de abril, Manaus recebe a primeira edição do Campeonato Pan-Americano de Jiu-Jitsu Paradesportivo, com apoio da prefeitura, por meio da Fundação Manaus Esporte (FME). O evento vai acontecer no Centro de Convenções do Amazonas Vasco Vasques, na avenida Constantino Nery, zona Centro-Oeste, a partir das 10h.

Secretaria Municipal de Comunicação
