{"id":227677,"date":"2024-04-16T13:21:50","date_gmt":"2024-04-16T16:21:50","guid":{"rendered":"https:\/\/www.manaus.am.gov.br\/semcom\/?post_type=pautas&#038;p=227677"},"modified":"2024-04-16T13:21:51","modified_gmt":"2024-04-16T16:21:51","slug":"fme-manausolimpica-jiujitsu","status":"publish","type":"pautas","link":"https:\/\/www.manaus.am.gov.br\/semcom\/pautas\/fme-manausolimpica-jiujitsu\/","title":{"rendered":"Prefeitura entrega passagens a\u00e9reas a atletas qualificados em seletiva para o Campeonato Brasileiro de Jiu-Jitsu, em S\u00e3o Paulo"},"content":{"rendered":"\n<p>A Prefeitura de Manaus, por meio do programa \u201cManaus Ol\u00edmpica\u201d, da Funda\u00e7\u00e3o Manaus Esporte (FME), realiza, nesta ter\u00e7a-feira, 16\/4, a entrega das passagens a\u00e9reas aos atletas qualificados na seletiva para o Campeonato Brasileiro de Jiu-Jitsu, que acontece em Barueri (SP), de 20 a 28 de abril.&nbsp;O evento ser\u00e1 na Casa de Praia Zezinho Corr\u00eaa, no complexo tur\u00edstico Ponta Negra, a partir das 16h.<\/p>\n\n\n\n<p>A seletiva realizada em mar\u00e7o teve mais de 1.300 inscritos e classificou cem atletas de ambos os naipes e de todas as categorias, que conquistaram a possibilidade de representar a cidade e o Estado na competi\u00e7\u00e3o nacional.<\/p>\n\n\n\n<p>Al\u00e9m das passagens a\u00e9reas, os atletas v\u00e3o receber uma ajuda de custo de mil reais para hospedagem e alimenta\u00e7\u00e3o, durante a estada para a competi\u00e7\u00e3o. O valor ser\u00e1 pago assim que os atletas chegarem em solo paulista.<\/p>\n\n\n\n<p>&nbsp;&#8212; &#8212; &#8212;&nbsp;<\/p>\n\n\n\n<p><strong>SERVI\u00c7O:<\/strong><\/p>\n\n\n\n<p><strong>O qu\u00ea<\/strong>&nbsp;&#8211; Entrega das passagens a\u00e9reas dos qualificados na seletiva de jiu-jitsu para o Campeonato Brasileiro em S\u00e3o Paulo&nbsp;<\/p>\n\n\n\n<p><strong>Quando<\/strong>&nbsp;&#8211; Ter\u00e7a-feira, 16\/4&nbsp;<\/p>\n\n\n\n<p><strong>Hor\u00e1rio<\/strong>&nbsp;&#8211; 16h&nbsp;<\/p>\n\n\n\n<p><strong>Local<\/strong>&nbsp;&#8211; Casa de Praia Zezinho Corr\u00eaa, localizada na avenida Coronel Teixeira, no complexo tur\u00edstico Ponta Negra, zona Oeste da capital.&nbsp;<\/p>\n","protected":false},"featured_media":208729,"template":"","categories":[833],"acf":[],"yoast_head":"<!-- This site is optimized with the Yoast SEO plugin v23.0 - https:\/\/yoast.com\/wordpress\/plugins\/seo\/ -->\n<title>Prefeitura entrega passagens a\u00e9reas a atletas qualificados em seletiva para o Campeonato Brasileiro de Jiu-Jitsu, em S\u00e3o Paulo<\/title>\n<meta name=\"description\" content=\"A Prefeitura de Manaus, por meio do programa \u201cManaus Ol\u00edmpica\u201d, da Funda\u00e7\u00e3o Manaus Esporte (FME), realiza, nesta ter\u00e7a-feira, 16\/4, a entrega das passagens a\u00e9reas aos atletas qualificados na seletiva para o Campeonato Brasileiro de Jiu-Jitsu, que acontece em Barueri (SP), de 20 a 28 de abril. O evento ser\u00e1 na Casa de Praia Zezinho Corr\u00eaa, no complexo tur\u00edstico Ponta Negra, a partir das 16h.\" \/>\n<meta name=\"robots\" content=\"index, follow, max-snippet:-1, max-image-preview:large, max-video-preview:-1\" \/>\n<link rel=\"canonical\" href=\"https:\/\/www.manaus.am.gov.br\/semcom\/pautas\/fme-manausolimpica-jiujitsu\/\" \/>\n<meta property=\"og:locale\" content=\"pt_BR\" \/>\n<meta property=\"og:type\" content=\"article\" \/>\n<meta property=\"og:title\" content=\"Prefeitura entrega passagens a\u00e9reas a atletas qualificados em seletiva para o Campeonato Brasileiro de Jiu-Jitsu, em S\u00e3o Paulo\" \/>\n<meta property=\"og:description\" content=\"A Prefeitura de Manaus, por meio do programa \u201cManaus Ol\u00edmpica\u201d, da Funda\u00e7\u00e3o Manaus Esporte (FME), realiza, nesta ter\u00e7a-feira, 16\/4, a entrega das passagens a\u00e9reas aos atletas qualificados na seletiva para o Campeonato Brasileiro de Jiu-Jitsu, que acontece em Barueri (SP), de 20 a 28 de abril. O evento ser\u00e1 na Casa de Praia Zezinho Corr\u00eaa, no complexo tur\u00edstico Ponta Negra, a partir das 16h.\" \/>\n<meta property=\"og:url\" content=\"https:\/\/www.manaus.am.gov.br\/semcom\/pautas\/fme-manausolimpica-jiujitsu\/\" \/>\n<meta property=\"og:site_name\" content=\"SEMCOM\" \/>\n<meta property=\"article:modified_time\" content=\"2024-04-16T16:21:51+00:00\" \/>\n<meta property=\"og:image\" content=\"https:\/\/www.manaus.am.gov.br\/semcom\/wp-content\/uploads\/sites\/5\/2023\/02\/sugestaodepauta.png\" \/>\n\t<meta property=\"og:image:width\" content=\"1020\" \/>\n\t<meta property=\"og:image:height\" content=\"540\" \/>\n\t<meta property=\"og:image:type\" content=\"image\/png\" \/>\n<meta name=\"twitter:card\" content=\"summary_large_image\" \/>\n<meta name=\"twitter:label1\" content=\"Est. reading time\" \/>\n\t<meta name=\"twitter:data1\" content=\"2 minutos\" \/>\n<script type=\"application\/ld+json\" class=\"yoast-schema-graph\">{\"@context\":\"https:\/\/schema.org\",\"@graph\":[{\"@type\":\"WebPage\",\"@id\":\"https:\/\/www.manaus.am.gov.br\/semcom\/pautas\/fme-manausolimpica-jiujitsu\/\",\"url\":\"https:\/\/www.manaus.am.gov.br\/semcom\/pautas\/fme-manausolimpica-jiujitsu\/\",\"name\":\"Prefeitura entrega passagens a\u00e9reas a atletas qualificados em seletiva para o Campeonato Brasileiro de Jiu-Jitsu, em S\u00e3o Paulo\",\"isPartOf\":{\"@id\":\"https:\/\/www.manaus.am.gov.br\/semcom\/#website\"},\"primaryImageOfPage\":{\"@id\":\"https:\/\/www.manaus.am.gov.br\/semcom\/pautas\/fme-manausolimpica-jiujitsu\/#primaryimage\"},\"image\":{\"@id\":\"https:\/\/www.manaus.am.gov.br\/semcom\/pautas\/fme-manausolimpica-jiujitsu\/#primaryimage\"},\"thumbnailUrl\":\"https:\/\/www.manaus.am.gov.br\/semcom\/wp-content\/uploads\/sites\/5\/2023\/02\/sugestaodepauta.png\",\"datePublished\":\"2024-04-16T16:21:50+00:00\",\"dateModified\":\"2024-04-16T16:21:51+00:00\",\"description\":\"A Prefeitura de Manaus, por meio do programa \u201cManaus Ol\u00edmpica\u201d, da Funda\u00e7\u00e3o Manaus Esporte (FME), realiza, nesta ter\u00e7a-feira, 16\/4, a entrega das passagens a\u00e9reas aos atletas qualificados na seletiva para o Campeonato Brasileiro de Jiu-Jitsu, que acontece em Barueri (SP), de 20 a 28 de abril. O evento ser\u00e1 na Casa de Praia Zezinho Corr\u00eaa, no complexo tur\u00edstico Ponta Negra, a partir das 16h.\",\"inLanguage\":\"pt-BR\",\"potentialAction\":[{\"@type\":\"ReadAction\",\"target\":[\"https:\/\/www.manaus.am.gov.br\/semcom\/pautas\/fme-manausolimpica-jiujitsu\/\"]}]},{\"@type\":\"ImageObject\",\"inLanguage\":\"pt-BR\",\"@id\":\"https:\/\/www.manaus.am.gov.br\/semcom\/pautas\/fme-manausolimpica-jiujitsu\/#primaryimage\",\"url\":\"https:\/\/www.manaus.am.gov.br\/semcom\/wp-content\/uploads\/sites\/5\/2023\/02\/sugestaodepauta.png\",\"contentUrl\":\"https:\/\/www.manaus.am.gov.br\/semcom\/wp-content\/uploads\/sites\/5\/2023\/02\/sugestaodepauta.png\",\"width\":1020,\"height\":540},{\"@type\":\"WebSite\",\"@id\":\"https:\/\/www.manaus.am.gov.br\/semcom\/#website\",\"url\":\"https:\/\/www.manaus.am.gov.br\/semcom\/\",\"name\":\"SEMCOM\",\"description\":\"Secretaria Municipal de Comunica\u00e7\u00e3o\",\"potentialAction\":[{\"@type\":\"SearchAction\",\"target\":{\"@type\":\"EntryPoint\",\"urlTemplate\":\"https:\/\/www.manaus.am.gov.br\/semcom\/?s={search_term_string}\"},\"query-input\":\"required name=search_term_string\"}],\"inLanguage\":\"pt-BR\"}]}<\/script>\n<!-- \/ Yoast SEO plugin. -->","yoast_head_json":{"title":"Prefeitura entrega passagens a\u00e9reas a atletas qualificados em seletiva para o Campeonato Brasileiro de Jiu-Jitsu, em S\u00e3o Paulo","description":"A Prefeitura de Manaus, por meio do programa \u201cManaus Ol\u00edmpica\u201d, da Funda\u00e7\u00e3o Manaus Esporte (FME), realiza, nesta ter\u00e7a-feira, 16\/4, a entrega das passagens a\u00e9reas aos atletas qualificados na seletiva para o Campeonato Brasileiro de Jiu-Jitsu, que acontece em Barueri (SP), de 20 a 28 de abril. O evento ser\u00e1 na Casa de Praia Zezinho Corr\u00eaa, no complexo tur\u00edstico Ponta Negra, a partir das 16h.","robots":{"index":"index","follow":"follow","max-snippet":"max-snippet:-1","max-image-preview":"max-image-preview:large","max-video-preview":"max-video-preview:-1"},"canonical":"https:\/\/www.manaus.am.gov.br\/semcom\/pautas\/fme-manausolimpica-jiujitsu\/","og_locale":"pt_BR","og_type":"article","og_title":"Prefeitura entrega passagens a\u00e9reas a atletas qualificados em seletiva para o Campeonato Brasileiro de Jiu-Jitsu, em S\u00e3o Paulo","og_description":"A Prefeitura de Manaus, por meio do programa \u201cManaus Ol\u00edmpica\u201d, da Funda\u00e7\u00e3o Manaus Esporte (FME), realiza, nesta ter\u00e7a-feira, 16\/4, a entrega das passagens a\u00e9reas aos atletas qualificados na seletiva para o Campeonato Brasileiro de Jiu-Jitsu, que acontece em Barueri (SP), de 20 a 28 de abril. O evento ser\u00e1 na Casa de Praia Zezinho Corr\u00eaa, no complexo tur\u00edstico Ponta Negra, a partir das 16h.","og_url":"https:\/\/www.manaus.am.gov.br\/semcom\/pautas\/fme-manausolimpica-jiujitsu\/","og_site_name":"SEMCOM","article_modified_time":"2024-04-16T16:21:51+00:00","og_image":[{"width":1020,"height":540,"url":"https:\/\/www.manaus.am.gov.br\/semcom\/wp-content\/uploads\/sites\/5\/2023\/02\/sugestaodepauta.png","type":"image\/png"}],"twitter_card":"summary_large_image","twitter_misc":{"Est. reading time":"2 minutos"},"schema":{"@context":"https:\/\/schema.org","@graph":[{"@type":"WebPage","@id":"https:\/\/www.manaus.am.gov.br\/semcom\/pautas\/fme-manausolimpica-jiujitsu\/","url":"https:\/\/www.manaus.am.gov.br\/semcom\/pautas\/fme-manausolimpica-jiujitsu\/","name":"Prefeitura entrega passagens a\u00e9reas a atletas qualificados em seletiva para o Campeonato Brasileiro de Jiu-Jitsu, em S\u00e3o Paulo","isPartOf":{"@id":"https:\/\/www.manaus.am.gov.br\/semcom\/#website"},"primaryImageOfPage":{"@id":"https:\/\/www.manaus.am.gov.br\/semcom\/pautas\/fme-manausolimpica-jiujitsu\/#primaryimage"},"image":{"@id":"https:\/\/www.manaus.am.gov.br\/semcom\/pautas\/fme-manausolimpica-jiujitsu\/#primaryimage"},"thumbnailUrl":"https:\/\/www.manaus.am.gov.br\/semcom\/wp-content\/uploads\/sites\/5\/2023\/02\/sugestaodepauta.png","datePublished":"2024-04-16T16:21:50+00:00","dateModified":"2024-04-16T16:21:51+00:00","description":"A Prefeitura de Manaus, por meio do programa \u201cManaus Ol\u00edmpica\u201d, da Funda\u00e7\u00e3o Manaus Esporte (FME), realiza, nesta ter\u00e7a-feira, 16\/4, a entrega das passagens a\u00e9reas aos atletas qualificados na seletiva para o Campeonato Brasileiro de Jiu-Jitsu, que acontece em Barueri (SP), de 20 a 28 de abril. O evento ser\u00e1 na Casa de Praia Zezinho Corr\u00eaa, no complexo tur\u00edstico Ponta Negra, a partir das 16h.","inLanguage":"pt-BR","potentialAction":[{"@type":"ReadAction","target":["https:\/\/www.manaus.am.gov.br\/semcom\/pautas\/fme-manausolimpica-jiujitsu\/"]}]},{"@type":"ImageObject","inLanguage":"pt-BR","@id":"https:\/\/www.manaus.am.gov.br\/semcom\/pautas\/fme-manausolimpica-jiujitsu\/#primaryimage","url":"https:\/\/www.manaus.am.gov.br\/semcom\/wp-content\/uploads\/sites\/5\/2023\/02\/sugestaodepauta.png","contentUrl":"https:\/\/www.manaus.am.gov.br\/semcom\/wp-content\/uploads\/sites\/5\/2023\/02\/sugestaodepauta.png","width":1020,"height":540},{"@type":"WebSite","@id":"https:\/\/www.manaus.am.gov.br\/semcom\/#website","url":"https:\/\/www.manaus.am.gov.br\/semcom\/","name":"SEMCOM","description":"Secretaria Municipal de Comunica\u00e7\u00e3o","potentialAction":[{"@type":"SearchAction","target":{"@type":"EntryPoint","urlTemplate":"https:\/\/www.manaus.am.gov.br\/semcom\/?s={search_term_string}"},"query-input":"required name=search_term_string"}],"inLanguage":"pt-BR"}]}},"_links":{"self":[{"href":"https:\/\/www.manaus.am.gov.br\/semcom\/wp-json\/wp\/v2\/pautas\/227677"}],"collection":[{"href":"https:\/\/www.manaus.am.gov.br\/semcom\/wp-json\/wp\/v2\/pautas"}],"about":[{"href":"https:\/\/www.manaus.am.gov.br\/semcom\/wp-json\/wp\/v2\/types\/pautas"}],"wp:featuredmedia":[{"embeddable":true,"href":"https:\/\/www.manaus.am.gov.br\/semcom\/wp-json\/wp\/v2\/media\/208729"}],"wp:attachment":[{"href":"https:\/\/www.manaus.am.gov.br\/semcom\/wp-json\/wp\/v2\/media?parent=227677"}],"wp:term":[{"taxonomy":"category","embeddable":true,"href":"https:\/\/www.manaus.am.gov.br\/semcom\/wp-json\/wp\/v2\/categories?post=227677"}],"curies":[{"name":"wp","href":"https:\/\/api.w.org\/{rel}","templated":true}]}}

Prefeitura entrega passagens aéreas a atletas qualificados em seletiva para o Campeonato Brasileiro de Jiu-Jitsu, em São Paulo

<p>A Prefeitura de Manaus, por meio do programa “Manaus Olímpica”, da Fundação Manaus Esporte (FME), realiza, nesta terça-feira, 16/4, a entrega das passagens aéreas aos atletas qualificados na seletiva para o Campeonato Brasileiro de Jiu-Jitsu, que acontece em Barueri (SP), de 20 a 28 de abril.&nbsp;O evento será na Casa de Praia Zezinho Corrêa, no complexo turístico Ponta Negra, a partir das 16h.</p>



<p>A seletiva realizada em março teve mais de 1.300 inscritos e classificou cem atletas de ambos os naipes e de todas as categorias, que conquistaram a possibilidade de representar a cidade e o Estado na competição nacional.</p>



<p>Além das passagens aéreas, os atletas vão receber uma ajuda de custo de mil reais para hospedagem e alimentação, durante a estada para a competição. O valor será pago assim que os atletas chegarem em solo paulista.</p>



<p>&nbsp;&#8212; &#8212; &#8212;&nbsp;</p>



<p><strong>SERVIÇO:</strong></p>



<p><strong>O quê</strong>&nbsp;&#8211; Entrega das passagens aéreas dos qualificados na seletiva de jiu-jitsu para o Campeonato Brasileiro em São Paulo&nbsp;</p>



<p><strong>Quando</strong>&nbsp;&#8211; Terça-feira, 16/4&nbsp;</p>



<p><strong>Horário</strong>&nbsp;&#8211; 16h&nbsp;</p>



<p><strong>Local</strong>&nbsp;&#8211; Casa de Praia Zezinho Corrêa, localizada na avenida Coronel Teixeira, no complexo turístico Ponta Negra, zona Oeste da capital.&nbsp;</p>

<!-- This site is optimized with the Yoast SEO plugin v23.0 - https://yoast.com/wordpress/plugins/seo/ -->
<title>Prefeitura entrega passagens aéreas a atletas qualificados em seletiva para o Campeonato Brasileiro de Jiu-Jitsu, em São Paulo</title>
<meta name="description" content="A Prefeitura de Manaus, por meio do programa “Manaus Olímpica”, da Fundação Manaus Esporte (FME), realiza, nesta terça-feira, 16/4, a entrega das passagens aéreas aos atletas qualificados na seletiva para o Campeonato Brasileiro de Jiu-Jitsu, que acontece em Barueri (SP), de 20 a 28 de abril. O evento será na Casa de Praia Zezinho Corrêa, no complexo turístico Ponta Negra, a partir das 16h." />
<meta name="robots" content="index, follow, max-snippet:-1, max-image-preview:large, max-video-preview:-1" />
<link rel="canonical" href="https://www.manaus.am.gov.br/semcom/pautas/fme-manausolimpica-jiujitsu/" />
<meta property="og:locale" content="pt_BR" />
<meta property="og:type" content="article" />
<meta property="og:title" content="Prefeitura entrega passagens aéreas a atletas qualificados em seletiva para o Campeonato Brasileiro de Jiu-Jitsu, em São Paulo" />
<meta property="og:description" content="A Prefeitura de Manaus, por meio do programa “Manaus Olímpica”, da Fundação Manaus Esporte (FME), realiza, nesta terça-feira, 16/4, a entrega das passagens aéreas aos atletas qualificados na seletiva para o Campeonato Brasileiro de Jiu-Jitsu, que acontece em Barueri (SP), de 20 a 28 de abril. O evento será na Casa de Praia Zezinho Corrêa, no complexo turístico Ponta Negra, a partir das 16h." />
<meta property="og:url" content="https://www.manaus.am.gov.br/semcom/pautas/fme-manausolimpica-jiujitsu/" />
<meta property="og:site_name" content="SEMCOM" />
<meta property="article:modified_time" content="2024-04-16T16:21:51+00:00" />
<meta property="og:image" content="https://www.manaus.am.gov.br/semcom/wp-content/uploads/sites/5/2023/02/sugestaodepauta.png" />
	<meta property="og:image:width" content="1020" />
	<meta property="og:image:height" content="540" />
	<meta property="og:image:type" content="image/png" />
<meta name="twitter:card" content="summary_large_image" />
<meta name="twitter:label1" content="Est. reading time" />
	<meta name="twitter:data1" content="2 minutos" />
<script type="application/ld+json" class="yoast-schema-graph">{"@context":"https://schema.org","@graph":[{"@type":"WebPage","@id":"https://www.manaus.am.gov.br/semcom/pautas/fme-manausolimpica-jiujitsu/","url":"https://www.manaus.am.gov.br/semcom/pautas/fme-manausolimpica-jiujitsu/","name":"Prefeitura entrega passagens aéreas a atletas qualificados em seletiva para o Campeonato Brasileiro de Jiu-Jitsu, em São Paulo","isPartOf":{"@id":"https://www.manaus.am.gov.br/semcom/#website"},"primaryImageOfPage":{"@id":"https://www.manaus.am.gov.br/semcom/pautas/fme-manausolimpica-jiujitsu/#primaryimage"},"image":{"@id":"https://www.manaus.am.gov.br/semcom/pautas/fme-manausolimpica-jiujitsu/#primaryimage"},"thumbnailUrl":"https://www.manaus.am.gov.br/semcom/wp-content/uploads/sites/5/2023/02/sugestaodepauta.png","datePublished":"2024-04-16T16:21:50+00:00","dateModified":"2024-04-16T16:21:51+00:00","description":"A Prefeitura de Manaus, por meio do programa “Manaus Olímpica”, da Fundação Manaus Esporte (FME), realiza, nesta terça-feira, 16/4, a entrega das passagens aéreas aos atletas qualificados na seletiva para o Campeonato Brasileiro de Jiu-Jitsu, que acontece em Barueri (SP), de 20 a 28 de abril. O evento será na Casa de Praia Zezinho Corrêa, no complexo turístico Ponta Negra, a partir das 16h.","inLanguage":"pt-BR","potentialAction":[{"@type":"ReadAction","target":["https://www.manaus.am.gov.br/semcom/pautas/fme-manausolimpica-jiujitsu/"]}]},{"@type":"ImageObject","inLanguage":"pt-BR","@id":"https://www.manaus.am.gov.br/semcom/pautas/fme-manausolimpica-jiujitsu/#primaryimage","url":"https://www.manaus.am.gov.br/semcom/wp-content/uploads/sites/5/2023/02/sugestaodepauta.png","contentUrl":"https://www.manaus.am.gov.br/semcom/wp-content/uploads/sites/5/2023/02/sugestaodepauta.png","width":1020,"height":540},{"@type":"WebSite","@id":"https://www.manaus.am.gov.br/semcom/#website","url":"https://www.manaus.am.gov.br/semcom/","name":"SEMCOM","description":"Secretaria Municipal de Comunicação","potentialAction":[{"@type":"SearchAction","target":{"@type":"EntryPoint","urlTemplate":"https://www.manaus.am.gov.br/semcom/?s={search_term_string}"},"query-input":"required name=search_term_string"}],"inLanguage":"pt-BR"}]}</script>
<!-- / Yoast SEO plugin. -->

A Prefeitura de Manaus, por meio do programa “Manaus Olímpica”, da Fundação Manaus Esporte (FME), realiza, nesta terça-feira, 16/4, a entrega das passagens aéreas aos atletas qualificados na seletiva para o Campeonato Brasileiro de Jiu-Jitsu, que acontece em Barueri (SP), de 20 a 28 de abril. O evento será na Casa de Praia Zezinho Corrêa, no complexo turístico Ponta Negra, a partir das 16h.

Secretaria Municipal de Comunicação
