{"id":226518,"date":"2024-03-18T10:49:03","date_gmt":"2024-03-18T13:49:03","guid":{"rendered":"https:\/\/www.manaus.am.gov.br\/semcom\/?post_type=pautas&#038;p=226518"},"modified":"2024-03-18T10:49:03","modified_gmt":"2024-03-18T13:49:03","slug":"aulao-englishmanaus","status":"publish","type":"pautas","link":"https:\/\/www.manaus.am.gov.br\/semcom\/pautas\/aulao-englishmanaus\/","title":{"rendered":"Prefeitura de Manaus promove quarto e \u00faltimo \u2018aul\u00e3o\u2019 do programa\u00a0\u2018English\u00a0Manaus\u2019"},"content":{"rendered":"\n<p>A Prefeitura de Manaus, por meio da Secretaria Municipal do Trabalho, Empreendedorismo e Inova\u00e7\u00e3o (Semtepi) e do Fundo Municipal do Trabalho, Empreendedorismo e Inova\u00e7\u00e3o (Fumipeq), promove, nesta ter\u00e7a-feira, 19\/3,&nbsp;\u00e0s&nbsp;19h<strong>,<\/strong>&nbsp;o quarto e \u00faltimo \u201caul\u00e3o\u201d do programa \u201cEnglish&nbsp;Manaus\u201d, no Centro de Conven\u00e7\u00f5es Vasco Vasques, localizado na&nbsp;<a href=\"https:\/\/www.google.com\/maps\/search\/Constantino+Nery,+n%C2%BA+5.001?entry=gmail&amp;source=g\" target=\"_blank\" rel=\"noreferrer noopener\">Constantino Nery, n\u00ba 5.001<\/a>, no bairro Flores, zona Centro-Sul da capital.<\/p>\n\n\n\n<p>O programa de incentivo ao empreendedorismo, que beneficiou mais de dois mil alunos com aulas de ingl\u00eas, tem o objetivo de capacitar os participantes, com foco no turismo e na economia local, al\u00e9m de fortalecer o poder da l\u00edngua inglesa como ferramenta de trabalho.<\/p>\n\n\n\n<p>O programa \u00e9 executado pela Federa\u00e7\u00e3o Amazonense de E-sports (Faesp) e conta com uma metodologia adaptada para vis\u00e3o de mercado empreendedor. O ensino, tamb\u00e9m aconteceu em formato on-line, com conte\u00fado dividido em quatro m\u00f3dulos e a dura\u00e7\u00e3o de 200 horas, em aproximadamente dez meses. Com direito \u00e0 certifica\u00e7\u00e3o no fim do curso, a aula vai encerrar \u00e0s 21h.<\/p>\n\n\n\n<p><strong>SERVI\u00c7O:<\/strong><\/p>\n\n\n\n<p><strong>O qu\u00ea &#8211;&nbsp;<\/strong>\u00daltimo \u2018aul\u00e3o\u2019 do programa \u201cEnglish&nbsp;Manaus\u201d<\/p>\n\n\n\n<p><strong>Quando &#8211;&nbsp;<\/strong>Ter\u00e7a-feira, 19\/3<\/p>\n\n\n\n<p><strong>Hor\u00e1rio &#8211;&nbsp;<\/strong>19h<\/p>\n\n\n\n<p><strong>Local &#8211;&nbsp;<\/strong>Centro de Conven\u00e7\u00f5es Vasco Vasques, localizado na&nbsp;<a href=\"https:\/\/www.google.com\/maps\/search\/Constantino+Nery,+n%C2%BA+5.001?entry=gmail&amp;source=g\" target=\"_blank\" rel=\"noreferrer noopener\">Constantino Nery, n\u00ba 5.001<\/a>, no bairro Flores, zona Centro-Sul da capital.<\/p>\n","protected":false},"featured_media":208729,"template":"","categories":[806],"acf":[],"yoast_head":"<!-- This site is optimized with the Yoast SEO plugin v23.0 - https:\/\/yoast.com\/wordpress\/plugins\/seo\/ -->\n<title>Prefeitura de Manaus promove quarto e \u00faltimo \u2018aul\u00e3o\u2019 do programa\u00a0\u2018English\u00a0Manaus\u2019<\/title>\n<meta name=\"description\" content=\"A Prefeitura de Manaus, por meio da Secretaria Municipal do Trabalho, Empreendedorismo e Inova\u00e7\u00e3o (Semtepi) e do Fundo Municipal do Trabalho, Empreendedorismo e Inova\u00e7\u00e3o (Fumipeq), promove, nesta ter\u00e7a-feira, 19\/3,\u00a0\u00e0s\u00a019h,\u00a0o quarto e \u00faltimo \u201caul\u00e3o\u201d do programa \u201cEnglish\u00a0Manaus\u201d, no Centro de Conven\u00e7\u00f5es Vasco Vasques, localizado na\u00a0Constantino Nery, n\u00ba 5.001, no bairro Flores, zona Centro-Sul da capital.\" \/>\n<meta name=\"robots\" content=\"index, follow, max-snippet:-1, max-image-preview:large, max-video-preview:-1\" \/>\n<link rel=\"canonical\" href=\"https:\/\/www.manaus.am.gov.br\/semcom\/pautas\/aulao-englishmanaus\/\" \/>\n<meta property=\"og:locale\" content=\"pt_BR\" \/>\n<meta property=\"og:type\" content=\"article\" \/>\n<meta property=\"og:title\" content=\"Prefeitura de Manaus promove quarto e \u00faltimo \u2018aul\u00e3o\u2019 do programa\u00a0\u2018English\u00a0Manaus\u2019\" \/>\n<meta property=\"og:description\" content=\"A Prefeitura de Manaus, por meio da Secretaria Municipal do Trabalho, Empreendedorismo e Inova\u00e7\u00e3o (Semtepi) e do Fundo Municipal do Trabalho, Empreendedorismo e Inova\u00e7\u00e3o (Fumipeq), promove, nesta ter\u00e7a-feira, 19\/3,\u00a0\u00e0s\u00a019h,\u00a0o quarto e \u00faltimo \u201caul\u00e3o\u201d do programa \u201cEnglish\u00a0Manaus\u201d, no Centro de Conven\u00e7\u00f5es Vasco Vasques, localizado na\u00a0Constantino Nery, n\u00ba 5.001, no bairro Flores, zona Centro-Sul da capital.\" \/>\n<meta property=\"og:url\" content=\"https:\/\/www.manaus.am.gov.br\/semcom\/pautas\/aulao-englishmanaus\/\" \/>\n<meta property=\"og:site_name\" content=\"SEMCOM\" \/>\n<meta property=\"og:image\" content=\"https:\/\/www.manaus.am.gov.br\/semcom\/wp-content\/uploads\/sites\/5\/2023\/02\/sugestaodepauta.png\" \/>\n\t<meta property=\"og:image:width\" content=\"1020\" \/>\n\t<meta property=\"og:image:height\" content=\"540\" \/>\n\t<meta property=\"og:image:type\" content=\"image\/png\" \/>\n<meta name=\"twitter:card\" content=\"summary_large_image\" \/>\n<meta name=\"twitter:label1\" content=\"Est. reading time\" \/>\n\t<meta name=\"twitter:data1\" content=\"2 minutos\" \/>\n<script type=\"application\/ld+json\" class=\"yoast-schema-graph\">{\"@context\":\"https:\/\/schema.org\",\"@graph\":[{\"@type\":\"WebPage\",\"@id\":\"https:\/\/www.manaus.am.gov.br\/semcom\/pautas\/aulao-englishmanaus\/\",\"url\":\"https:\/\/www.manaus.am.gov.br\/semcom\/pautas\/aulao-englishmanaus\/\",\"name\":\"Prefeitura de Manaus promove quarto e \u00faltimo \u2018aul\u00e3o\u2019 do programa\u00a0\u2018English\u00a0Manaus\u2019\",\"isPartOf\":{\"@id\":\"https:\/\/www.manaus.am.gov.br\/semcom\/#website\"},\"primaryImageOfPage\":{\"@id\":\"https:\/\/www.manaus.am.gov.br\/semcom\/pautas\/aulao-englishmanaus\/#primaryimage\"},\"image\":{\"@id\":\"https:\/\/www.manaus.am.gov.br\/semcom\/pautas\/aulao-englishmanaus\/#primaryimage\"},\"thumbnailUrl\":\"https:\/\/www.manaus.am.gov.br\/semcom\/wp-content\/uploads\/sites\/5\/2023\/02\/sugestaodepauta.png\",\"datePublished\":\"2024-03-18T13:49:03+00:00\",\"dateModified\":\"2024-03-18T13:49:03+00:00\",\"description\":\"A Prefeitura de Manaus, por meio da Secretaria Municipal do Trabalho, Empreendedorismo e Inova\u00e7\u00e3o (Semtepi) e do Fundo Municipal do Trabalho, Empreendedorismo e Inova\u00e7\u00e3o (Fumipeq), promove, nesta ter\u00e7a-feira, 19\/3,\u00a0\u00e0s\u00a019h,\u00a0o quarto e \u00faltimo \u201caul\u00e3o\u201d do programa \u201cEnglish\u00a0Manaus\u201d, no Centro de Conven\u00e7\u00f5es Vasco Vasques, localizado na\u00a0Constantino Nery, n\u00ba 5.001, no bairro Flores, zona Centro-Sul da capital.\",\"inLanguage\":\"pt-BR\",\"potentialAction\":[{\"@type\":\"ReadAction\",\"target\":[\"https:\/\/www.manaus.am.gov.br\/semcom\/pautas\/aulao-englishmanaus\/\"]}]},{\"@type\":\"ImageObject\",\"inLanguage\":\"pt-BR\",\"@id\":\"https:\/\/www.manaus.am.gov.br\/semcom\/pautas\/aulao-englishmanaus\/#primaryimage\",\"url\":\"https:\/\/www.manaus.am.gov.br\/semcom\/wp-content\/uploads\/sites\/5\/2023\/02\/sugestaodepauta.png\",\"contentUrl\":\"https:\/\/www.manaus.am.gov.br\/semcom\/wp-content\/uploads\/sites\/5\/2023\/02\/sugestaodepauta.png\",\"width\":1020,\"height\":540},{\"@type\":\"WebSite\",\"@id\":\"https:\/\/www.manaus.am.gov.br\/semcom\/#website\",\"url\":\"https:\/\/www.manaus.am.gov.br\/semcom\/\",\"name\":\"SEMCOM\",\"description\":\"Secretaria Municipal de Comunica\u00e7\u00e3o\",\"potentialAction\":[{\"@type\":\"SearchAction\",\"target\":{\"@type\":\"EntryPoint\",\"urlTemplate\":\"https:\/\/www.manaus.am.gov.br\/semcom\/?s={search_term_string}\"},\"query-input\":\"required name=search_term_string\"}],\"inLanguage\":\"pt-BR\"}]}<\/script>\n<!-- \/ Yoast SEO plugin. -->","yoast_head_json":{"title":"Prefeitura de Manaus promove quarto e \u00faltimo \u2018aul\u00e3o\u2019 do programa\u00a0\u2018English\u00a0Manaus\u2019","description":"A Prefeitura de Manaus, por meio da Secretaria Municipal do Trabalho, Empreendedorismo e Inova\u00e7\u00e3o (Semtepi) e do Fundo Municipal do Trabalho, Empreendedorismo e Inova\u00e7\u00e3o (Fumipeq), promove, nesta ter\u00e7a-feira, 19\/3,\u00a0\u00e0s\u00a019h,\u00a0o quarto e \u00faltimo \u201caul\u00e3o\u201d do programa \u201cEnglish\u00a0Manaus\u201d, no Centro de Conven\u00e7\u00f5es Vasco Vasques, localizado na\u00a0Constantino Nery, n\u00ba 5.001, no bairro Flores, zona Centro-Sul da capital.","robots":{"index":"index","follow":"follow","max-snippet":"max-snippet:-1","max-image-preview":"max-image-preview:large","max-video-preview":"max-video-preview:-1"},"canonical":"https:\/\/www.manaus.am.gov.br\/semcom\/pautas\/aulao-englishmanaus\/","og_locale":"pt_BR","og_type":"article","og_title":"Prefeitura de Manaus promove quarto e \u00faltimo \u2018aul\u00e3o\u2019 do programa\u00a0\u2018English\u00a0Manaus\u2019","og_description":"A Prefeitura de Manaus, por meio da Secretaria Municipal do Trabalho, Empreendedorismo e Inova\u00e7\u00e3o (Semtepi) e do Fundo Municipal do Trabalho, Empreendedorismo e Inova\u00e7\u00e3o (Fumipeq), promove, nesta ter\u00e7a-feira, 19\/3,\u00a0\u00e0s\u00a019h,\u00a0o quarto e \u00faltimo \u201caul\u00e3o\u201d do programa \u201cEnglish\u00a0Manaus\u201d, no Centro de Conven\u00e7\u00f5es Vasco Vasques, localizado na\u00a0Constantino Nery, n\u00ba 5.001, no bairro Flores, zona Centro-Sul da capital.","og_url":"https:\/\/www.manaus.am.gov.br\/semcom\/pautas\/aulao-englishmanaus\/","og_site_name":"SEMCOM","og_image":[{"width":1020,"height":540,"url":"https:\/\/www.manaus.am.gov.br\/semcom\/wp-content\/uploads\/sites\/5\/2023\/02\/sugestaodepauta.png","type":"image\/png"}],"twitter_card":"summary_large_image","twitter_misc":{"Est. reading time":"2 minutos"},"schema":{"@context":"https:\/\/schema.org","@graph":[{"@type":"WebPage","@id":"https:\/\/www.manaus.am.gov.br\/semcom\/pautas\/aulao-englishmanaus\/","url":"https:\/\/www.manaus.am.gov.br\/semcom\/pautas\/aulao-englishmanaus\/","name":"Prefeitura de Manaus promove quarto e \u00faltimo \u2018aul\u00e3o\u2019 do programa\u00a0\u2018English\u00a0Manaus\u2019","isPartOf":{"@id":"https:\/\/www.manaus.am.gov.br\/semcom\/#website"},"primaryImageOfPage":{"@id":"https:\/\/www.manaus.am.gov.br\/semcom\/pautas\/aulao-englishmanaus\/#primaryimage"},"image":{"@id":"https:\/\/www.manaus.am.gov.br\/semcom\/pautas\/aulao-englishmanaus\/#primaryimage"},"thumbnailUrl":"https:\/\/www.manaus.am.gov.br\/semcom\/wp-content\/uploads\/sites\/5\/2023\/02\/sugestaodepauta.png","datePublished":"2024-03-18T13:49:03+00:00","dateModified":"2024-03-18T13:49:03+00:00","description":"A Prefeitura de Manaus, por meio da Secretaria Municipal do Trabalho, Empreendedorismo e Inova\u00e7\u00e3o (Semtepi) e do Fundo Municipal do Trabalho, Empreendedorismo e Inova\u00e7\u00e3o (Fumipeq), promove, nesta ter\u00e7a-feira, 19\/3,\u00a0\u00e0s\u00a019h,\u00a0o quarto e \u00faltimo \u201caul\u00e3o\u201d do programa \u201cEnglish\u00a0Manaus\u201d, no Centro de Conven\u00e7\u00f5es Vasco Vasques, localizado na\u00a0Constantino Nery, n\u00ba 5.001, no bairro Flores, zona Centro-Sul da capital.","inLanguage":"pt-BR","potentialAction":[{"@type":"ReadAction","target":["https:\/\/www.manaus.am.gov.br\/semcom\/pautas\/aulao-englishmanaus\/"]}]},{"@type":"ImageObject","inLanguage":"pt-BR","@id":"https:\/\/www.manaus.am.gov.br\/semcom\/pautas\/aulao-englishmanaus\/#primaryimage","url":"https:\/\/www.manaus.am.gov.br\/semcom\/wp-content\/uploads\/sites\/5\/2023\/02\/sugestaodepauta.png","contentUrl":"https:\/\/www.manaus.am.gov.br\/semcom\/wp-content\/uploads\/sites\/5\/2023\/02\/sugestaodepauta.png","width":1020,"height":540},{"@type":"WebSite","@id":"https:\/\/www.manaus.am.gov.br\/semcom\/#website","url":"https:\/\/www.manaus.am.gov.br\/semcom\/","name":"SEMCOM","description":"Secretaria Municipal de Comunica\u00e7\u00e3o","potentialAction":[{"@type":"SearchAction","target":{"@type":"EntryPoint","urlTemplate":"https:\/\/www.manaus.am.gov.br\/semcom\/?s={search_term_string}"},"query-input":"required name=search_term_string"}],"inLanguage":"pt-BR"}]}},"_links":{"self":[{"href":"https:\/\/www.manaus.am.gov.br\/semcom\/wp-json\/wp\/v2\/pautas\/226518"}],"collection":[{"href":"https:\/\/www.manaus.am.gov.br\/semcom\/wp-json\/wp\/v2\/pautas"}],"about":[{"href":"https:\/\/www.manaus.am.gov.br\/semcom\/wp-json\/wp\/v2\/types\/pautas"}],"wp:featuredmedia":[{"embeddable":true,"href":"https:\/\/www.manaus.am.gov.br\/semcom\/wp-json\/wp\/v2\/media\/208729"}],"wp:attachment":[{"href":"https:\/\/www.manaus.am.gov.br\/semcom\/wp-json\/wp\/v2\/media?parent=226518"}],"wp:term":[{"taxonomy":"category","embeddable":true,"href":"https:\/\/www.manaus.am.gov.br\/semcom\/wp-json\/wp\/v2\/categories?post=226518"}],"curies":[{"name":"wp","href":"https:\/\/api.w.org\/{rel}","templated":true}]}}

Prefeitura de Manaus promove quarto e último ‘aulão’ do programa ‘English Manaus’

<p>A Prefeitura de Manaus, por meio da Secretaria Municipal do Trabalho, Empreendedorismo e Inovação (Semtepi) e do Fundo Municipal do Trabalho, Empreendedorismo e Inovação (Fumipeq), promove, nesta terça-feira, 19/3,&nbsp;às&nbsp;19h<strong>,</strong>&nbsp;o quarto e último “aulão” do programa “English&nbsp;Manaus”, no Centro de Convenções Vasco Vasques, localizado na&nbsp;<a href="https://www.google.com/maps/search/Constantino+Nery,+n%C2%BA+5.001?entry=gmail&amp;source=g" target="_blank" rel="noreferrer noopener">Constantino Nery, nº 5.001</a>, no bairro Flores, zona Centro-Sul da capital.</p>



<p>O programa de incentivo ao empreendedorismo, que beneficiou mais de dois mil alunos com aulas de inglês, tem o objetivo de capacitar os participantes, com foco no turismo e na economia local, além de fortalecer o poder da língua inglesa como ferramenta de trabalho.</p>



<p>O programa é executado pela Federação Amazonense de E-sports (Faesp) e conta com uma metodologia adaptada para visão de mercado empreendedor. O ensino, também aconteceu em formato on-line, com conteúdo dividido em quatro módulos e a duração de 200 horas, em aproximadamente dez meses. Com direito à certificação no fim do curso, a aula vai encerrar às 21h.</p>



<p><strong>SERVIÇO:</strong></p>



<p><strong>O quê &#8211;&nbsp;</strong>Último ‘aulão’ do programa “English&nbsp;Manaus”</p>



<p><strong>Quando &#8211;&nbsp;</strong>Terça-feira, 19/3</p>



<p><strong>Horário &#8211;&nbsp;</strong>19h</p>



<p><strong>Local &#8211;&nbsp;</strong>Centro de Convenções Vasco Vasques, localizado na&nbsp;<a href="https://www.google.com/maps/search/Constantino+Nery,+n%C2%BA+5.001?entry=gmail&amp;source=g" target="_blank" rel="noreferrer noopener">Constantino Nery, nº 5.001</a>, no bairro Flores, zona Centro-Sul da capital.</p>

<!-- This site is optimized with the Yoast SEO plugin v23.0 - https://yoast.com/wordpress/plugins/seo/ -->
<title>Prefeitura de Manaus promove quarto e último ‘aulão’ do programa ‘English Manaus’</title>
<meta name="description" content="A Prefeitura de Manaus, por meio da Secretaria Municipal do Trabalho, Empreendedorismo e Inovação (Semtepi) e do Fundo Municipal do Trabalho, Empreendedorismo e Inovação (Fumipeq), promove, nesta terça-feira, 19/3, às 19h, o quarto e último “aulão” do programa “English Manaus”, no Centro de Convenções Vasco Vasques, localizado na Constantino Nery, nº 5.001, no bairro Flores, zona Centro-Sul da capital." />
<meta name="robots" content="index, follow, max-snippet:-1, max-image-preview:large, max-video-preview:-1" />
<link rel="canonical" href="https://www.manaus.am.gov.br/semcom/pautas/aulao-englishmanaus/" />
<meta property="og:locale" content="pt_BR" />
<meta property="og:type" content="article" />
<meta property="og:title" content="Prefeitura de Manaus promove quarto e último ‘aulão’ do programa ‘English Manaus’" />
<meta property="og:description" content="A Prefeitura de Manaus, por meio da Secretaria Municipal do Trabalho, Empreendedorismo e Inovação (Semtepi) e do Fundo Municipal do Trabalho, Empreendedorismo e Inovação (Fumipeq), promove, nesta terça-feira, 19/3, às 19h, o quarto e último “aulão” do programa “English Manaus”, no Centro de Convenções Vasco Vasques, localizado na Constantino Nery, nº 5.001, no bairro Flores, zona Centro-Sul da capital." />
<meta property="og:url" content="https://www.manaus.am.gov.br/semcom/pautas/aulao-englishmanaus/" />
<meta property="og:site_name" content="SEMCOM" />
<meta property="og:image" content="https://www.manaus.am.gov.br/semcom/wp-content/uploads/sites/5/2023/02/sugestaodepauta.png" />
	<meta property="og:image:width" content="1020" />
	<meta property="og:image:height" content="540" />
	<meta property="og:image:type" content="image/png" />
<meta name="twitter:card" content="summary_large_image" />
<meta name="twitter:label1" content="Est. reading time" />
	<meta name="twitter:data1" content="2 minutos" />
<script type="application/ld+json" class="yoast-schema-graph">{"@context":"https://schema.org","@graph":[{"@type":"WebPage","@id":"https://www.manaus.am.gov.br/semcom/pautas/aulao-englishmanaus/","url":"https://www.manaus.am.gov.br/semcom/pautas/aulao-englishmanaus/","name":"Prefeitura de Manaus promove quarto e último ‘aulão’ do programa ‘English Manaus’","isPartOf":{"@id":"https://www.manaus.am.gov.br/semcom/#website"},"primaryImageOfPage":{"@id":"https://www.manaus.am.gov.br/semcom/pautas/aulao-englishmanaus/#primaryimage"},"image":{"@id":"https://www.manaus.am.gov.br/semcom/pautas/aulao-englishmanaus/#primaryimage"},"thumbnailUrl":"https://www.manaus.am.gov.br/semcom/wp-content/uploads/sites/5/2023/02/sugestaodepauta.png","datePublished":"2024-03-18T13:49:03+00:00","dateModified":"2024-03-18T13:49:03+00:00","description":"A Prefeitura de Manaus, por meio da Secretaria Municipal do Trabalho, Empreendedorismo e Inovação (Semtepi) e do Fundo Municipal do Trabalho, Empreendedorismo e Inovação (Fumipeq), promove, nesta terça-feira, 19/3, às 19h, o quarto e último “aulão” do programa “English Manaus”, no Centro de Convenções Vasco Vasques, localizado na Constantino Nery, nº 5.001, no bairro Flores, zona Centro-Sul da capital.","inLanguage":"pt-BR","potentialAction":[{"@type":"ReadAction","target":["https://www.manaus.am.gov.br/semcom/pautas/aulao-englishmanaus/"]}]},{"@type":"ImageObject","inLanguage":"pt-BR","@id":"https://www.manaus.am.gov.br/semcom/pautas/aulao-englishmanaus/#primaryimage","url":"https://www.manaus.am.gov.br/semcom/wp-content/uploads/sites/5/2023/02/sugestaodepauta.png","contentUrl":"https://www.manaus.am.gov.br/semcom/wp-content/uploads/sites/5/2023/02/sugestaodepauta.png","width":1020,"height":540},{"@type":"WebSite","@id":"https://www.manaus.am.gov.br/semcom/#website","url":"https://www.manaus.am.gov.br/semcom/","name":"SEMCOM","description":"Secretaria Municipal de Comunicação","potentialAction":[{"@type":"SearchAction","target":{"@type":"EntryPoint","urlTemplate":"https://www.manaus.am.gov.br/semcom/?s={search_term_string}"},"query-input":"required name=search_term_string"}],"inLanguage":"pt-BR"}]}</script>
<!-- / Yoast SEO plugin. -->

A Prefeitura de Manaus, por meio da Secretaria Municipal do Trabalho, Empreendedorismo e Inovação (Semtepi) e do Fundo Municipal do Trabalho, Empreendedorismo e Inovação (Fumipeq), promove, nesta terça-feira, 19/3, às 19h, o quarto e último “aulão” do programa “English Manaus”, no Centro de Convenções Vasco Vasques, localizado na Constantino Nery, nº 5.001, no bairro Flores, zona Centro-Sul da capital.

Secretaria Municipal de Comunicação
