{"id":224788,"date":"2024-01-29T18:25:17","date_gmt":"2024-01-29T21:25:17","guid":{"rendered":"https:\/\/www.manaus.am.gov.br\/semcom\/?post_type=pautas&#038;p=224788"},"modified":"2024-01-29T18:33:26","modified_gmt":"2024-01-29T21:33:26","slug":"prefeitura-implanta-ecobarreiras-em-igarape-na-zona-leste-de-manaus","status":"publish","type":"pautas","link":"https:\/\/www.manaus.am.gov.br\/semcom\/pautas\/prefeitura-implanta-ecobarreiras-em-igarape-na-zona-leste-de-manaus\/","title":{"rendered":"Prefeitura implanta ecobarreiras em Igarap\u00e9 na zona leste de Manaus"},"content":{"rendered":"\n<p>A Prefeitura de Manaus lan\u00e7a, nesta ter\u00e7a-feira, 30\/1, \u00e0s 10h, uma grande a\u00e7\u00e3o de coleta de res\u00edduos s\u00f3lidos retirados via ecobarreira implantada no igarap\u00e9 entre as avenidas Beira-Rio e Beira-Mar, no bairro Coroado, na zona Leste.<\/p>\n\n\n\n<p>A iniciativa \u00e9 um projeto-piloto de limpeza e preserva\u00e7\u00e3o dos igarap\u00e9s da cidade e tem atua\u00e7\u00e3o integrada das secretarias do Meio Ambiente, Sustentabilidade e Mudan\u00e7a do Clima (Semmasclima), de Limpeza P\u00fablica (Semulsp), de Infraestrutura (Seminf), de Abastecimento, Centro e Com\u00e9rcio Informal (Semacc), de Educa\u00e7\u00e3o (Semed) e de Comunica\u00e7\u00e3o (Semcom). O objetivo \u00e9 filtrar os poluentes das \u00e1guas sem uso de produtos qu\u00edmicos e recolher o lixo flutuante dos igarap\u00e9s.<\/p>\n\n\n\n<p>A a\u00e7\u00e3o vai contar com atividades coordenadas pelo Conselho Gestor, com apoio da Semmasclima, com plantio e reflorestamento; Semed, com programas educacionais de conscientiza\u00e7\u00e3o e de (Semacc), com ordenamento de vendedores ambulantes.<\/p>\n\n\n\n<p><strong>SERVI\u00c7O:<\/strong><\/p>\n\n\n\n<p><strong>O qu\u00ea<\/strong> \u2013 Prefeitura realiza grande a\u00e7\u00e3o de coleta de res\u00edduos s\u00f3lidos retirados por meio da ecobarreira instalada na zona leste<\/p>\n\n\n\n<p><strong>Quando<\/strong> \u2013 Ter\u00e7a-feira, 30\/1<\/p>\n\n\n\n<p><strong>Hor\u00e1rio<\/strong> \u2013 10h<\/p>\n\n\n\n<p><strong>Local<\/strong> \u2013 Igarap\u00e9 entre as avenidas Beira-Rio e Beira-Mar, bairro Coroado,&nbsp;na&nbsp;zona&nbsp;Leste<\/p>\n","protected":false},"featured_media":208729,"template":"","categories":[114],"acf":[],"yoast_head":"<!-- This site is optimized with the Yoast SEO plugin v23.0 - https:\/\/yoast.com\/wordpress\/plugins\/seo\/ -->\n<title>Prefeitura implanta ecobarreiras em Igarap\u00e9 na zona leste<\/title>\n<meta name=\"description\" content=\"A Prefeitura de Manaus lan\u00e7a, nesta ter\u00e7a-feira, 30\/1, a\u00e7\u00e3o de coleta de res\u00edduos s\u00f3lidos retirados via ecobarreira em igarap\u00e9 no Coroado\" \/>\n<meta name=\"robots\" content=\"index, follow, max-snippet:-1, max-image-preview:large, max-video-preview:-1\" \/>\n<link rel=\"canonical\" href=\"https:\/\/www.manaus.am.gov.br\/semcom\/pautas\/prefeitura-implanta-ecobarreiras-em-igarape-na-zona-leste-de-manaus\/\" \/>\n<meta property=\"og:locale\" content=\"pt_BR\" \/>\n<meta property=\"og:type\" content=\"article\" \/>\n<meta property=\"og:title\" content=\"Prefeitura implanta ecobarreiras em Igarap\u00e9 na zona leste\" \/>\n<meta property=\"og:description\" content=\"A Prefeitura de Manaus lan\u00e7a, nesta ter\u00e7a-feira, 30\/1, a\u00e7\u00e3o de coleta de res\u00edduos s\u00f3lidos retirados via ecobarreira em igarap\u00e9 no Coroado\" \/>\n<meta property=\"og:url\" content=\"https:\/\/www.manaus.am.gov.br\/semcom\/pautas\/prefeitura-implanta-ecobarreiras-em-igarape-na-zona-leste-de-manaus\/\" \/>\n<meta property=\"og:site_name\" content=\"SEMCOM\" \/>\n<meta property=\"article:modified_time\" content=\"2024-01-29T21:33:26+00:00\" \/>\n<meta property=\"og:image\" content=\"https:\/\/www.manaus.am.gov.br\/semcom\/wp-content\/uploads\/sites\/5\/2023\/02\/sugestaodepauta.png\" \/>\n\t<meta property=\"og:image:width\" content=\"1020\" \/>\n\t<meta property=\"og:image:height\" content=\"540\" \/>\n\t<meta property=\"og:image:type\" content=\"image\/png\" \/>\n<meta name=\"twitter:card\" content=\"summary_large_image\" \/>\n<meta name=\"twitter:label1\" content=\"Est. reading time\" \/>\n\t<meta name=\"twitter:data1\" content=\"1 minuto\" \/>\n<script type=\"application\/ld+json\" class=\"yoast-schema-graph\">{\"@context\":\"https:\/\/schema.org\",\"@graph\":[{\"@type\":\"WebPage\",\"@id\":\"https:\/\/www.manaus.am.gov.br\/semcom\/pautas\/prefeitura-implanta-ecobarreiras-em-igarape-na-zona-leste-de-manaus\/\",\"url\":\"https:\/\/www.manaus.am.gov.br\/semcom\/pautas\/prefeitura-implanta-ecobarreiras-em-igarape-na-zona-leste-de-manaus\/\",\"name\":\"Prefeitura implanta ecobarreiras em Igarap\u00e9 na zona leste\",\"isPartOf\":{\"@id\":\"https:\/\/www.manaus.am.gov.br\/semcom\/#website\"},\"primaryImageOfPage\":{\"@id\":\"https:\/\/www.manaus.am.gov.br\/semcom\/pautas\/prefeitura-implanta-ecobarreiras-em-igarape-na-zona-leste-de-manaus\/#primaryimage\"},\"image\":{\"@id\":\"https:\/\/www.manaus.am.gov.br\/semcom\/pautas\/prefeitura-implanta-ecobarreiras-em-igarape-na-zona-leste-de-manaus\/#primaryimage\"},\"thumbnailUrl\":\"https:\/\/www.manaus.am.gov.br\/semcom\/wp-content\/uploads\/sites\/5\/2023\/02\/sugestaodepauta.png\",\"datePublished\":\"2024-01-29T21:25:17+00:00\",\"dateModified\":\"2024-01-29T21:33:26+00:00\",\"description\":\"A Prefeitura de Manaus lan\u00e7a, nesta ter\u00e7a-feira, 30\/1, a\u00e7\u00e3o de coleta de res\u00edduos s\u00f3lidos retirados via ecobarreira em igarap\u00e9 no Coroado\",\"inLanguage\":\"pt-BR\",\"potentialAction\":[{\"@type\":\"ReadAction\",\"target\":[\"https:\/\/www.manaus.am.gov.br\/semcom\/pautas\/prefeitura-implanta-ecobarreiras-em-igarape-na-zona-leste-de-manaus\/\"]}]},{\"@type\":\"ImageObject\",\"inLanguage\":\"pt-BR\",\"@id\":\"https:\/\/www.manaus.am.gov.br\/semcom\/pautas\/prefeitura-implanta-ecobarreiras-em-igarape-na-zona-leste-de-manaus\/#primaryimage\",\"url\":\"https:\/\/www.manaus.am.gov.br\/semcom\/wp-content\/uploads\/sites\/5\/2023\/02\/sugestaodepauta.png\",\"contentUrl\":\"https:\/\/www.manaus.am.gov.br\/semcom\/wp-content\/uploads\/sites\/5\/2023\/02\/sugestaodepauta.png\",\"width\":1020,\"height\":540},{\"@type\":\"WebSite\",\"@id\":\"https:\/\/www.manaus.am.gov.br\/semcom\/#website\",\"url\":\"https:\/\/www.manaus.am.gov.br\/semcom\/\",\"name\":\"SEMCOM\",\"description\":\"Secretaria Municipal de Comunica\u00e7\u00e3o\",\"potentialAction\":[{\"@type\":\"SearchAction\",\"target\":{\"@type\":\"EntryPoint\",\"urlTemplate\":\"https:\/\/www.manaus.am.gov.br\/semcom\/?s={search_term_string}\"},\"query-input\":\"required name=search_term_string\"}],\"inLanguage\":\"pt-BR\"}]}<\/script>\n<!-- \/ Yoast SEO plugin. -->","yoast_head_json":{"title":"Prefeitura implanta ecobarreiras em Igarap\u00e9 na zona leste","description":"A Prefeitura de Manaus lan\u00e7a, nesta ter\u00e7a-feira, 30\/1, a\u00e7\u00e3o de coleta de res\u00edduos s\u00f3lidos retirados via ecobarreira em igarap\u00e9 no Coroado","robots":{"index":"index","follow":"follow","max-snippet":"max-snippet:-1","max-image-preview":"max-image-preview:large","max-video-preview":"max-video-preview:-1"},"canonical":"https:\/\/www.manaus.am.gov.br\/semcom\/pautas\/prefeitura-implanta-ecobarreiras-em-igarape-na-zona-leste-de-manaus\/","og_locale":"pt_BR","og_type":"article","og_title":"Prefeitura implanta ecobarreiras em Igarap\u00e9 na zona leste","og_description":"A Prefeitura de Manaus lan\u00e7a, nesta ter\u00e7a-feira, 30\/1, a\u00e7\u00e3o de coleta de res\u00edduos s\u00f3lidos retirados via ecobarreira em igarap\u00e9 no Coroado","og_url":"https:\/\/www.manaus.am.gov.br\/semcom\/pautas\/prefeitura-implanta-ecobarreiras-em-igarape-na-zona-leste-de-manaus\/","og_site_name":"SEMCOM","article_modified_time":"2024-01-29T21:33:26+00:00","og_image":[{"width":1020,"height":540,"url":"https:\/\/www.manaus.am.gov.br\/semcom\/wp-content\/uploads\/sites\/5\/2023\/02\/sugestaodepauta.png","type":"image\/png"}],"twitter_card":"summary_large_image","twitter_misc":{"Est. reading time":"1 minuto"},"schema":{"@context":"https:\/\/schema.org","@graph":[{"@type":"WebPage","@id":"https:\/\/www.manaus.am.gov.br\/semcom\/pautas\/prefeitura-implanta-ecobarreiras-em-igarape-na-zona-leste-de-manaus\/","url":"https:\/\/www.manaus.am.gov.br\/semcom\/pautas\/prefeitura-implanta-ecobarreiras-em-igarape-na-zona-leste-de-manaus\/","name":"Prefeitura implanta ecobarreiras em Igarap\u00e9 na zona leste","isPartOf":{"@id":"https:\/\/www.manaus.am.gov.br\/semcom\/#website"},"primaryImageOfPage":{"@id":"https:\/\/www.manaus.am.gov.br\/semcom\/pautas\/prefeitura-implanta-ecobarreiras-em-igarape-na-zona-leste-de-manaus\/#primaryimage"},"image":{"@id":"https:\/\/www.manaus.am.gov.br\/semcom\/pautas\/prefeitura-implanta-ecobarreiras-em-igarape-na-zona-leste-de-manaus\/#primaryimage"},"thumbnailUrl":"https:\/\/www.manaus.am.gov.br\/semcom\/wp-content\/uploads\/sites\/5\/2023\/02\/sugestaodepauta.png","datePublished":"2024-01-29T21:25:17+00:00","dateModified":"2024-01-29T21:33:26+00:00","description":"A Prefeitura de Manaus lan\u00e7a, nesta ter\u00e7a-feira, 30\/1, a\u00e7\u00e3o de coleta de res\u00edduos s\u00f3lidos retirados via ecobarreira em igarap\u00e9 no Coroado","inLanguage":"pt-BR","potentialAction":[{"@type":"ReadAction","target":["https:\/\/www.manaus.am.gov.br\/semcom\/pautas\/prefeitura-implanta-ecobarreiras-em-igarape-na-zona-leste-de-manaus\/"]}]},{"@type":"ImageObject","inLanguage":"pt-BR","@id":"https:\/\/www.manaus.am.gov.br\/semcom\/pautas\/prefeitura-implanta-ecobarreiras-em-igarape-na-zona-leste-de-manaus\/#primaryimage","url":"https:\/\/www.manaus.am.gov.br\/semcom\/wp-content\/uploads\/sites\/5\/2023\/02\/sugestaodepauta.png","contentUrl":"https:\/\/www.manaus.am.gov.br\/semcom\/wp-content\/uploads\/sites\/5\/2023\/02\/sugestaodepauta.png","width":1020,"height":540},{"@type":"WebSite","@id":"https:\/\/www.manaus.am.gov.br\/semcom\/#website","url":"https:\/\/www.manaus.am.gov.br\/semcom\/","name":"SEMCOM","description":"Secretaria Municipal de Comunica\u00e7\u00e3o","potentialAction":[{"@type":"SearchAction","target":{"@type":"EntryPoint","urlTemplate":"https:\/\/www.manaus.am.gov.br\/semcom\/?s={search_term_string}"},"query-input":"required name=search_term_string"}],"inLanguage":"pt-BR"}]}},"_links":{"self":[{"href":"https:\/\/www.manaus.am.gov.br\/semcom\/wp-json\/wp\/v2\/pautas\/224788"}],"collection":[{"href":"https:\/\/www.manaus.am.gov.br\/semcom\/wp-json\/wp\/v2\/pautas"}],"about":[{"href":"https:\/\/www.manaus.am.gov.br\/semcom\/wp-json\/wp\/v2\/types\/pautas"}],"wp:featuredmedia":[{"embeddable":true,"href":"https:\/\/www.manaus.am.gov.br\/semcom\/wp-json\/wp\/v2\/media\/208729"}],"wp:attachment":[{"href":"https:\/\/www.manaus.am.gov.br\/semcom\/wp-json\/wp\/v2\/media?parent=224788"}],"wp:term":[{"taxonomy":"category","embeddable":true,"href":"https:\/\/www.manaus.am.gov.br\/semcom\/wp-json\/wp\/v2\/categories?post=224788"}],"curies":[{"name":"wp","href":"https:\/\/api.w.org\/{rel}","templated":true}]}}

Prefeitura implanta ecobarreiras em Igarapé na zona leste de Manaus

<p>A Prefeitura de Manaus lança, nesta terça-feira, 30/1, às 10h, uma grande ação de coleta de resíduos sólidos retirados via ecobarreira implantada no igarapé entre as avenidas Beira-Rio e Beira-Mar, no bairro Coroado, na zona Leste.</p>



<p>A iniciativa é um projeto-piloto de limpeza e preservação dos igarapés da cidade e tem atuação integrada das secretarias do Meio Ambiente, Sustentabilidade e Mudança do Clima (Semmasclima), de Limpeza Pública (Semulsp), de Infraestrutura (Seminf), de Abastecimento, Centro e Comércio Informal (Semacc), de Educação (Semed) e de Comunicação (Semcom). O objetivo é filtrar os poluentes das águas sem uso de produtos químicos e recolher o lixo flutuante dos igarapés.</p>



<p>A ação vai contar com atividades coordenadas pelo Conselho Gestor, com apoio da Semmasclima, com plantio e reflorestamento; Semed, com programas educacionais de conscientização e de (Semacc), com ordenamento de vendedores ambulantes.</p>



<p><strong>SERVIÇO:</strong></p>



<p><strong>O quê</strong> – Prefeitura realiza grande ação de coleta de resíduos sólidos retirados por meio da ecobarreira instalada na zona leste</p>



<p><strong>Quando</strong> – Terça-feira, 30/1</p>



<p><strong>Horário</strong> – 10h</p>



<p><strong>Local</strong> – Igarapé entre as avenidas Beira-Rio e Beira-Mar, bairro Coroado,&nbsp;na&nbsp;zona&nbsp;Leste</p>

<!-- This site is optimized with the Yoast SEO plugin v23.0 - https://yoast.com/wordpress/plugins/seo/ -->
<title>Prefeitura implanta ecobarreiras em Igarapé na zona leste</title>
<meta name="description" content="A Prefeitura de Manaus lança, nesta terça-feira, 30/1, ação de coleta de resíduos sólidos retirados via ecobarreira em igarapé no Coroado" />
<meta name="robots" content="index, follow, max-snippet:-1, max-image-preview:large, max-video-preview:-1" />
<link rel="canonical" href="https://www.manaus.am.gov.br/semcom/pautas/prefeitura-implanta-ecobarreiras-em-igarape-na-zona-leste-de-manaus/" />
<meta property="og:locale" content="pt_BR" />
<meta property="og:type" content="article" />
<meta property="og:title" content="Prefeitura implanta ecobarreiras em Igarapé na zona leste" />
<meta property="og:description" content="A Prefeitura de Manaus lança, nesta terça-feira, 30/1, ação de coleta de resíduos sólidos retirados via ecobarreira em igarapé no Coroado" />
<meta property="og:url" content="https://www.manaus.am.gov.br/semcom/pautas/prefeitura-implanta-ecobarreiras-em-igarape-na-zona-leste-de-manaus/" />
<meta property="og:site_name" content="SEMCOM" />
<meta property="article:modified_time" content="2024-01-29T21:33:26+00:00" />
<meta property="og:image" content="https://www.manaus.am.gov.br/semcom/wp-content/uploads/sites/5/2023/02/sugestaodepauta.png" />
	<meta property="og:image:width" content="1020" />
	<meta property="og:image:height" content="540" />
	<meta property="og:image:type" content="image/png" />
<meta name="twitter:card" content="summary_large_image" />
<meta name="twitter:label1" content="Est. reading time" />
	<meta name="twitter:data1" content="1 minuto" />
<script type="application/ld+json" class="yoast-schema-graph">{"@context":"https://schema.org","@graph":[{"@type":"WebPage","@id":"https://www.manaus.am.gov.br/semcom/pautas/prefeitura-implanta-ecobarreiras-em-igarape-na-zona-leste-de-manaus/","url":"https://www.manaus.am.gov.br/semcom/pautas/prefeitura-implanta-ecobarreiras-em-igarape-na-zona-leste-de-manaus/","name":"Prefeitura implanta ecobarreiras em Igarapé na zona leste","isPartOf":{"@id":"https://www.manaus.am.gov.br/semcom/#website"},"primaryImageOfPage":{"@id":"https://www.manaus.am.gov.br/semcom/pautas/prefeitura-implanta-ecobarreiras-em-igarape-na-zona-leste-de-manaus/#primaryimage"},"image":{"@id":"https://www.manaus.am.gov.br/semcom/pautas/prefeitura-implanta-ecobarreiras-em-igarape-na-zona-leste-de-manaus/#primaryimage"},"thumbnailUrl":"https://www.manaus.am.gov.br/semcom/wp-content/uploads/sites/5/2023/02/sugestaodepauta.png","datePublished":"2024-01-29T21:25:17+00:00","dateModified":"2024-01-29T21:33:26+00:00","description":"A Prefeitura de Manaus lança, nesta terça-feira, 30/1, ação de coleta de resíduos sólidos retirados via ecobarreira em igarapé no Coroado","inLanguage":"pt-BR","potentialAction":[{"@type":"ReadAction","target":["https://www.manaus.am.gov.br/semcom/pautas/prefeitura-implanta-ecobarreiras-em-igarape-na-zona-leste-de-manaus/"]}]},{"@type":"ImageObject","inLanguage":"pt-BR","@id":"https://www.manaus.am.gov.br/semcom/pautas/prefeitura-implanta-ecobarreiras-em-igarape-na-zona-leste-de-manaus/#primaryimage","url":"https://www.manaus.am.gov.br/semcom/wp-content/uploads/sites/5/2023/02/sugestaodepauta.png","contentUrl":"https://www.manaus.am.gov.br/semcom/wp-content/uploads/sites/5/2023/02/sugestaodepauta.png","width":1020,"height":540},{"@type":"WebSite","@id":"https://www.manaus.am.gov.br/semcom/#website","url":"https://www.manaus.am.gov.br/semcom/","name":"SEMCOM","description":"Secretaria Municipal de Comunicação","potentialAction":[{"@type":"SearchAction","target":{"@type":"EntryPoint","urlTemplate":"https://www.manaus.am.gov.br/semcom/?s={search_term_string}"},"query-input":"required name=search_term_string"}],"inLanguage":"pt-BR"}]}</script>
<!-- / Yoast SEO plugin. -->

Prefeitura implanta ecobarreiras em Igarapé na zona leste

A Prefeitura de Manaus lança, nesta terça-feira, 30/1, ação de coleta de resíduos sólidos retirados via ecobarreira em igarapé no Coroado

Secretaria Municipal de Comunicação
