{"id":221047,"date":"2023-11-10T16:35:25","date_gmt":"2023-11-10T19:35:25","guid":{"rendered":"https:\/\/www.manaus.am.gov.br\/semcom\/?post_type=pautas&#038;p=221047"},"modified":"2023-11-10T16:35:26","modified_gmt":"2023-11-10T19:35:26","slug":"prefeitura-implanta-semaforo-que-vai-proporcionar-mais-fluidez-e-evitar-sinistros-na-zona-norte-de-manaus","status":"publish","type":"pautas","link":"https:\/\/www.manaus.am.gov.br\/semcom\/pautas\/prefeitura-implanta-semaforo-que-vai-proporcionar-mais-fluidez-e-evitar-sinistros-na-zona-norte-de-manaus\/","title":{"rendered":"Prefeitura implanta sem\u00e1foro que vai proporcionar mais fluidez e evitar sinistros na zona Norte de Manaus"},"content":{"rendered":"\n<p>A Prefeitura de Manaus, via Instituto Municipal de Mobilidade de Mobilidade Urbana (IMMU), ir\u00e1 implantar, na segunda-feira, 13\/11, uma sinaliza\u00e7\u00e3o vertical semaf\u00f3rica no cruzamento das avenidas Tenente Roxana Bonese (Igarap\u00e9 do Passarinho) com Arquiteto Jos\u00e9 Henrique, no bairro Terra Nova, zona Norte da cidade.&nbsp; A medida tamb\u00e9m vai garantir uma transposi\u00e7\u00e3o mais segura e com op\u00e7\u00e3o de acesso para os motoristas.<\/p>\n\n\n\n<p>O sem\u00e1foro compreende 16 grupos focais veiculares, al\u00e9m de sinaliza\u00e7\u00e3o horizontal e vertical, tanto de advert\u00eancia quanto de regulamenta\u00e7\u00e3o indicando que existe sem\u00e1foro \u00e0 frente. No local, tamb\u00e9m foram implantadas placas de velocidade m\u00e1xima permitida, placas de proibi\u00e7\u00e3o de estacionamento e placas de sentido de circula\u00e7\u00e3o da via. Toda a estrutura foi implantada no local, juntamente com a sinaliza\u00e7\u00e3o horizontal, linhas de divis\u00e3o, linha de reten\u00e7\u00e3o, setas direcionais para melhorar a circula\u00e7\u00e3o naquele local.<\/p>\n\n\n\n<p>&#8212; &#8212; &#8212;&nbsp;<\/p>\n\n\n\n<p><strong>SERVI\u00c7O<\/strong><\/p>\n\n\n\n<p><strong>O qu\u00ea<\/strong>&nbsp;\u2013 Implanta\u00e7\u00e3o de jogo semaf\u00f3rico nas avenidas Tenente Roxana Bonese com Arquiteto Jos\u00e9 Henrique, no bairro Terra Nova<\/p>\n\n\n\n<p><strong>Quando<\/strong>&nbsp;\u2013 Segunda-feira, 13\/11<\/p>\n\n\n\n<p><strong>Hor\u00e1rio<\/strong>&nbsp;\u2013 9h<\/p>\n\n\n\n<p><strong>Local&nbsp;<\/strong>\u2013 O ponto de encontro ser\u00e1 no cruzamento das avenidas Tenente Roxana Bonese (igarap\u00e9 do Passarinho) com Arquiteto Jos\u00e9 Henrique no bairro Terra Nova, zona Norte da cidade.<\/p>\n","protected":false},"featured_media":208729,"template":"","categories":[797],"acf":[],"yoast_head":"<!-- This site is optimized with the Yoast SEO plugin v23.0 - https:\/\/yoast.com\/wordpress\/plugins\/seo\/ -->\n<title>Prefeitura implanta sem\u00e1foro que vai proporcionar mais fluidez e evitar sinistros na zona Norte de Manaus - SEMCOM<\/title>\n<meta name=\"robots\" content=\"index, follow, max-snippet:-1, max-image-preview:large, max-video-preview:-1\" \/>\n<link rel=\"canonical\" href=\"https:\/\/www.manaus.am.gov.br\/semcom\/pautas\/prefeitura-implanta-semaforo-que-vai-proporcionar-mais-fluidez-e-evitar-sinistros-na-zona-norte-de-manaus\/\" \/>\n<meta property=\"og:locale\" content=\"pt_BR\" \/>\n<meta property=\"og:type\" content=\"article\" \/>\n<meta property=\"og:title\" content=\"Prefeitura implanta sem\u00e1foro que vai proporcionar mais fluidez e evitar sinistros na zona Norte de Manaus - SEMCOM\" \/>\n<meta property=\"og:url\" content=\"https:\/\/www.manaus.am.gov.br\/semcom\/pautas\/prefeitura-implanta-semaforo-que-vai-proporcionar-mais-fluidez-e-evitar-sinistros-na-zona-norte-de-manaus\/\" \/>\n<meta property=\"og:site_name\" content=\"SEMCOM\" \/>\n<meta property=\"article:modified_time\" content=\"2023-11-10T19:35:26+00:00\" \/>\n<meta property=\"og:image\" content=\"https:\/\/www.manaus.am.gov.br\/semcom\/wp-content\/uploads\/sites\/5\/2023\/02\/sugestaodepauta.png\" \/>\n\t<meta property=\"og:image:width\" content=\"1020\" \/>\n\t<meta property=\"og:image:height\" content=\"540\" \/>\n\t<meta property=\"og:image:type\" content=\"image\/png\" \/>\n<meta name=\"twitter:card\" content=\"summary_large_image\" \/>\n<meta name=\"twitter:label1\" content=\"Est. reading time\" \/>\n\t<meta name=\"twitter:data1\" content=\"2 minutos\" \/>\n<script type=\"application\/ld+json\" class=\"yoast-schema-graph\">{\"@context\":\"https:\/\/schema.org\",\"@graph\":[{\"@type\":\"WebPage\",\"@id\":\"https:\/\/www.manaus.am.gov.br\/semcom\/pautas\/prefeitura-implanta-semaforo-que-vai-proporcionar-mais-fluidez-e-evitar-sinistros-na-zona-norte-de-manaus\/\",\"url\":\"https:\/\/www.manaus.am.gov.br\/semcom\/pautas\/prefeitura-implanta-semaforo-que-vai-proporcionar-mais-fluidez-e-evitar-sinistros-na-zona-norte-de-manaus\/\",\"name\":\"Prefeitura implanta sem\u00e1foro que vai proporcionar mais fluidez e evitar sinistros na zona Norte de Manaus - SEMCOM\",\"isPartOf\":{\"@id\":\"https:\/\/www.manaus.am.gov.br\/semcom\/#website\"},\"primaryImageOfPage\":{\"@id\":\"https:\/\/www.manaus.am.gov.br\/semcom\/pautas\/prefeitura-implanta-semaforo-que-vai-proporcionar-mais-fluidez-e-evitar-sinistros-na-zona-norte-de-manaus\/#primaryimage\"},\"image\":{\"@id\":\"https:\/\/www.manaus.am.gov.br\/semcom\/pautas\/prefeitura-implanta-semaforo-que-vai-proporcionar-mais-fluidez-e-evitar-sinistros-na-zona-norte-de-manaus\/#primaryimage\"},\"thumbnailUrl\":\"https:\/\/www.manaus.am.gov.br\/semcom\/wp-content\/uploads\/sites\/5\/2023\/02\/sugestaodepauta.png\",\"datePublished\":\"2023-11-10T19:35:25+00:00\",\"dateModified\":\"2023-11-10T19:35:26+00:00\",\"inLanguage\":\"pt-BR\",\"potentialAction\":[{\"@type\":\"ReadAction\",\"target\":[\"https:\/\/www.manaus.am.gov.br\/semcom\/pautas\/prefeitura-implanta-semaforo-que-vai-proporcionar-mais-fluidez-e-evitar-sinistros-na-zona-norte-de-manaus\/\"]}]},{\"@type\":\"ImageObject\",\"inLanguage\":\"pt-BR\",\"@id\":\"https:\/\/www.manaus.am.gov.br\/semcom\/pautas\/prefeitura-implanta-semaforo-que-vai-proporcionar-mais-fluidez-e-evitar-sinistros-na-zona-norte-de-manaus\/#primaryimage\",\"url\":\"https:\/\/www.manaus.am.gov.br\/semcom\/wp-content\/uploads\/sites\/5\/2023\/02\/sugestaodepauta.png\",\"contentUrl\":\"https:\/\/www.manaus.am.gov.br\/semcom\/wp-content\/uploads\/sites\/5\/2023\/02\/sugestaodepauta.png\",\"width\":1020,\"height\":540},{\"@type\":\"WebSite\",\"@id\":\"https:\/\/www.manaus.am.gov.br\/semcom\/#website\",\"url\":\"https:\/\/www.manaus.am.gov.br\/semcom\/\",\"name\":\"SEMCOM\",\"description\":\"Secretaria Municipal de Comunica\u00e7\u00e3o\",\"potentialAction\":[{\"@type\":\"SearchAction\",\"target\":{\"@type\":\"EntryPoint\",\"urlTemplate\":\"https:\/\/www.manaus.am.gov.br\/semcom\/?s={search_term_string}\"},\"query-input\":\"required name=search_term_string\"}],\"inLanguage\":\"pt-BR\"}]}<\/script>\n<!-- \/ Yoast SEO plugin. -->","yoast_head_json":{"title":"Prefeitura implanta sem\u00e1foro que vai proporcionar mais fluidez e evitar sinistros na zona Norte de Manaus - SEMCOM","robots":{"index":"index","follow":"follow","max-snippet":"max-snippet:-1","max-image-preview":"max-image-preview:large","max-video-preview":"max-video-preview:-1"},"canonical":"https:\/\/www.manaus.am.gov.br\/semcom\/pautas\/prefeitura-implanta-semaforo-que-vai-proporcionar-mais-fluidez-e-evitar-sinistros-na-zona-norte-de-manaus\/","og_locale":"pt_BR","og_type":"article","og_title":"Prefeitura implanta sem\u00e1foro que vai proporcionar mais fluidez e evitar sinistros na zona Norte de Manaus - SEMCOM","og_url":"https:\/\/www.manaus.am.gov.br\/semcom\/pautas\/prefeitura-implanta-semaforo-que-vai-proporcionar-mais-fluidez-e-evitar-sinistros-na-zona-norte-de-manaus\/","og_site_name":"SEMCOM","article_modified_time":"2023-11-10T19:35:26+00:00","og_image":[{"width":1020,"height":540,"url":"https:\/\/www.manaus.am.gov.br\/semcom\/wp-content\/uploads\/sites\/5\/2023\/02\/sugestaodepauta.png","type":"image\/png"}],"twitter_card":"summary_large_image","twitter_misc":{"Est. reading time":"2 minutos"},"schema":{"@context":"https:\/\/schema.org","@graph":[{"@type":"WebPage","@id":"https:\/\/www.manaus.am.gov.br\/semcom\/pautas\/prefeitura-implanta-semaforo-que-vai-proporcionar-mais-fluidez-e-evitar-sinistros-na-zona-norte-de-manaus\/","url":"https:\/\/www.manaus.am.gov.br\/semcom\/pautas\/prefeitura-implanta-semaforo-que-vai-proporcionar-mais-fluidez-e-evitar-sinistros-na-zona-norte-de-manaus\/","name":"Prefeitura implanta sem\u00e1foro que vai proporcionar mais fluidez e evitar sinistros na zona Norte de Manaus - SEMCOM","isPartOf":{"@id":"https:\/\/www.manaus.am.gov.br\/semcom\/#website"},"primaryImageOfPage":{"@id":"https:\/\/www.manaus.am.gov.br\/semcom\/pautas\/prefeitura-implanta-semaforo-que-vai-proporcionar-mais-fluidez-e-evitar-sinistros-na-zona-norte-de-manaus\/#primaryimage"},"image":{"@id":"https:\/\/www.manaus.am.gov.br\/semcom\/pautas\/prefeitura-implanta-semaforo-que-vai-proporcionar-mais-fluidez-e-evitar-sinistros-na-zona-norte-de-manaus\/#primaryimage"},"thumbnailUrl":"https:\/\/www.manaus.am.gov.br\/semcom\/wp-content\/uploads\/sites\/5\/2023\/02\/sugestaodepauta.png","datePublished":"2023-11-10T19:35:25+00:00","dateModified":"2023-11-10T19:35:26+00:00","inLanguage":"pt-BR","potentialAction":[{"@type":"ReadAction","target":["https:\/\/www.manaus.am.gov.br\/semcom\/pautas\/prefeitura-implanta-semaforo-que-vai-proporcionar-mais-fluidez-e-evitar-sinistros-na-zona-norte-de-manaus\/"]}]},{"@type":"ImageObject","inLanguage":"pt-BR","@id":"https:\/\/www.manaus.am.gov.br\/semcom\/pautas\/prefeitura-implanta-semaforo-que-vai-proporcionar-mais-fluidez-e-evitar-sinistros-na-zona-norte-de-manaus\/#primaryimage","url":"https:\/\/www.manaus.am.gov.br\/semcom\/wp-content\/uploads\/sites\/5\/2023\/02\/sugestaodepauta.png","contentUrl":"https:\/\/www.manaus.am.gov.br\/semcom\/wp-content\/uploads\/sites\/5\/2023\/02\/sugestaodepauta.png","width":1020,"height":540},{"@type":"WebSite","@id":"https:\/\/www.manaus.am.gov.br\/semcom\/#website","url":"https:\/\/www.manaus.am.gov.br\/semcom\/","name":"SEMCOM","description":"Secretaria Municipal de Comunica\u00e7\u00e3o","potentialAction":[{"@type":"SearchAction","target":{"@type":"EntryPoint","urlTemplate":"https:\/\/www.manaus.am.gov.br\/semcom\/?s={search_term_string}"},"query-input":"required name=search_term_string"}],"inLanguage":"pt-BR"}]}},"_links":{"self":[{"href":"https:\/\/www.manaus.am.gov.br\/semcom\/wp-json\/wp\/v2\/pautas\/221047"}],"collection":[{"href":"https:\/\/www.manaus.am.gov.br\/semcom\/wp-json\/wp\/v2\/pautas"}],"about":[{"href":"https:\/\/www.manaus.am.gov.br\/semcom\/wp-json\/wp\/v2\/types\/pautas"}],"wp:featuredmedia":[{"embeddable":true,"href":"https:\/\/www.manaus.am.gov.br\/semcom\/wp-json\/wp\/v2\/media\/208729"}],"wp:attachment":[{"href":"https:\/\/www.manaus.am.gov.br\/semcom\/wp-json\/wp\/v2\/media?parent=221047"}],"wp:term":[{"taxonomy":"category","embeddable":true,"href":"https:\/\/www.manaus.am.gov.br\/semcom\/wp-json\/wp\/v2\/categories?post=221047"}],"curies":[{"name":"wp","href":"https:\/\/api.w.org\/{rel}","templated":true}]}}

Prefeitura implanta semáforo que vai proporcionar mais fluidez e evitar sinistros na zona Norte de Manaus

<p>A Prefeitura de Manaus, via Instituto Municipal de Mobilidade de Mobilidade Urbana (IMMU), irá implantar, na segunda-feira, 13/11, uma sinalização vertical semafórica no cruzamento das avenidas Tenente Roxana Bonese (Igarapé do Passarinho) com Arquiteto José Henrique, no bairro Terra Nova, zona Norte da cidade.&nbsp; A medida também vai garantir uma transposição mais segura e com opção de acesso para os motoristas.</p>



<p>O semáforo compreende 16 grupos focais veiculares, além de sinalização horizontal e vertical, tanto de advertência quanto de regulamentação indicando que existe semáforo à frente. No local, também foram implantadas placas de velocidade máxima permitida, placas de proibição de estacionamento e placas de sentido de circulação da via. Toda a estrutura foi implantada no local, juntamente com a sinalização horizontal, linhas de divisão, linha de retenção, setas direcionais para melhorar a circulação naquele local.</p>



<p>&#8212; &#8212; &#8212;&nbsp;</p>



<p><strong>SERVIÇO</strong></p>



<p><strong>O quê</strong>&nbsp;– Implantação de jogo semafórico nas avenidas Tenente Roxana Bonese com Arquiteto José Henrique, no bairro Terra Nova</p>



<p><strong>Quando</strong>&nbsp;– Segunda-feira, 13/11</p>



<p><strong>Horário</strong>&nbsp;– 9h</p>



<p><strong>Local&nbsp;</strong>– O ponto de encontro será no cruzamento das avenidas Tenente Roxana Bonese (igarapé do Passarinho) com Arquiteto José Henrique no bairro Terra Nova, zona Norte da cidade.</p>

<!-- This site is optimized with the Yoast SEO plugin v23.0 - https://yoast.com/wordpress/plugins/seo/ -->
<title>Prefeitura implanta semáforo que vai proporcionar mais fluidez e evitar sinistros na zona Norte de Manaus - SEMCOM</title>
<meta name="robots" content="index, follow, max-snippet:-1, max-image-preview:large, max-video-preview:-1" />
<link rel="canonical" href="https://www.manaus.am.gov.br/semcom/pautas/prefeitura-implanta-semaforo-que-vai-proporcionar-mais-fluidez-e-evitar-sinistros-na-zona-norte-de-manaus/" />
<meta property="og:locale" content="pt_BR" />
<meta property="og:type" content="article" />
<meta property="og:title" content="Prefeitura implanta semáforo que vai proporcionar mais fluidez e evitar sinistros na zona Norte de Manaus - SEMCOM" />
<meta property="og:url" content="https://www.manaus.am.gov.br/semcom/pautas/prefeitura-implanta-semaforo-que-vai-proporcionar-mais-fluidez-e-evitar-sinistros-na-zona-norte-de-manaus/" />
<meta property="og:site_name" content="SEMCOM" />
<meta property="article:modified_time" content="2023-11-10T19:35:26+00:00" />
<meta property="og:image" content="https://www.manaus.am.gov.br/semcom/wp-content/uploads/sites/5/2023/02/sugestaodepauta.png" />
	<meta property="og:image:width" content="1020" />
	<meta property="og:image:height" content="540" />
	<meta property="og:image:type" content="image/png" />
<meta name="twitter:card" content="summary_large_image" />
<meta name="twitter:label1" content="Est. reading time" />
	<meta name="twitter:data1" content="2 minutos" />
<script type="application/ld+json" class="yoast-schema-graph">{"@context":"https://schema.org","@graph":[{"@type":"WebPage","@id":"https://www.manaus.am.gov.br/semcom/pautas/prefeitura-implanta-semaforo-que-vai-proporcionar-mais-fluidez-e-evitar-sinistros-na-zona-norte-de-manaus/","url":"https://www.manaus.am.gov.br/semcom/pautas/prefeitura-implanta-semaforo-que-vai-proporcionar-mais-fluidez-e-evitar-sinistros-na-zona-norte-de-manaus/","name":"Prefeitura implanta semáforo que vai proporcionar mais fluidez e evitar sinistros na zona Norte de Manaus - SEMCOM","isPartOf":{"@id":"https://www.manaus.am.gov.br/semcom/#website"},"primaryImageOfPage":{"@id":"https://www.manaus.am.gov.br/semcom/pautas/prefeitura-implanta-semaforo-que-vai-proporcionar-mais-fluidez-e-evitar-sinistros-na-zona-norte-de-manaus/#primaryimage"},"image":{"@id":"https://www.manaus.am.gov.br/semcom/pautas/prefeitura-implanta-semaforo-que-vai-proporcionar-mais-fluidez-e-evitar-sinistros-na-zona-norte-de-manaus/#primaryimage"},"thumbnailUrl":"https://www.manaus.am.gov.br/semcom/wp-content/uploads/sites/5/2023/02/sugestaodepauta.png","datePublished":"2023-11-10T19:35:25+00:00","dateModified":"2023-11-10T19:35:26+00:00","inLanguage":"pt-BR","potentialAction":[{"@type":"ReadAction","target":["https://www.manaus.am.gov.br/semcom/pautas/prefeitura-implanta-semaforo-que-vai-proporcionar-mais-fluidez-e-evitar-sinistros-na-zona-norte-de-manaus/"]}]},{"@type":"ImageObject","inLanguage":"pt-BR","@id":"https://www.manaus.am.gov.br/semcom/pautas/prefeitura-implanta-semaforo-que-vai-proporcionar-mais-fluidez-e-evitar-sinistros-na-zona-norte-de-manaus/#primaryimage","url":"https://www.manaus.am.gov.br/semcom/wp-content/uploads/sites/5/2023/02/sugestaodepauta.png","contentUrl":"https://www.manaus.am.gov.br/semcom/wp-content/uploads/sites/5/2023/02/sugestaodepauta.png","width":1020,"height":540},{"@type":"WebSite","@id":"https://www.manaus.am.gov.br/semcom/#website","url":"https://www.manaus.am.gov.br/semcom/","name":"SEMCOM","description":"Secretaria Municipal de Comunicação","potentialAction":[{"@type":"SearchAction","target":{"@type":"EntryPoint","urlTemplate":"https://www.manaus.am.gov.br/semcom/?s={search_term_string}"},"query-input":"required name=search_term_string"}],"inLanguage":"pt-BR"}]}</script>
<!-- / Yoast SEO plugin. -->

Prefeitura implanta semáforo que vai proporcionar mais fluidez e evitar sinistros na zona Norte de Manaus - SEMCOM

Secretaria Municipal de Comunicação
