{"id":217270,"date":"2023-08-11T14:12:57","date_gmt":"2023-08-11T17:12:57","guid":{"rendered":"https:\/\/www.manaus.am.gov.br\/semcom\/?post_type=pautas&#038;p=217270"},"modified":"2023-08-11T14:12:58","modified_gmt":"2023-08-11T17:12:58","slug":"cemiterios-de-manaus-recebem-populacao-para-homenagens-ao-dia-dos-pais","status":"publish","type":"pautas","link":"https:\/\/www.manaus.am.gov.br\/semcom\/pautas\/cemiterios-de-manaus-recebem-populacao-para-homenagens-ao-dia-dos-pais\/","title":{"rendered":"<strong>Cemit\u00e9rios de Manaus recebem popula\u00e7\u00e3o para homenagens ao Dia dos Pais<\/strong>"},"content":{"rendered":"\n<p>Neste domingo, 13\/8, a Prefeitura de Manaus, por meio da Secretaria Municipal de Limpeza Urbana (Semulsp), estar\u00e1 com os dez cemit\u00e9rios p\u00fablicos da cidade abertos e preparados para receber a popula\u00e7\u00e3o que ir\u00e1 homenagear seus entes queridos no Dia dos Pais. Com hor\u00e1rio estendido das 6h \u00e0s 18h, o p\u00fablico esperado \u00e9 de mais de 100 mil pessoas.<\/p>\n\n\n\n<p>Ao longo de toda a semana, a Semulsp trabalhou de forma intensa na limpeza dos cemit\u00e9rios, com capina\u00e7\u00e3o, podas e pinturas de meio-fio, para deix\u00e1-los limpos e organizados para a popula\u00e7\u00e3o.<\/p>\n\n\n\n<p>Como parte da programa\u00e7\u00e3o do domingo, a prefeitura preparou sistema de som ambiente em todos os campos-santos, nos seis da capital e quatro da \u00e1rea rural, com m\u00fasicas sacras, como tamb\u00e9m a realiza\u00e7\u00e3o de missas e cultos em hor\u00e1rios diferenciados durante todo o dia.<\/p>\n\n\n\n<p>Nesse dia, as a\u00e7\u00f5es da prefeitura ser\u00e3o realizadas de forma transversalizada, com o apoio de outras secretarias municipais, como IMMU, Semsa, Semasc, Semacc, Semseg, al\u00e9m do Corpo de Bombeiros e da Pol\u00edcia Militar. Mais de 500 servidores estar\u00e3o atuando para recepcionar o p\u00fablico no Dia dos Pais.<\/p>\n\n\n\n<p>&#8212;<\/p>\n\n\n\n<p><strong>SERVI\u00c7O<\/strong><\/p>\n\n\n\n<p><strong>O qu\u00ea \u2013<\/strong>&nbsp;Cemit\u00e9rios de Manaus recebem popula\u00e7\u00e3o para homenagens ao Dia dos Pais<\/p>\n\n\n\n<p><strong>Quando &#8211;<\/strong>&nbsp;Domingo, 13\/8<\/p>\n\n\n\n<p><strong>Hor\u00e1rio \u2013<\/strong>&nbsp;Das 6h \u00e0s 18h<\/p>\n\n\n\n<p>PS.: O secret\u00e1rio da Semulsp, Sab\u00e1 Reis, estar\u00e1 a partir das 8h30, no cemit\u00e9rio S\u00e3o Jo\u00e3o Batista, na avenida \u00c1lvaro Maia, Nossa Senhora das Gra\u00e7as, para atender a imprensa.<\/p>\n","protected":false},"featured_media":208729,"template":"","categories":[805],"acf":[],"yoast_head":"<!-- This site is optimized with the Yoast SEO plugin v23.0 - https:\/\/yoast.com\/wordpress\/plugins\/seo\/ -->\n<title>Cemit\u00e9rios de Manaus recebem popula\u00e7\u00e3o para homenagens ao Dia dos Pais - SEMCOM<\/title>\n<meta name=\"robots\" content=\"index, follow, max-snippet:-1, max-image-preview:large, max-video-preview:-1\" \/>\n<link rel=\"canonical\" href=\"https:\/\/www.manaus.am.gov.br\/semcom\/pautas\/cemiterios-de-manaus-recebem-populacao-para-homenagens-ao-dia-dos-pais\/\" \/>\n<meta property=\"og:locale\" content=\"pt_BR\" \/>\n<meta property=\"og:type\" content=\"article\" \/>\n<meta property=\"og:title\" content=\"Cemit\u00e9rios de Manaus recebem popula\u00e7\u00e3o para homenagens ao Dia dos Pais - SEMCOM\" \/>\n<meta property=\"og:url\" content=\"https:\/\/www.manaus.am.gov.br\/semcom\/pautas\/cemiterios-de-manaus-recebem-populacao-para-homenagens-ao-dia-dos-pais\/\" \/>\n<meta property=\"og:site_name\" content=\"SEMCOM\" \/>\n<meta property=\"article:modified_time\" content=\"2023-08-11T17:12:58+00:00\" \/>\n<meta property=\"og:image\" content=\"https:\/\/www.manaus.am.gov.br\/semcom\/wp-content\/uploads\/sites\/5\/2023\/02\/sugestaodepauta.png\" \/>\n\t<meta property=\"og:image:width\" content=\"1020\" \/>\n\t<meta property=\"og:image:height\" content=\"540\" \/>\n\t<meta property=\"og:image:type\" content=\"image\/png\" \/>\n<meta name=\"twitter:card\" content=\"summary_large_image\" \/>\n<meta name=\"twitter:label1\" content=\"Est. reading time\" \/>\n\t<meta name=\"twitter:data1\" content=\"2 minutos\" \/>\n<script type=\"application\/ld+json\" class=\"yoast-schema-graph\">{\"@context\":\"https:\/\/schema.org\",\"@graph\":[{\"@type\":\"WebPage\",\"@id\":\"https:\/\/www.manaus.am.gov.br\/semcom\/pautas\/cemiterios-de-manaus-recebem-populacao-para-homenagens-ao-dia-dos-pais\/\",\"url\":\"https:\/\/www.manaus.am.gov.br\/semcom\/pautas\/cemiterios-de-manaus-recebem-populacao-para-homenagens-ao-dia-dos-pais\/\",\"name\":\"Cemit\u00e9rios de Manaus recebem popula\u00e7\u00e3o para homenagens ao Dia dos Pais - SEMCOM\",\"isPartOf\":{\"@id\":\"https:\/\/www.manaus.am.gov.br\/semcom\/#website\"},\"primaryImageOfPage\":{\"@id\":\"https:\/\/www.manaus.am.gov.br\/semcom\/pautas\/cemiterios-de-manaus-recebem-populacao-para-homenagens-ao-dia-dos-pais\/#primaryimage\"},\"image\":{\"@id\":\"https:\/\/www.manaus.am.gov.br\/semcom\/pautas\/cemiterios-de-manaus-recebem-populacao-para-homenagens-ao-dia-dos-pais\/#primaryimage\"},\"thumbnailUrl\":\"https:\/\/www.manaus.am.gov.br\/semcom\/wp-content\/uploads\/sites\/5\/2023\/02\/sugestaodepauta.png\",\"datePublished\":\"2023-08-11T17:12:57+00:00\",\"dateModified\":\"2023-08-11T17:12:58+00:00\",\"inLanguage\":\"pt-BR\",\"potentialAction\":[{\"@type\":\"ReadAction\",\"target\":[\"https:\/\/www.manaus.am.gov.br\/semcom\/pautas\/cemiterios-de-manaus-recebem-populacao-para-homenagens-ao-dia-dos-pais\/\"]}]},{\"@type\":\"ImageObject\",\"inLanguage\":\"pt-BR\",\"@id\":\"https:\/\/www.manaus.am.gov.br\/semcom\/pautas\/cemiterios-de-manaus-recebem-populacao-para-homenagens-ao-dia-dos-pais\/#primaryimage\",\"url\":\"https:\/\/www.manaus.am.gov.br\/semcom\/wp-content\/uploads\/sites\/5\/2023\/02\/sugestaodepauta.png\",\"contentUrl\":\"https:\/\/www.manaus.am.gov.br\/semcom\/wp-content\/uploads\/sites\/5\/2023\/02\/sugestaodepauta.png\",\"width\":1020,\"height\":540},{\"@type\":\"WebSite\",\"@id\":\"https:\/\/www.manaus.am.gov.br\/semcom\/#website\",\"url\":\"https:\/\/www.manaus.am.gov.br\/semcom\/\",\"name\":\"SEMCOM\",\"description\":\"Secretaria Municipal de Comunica\u00e7\u00e3o\",\"potentialAction\":[{\"@type\":\"SearchAction\",\"target\":{\"@type\":\"EntryPoint\",\"urlTemplate\":\"https:\/\/www.manaus.am.gov.br\/semcom\/?s={search_term_string}\"},\"query-input\":\"required name=search_term_string\"}],\"inLanguage\":\"pt-BR\"}]}<\/script>\n<!-- \/ Yoast SEO plugin. -->","yoast_head_json":{"title":"Cemit\u00e9rios de Manaus recebem popula\u00e7\u00e3o para homenagens ao Dia dos Pais - SEMCOM","robots":{"index":"index","follow":"follow","max-snippet":"max-snippet:-1","max-image-preview":"max-image-preview:large","max-video-preview":"max-video-preview:-1"},"canonical":"https:\/\/www.manaus.am.gov.br\/semcom\/pautas\/cemiterios-de-manaus-recebem-populacao-para-homenagens-ao-dia-dos-pais\/","og_locale":"pt_BR","og_type":"article","og_title":"Cemit\u00e9rios de Manaus recebem popula\u00e7\u00e3o para homenagens ao Dia dos Pais - SEMCOM","og_url":"https:\/\/www.manaus.am.gov.br\/semcom\/pautas\/cemiterios-de-manaus-recebem-populacao-para-homenagens-ao-dia-dos-pais\/","og_site_name":"SEMCOM","article_modified_time":"2023-08-11T17:12:58+00:00","og_image":[{"width":1020,"height":540,"url":"https:\/\/www.manaus.am.gov.br\/semcom\/wp-content\/uploads\/sites\/5\/2023\/02\/sugestaodepauta.png","type":"image\/png"}],"twitter_card":"summary_large_image","twitter_misc":{"Est. reading time":"2 minutos"},"schema":{"@context":"https:\/\/schema.org","@graph":[{"@type":"WebPage","@id":"https:\/\/www.manaus.am.gov.br\/semcom\/pautas\/cemiterios-de-manaus-recebem-populacao-para-homenagens-ao-dia-dos-pais\/","url":"https:\/\/www.manaus.am.gov.br\/semcom\/pautas\/cemiterios-de-manaus-recebem-populacao-para-homenagens-ao-dia-dos-pais\/","name":"Cemit\u00e9rios de Manaus recebem popula\u00e7\u00e3o para homenagens ao Dia dos Pais - SEMCOM","isPartOf":{"@id":"https:\/\/www.manaus.am.gov.br\/semcom\/#website"},"primaryImageOfPage":{"@id":"https:\/\/www.manaus.am.gov.br\/semcom\/pautas\/cemiterios-de-manaus-recebem-populacao-para-homenagens-ao-dia-dos-pais\/#primaryimage"},"image":{"@id":"https:\/\/www.manaus.am.gov.br\/semcom\/pautas\/cemiterios-de-manaus-recebem-populacao-para-homenagens-ao-dia-dos-pais\/#primaryimage"},"thumbnailUrl":"https:\/\/www.manaus.am.gov.br\/semcom\/wp-content\/uploads\/sites\/5\/2023\/02\/sugestaodepauta.png","datePublished":"2023-08-11T17:12:57+00:00","dateModified":"2023-08-11T17:12:58+00:00","inLanguage":"pt-BR","potentialAction":[{"@type":"ReadAction","target":["https:\/\/www.manaus.am.gov.br\/semcom\/pautas\/cemiterios-de-manaus-recebem-populacao-para-homenagens-ao-dia-dos-pais\/"]}]},{"@type":"ImageObject","inLanguage":"pt-BR","@id":"https:\/\/www.manaus.am.gov.br\/semcom\/pautas\/cemiterios-de-manaus-recebem-populacao-para-homenagens-ao-dia-dos-pais\/#primaryimage","url":"https:\/\/www.manaus.am.gov.br\/semcom\/wp-content\/uploads\/sites\/5\/2023\/02\/sugestaodepauta.png","contentUrl":"https:\/\/www.manaus.am.gov.br\/semcom\/wp-content\/uploads\/sites\/5\/2023\/02\/sugestaodepauta.png","width":1020,"height":540},{"@type":"WebSite","@id":"https:\/\/www.manaus.am.gov.br\/semcom\/#website","url":"https:\/\/www.manaus.am.gov.br\/semcom\/","name":"SEMCOM","description":"Secretaria Municipal de Comunica\u00e7\u00e3o","potentialAction":[{"@type":"SearchAction","target":{"@type":"EntryPoint","urlTemplate":"https:\/\/www.manaus.am.gov.br\/semcom\/?s={search_term_string}"},"query-input":"required name=search_term_string"}],"inLanguage":"pt-BR"}]}},"_links":{"self":[{"href":"https:\/\/www.manaus.am.gov.br\/semcom\/wp-json\/wp\/v2\/pautas\/217270"}],"collection":[{"href":"https:\/\/www.manaus.am.gov.br\/semcom\/wp-json\/wp\/v2\/pautas"}],"about":[{"href":"https:\/\/www.manaus.am.gov.br\/semcom\/wp-json\/wp\/v2\/types\/pautas"}],"wp:featuredmedia":[{"embeddable":true,"href":"https:\/\/www.manaus.am.gov.br\/semcom\/wp-json\/wp\/v2\/media\/208729"}],"wp:attachment":[{"href":"https:\/\/www.manaus.am.gov.br\/semcom\/wp-json\/wp\/v2\/media?parent=217270"}],"wp:term":[{"taxonomy":"category","embeddable":true,"href":"https:\/\/www.manaus.am.gov.br\/semcom\/wp-json\/wp\/v2\/categories?post=217270"}],"curies":[{"name":"wp","href":"https:\/\/api.w.org\/{rel}","templated":true}]}}

<strong>Cemitérios de Manaus recebem população para homenagens ao Dia dos Pais</strong>

<p>Neste domingo, 13/8, a Prefeitura de Manaus, por meio da Secretaria Municipal de Limpeza Urbana (Semulsp), estará com os dez cemitérios públicos da cidade abertos e preparados para receber a população que irá homenagear seus entes queridos no Dia dos Pais. Com horário estendido das 6h às 18h, o público esperado é de mais de 100 mil pessoas.</p>



<p>Ao longo de toda a semana, a Semulsp trabalhou de forma intensa na limpeza dos cemitérios, com capinação, podas e pinturas de meio-fio, para deixá-los limpos e organizados para a população.</p>



<p>Como parte da programação do domingo, a prefeitura preparou sistema de som ambiente em todos os campos-santos, nos seis da capital e quatro da área rural, com músicas sacras, como também a realização de missas e cultos em horários diferenciados durante todo o dia.</p>



<p>Nesse dia, as ações da prefeitura serão realizadas de forma transversalizada, com o apoio de outras secretarias municipais, como IMMU, Semsa, Semasc, Semacc, Semseg, além do Corpo de Bombeiros e da Polícia Militar. Mais de 500 servidores estarão atuando para recepcionar o público no Dia dos Pais.</p>



<p>&#8212;</p>



<p><strong>SERVIÇO</strong></p>



<p><strong>O quê –</strong>&nbsp;Cemitérios de Manaus recebem população para homenagens ao Dia dos Pais</p>



<p><strong>Quando &#8211;</strong>&nbsp;Domingo, 13/8</p>



<p><strong>Horário –</strong>&nbsp;Das 6h às 18h</p>



<p>PS.: O secretário da Semulsp, Sabá Reis, estará a partir das 8h30, no cemitério São João Batista, na avenida Álvaro Maia, Nossa Senhora das Graças, para atender a imprensa.</p>

<!-- This site is optimized with the Yoast SEO plugin v23.0 - https://yoast.com/wordpress/plugins/seo/ -->
<title>Cemitérios de Manaus recebem população para homenagens ao Dia dos Pais - SEMCOM</title>
<meta name="robots" content="index, follow, max-snippet:-1, max-image-preview:large, max-video-preview:-1" />
<link rel="canonical" href="https://www.manaus.am.gov.br/semcom/pautas/cemiterios-de-manaus-recebem-populacao-para-homenagens-ao-dia-dos-pais/" />
<meta property="og:locale" content="pt_BR" />
<meta property="og:type" content="article" />
<meta property="og:title" content="Cemitérios de Manaus recebem população para homenagens ao Dia dos Pais - SEMCOM" />
<meta property="og:url" content="https://www.manaus.am.gov.br/semcom/pautas/cemiterios-de-manaus-recebem-populacao-para-homenagens-ao-dia-dos-pais/" />
<meta property="og:site_name" content="SEMCOM" />
<meta property="article:modified_time" content="2023-08-11T17:12:58+00:00" />
<meta property="og:image" content="https://www.manaus.am.gov.br/semcom/wp-content/uploads/sites/5/2023/02/sugestaodepauta.png" />
	<meta property="og:image:width" content="1020" />
	<meta property="og:image:height" content="540" />
	<meta property="og:image:type" content="image/png" />
<meta name="twitter:card" content="summary_large_image" />
<meta name="twitter:label1" content="Est. reading time" />
	<meta name="twitter:data1" content="2 minutos" />
<script type="application/ld+json" class="yoast-schema-graph">{"@context":"https://schema.org","@graph":[{"@type":"WebPage","@id":"https://www.manaus.am.gov.br/semcom/pautas/cemiterios-de-manaus-recebem-populacao-para-homenagens-ao-dia-dos-pais/","url":"https://www.manaus.am.gov.br/semcom/pautas/cemiterios-de-manaus-recebem-populacao-para-homenagens-ao-dia-dos-pais/","name":"Cemitérios de Manaus recebem população para homenagens ao Dia dos Pais - SEMCOM","isPartOf":{"@id":"https://www.manaus.am.gov.br/semcom/#website"},"primaryImageOfPage":{"@id":"https://www.manaus.am.gov.br/semcom/pautas/cemiterios-de-manaus-recebem-populacao-para-homenagens-ao-dia-dos-pais/#primaryimage"},"image":{"@id":"https://www.manaus.am.gov.br/semcom/pautas/cemiterios-de-manaus-recebem-populacao-para-homenagens-ao-dia-dos-pais/#primaryimage"},"thumbnailUrl":"https://www.manaus.am.gov.br/semcom/wp-content/uploads/sites/5/2023/02/sugestaodepauta.png","datePublished":"2023-08-11T17:12:57+00:00","dateModified":"2023-08-11T17:12:58+00:00","inLanguage":"pt-BR","potentialAction":[{"@type":"ReadAction","target":["https://www.manaus.am.gov.br/semcom/pautas/cemiterios-de-manaus-recebem-populacao-para-homenagens-ao-dia-dos-pais/"]}]},{"@type":"ImageObject","inLanguage":"pt-BR","@id":"https://www.manaus.am.gov.br/semcom/pautas/cemiterios-de-manaus-recebem-populacao-para-homenagens-ao-dia-dos-pais/#primaryimage","url":"https://www.manaus.am.gov.br/semcom/wp-content/uploads/sites/5/2023/02/sugestaodepauta.png","contentUrl":"https://www.manaus.am.gov.br/semcom/wp-content/uploads/sites/5/2023/02/sugestaodepauta.png","width":1020,"height":540},{"@type":"WebSite","@id":"https://www.manaus.am.gov.br/semcom/#website","url":"https://www.manaus.am.gov.br/semcom/","name":"SEMCOM","description":"Secretaria Municipal de Comunicação","potentialAction":[{"@type":"SearchAction","target":{"@type":"EntryPoint","urlTemplate":"https://www.manaus.am.gov.br/semcom/?s={search_term_string}"},"query-input":"required name=search_term_string"}],"inLanguage":"pt-BR"}]}</script>
<!-- / Yoast SEO plugin. -->

Cemitérios de Manaus recebem população para homenagens ao Dia dos Pais - SEMCOM

Secretaria Municipal de Comunicação
