{"id":217002,"date":"2023-08-04T11:12:54","date_gmt":"2023-08-04T14:12:54","guid":{"rendered":"https:\/\/www.manaus.am.gov.br\/semcom\/?post_type=pautas&#038;p=217002"},"modified":"2023-08-04T11:12:54","modified_gmt":"2023-08-04T14:12:54","slug":"deflagracao-da-operacao-angerona-para-reprimir-o-crime-de-poluicao-sonora-na-capital","status":"publish","type":"pautas","link":"https:\/\/www.manaus.am.gov.br\/semcom\/pautas\/deflagracao-da-operacao-angerona-para-reprimir-o-crime-de-poluicao-sonora-na-capital\/","title":{"rendered":"<strong>Deflagra\u00e7\u00e3o da opera\u00e7\u00e3o \u201cAngerona\u201d para reprimir o crime de polui\u00e7\u00e3o sonora na capital<\/strong>"},"content":{"rendered":"\n<p>A Prefeitura de Manaus, por meio de a\u00e7\u00e3o conjunta envolvendo as secretarias municipais de Seguran\u00e7a P\u00fablica e Defesa Social (Semseg) e de Meio Ambiente e Sustentabilidade (Semmas), ir\u00e1 deflagrar, neste s\u00e1bado, 5\/8, \u00e0s 19h, a opera\u00e7\u00e3o \u201cAngerona\u201d, que tem por objetivo coibir a pr\u00e1tica de crime de polui\u00e7\u00e3o sonora na capital.&nbsp;<\/p>\n\n\n\n<p>Os trabalhos ser\u00e3o coordenados pelo subsecret\u00e1rio da Semseg, Alberto Neto, e pelo titular da Semmas, Antonio Stroski. Atualmente, as queixas de excesso de ru\u00eddo que afetam a sa\u00fade mental t\u00eam aumentado significativamente na cidade, mesmo sendo consideradas crime ambiental, com previs\u00e3o na Lei Federal n\u00b0 9.605\/1998 e puni\u00e7\u00f5es que podem levar \u00e0 reclus\u00e3o do infrator.<\/p>\n\n\n\n<p>A concentra\u00e7\u00e3o da opera\u00e7\u00e3o ir\u00e1 ocorrer \u00e0s 19h, no estacionamento do Centro de Coopera\u00e7\u00e3o da Cidade (CCC). Angerona \u00e9 uma deusa da mitologia romana. Sua figura \u00e9 representada com a boca amorda\u00e7ada e um dedo sobre os l\u00e1bios, como a ordenar sil\u00eancio.<\/p>\n\n\n\n<p><strong>SERVI\u00c7O:<\/strong><\/p>\n\n\n\n<p><strong>O qu\u00ea \u2013<\/strong>&nbsp;Deflagra\u00e7\u00e3o da opera\u00e7\u00e3o \u201cAngerona\u201d, para reprimir o crime de polui\u00e7\u00e3o sonora na capital<\/p>\n\n\n\n<p><strong>Quando \u2013<\/strong>&nbsp;S\u00e1bado, dia 5\/8<\/p>\n\n\n\n<p><strong>Hor\u00e1rio &#8211;<\/strong>&nbsp;19h<\/p>\n\n\n\n<p><strong>Local &#8211;<\/strong>&nbsp;Estacionamento do Centro de Coopera\u00e7\u00e3o da Cidade (CCC), localizado no cruzamento das avenidas Ephig\u00eanio Salles e Umberto Calderaro Filho, bairro Adrian\u00f3polis, zona Centro-Sul.<\/p>\n","protected":false},"featured_media":208729,"template":"","categories":[807],"acf":[],"yoast_head":"<!-- This site is optimized with the Yoast SEO plugin v23.0 - https:\/\/yoast.com\/wordpress\/plugins\/seo\/ -->\n<title>Deflagra\u00e7\u00e3o da opera\u00e7\u00e3o \u201cAngerona\u201d para reprimir o crime de polui\u00e7\u00e3o sonora na capital - SEMCOM<\/title>\n<meta name=\"robots\" content=\"index, follow, max-snippet:-1, max-image-preview:large, max-video-preview:-1\" \/>\n<link rel=\"canonical\" href=\"https:\/\/www.manaus.am.gov.br\/semcom\/pautas\/deflagracao-da-operacao-angerona-para-reprimir-o-crime-de-poluicao-sonora-na-capital\/\" \/>\n<meta property=\"og:locale\" content=\"pt_BR\" \/>\n<meta property=\"og:type\" content=\"article\" \/>\n<meta property=\"og:title\" content=\"Deflagra\u00e7\u00e3o da opera\u00e7\u00e3o \u201cAngerona\u201d para reprimir o crime de polui\u00e7\u00e3o sonora na capital - SEMCOM\" \/>\n<meta property=\"og:url\" content=\"https:\/\/www.manaus.am.gov.br\/semcom\/pautas\/deflagracao-da-operacao-angerona-para-reprimir-o-crime-de-poluicao-sonora-na-capital\/\" \/>\n<meta property=\"og:site_name\" content=\"SEMCOM\" \/>\n<meta property=\"og:image\" content=\"https:\/\/www.manaus.am.gov.br\/semcom\/wp-content\/uploads\/sites\/5\/2023\/02\/sugestaodepauta.png\" \/>\n\t<meta property=\"og:image:width\" content=\"1020\" \/>\n\t<meta property=\"og:image:height\" content=\"540\" \/>\n\t<meta property=\"og:image:type\" content=\"image\/png\" \/>\n<meta name=\"twitter:card\" content=\"summary_large_image\" \/>\n<meta name=\"twitter:label1\" content=\"Est. reading time\" \/>\n\t<meta name=\"twitter:data1\" content=\"2 minutos\" \/>\n<script type=\"application\/ld+json\" class=\"yoast-schema-graph\">{\"@context\":\"https:\/\/schema.org\",\"@graph\":[{\"@type\":\"WebPage\",\"@id\":\"https:\/\/www.manaus.am.gov.br\/semcom\/pautas\/deflagracao-da-operacao-angerona-para-reprimir-o-crime-de-poluicao-sonora-na-capital\/\",\"url\":\"https:\/\/www.manaus.am.gov.br\/semcom\/pautas\/deflagracao-da-operacao-angerona-para-reprimir-o-crime-de-poluicao-sonora-na-capital\/\",\"name\":\"Deflagra\u00e7\u00e3o da opera\u00e7\u00e3o \u201cAngerona\u201d para reprimir o crime de polui\u00e7\u00e3o sonora na capital - SEMCOM\",\"isPartOf\":{\"@id\":\"https:\/\/www.manaus.am.gov.br\/semcom\/#website\"},\"primaryImageOfPage\":{\"@id\":\"https:\/\/www.manaus.am.gov.br\/semcom\/pautas\/deflagracao-da-operacao-angerona-para-reprimir-o-crime-de-poluicao-sonora-na-capital\/#primaryimage\"},\"image\":{\"@id\":\"https:\/\/www.manaus.am.gov.br\/semcom\/pautas\/deflagracao-da-operacao-angerona-para-reprimir-o-crime-de-poluicao-sonora-na-capital\/#primaryimage\"},\"thumbnailUrl\":\"https:\/\/www.manaus.am.gov.br\/semcom\/wp-content\/uploads\/sites\/5\/2023\/02\/sugestaodepauta.png\",\"datePublished\":\"2023-08-04T14:12:54+00:00\",\"dateModified\":\"2023-08-04T14:12:54+00:00\",\"inLanguage\":\"pt-BR\",\"potentialAction\":[{\"@type\":\"ReadAction\",\"target\":[\"https:\/\/www.manaus.am.gov.br\/semcom\/pautas\/deflagracao-da-operacao-angerona-para-reprimir-o-crime-de-poluicao-sonora-na-capital\/\"]}]},{\"@type\":\"ImageObject\",\"inLanguage\":\"pt-BR\",\"@id\":\"https:\/\/www.manaus.am.gov.br\/semcom\/pautas\/deflagracao-da-operacao-angerona-para-reprimir-o-crime-de-poluicao-sonora-na-capital\/#primaryimage\",\"url\":\"https:\/\/www.manaus.am.gov.br\/semcom\/wp-content\/uploads\/sites\/5\/2023\/02\/sugestaodepauta.png\",\"contentUrl\":\"https:\/\/www.manaus.am.gov.br\/semcom\/wp-content\/uploads\/sites\/5\/2023\/02\/sugestaodepauta.png\",\"width\":1020,\"height\":540},{\"@type\":\"WebSite\",\"@id\":\"https:\/\/www.manaus.am.gov.br\/semcom\/#website\",\"url\":\"https:\/\/www.manaus.am.gov.br\/semcom\/\",\"name\":\"SEMCOM\",\"description\":\"Secretaria Municipal de Comunica\u00e7\u00e3o\",\"potentialAction\":[{\"@type\":\"SearchAction\",\"target\":{\"@type\":\"EntryPoint\",\"urlTemplate\":\"https:\/\/www.manaus.am.gov.br\/semcom\/?s={search_term_string}\"},\"query-input\":\"required name=search_term_string\"}],\"inLanguage\":\"pt-BR\"}]}<\/script>\n<!-- \/ Yoast SEO plugin. -->","yoast_head_json":{"title":"Deflagra\u00e7\u00e3o da opera\u00e7\u00e3o \u201cAngerona\u201d para reprimir o crime de polui\u00e7\u00e3o sonora na capital - SEMCOM","robots":{"index":"index","follow":"follow","max-snippet":"max-snippet:-1","max-image-preview":"max-image-preview:large","max-video-preview":"max-video-preview:-1"},"canonical":"https:\/\/www.manaus.am.gov.br\/semcom\/pautas\/deflagracao-da-operacao-angerona-para-reprimir-o-crime-de-poluicao-sonora-na-capital\/","og_locale":"pt_BR","og_type":"article","og_title":"Deflagra\u00e7\u00e3o da opera\u00e7\u00e3o \u201cAngerona\u201d para reprimir o crime de polui\u00e7\u00e3o sonora na capital - SEMCOM","og_url":"https:\/\/www.manaus.am.gov.br\/semcom\/pautas\/deflagracao-da-operacao-angerona-para-reprimir-o-crime-de-poluicao-sonora-na-capital\/","og_site_name":"SEMCOM","og_image":[{"width":1020,"height":540,"url":"https:\/\/www.manaus.am.gov.br\/semcom\/wp-content\/uploads\/sites\/5\/2023\/02\/sugestaodepauta.png","type":"image\/png"}],"twitter_card":"summary_large_image","twitter_misc":{"Est. reading time":"2 minutos"},"schema":{"@context":"https:\/\/schema.org","@graph":[{"@type":"WebPage","@id":"https:\/\/www.manaus.am.gov.br\/semcom\/pautas\/deflagracao-da-operacao-angerona-para-reprimir-o-crime-de-poluicao-sonora-na-capital\/","url":"https:\/\/www.manaus.am.gov.br\/semcom\/pautas\/deflagracao-da-operacao-angerona-para-reprimir-o-crime-de-poluicao-sonora-na-capital\/","name":"Deflagra\u00e7\u00e3o da opera\u00e7\u00e3o \u201cAngerona\u201d para reprimir o crime de polui\u00e7\u00e3o sonora na capital - SEMCOM","isPartOf":{"@id":"https:\/\/www.manaus.am.gov.br\/semcom\/#website"},"primaryImageOfPage":{"@id":"https:\/\/www.manaus.am.gov.br\/semcom\/pautas\/deflagracao-da-operacao-angerona-para-reprimir-o-crime-de-poluicao-sonora-na-capital\/#primaryimage"},"image":{"@id":"https:\/\/www.manaus.am.gov.br\/semcom\/pautas\/deflagracao-da-operacao-angerona-para-reprimir-o-crime-de-poluicao-sonora-na-capital\/#primaryimage"},"thumbnailUrl":"https:\/\/www.manaus.am.gov.br\/semcom\/wp-content\/uploads\/sites\/5\/2023\/02\/sugestaodepauta.png","datePublished":"2023-08-04T14:12:54+00:00","dateModified":"2023-08-04T14:12:54+00:00","inLanguage":"pt-BR","potentialAction":[{"@type":"ReadAction","target":["https:\/\/www.manaus.am.gov.br\/semcom\/pautas\/deflagracao-da-operacao-angerona-para-reprimir-o-crime-de-poluicao-sonora-na-capital\/"]}]},{"@type":"ImageObject","inLanguage":"pt-BR","@id":"https:\/\/www.manaus.am.gov.br\/semcom\/pautas\/deflagracao-da-operacao-angerona-para-reprimir-o-crime-de-poluicao-sonora-na-capital\/#primaryimage","url":"https:\/\/www.manaus.am.gov.br\/semcom\/wp-content\/uploads\/sites\/5\/2023\/02\/sugestaodepauta.png","contentUrl":"https:\/\/www.manaus.am.gov.br\/semcom\/wp-content\/uploads\/sites\/5\/2023\/02\/sugestaodepauta.png","width":1020,"height":540},{"@type":"WebSite","@id":"https:\/\/www.manaus.am.gov.br\/semcom\/#website","url":"https:\/\/www.manaus.am.gov.br\/semcom\/","name":"SEMCOM","description":"Secretaria Municipal de Comunica\u00e7\u00e3o","potentialAction":[{"@type":"SearchAction","target":{"@type":"EntryPoint","urlTemplate":"https:\/\/www.manaus.am.gov.br\/semcom\/?s={search_term_string}"},"query-input":"required name=search_term_string"}],"inLanguage":"pt-BR"}]}},"_links":{"self":[{"href":"https:\/\/www.manaus.am.gov.br\/semcom\/wp-json\/wp\/v2\/pautas\/217002"}],"collection":[{"href":"https:\/\/www.manaus.am.gov.br\/semcom\/wp-json\/wp\/v2\/pautas"}],"about":[{"href":"https:\/\/www.manaus.am.gov.br\/semcom\/wp-json\/wp\/v2\/types\/pautas"}],"wp:featuredmedia":[{"embeddable":true,"href":"https:\/\/www.manaus.am.gov.br\/semcom\/wp-json\/wp\/v2\/media\/208729"}],"wp:attachment":[{"href":"https:\/\/www.manaus.am.gov.br\/semcom\/wp-json\/wp\/v2\/media?parent=217002"}],"wp:term":[{"taxonomy":"category","embeddable":true,"href":"https:\/\/www.manaus.am.gov.br\/semcom\/wp-json\/wp\/v2\/categories?post=217002"}],"curies":[{"name":"wp","href":"https:\/\/api.w.org\/{rel}","templated":true}]}}

<strong>Deflagração da operação “Angerona” para reprimir o crime de poluição sonora na capital</strong>

<p>A Prefeitura de Manaus, por meio de ação conjunta envolvendo as secretarias municipais de Segurança Pública e Defesa Social (Semseg) e de Meio Ambiente e Sustentabilidade (Semmas), irá deflagrar, neste sábado, 5/8, às 19h, a operação “Angerona”, que tem por objetivo coibir a prática de crime de poluição sonora na capital.&nbsp;</p>



<p>Os trabalhos serão coordenados pelo subsecretário da Semseg, Alberto Neto, e pelo titular da Semmas, Antonio Stroski. Atualmente, as queixas de excesso de ruído que afetam a saúde mental têm aumentado significativamente na cidade, mesmo sendo consideradas crime ambiental, com previsão na Lei Federal n° 9.605/1998 e punições que podem levar à reclusão do infrator.</p>



<p>A concentração da operação irá ocorrer às 19h, no estacionamento do Centro de Cooperação da Cidade (CCC). Angerona é uma deusa da mitologia romana. Sua figura é representada com a boca amordaçada e um dedo sobre os lábios, como a ordenar silêncio.</p>



<p><strong>SERVIÇO:</strong></p>



<p><strong>O quê –</strong>&nbsp;Deflagração da operação “Angerona”, para reprimir o crime de poluição sonora na capital</p>



<p><strong>Quando –</strong>&nbsp;Sábado, dia 5/8</p>



<p><strong>Horário &#8211;</strong>&nbsp;19h</p>



<p><strong>Local &#8211;</strong>&nbsp;Estacionamento do Centro de Cooperação da Cidade (CCC), localizado no cruzamento das avenidas Ephigênio Salles e Umberto Calderaro Filho, bairro Adrianópolis, zona Centro-Sul.</p>

<!-- This site is optimized with the Yoast SEO plugin v23.0 - https://yoast.com/wordpress/plugins/seo/ -->
<title>Deflagração da operação “Angerona” para reprimir o crime de poluição sonora na capital - SEMCOM</title>
<meta name="robots" content="index, follow, max-snippet:-1, max-image-preview:large, max-video-preview:-1" />
<link rel="canonical" href="https://www.manaus.am.gov.br/semcom/pautas/deflagracao-da-operacao-angerona-para-reprimir-o-crime-de-poluicao-sonora-na-capital/" />
<meta property="og:locale" content="pt_BR" />
<meta property="og:type" content="article" />
<meta property="og:title" content="Deflagração da operação “Angerona” para reprimir o crime de poluição sonora na capital - SEMCOM" />
<meta property="og:url" content="https://www.manaus.am.gov.br/semcom/pautas/deflagracao-da-operacao-angerona-para-reprimir-o-crime-de-poluicao-sonora-na-capital/" />
<meta property="og:site_name" content="SEMCOM" />
<meta property="og:image" content="https://www.manaus.am.gov.br/semcom/wp-content/uploads/sites/5/2023/02/sugestaodepauta.png" />
	<meta property="og:image:width" content="1020" />
	<meta property="og:image:height" content="540" />
	<meta property="og:image:type" content="image/png" />
<meta name="twitter:card" content="summary_large_image" />
<meta name="twitter:label1" content="Est. reading time" />
	<meta name="twitter:data1" content="2 minutos" />
<script type="application/ld+json" class="yoast-schema-graph">{"@context":"https://schema.org","@graph":[{"@type":"WebPage","@id":"https://www.manaus.am.gov.br/semcom/pautas/deflagracao-da-operacao-angerona-para-reprimir-o-crime-de-poluicao-sonora-na-capital/","url":"https://www.manaus.am.gov.br/semcom/pautas/deflagracao-da-operacao-angerona-para-reprimir-o-crime-de-poluicao-sonora-na-capital/","name":"Deflagração da operação “Angerona” para reprimir o crime de poluição sonora na capital - SEMCOM","isPartOf":{"@id":"https://www.manaus.am.gov.br/semcom/#website"},"primaryImageOfPage":{"@id":"https://www.manaus.am.gov.br/semcom/pautas/deflagracao-da-operacao-angerona-para-reprimir-o-crime-de-poluicao-sonora-na-capital/#primaryimage"},"image":{"@id":"https://www.manaus.am.gov.br/semcom/pautas/deflagracao-da-operacao-angerona-para-reprimir-o-crime-de-poluicao-sonora-na-capital/#primaryimage"},"thumbnailUrl":"https://www.manaus.am.gov.br/semcom/wp-content/uploads/sites/5/2023/02/sugestaodepauta.png","datePublished":"2023-08-04T14:12:54+00:00","dateModified":"2023-08-04T14:12:54+00:00","inLanguage":"pt-BR","potentialAction":[{"@type":"ReadAction","target":["https://www.manaus.am.gov.br/semcom/pautas/deflagracao-da-operacao-angerona-para-reprimir-o-crime-de-poluicao-sonora-na-capital/"]}]},{"@type":"ImageObject","inLanguage":"pt-BR","@id":"https://www.manaus.am.gov.br/semcom/pautas/deflagracao-da-operacao-angerona-para-reprimir-o-crime-de-poluicao-sonora-na-capital/#primaryimage","url":"https://www.manaus.am.gov.br/semcom/wp-content/uploads/sites/5/2023/02/sugestaodepauta.png","contentUrl":"https://www.manaus.am.gov.br/semcom/wp-content/uploads/sites/5/2023/02/sugestaodepauta.png","width":1020,"height":540},{"@type":"WebSite","@id":"https://www.manaus.am.gov.br/semcom/#website","url":"https://www.manaus.am.gov.br/semcom/","name":"SEMCOM","description":"Secretaria Municipal de Comunicação","potentialAction":[{"@type":"SearchAction","target":{"@type":"EntryPoint","urlTemplate":"https://www.manaus.am.gov.br/semcom/?s={search_term_string}"},"query-input":"required name=search_term_string"}],"inLanguage":"pt-BR"}]}</script>
<!-- / Yoast SEO plugin. -->

Deflagração da operação “Angerona” para reprimir o crime de poluição sonora na capital - SEMCOM

Secretaria Municipal de Comunicação
