{"id":214733,"date":"2023-06-05T12:43:49","date_gmt":"2023-06-05T15:43:49","guid":{"rendered":"https:\/\/www.manaus.am.gov.br\/semcom\/?post_type=pautas&#038;p=214733"},"modified":"2023-06-05T12:44:27","modified_gmt":"2023-06-05T15:44:27","slug":"prefeitura-de-manaus-entrega-a-nova-feira-do-bairro-da-paz","status":"publish","type":"pautas","link":"https:\/\/www.manaus.am.gov.br\/semcom\/pautas\/prefeitura-de-manaus-entrega-a-nova-feira-do-bairro-da-paz\/","title":{"rendered":"<strong>Prefeitura de Manaus entrega a nova feira do bairro da Paz<\/strong>"},"content":{"rendered":"\n<p>A Prefeitura de Manaus, por meio da Secretaria Municipal&nbsp; de Agricultura, Abastecimento, Centro e Com\u00e9rcio Informal (Semacc), em parceria com o governo do Amazonas, entrega, nesta ter\u00e7a-feira, 6\/6, \u00e0s 16h, a nova feira municipal do bairro da Paz, na avenida Esperan\u00e7a s\/n\u00ba, zona Centro-Oeste.<\/p>\n\n\n\n<p>Ap\u00f3s passar por uma grande reforma, a feira do bairro da Paz est\u00e1 com o espa\u00e7o totalmente reformado e modernizado, nos seus 501,77 metros quadrados, com 17 boxes padronizados e mais amplos, todos com revestimento cer\u00e2mico, pisos e forro novos, drenagens, rede el\u00e9trica e hidr\u00e1ulica novas, identidade visual padronizada e, agora, com as novidades do espa\u00e7o pet, banheiros masculinos, femininos e com acessibilidade.<\/p>\n\n\n\n<p>A nova feira do bairro da Paz oferece, a partir de agora, condi\u00e7\u00f5es dignas de trabalho para todos os permission\u00e1rios. O espa\u00e7o gera 70 empregos diretos e quase mil indiretos.<\/p>\n\n\n\n<p><strong>Homenagem p\u00f3stuma<\/strong><\/p>\n\n\n\n<p>Na ocasi\u00e3o, a Semacc ir\u00e1 homenagear&nbsp; o senhor Carlos Alberto Ferreira do Nascimento, popularmente conhecido como \u201cFofinho\u201d, servidor da Semacc h\u00e1 mais de 20 anos, onde exerceu tamb\u00e9m o cargo de administrador na feira do bairro da Paz, com muita dedica\u00e7\u00e3o, responsabilidade e compromisso com todos. \u201cFofinho\u201d morreu em 9 de maio de 2022, aos 59 anos.<\/p>\n\n\n\n<p><strong>SERVI\u00c7O<\/strong>:<\/p>\n\n\n\n<p><strong>O qu\u00ea<\/strong>&nbsp;&#8211; Reinaugura\u00e7\u00e3o da feira do bairro da Paz<\/p>\n\n\n\n<p><strong>Quando<\/strong>&nbsp;\u2013 Ter\u00e7a-feira, 6\/6<\/p>\n\n\n\n<p><strong>Hor\u00e1rio<\/strong>&nbsp;&#8211; 16h<\/p>\n\n\n\n<p><strong>Local<\/strong>&nbsp;&#8211; Avenida Esperan\u00e7a, s\/n\u00ba, bairro da Paz.<\/p>\n\n\n\n<p><strong>SEMACC&nbsp;&#8211; Secretaria Municipal de Agricultura, Abastecimento, Centro e Com\u00e9rcio Informal<\/strong><\/p>\n\n\n\n<p>Assessor Respons\u00e1vel: Polyana Brelaz &#8211; (92) 99150-3395<\/p>\n\n\n\n<p>E-mail:&nbsp;&nbsp;<a href=\"mailto:asscom.semacc@gmail.com\" target=\"_blank\" rel=\"noreferrer noopener\">asscom.semacc@gmail.com<\/a><\/p>\n","protected":false},"featured_media":208729,"template":"","categories":[803],"acf":[],"yoast_head":"<!-- This site is optimized with the Yoast SEO plugin v23.0 - https:\/\/yoast.com\/wordpress\/plugins\/seo\/ -->\n<title>Prefeitura de Manaus entrega a nova feira do bairro da Paz<\/title>\n<meta name=\"description\" content=\"A Prefeitura de Manaus, por meio da Secretaria Municipal de Agricultura, Abastecimento, Centro e Com\u00e9rcio Informal (Semacc), em parceria com o governo do Amazonas, entrega, nesta ter\u00e7a-feira, 6\/6, \u00e0s 16h, a nova feira municipal do bairro da Paz, na avenida Esperan\u00e7a s\/n\u00ba, zona Centro-Oeste.\" \/>\n<meta name=\"robots\" content=\"index, follow, max-snippet:-1, max-image-preview:large, max-video-preview:-1\" \/>\n<link rel=\"canonical\" href=\"https:\/\/www.manaus.am.gov.br\/semcom\/pautas\/prefeitura-de-manaus-entrega-a-nova-feira-do-bairro-da-paz\/\" \/>\n<meta property=\"og:locale\" content=\"pt_BR\" \/>\n<meta property=\"og:type\" content=\"article\" \/>\n<meta property=\"og:title\" content=\"Prefeitura de Manaus entrega a nova feira do bairro da Paz\" \/>\n<meta property=\"og:description\" content=\"A Prefeitura de Manaus, por meio da Secretaria Municipal de Agricultura, Abastecimento, Centro e Com\u00e9rcio Informal (Semacc), em parceria com o governo do Amazonas, entrega, nesta ter\u00e7a-feira, 6\/6, \u00e0s 16h, a nova feira municipal do bairro da Paz, na avenida Esperan\u00e7a s\/n\u00ba, zona Centro-Oeste.\" \/>\n<meta property=\"og:url\" content=\"https:\/\/www.manaus.am.gov.br\/semcom\/pautas\/prefeitura-de-manaus-entrega-a-nova-feira-do-bairro-da-paz\/\" \/>\n<meta property=\"og:site_name\" content=\"SEMCOM\" \/>\n<meta property=\"article:modified_time\" content=\"2023-06-05T15:44:27+00:00\" \/>\n<meta property=\"og:image\" content=\"https:\/\/www.manaus.am.gov.br\/semcom\/wp-content\/uploads\/sites\/5\/2023\/02\/sugestaodepauta.png\" \/>\n\t<meta property=\"og:image:width\" content=\"1020\" \/>\n\t<meta property=\"og:image:height\" content=\"540\" \/>\n\t<meta property=\"og:image:type\" content=\"image\/png\" \/>\n<meta name=\"twitter:card\" content=\"summary_large_image\" \/>\n<meta name=\"twitter:label1\" content=\"Est. reading time\" \/>\n\t<meta name=\"twitter:data1\" content=\"2 minutos\" \/>\n<script type=\"application\/ld+json\" class=\"yoast-schema-graph\">{\"@context\":\"https:\/\/schema.org\",\"@graph\":[{\"@type\":\"WebPage\",\"@id\":\"https:\/\/www.manaus.am.gov.br\/semcom\/pautas\/prefeitura-de-manaus-entrega-a-nova-feira-do-bairro-da-paz\/\",\"url\":\"https:\/\/www.manaus.am.gov.br\/semcom\/pautas\/prefeitura-de-manaus-entrega-a-nova-feira-do-bairro-da-paz\/\",\"name\":\"Prefeitura de Manaus entrega a nova feira do bairro da Paz\",\"isPartOf\":{\"@id\":\"https:\/\/www.manaus.am.gov.br\/semcom\/#website\"},\"primaryImageOfPage\":{\"@id\":\"https:\/\/www.manaus.am.gov.br\/semcom\/pautas\/prefeitura-de-manaus-entrega-a-nova-feira-do-bairro-da-paz\/#primaryimage\"},\"image\":{\"@id\":\"https:\/\/www.manaus.am.gov.br\/semcom\/pautas\/prefeitura-de-manaus-entrega-a-nova-feira-do-bairro-da-paz\/#primaryimage\"},\"thumbnailUrl\":\"https:\/\/www.manaus.am.gov.br\/semcom\/wp-content\/uploads\/sites\/5\/2023\/02\/sugestaodepauta.png\",\"datePublished\":\"2023-06-05T15:43:49+00:00\",\"dateModified\":\"2023-06-05T15:44:27+00:00\",\"description\":\"A Prefeitura de Manaus, por meio da Secretaria Municipal de Agricultura, Abastecimento, Centro e Com\u00e9rcio Informal (Semacc), em parceria com o governo do Amazonas, entrega, nesta ter\u00e7a-feira, 6\/6, \u00e0s 16h, a nova feira municipal do bairro da Paz, na avenida Esperan\u00e7a s\/n\u00ba, zona Centro-Oeste.\",\"inLanguage\":\"pt-BR\",\"potentialAction\":[{\"@type\":\"ReadAction\",\"target\":[\"https:\/\/www.manaus.am.gov.br\/semcom\/pautas\/prefeitura-de-manaus-entrega-a-nova-feira-do-bairro-da-paz\/\"]}]},{\"@type\":\"ImageObject\",\"inLanguage\":\"pt-BR\",\"@id\":\"https:\/\/www.manaus.am.gov.br\/semcom\/pautas\/prefeitura-de-manaus-entrega-a-nova-feira-do-bairro-da-paz\/#primaryimage\",\"url\":\"https:\/\/www.manaus.am.gov.br\/semcom\/wp-content\/uploads\/sites\/5\/2023\/02\/sugestaodepauta.png\",\"contentUrl\":\"https:\/\/www.manaus.am.gov.br\/semcom\/wp-content\/uploads\/sites\/5\/2023\/02\/sugestaodepauta.png\",\"width\":1020,\"height\":540},{\"@type\":\"WebSite\",\"@id\":\"https:\/\/www.manaus.am.gov.br\/semcom\/#website\",\"url\":\"https:\/\/www.manaus.am.gov.br\/semcom\/\",\"name\":\"SEMCOM\",\"description\":\"Secretaria Municipal de Comunica\u00e7\u00e3o\",\"potentialAction\":[{\"@type\":\"SearchAction\",\"target\":{\"@type\":\"EntryPoint\",\"urlTemplate\":\"https:\/\/www.manaus.am.gov.br\/semcom\/?s={search_term_string}\"},\"query-input\":\"required name=search_term_string\"}],\"inLanguage\":\"pt-BR\"}]}<\/script>\n<!-- \/ Yoast SEO plugin. -->","yoast_head_json":{"title":"Prefeitura de Manaus entrega a nova feira do bairro da Paz","description":"A Prefeitura de Manaus, por meio da Secretaria Municipal de Agricultura, Abastecimento, Centro e Com\u00e9rcio Informal (Semacc), em parceria com o governo do Amazonas, entrega, nesta ter\u00e7a-feira, 6\/6, \u00e0s 16h, a nova feira municipal do bairro da Paz, na avenida Esperan\u00e7a s\/n\u00ba, zona Centro-Oeste.","robots":{"index":"index","follow":"follow","max-snippet":"max-snippet:-1","max-image-preview":"max-image-preview:large","max-video-preview":"max-video-preview:-1"},"canonical":"https:\/\/www.manaus.am.gov.br\/semcom\/pautas\/prefeitura-de-manaus-entrega-a-nova-feira-do-bairro-da-paz\/","og_locale":"pt_BR","og_type":"article","og_title":"Prefeitura de Manaus entrega a nova feira do bairro da Paz","og_description":"A Prefeitura de Manaus, por meio da Secretaria Municipal de Agricultura, Abastecimento, Centro e Com\u00e9rcio Informal (Semacc), em parceria com o governo do Amazonas, entrega, nesta ter\u00e7a-feira, 6\/6, \u00e0s 16h, a nova feira municipal do bairro da Paz, na avenida Esperan\u00e7a s\/n\u00ba, zona Centro-Oeste.","og_url":"https:\/\/www.manaus.am.gov.br\/semcom\/pautas\/prefeitura-de-manaus-entrega-a-nova-feira-do-bairro-da-paz\/","og_site_name":"SEMCOM","article_modified_time":"2023-06-05T15:44:27+00:00","og_image":[{"width":1020,"height":540,"url":"https:\/\/www.manaus.am.gov.br\/semcom\/wp-content\/uploads\/sites\/5\/2023\/02\/sugestaodepauta.png","type":"image\/png"}],"twitter_card":"summary_large_image","twitter_misc":{"Est. reading time":"2 minutos"},"schema":{"@context":"https:\/\/schema.org","@graph":[{"@type":"WebPage","@id":"https:\/\/www.manaus.am.gov.br\/semcom\/pautas\/prefeitura-de-manaus-entrega-a-nova-feira-do-bairro-da-paz\/","url":"https:\/\/www.manaus.am.gov.br\/semcom\/pautas\/prefeitura-de-manaus-entrega-a-nova-feira-do-bairro-da-paz\/","name":"Prefeitura de Manaus entrega a nova feira do bairro da Paz","isPartOf":{"@id":"https:\/\/www.manaus.am.gov.br\/semcom\/#website"},"primaryImageOfPage":{"@id":"https:\/\/www.manaus.am.gov.br\/semcom\/pautas\/prefeitura-de-manaus-entrega-a-nova-feira-do-bairro-da-paz\/#primaryimage"},"image":{"@id":"https:\/\/www.manaus.am.gov.br\/semcom\/pautas\/prefeitura-de-manaus-entrega-a-nova-feira-do-bairro-da-paz\/#primaryimage"},"thumbnailUrl":"https:\/\/www.manaus.am.gov.br\/semcom\/wp-content\/uploads\/sites\/5\/2023\/02\/sugestaodepauta.png","datePublished":"2023-06-05T15:43:49+00:00","dateModified":"2023-06-05T15:44:27+00:00","description":"A Prefeitura de Manaus, por meio da Secretaria Municipal de Agricultura, Abastecimento, Centro e Com\u00e9rcio Informal (Semacc), em parceria com o governo do Amazonas, entrega, nesta ter\u00e7a-feira, 6\/6, \u00e0s 16h, a nova feira municipal do bairro da Paz, na avenida Esperan\u00e7a s\/n\u00ba, zona Centro-Oeste.","inLanguage":"pt-BR","potentialAction":[{"@type":"ReadAction","target":["https:\/\/www.manaus.am.gov.br\/semcom\/pautas\/prefeitura-de-manaus-entrega-a-nova-feira-do-bairro-da-paz\/"]}]},{"@type":"ImageObject","inLanguage":"pt-BR","@id":"https:\/\/www.manaus.am.gov.br\/semcom\/pautas\/prefeitura-de-manaus-entrega-a-nova-feira-do-bairro-da-paz\/#primaryimage","url":"https:\/\/www.manaus.am.gov.br\/semcom\/wp-content\/uploads\/sites\/5\/2023\/02\/sugestaodepauta.png","contentUrl":"https:\/\/www.manaus.am.gov.br\/semcom\/wp-content\/uploads\/sites\/5\/2023\/02\/sugestaodepauta.png","width":1020,"height":540},{"@type":"WebSite","@id":"https:\/\/www.manaus.am.gov.br\/semcom\/#website","url":"https:\/\/www.manaus.am.gov.br\/semcom\/","name":"SEMCOM","description":"Secretaria Municipal de Comunica\u00e7\u00e3o","potentialAction":[{"@type":"SearchAction","target":{"@type":"EntryPoint","urlTemplate":"https:\/\/www.manaus.am.gov.br\/semcom\/?s={search_term_string}"},"query-input":"required name=search_term_string"}],"inLanguage":"pt-BR"}]}},"_links":{"self":[{"href":"https:\/\/www.manaus.am.gov.br\/semcom\/wp-json\/wp\/v2\/pautas\/214733"}],"collection":[{"href":"https:\/\/www.manaus.am.gov.br\/semcom\/wp-json\/wp\/v2\/pautas"}],"about":[{"href":"https:\/\/www.manaus.am.gov.br\/semcom\/wp-json\/wp\/v2\/types\/pautas"}],"wp:featuredmedia":[{"embeddable":true,"href":"https:\/\/www.manaus.am.gov.br\/semcom\/wp-json\/wp\/v2\/media\/208729"}],"wp:attachment":[{"href":"https:\/\/www.manaus.am.gov.br\/semcom\/wp-json\/wp\/v2\/media?parent=214733"}],"wp:term":[{"taxonomy":"category","embeddable":true,"href":"https:\/\/www.manaus.am.gov.br\/semcom\/wp-json\/wp\/v2\/categories?post=214733"}],"curies":[{"name":"wp","href":"https:\/\/api.w.org\/{rel}","templated":true}]}}

<p>A Prefeitura de Manaus, por meio da Secretaria Municipal&nbsp; de Agricultura, Abastecimento, Centro e Comércio Informal (Semacc), em parceria com o governo do Amazonas, entrega, nesta terça-feira, 6/6, às 16h, a nova feira municipal do bairro da Paz, na avenida Esperança s/nº, zona Centro-Oeste.</p>



<p>Após passar por uma grande reforma, a feira do bairro da Paz está com o espaço totalmente reformado e modernizado, nos seus 501,77 metros quadrados, com 17 boxes padronizados e mais amplos, todos com revestimento cerâmico, pisos e forro novos, drenagens, rede elétrica e hidráulica novas, identidade visual padronizada e, agora, com as novidades do espaço pet, banheiros masculinos, femininos e com acessibilidade.</p>



<p>A nova feira do bairro da Paz oferece, a partir de agora, condições dignas de trabalho para todos os permissionários. O espaço gera 70 empregos diretos e quase mil indiretos.</p>



<p><strong>Homenagem póstuma</strong></p>



<p>Na ocasião, a Semacc irá homenagear&nbsp; o senhor Carlos Alberto Ferreira do Nascimento, popularmente conhecido como “Fofinho”, servidor da Semacc há mais de 20 anos, onde exerceu também o cargo de administrador na feira do bairro da Paz, com muita dedicação, responsabilidade e compromisso com todos. “Fofinho” morreu em 9 de maio de 2022, aos 59 anos.</p>



<p><strong>SERVIÇO</strong>:</p>



<p><strong>O quê</strong>&nbsp;&#8211; Reinauguração da feira do bairro da Paz</p>



<p><strong>Quando</strong>&nbsp;– Terça-feira, 6/6</p>



<p><strong>Horário</strong>&nbsp;&#8211; 16h</p>



<p><strong>Local</strong>&nbsp;&#8211; Avenida Esperança, s/nº, bairro da Paz.</p>



<p><strong>SEMACC&nbsp;&#8211; Secretaria Municipal de Agricultura, Abastecimento, Centro e Comércio Informal</strong></p>



<p>Assessor Responsável: Polyana Brelaz &#8211; (92) 99150-3395</p>



<p>E-mail:&nbsp;&nbsp;<a href="mailto:asscom.semacc@gmail.com" target="_blank" rel="noreferrer noopener">asscom.semacc@gmail.com</a></p>

<!-- This site is optimized with the Yoast SEO plugin v23.0 - https://yoast.com/wordpress/plugins/seo/ -->
<title>Prefeitura de Manaus entrega a nova feira do bairro da Paz</title>
<meta name="description" content="A Prefeitura de Manaus, por meio da Secretaria Municipal de Agricultura, Abastecimento, Centro e Comércio Informal (Semacc), em parceria com o governo do Amazonas, entrega, nesta terça-feira, 6/6, às 16h, a nova feira municipal do bairro da Paz, na avenida Esperança s/nº, zona Centro-Oeste." />
<meta name="robots" content="index, follow, max-snippet:-1, max-image-preview:large, max-video-preview:-1" />
<link rel="canonical" href="https://www.manaus.am.gov.br/semcom/pautas/prefeitura-de-manaus-entrega-a-nova-feira-do-bairro-da-paz/" />
<meta property="og:locale" content="pt_BR" />
<meta property="og:type" content="article" />
<meta property="og:title" content="Prefeitura de Manaus entrega a nova feira do bairro da Paz" />
<meta property="og:description" content="A Prefeitura de Manaus, por meio da Secretaria Municipal de Agricultura, Abastecimento, Centro e Comércio Informal (Semacc), em parceria com o governo do Amazonas, entrega, nesta terça-feira, 6/6, às 16h, a nova feira municipal do bairro da Paz, na avenida Esperança s/nº, zona Centro-Oeste." />
<meta property="og:url" content="https://www.manaus.am.gov.br/semcom/pautas/prefeitura-de-manaus-entrega-a-nova-feira-do-bairro-da-paz/" />
<meta property="og:site_name" content="SEMCOM" />
<meta property="article:modified_time" content="2023-06-05T15:44:27+00:00" />
<meta property="og:image" content="https://www.manaus.am.gov.br/semcom/wp-content/uploads/sites/5/2023/02/sugestaodepauta.png" />
	<meta property="og:image:width" content="1020" />
	<meta property="og:image:height" content="540" />
	<meta property="og:image:type" content="image/png" />
<meta name="twitter:card" content="summary_large_image" />
<meta name="twitter:label1" content="Est. reading time" />
	<meta name="twitter:data1" content="2 minutos" />
<script type="application/ld+json" class="yoast-schema-graph">{"@context":"https://schema.org","@graph":[{"@type":"WebPage","@id":"https://www.manaus.am.gov.br/semcom/pautas/prefeitura-de-manaus-entrega-a-nova-feira-do-bairro-da-paz/","url":"https://www.manaus.am.gov.br/semcom/pautas/prefeitura-de-manaus-entrega-a-nova-feira-do-bairro-da-paz/","name":"Prefeitura de Manaus entrega a nova feira do bairro da Paz","isPartOf":{"@id":"https://www.manaus.am.gov.br/semcom/#website"},"primaryImageOfPage":{"@id":"https://www.manaus.am.gov.br/semcom/pautas/prefeitura-de-manaus-entrega-a-nova-feira-do-bairro-da-paz/#primaryimage"},"image":{"@id":"https://www.manaus.am.gov.br/semcom/pautas/prefeitura-de-manaus-entrega-a-nova-feira-do-bairro-da-paz/#primaryimage"},"thumbnailUrl":"https://www.manaus.am.gov.br/semcom/wp-content/uploads/sites/5/2023/02/sugestaodepauta.png","datePublished":"2023-06-05T15:43:49+00:00","dateModified":"2023-06-05T15:44:27+00:00","description":"A Prefeitura de Manaus, por meio da Secretaria Municipal de Agricultura, Abastecimento, Centro e Comércio Informal (Semacc), em parceria com o governo do Amazonas, entrega, nesta terça-feira, 6/6, às 16h, a nova feira municipal do bairro da Paz, na avenida Esperança s/nº, zona Centro-Oeste.","inLanguage":"pt-BR","potentialAction":[{"@type":"ReadAction","target":["https://www.manaus.am.gov.br/semcom/pautas/prefeitura-de-manaus-entrega-a-nova-feira-do-bairro-da-paz/"]}]},{"@type":"ImageObject","inLanguage":"pt-BR","@id":"https://www.manaus.am.gov.br/semcom/pautas/prefeitura-de-manaus-entrega-a-nova-feira-do-bairro-da-paz/#primaryimage","url":"https://www.manaus.am.gov.br/semcom/wp-content/uploads/sites/5/2023/02/sugestaodepauta.png","contentUrl":"https://www.manaus.am.gov.br/semcom/wp-content/uploads/sites/5/2023/02/sugestaodepauta.png","width":1020,"height":540},{"@type":"WebSite","@id":"https://www.manaus.am.gov.br/semcom/#website","url":"https://www.manaus.am.gov.br/semcom/","name":"SEMCOM","description":"Secretaria Municipal de Comunicação","potentialAction":[{"@type":"SearchAction","target":{"@type":"EntryPoint","urlTemplate":"https://www.manaus.am.gov.br/semcom/?s={search_term_string}"},"query-input":"required name=search_term_string"}],"inLanguage":"pt-BR"}]}</script>
<!-- / Yoast SEO plugin. -->

A Prefeitura de Manaus, por meio da Secretaria Municipal de Agricultura, Abastecimento, Centro e Comércio Informal (Semacc), em parceria com o governo do Amazonas, entrega, nesta terça-feira, 6/6, às 16h, a nova feira municipal do bairro da Paz, na avenida Esperança s/nº, zona Centro-Oeste.

Secretaria Municipal de Comunicação
