{"id":214537,"date":"2023-05-31T16:33:48","date_gmt":"2023-05-31T19:33:48","guid":{"rendered":"https:\/\/www.manaus.am.gov.br\/semcom\/?post_type=pautas&#038;p=214537"},"modified":"2023-05-31T16:33:49","modified_gmt":"2023-05-31T19:33:49","slug":"prefeitura-de-manaus-realiza-abertura-da-semana-do-meio-ambiente-na-rede-municipal-de-ensino","status":"publish","type":"pautas","link":"https:\/\/www.manaus.am.gov.br\/semcom\/pautas\/prefeitura-de-manaus-realiza-abertura-da-semana-do-meio-ambiente-na-rede-municipal-de-ensino\/","title":{"rendered":"<strong>Prefeitura de Manaus realiza abertura da Semana do Meio Ambiente na rede municipal de ensino<\/strong>"},"content":{"rendered":"\n<p>A Prefeitura de Manaus, por meio da Secretaria Municipal de Educa\u00e7\u00e3o (Semed), realiza, nesta quinta-feira, 1\u00ba\/6, \u00e0s 9h, a abertura da \u201cSemana do Meio Ambiente\u201d, na rede municipal de ensino, em alus\u00e3o ao Dia Mundial do Meio Ambiente, celebrado no dia 5 de junho. O evento ser\u00e1 realizado no audit\u00f3rio da sede do \u00f3rg\u00e3o, na\u00a0<a href=\"https:\/\/www.google.com\/maps\/search\/avenida+M%C3%A1rio+Ypiranga,+2.358,+bairro+Parque+10+de+Novembro?entry=gmail&amp;source=g\" target=\"_blank\" rel=\"noreferrer noopener\">avenida M\u00e1rio Ypiranga, 2.358, bairro Parque 10 de Novembro<\/a>, zona Centro-Sul.\u00a0\u00a0<\/p>\n\n\n\n<p>Neste ano, essa atividade pedag\u00f3gica ter\u00e1 a tem\u00e1tica \u201cA educa\u00e7\u00e3o promovendo habilidades socioambientais no munic\u00edpio de Manaus\u201d, tendo a \u201cCarta da Terra\u201d como instrumento norteador. A a\u00e7\u00e3o tem finalidade de estimular as reflex\u00f5es, atividades e a\u00e7\u00f5es que visam a sensibiliza\u00e7\u00e3o ambiental dos estudantes das unidades de ensino.<\/p>\n\n\n\n<p>&#8212; &#8212; &#8212;<\/p>\n\n\n\n<p><strong>SERVI\u00c7O<\/strong><\/p>\n\n\n\n<p><strong>O qu\u00ea<\/strong>&nbsp;&#8211; Abertura da \u201cSemana do Meio Ambiente\u201d na rede municipal de ensino<\/p>\n\n\n\n<p><strong>Quando<\/strong>&nbsp;&#8211; Quinta-feira, 1\u00ba\/6<\/p>\n\n\n\n<p><strong>Hor\u00e1rio<\/strong>&nbsp;&#8211; 9h<\/p>\n\n\n\n<p><strong>Local<\/strong>&nbsp;&#8211; Audit\u00f3rio da sede da Semed, na&nbsp;<a href=\"https:\/\/www.google.com\/maps\/search\/avenida+M%C3%A1rio+Ypiranga,+2.358,+bairro%0D%0AParque+10+de+Novembro?entry=gmail&amp;source=g\" target=\"_blank\" rel=\"noreferrer noopener\">avenida M\u00e1rio Ypiranga, 2.358, bairro Parque 10 de Novembro<\/a>, zona Centro-Sul.<\/p>\n\n\n\n<p>&#8212; &#8212; &#8212;<\/p>\n\n\n\n<p>SEMED &#8211; Secretaria Municipal de Educa\u00e7\u00e3o<\/p>\n\n\n\n<p>Assessor Respons\u00e1vel: Moara Cabral &#8211; (92) 99242-8724<\/p>\n\n\n\n<p>E-mail: <a href=\"mailto:falasemed@semed.manaus.am.gov.br\">falasemed@semed.manaus.am.gov.br<\/a><\/p>\n","protected":false},"featured_media":208729,"template":"","categories":[788],"acf":[],"yoast_head":"<!-- This site is optimized with the Yoast SEO plugin v23.0 - https:\/\/yoast.com\/wordpress\/plugins\/seo\/ -->\n<title>Prefeitura de Manaus realiza abertura da Semana do Meio Ambiente na rede municipal de ensino - SEMCOM<\/title>\n<meta name=\"robots\" content=\"index, follow, max-snippet:-1, max-image-preview:large, max-video-preview:-1\" \/>\n<link rel=\"canonical\" href=\"https:\/\/www.manaus.am.gov.br\/semcom\/pautas\/prefeitura-de-manaus-realiza-abertura-da-semana-do-meio-ambiente-na-rede-municipal-de-ensino\/\" \/>\n<meta property=\"og:locale\" content=\"pt_BR\" \/>\n<meta property=\"og:type\" content=\"article\" \/>\n<meta property=\"og:title\" content=\"Prefeitura de Manaus realiza abertura da Semana do Meio Ambiente na rede municipal de ensino - SEMCOM\" \/>\n<meta property=\"og:url\" content=\"https:\/\/www.manaus.am.gov.br\/semcom\/pautas\/prefeitura-de-manaus-realiza-abertura-da-semana-do-meio-ambiente-na-rede-municipal-de-ensino\/\" \/>\n<meta property=\"og:site_name\" content=\"SEMCOM\" \/>\n<meta property=\"article:modified_time\" content=\"2023-05-31T19:33:49+00:00\" \/>\n<meta property=\"og:image\" content=\"https:\/\/www.manaus.am.gov.br\/semcom\/wp-content\/uploads\/sites\/5\/2023\/02\/sugestaodepauta.png\" \/>\n\t<meta property=\"og:image:width\" content=\"1020\" \/>\n\t<meta property=\"og:image:height\" content=\"540\" \/>\n\t<meta property=\"og:image:type\" content=\"image\/png\" \/>\n<meta name=\"twitter:card\" content=\"summary_large_image\" \/>\n<meta name=\"twitter:label1\" content=\"Est. reading time\" \/>\n\t<meta name=\"twitter:data1\" content=\"1 minuto\" \/>\n<script type=\"application\/ld+json\" class=\"yoast-schema-graph\">{\"@context\":\"https:\/\/schema.org\",\"@graph\":[{\"@type\":\"WebPage\",\"@id\":\"https:\/\/www.manaus.am.gov.br\/semcom\/pautas\/prefeitura-de-manaus-realiza-abertura-da-semana-do-meio-ambiente-na-rede-municipal-de-ensino\/\",\"url\":\"https:\/\/www.manaus.am.gov.br\/semcom\/pautas\/prefeitura-de-manaus-realiza-abertura-da-semana-do-meio-ambiente-na-rede-municipal-de-ensino\/\",\"name\":\"Prefeitura de Manaus realiza abertura da Semana do Meio Ambiente na rede municipal de ensino - SEMCOM\",\"isPartOf\":{\"@id\":\"https:\/\/www.manaus.am.gov.br\/semcom\/#website\"},\"primaryImageOfPage\":{\"@id\":\"https:\/\/www.manaus.am.gov.br\/semcom\/pautas\/prefeitura-de-manaus-realiza-abertura-da-semana-do-meio-ambiente-na-rede-municipal-de-ensino\/#primaryimage\"},\"image\":{\"@id\":\"https:\/\/www.manaus.am.gov.br\/semcom\/pautas\/prefeitura-de-manaus-realiza-abertura-da-semana-do-meio-ambiente-na-rede-municipal-de-ensino\/#primaryimage\"},\"thumbnailUrl\":\"https:\/\/www.manaus.am.gov.br\/semcom\/wp-content\/uploads\/sites\/5\/2023\/02\/sugestaodepauta.png\",\"datePublished\":\"2023-05-31T19:33:48+00:00\",\"dateModified\":\"2023-05-31T19:33:49+00:00\",\"inLanguage\":\"pt-BR\",\"potentialAction\":[{\"@type\":\"ReadAction\",\"target\":[\"https:\/\/www.manaus.am.gov.br\/semcom\/pautas\/prefeitura-de-manaus-realiza-abertura-da-semana-do-meio-ambiente-na-rede-municipal-de-ensino\/\"]}]},{\"@type\":\"ImageObject\",\"inLanguage\":\"pt-BR\",\"@id\":\"https:\/\/www.manaus.am.gov.br\/semcom\/pautas\/prefeitura-de-manaus-realiza-abertura-da-semana-do-meio-ambiente-na-rede-municipal-de-ensino\/#primaryimage\",\"url\":\"https:\/\/www.manaus.am.gov.br\/semcom\/wp-content\/uploads\/sites\/5\/2023\/02\/sugestaodepauta.png\",\"contentUrl\":\"https:\/\/www.manaus.am.gov.br\/semcom\/wp-content\/uploads\/sites\/5\/2023\/02\/sugestaodepauta.png\",\"width\":1020,\"height\":540},{\"@type\":\"WebSite\",\"@id\":\"https:\/\/www.manaus.am.gov.br\/semcom\/#website\",\"url\":\"https:\/\/www.manaus.am.gov.br\/semcom\/\",\"name\":\"SEMCOM\",\"description\":\"Secretaria Municipal de Comunica\u00e7\u00e3o\",\"potentialAction\":[{\"@type\":\"SearchAction\",\"target\":{\"@type\":\"EntryPoint\",\"urlTemplate\":\"https:\/\/www.manaus.am.gov.br\/semcom\/?s={search_term_string}\"},\"query-input\":\"required name=search_term_string\"}],\"inLanguage\":\"pt-BR\"}]}<\/script>\n<!-- \/ Yoast SEO plugin. -->","yoast_head_json":{"title":"Prefeitura de Manaus realiza abertura da Semana do Meio Ambiente na rede municipal de ensino - SEMCOM","robots":{"index":"index","follow":"follow","max-snippet":"max-snippet:-1","max-image-preview":"max-image-preview:large","max-video-preview":"max-video-preview:-1"},"canonical":"https:\/\/www.manaus.am.gov.br\/semcom\/pautas\/prefeitura-de-manaus-realiza-abertura-da-semana-do-meio-ambiente-na-rede-municipal-de-ensino\/","og_locale":"pt_BR","og_type":"article","og_title":"Prefeitura de Manaus realiza abertura da Semana do Meio Ambiente na rede municipal de ensino - SEMCOM","og_url":"https:\/\/www.manaus.am.gov.br\/semcom\/pautas\/prefeitura-de-manaus-realiza-abertura-da-semana-do-meio-ambiente-na-rede-municipal-de-ensino\/","og_site_name":"SEMCOM","article_modified_time":"2023-05-31T19:33:49+00:00","og_image":[{"width":1020,"height":540,"url":"https:\/\/www.manaus.am.gov.br\/semcom\/wp-content\/uploads\/sites\/5\/2023\/02\/sugestaodepauta.png","type":"image\/png"}],"twitter_card":"summary_large_image","twitter_misc":{"Est. reading time":"1 minuto"},"schema":{"@context":"https:\/\/schema.org","@graph":[{"@type":"WebPage","@id":"https:\/\/www.manaus.am.gov.br\/semcom\/pautas\/prefeitura-de-manaus-realiza-abertura-da-semana-do-meio-ambiente-na-rede-municipal-de-ensino\/","url":"https:\/\/www.manaus.am.gov.br\/semcom\/pautas\/prefeitura-de-manaus-realiza-abertura-da-semana-do-meio-ambiente-na-rede-municipal-de-ensino\/","name":"Prefeitura de Manaus realiza abertura da Semana do Meio Ambiente na rede municipal de ensino - SEMCOM","isPartOf":{"@id":"https:\/\/www.manaus.am.gov.br\/semcom\/#website"},"primaryImageOfPage":{"@id":"https:\/\/www.manaus.am.gov.br\/semcom\/pautas\/prefeitura-de-manaus-realiza-abertura-da-semana-do-meio-ambiente-na-rede-municipal-de-ensino\/#primaryimage"},"image":{"@id":"https:\/\/www.manaus.am.gov.br\/semcom\/pautas\/prefeitura-de-manaus-realiza-abertura-da-semana-do-meio-ambiente-na-rede-municipal-de-ensino\/#primaryimage"},"thumbnailUrl":"https:\/\/www.manaus.am.gov.br\/semcom\/wp-content\/uploads\/sites\/5\/2023\/02\/sugestaodepauta.png","datePublished":"2023-05-31T19:33:48+00:00","dateModified":"2023-05-31T19:33:49+00:00","inLanguage":"pt-BR","potentialAction":[{"@type":"ReadAction","target":["https:\/\/www.manaus.am.gov.br\/semcom\/pautas\/prefeitura-de-manaus-realiza-abertura-da-semana-do-meio-ambiente-na-rede-municipal-de-ensino\/"]}]},{"@type":"ImageObject","inLanguage":"pt-BR","@id":"https:\/\/www.manaus.am.gov.br\/semcom\/pautas\/prefeitura-de-manaus-realiza-abertura-da-semana-do-meio-ambiente-na-rede-municipal-de-ensino\/#primaryimage","url":"https:\/\/www.manaus.am.gov.br\/semcom\/wp-content\/uploads\/sites\/5\/2023\/02\/sugestaodepauta.png","contentUrl":"https:\/\/www.manaus.am.gov.br\/semcom\/wp-content\/uploads\/sites\/5\/2023\/02\/sugestaodepauta.png","width":1020,"height":540},{"@type":"WebSite","@id":"https:\/\/www.manaus.am.gov.br\/semcom\/#website","url":"https:\/\/www.manaus.am.gov.br\/semcom\/","name":"SEMCOM","description":"Secretaria Municipal de Comunica\u00e7\u00e3o","potentialAction":[{"@type":"SearchAction","target":{"@type":"EntryPoint","urlTemplate":"https:\/\/www.manaus.am.gov.br\/semcom\/?s={search_term_string}"},"query-input":"required name=search_term_string"}],"inLanguage":"pt-BR"}]}},"_links":{"self":[{"href":"https:\/\/www.manaus.am.gov.br\/semcom\/wp-json\/wp\/v2\/pautas\/214537"}],"collection":[{"href":"https:\/\/www.manaus.am.gov.br\/semcom\/wp-json\/wp\/v2\/pautas"}],"about":[{"href":"https:\/\/www.manaus.am.gov.br\/semcom\/wp-json\/wp\/v2\/types\/pautas"}],"wp:featuredmedia":[{"embeddable":true,"href":"https:\/\/www.manaus.am.gov.br\/semcom\/wp-json\/wp\/v2\/media\/208729"}],"wp:attachment":[{"href":"https:\/\/www.manaus.am.gov.br\/semcom\/wp-json\/wp\/v2\/media?parent=214537"}],"wp:term":[{"taxonomy":"category","embeddable":true,"href":"https:\/\/www.manaus.am.gov.br\/semcom\/wp-json\/wp\/v2\/categories?post=214537"}],"curies":[{"name":"wp","href":"https:\/\/api.w.org\/{rel}","templated":true}]}}

<p>A Prefeitura de Manaus, por meio da Secretaria Municipal de Educação (Semed), realiza, nesta quinta-feira, 1º/6, às 9h, a abertura da “Semana do Meio Ambiente”, na rede municipal de ensino, em alusão ao Dia Mundial do Meio Ambiente, celebrado no dia 5 de junho. O evento será realizado no auditório da sede do órgão, na <a href="https://www.google.com/maps/search/avenida+M%C3%A1rio+Ypiranga,+2.358,+bairro+Parque+10+de+Novembro?entry=gmail&amp;source=g" target="_blank" rel="noreferrer noopener">avenida Mário Ypiranga, 2.358, bairro Parque 10 de Novembro</a>, zona Centro-Sul.  </p>



<p>Neste ano, essa atividade pedagógica terá a temática “A educação promovendo habilidades socioambientais no município de Manaus”, tendo a “Carta da Terra” como instrumento norteador. A ação tem finalidade de estimular as reflexões, atividades e ações que visam a sensibilização ambiental dos estudantes das unidades de ensino.</p>



<p>&#8212; &#8212; &#8212;</p>



<p><strong>SERVIÇO</strong></p>



<p><strong>O quê</strong>&nbsp;&#8211; Abertura da “Semana do Meio Ambiente” na rede municipal de ensino</p>



<p><strong>Quando</strong>&nbsp;&#8211; Quinta-feira, 1º/6</p>



<p><strong>Horário</strong>&nbsp;&#8211; 9h</p>



<p><strong>Local</strong>&nbsp;&#8211; Auditório da sede da Semed, na&nbsp;<a href="https://www.google.com/maps/search/avenida+M%C3%A1rio+Ypiranga,+2.358,+bairro%0D%0AParque+10+de+Novembro?entry=gmail&amp;source=g" target="_blank" rel="noreferrer noopener">avenida Mário Ypiranga, 2.358, bairro Parque 10 de Novembro</a>, zona Centro-Sul.</p>



<p>&#8212; &#8212; &#8212;</p>



<p>SEMED &#8211; Secretaria Municipal de Educação</p>



<p>Assessor Responsável: Moara Cabral &#8211; (92) 99242-8724</p>



<p>E-mail: <a href="mailto:falasemed@semed.manaus.am.gov.br">falasemed@semed.manaus.am.gov.br</a></p>

<!-- This site is optimized with the Yoast SEO plugin v23.0 - https://yoast.com/wordpress/plugins/seo/ -->
<title>Prefeitura de Manaus realiza abertura da Semana do Meio Ambiente na rede municipal de ensino - SEMCOM</title>
<meta name="robots" content="index, follow, max-snippet:-1, max-image-preview:large, max-video-preview:-1" />
<link rel="canonical" href="https://www.manaus.am.gov.br/semcom/pautas/prefeitura-de-manaus-realiza-abertura-da-semana-do-meio-ambiente-na-rede-municipal-de-ensino/" />
<meta property="og:locale" content="pt_BR" />
<meta property="og:type" content="article" />
<meta property="og:title" content="Prefeitura de Manaus realiza abertura da Semana do Meio Ambiente na rede municipal de ensino - SEMCOM" />
<meta property="og:url" content="https://www.manaus.am.gov.br/semcom/pautas/prefeitura-de-manaus-realiza-abertura-da-semana-do-meio-ambiente-na-rede-municipal-de-ensino/" />
<meta property="og:site_name" content="SEMCOM" />
<meta property="article:modified_time" content="2023-05-31T19:33:49+00:00" />
<meta property="og:image" content="https://www.manaus.am.gov.br/semcom/wp-content/uploads/sites/5/2023/02/sugestaodepauta.png" />
	<meta property="og:image:width" content="1020" />
	<meta property="og:image:height" content="540" />
	<meta property="og:image:type" content="image/png" />
<meta name="twitter:card" content="summary_large_image" />
<meta name="twitter:label1" content="Est. reading time" />
	<meta name="twitter:data1" content="1 minuto" />
<script type="application/ld+json" class="yoast-schema-graph">{"@context":"https://schema.org","@graph":[{"@type":"WebPage","@id":"https://www.manaus.am.gov.br/semcom/pautas/prefeitura-de-manaus-realiza-abertura-da-semana-do-meio-ambiente-na-rede-municipal-de-ensino/","url":"https://www.manaus.am.gov.br/semcom/pautas/prefeitura-de-manaus-realiza-abertura-da-semana-do-meio-ambiente-na-rede-municipal-de-ensino/","name":"Prefeitura de Manaus realiza abertura da Semana do Meio Ambiente na rede municipal de ensino - SEMCOM","isPartOf":{"@id":"https://www.manaus.am.gov.br/semcom/#website"},"primaryImageOfPage":{"@id":"https://www.manaus.am.gov.br/semcom/pautas/prefeitura-de-manaus-realiza-abertura-da-semana-do-meio-ambiente-na-rede-municipal-de-ensino/#primaryimage"},"image":{"@id":"https://www.manaus.am.gov.br/semcom/pautas/prefeitura-de-manaus-realiza-abertura-da-semana-do-meio-ambiente-na-rede-municipal-de-ensino/#primaryimage"},"thumbnailUrl":"https://www.manaus.am.gov.br/semcom/wp-content/uploads/sites/5/2023/02/sugestaodepauta.png","datePublished":"2023-05-31T19:33:48+00:00","dateModified":"2023-05-31T19:33:49+00:00","inLanguage":"pt-BR","potentialAction":[{"@type":"ReadAction","target":["https://www.manaus.am.gov.br/semcom/pautas/prefeitura-de-manaus-realiza-abertura-da-semana-do-meio-ambiente-na-rede-municipal-de-ensino/"]}]},{"@type":"ImageObject","inLanguage":"pt-BR","@id":"https://www.manaus.am.gov.br/semcom/pautas/prefeitura-de-manaus-realiza-abertura-da-semana-do-meio-ambiente-na-rede-municipal-de-ensino/#primaryimage","url":"https://www.manaus.am.gov.br/semcom/wp-content/uploads/sites/5/2023/02/sugestaodepauta.png","contentUrl":"https://www.manaus.am.gov.br/semcom/wp-content/uploads/sites/5/2023/02/sugestaodepauta.png","width":1020,"height":540},{"@type":"WebSite","@id":"https://www.manaus.am.gov.br/semcom/#website","url":"https://www.manaus.am.gov.br/semcom/","name":"SEMCOM","description":"Secretaria Municipal de Comunicação","potentialAction":[{"@type":"SearchAction","target":{"@type":"EntryPoint","urlTemplate":"https://www.manaus.am.gov.br/semcom/?s={search_term_string}"},"query-input":"required name=search_term_string"}],"inLanguage":"pt-BR"}]}</script>
<!-- / Yoast SEO plugin. -->

Secretaria Municipal de Comunicação
