{"id":214409,"date":"2023-05-30T16:40:00","date_gmt":"2023-05-30T19:40:00","guid":{"rendered":"https:\/\/www.manaus.am.gov.br\/semcom\/?post_type=pautas&#038;p=214409"},"modified":"2023-05-30T16:40:01","modified_gmt":"2023-05-30T19:40:01","slug":"prefeitura-de-manaus-realiza-1a-corrida-do-projovem-urbano","status":"publish","type":"pautas","link":"https:\/\/www.manaus.am.gov.br\/semcom\/pautas\/prefeitura-de-manaus-realiza-1a-corrida-do-projovem-urbano\/","title":{"rendered":"<strong>Prefeitura de Manaus realiza 1\u00aa Corrida do \u2018Projovem Urbano\u2019<\/strong>"},"content":{"rendered":"\n<p>A Prefeitura de Manaus, por meio da Secretaria Municipal de Educa\u00e7\u00e3o (Semed), realiza, nesta quarta-feira, 31\/5, \u00e0s 17h, a 1\u00aa Corrida do \u201cProjovem Urbano\u201d, no complexo tur\u00edstico Ponta Negra, na avenida Coronel Teixeira, n\u00ba 7.832, zona Oeste da cidade. A a\u00e7\u00e3o visa captar novos alunos para o Programa Nacional de Inclus\u00e3o de Jovens (Projovem), bem como divulgar as a\u00e7\u00f5es desenvolvidas na rede municipal de ensino.<\/p>\n\n\n\n<p>O Projovem tem finalidade de proporcionar a forma\u00e7\u00e3o integral e a inclus\u00e3o social de jovens entre 18 e 35 anos, por meio da conclus\u00e3o do e Ensino Fundamental, da qualifica\u00e7\u00e3o profissional e de experi\u00eancias de participa\u00e7\u00e3o cidad\u00e3.<\/p>\n\n\n\n<p><strong>SERVI\u00c7O<\/strong><\/p>\n\n\n\n<p><strong>O qu\u00ea &#8211;<\/strong> 1\u00b0 Corrida do \u201cProjovem Urbano\u201d<\/p>\n\n\n\n<p><strong>Quando &#8211;<\/strong> Quarta-feira, 31\/5<\/p>\n\n\n\n<p><strong>Hor\u00e1rio &#8211;<\/strong> 17h<\/p>\n\n\n\n<p><strong>Local &#8211;<\/strong> Complexo tur\u00edstico Ponta Negra, localizado na avenida Coronel Teixeira, n\u00ba 7.832, zona Oeste da cidade<\/p>\n","protected":false},"featured_media":208729,"template":"","categories":[788],"acf":[],"yoast_head":"<!-- This site is optimized with the Yoast SEO plugin v23.0 - https:\/\/yoast.com\/wordpress\/plugins\/seo\/ -->\n<title>Prefeitura de Manaus realiza 1\u00aa Corrida do \u2018Projovem Urbano\u2019<\/title>\n<meta name=\"description\" content=\"A Prefeitura de Manaus, por meio da Secretaria Municipal de Educa\u00e7\u00e3o (Semed), realiza, nesta quarta-feira, 31\/5, \u00e0s 17h, a 1\u00aa Corrida do \u201cProjovem Urbano\u201d, no complexo tur\u00edstico Ponta Negra, na avenida Coronel Teixeira, n\u00ba 7.832, zona Oeste da cidade.\" \/>\n<meta name=\"robots\" content=\"index, follow, max-snippet:-1, max-image-preview:large, max-video-preview:-1\" \/>\n<link rel=\"canonical\" href=\"https:\/\/www.manaus.am.gov.br\/semcom\/pautas\/prefeitura-de-manaus-realiza-1a-corrida-do-projovem-urbano\/\" \/>\n<meta property=\"og:locale\" content=\"pt_BR\" \/>\n<meta property=\"og:type\" content=\"article\" \/>\n<meta property=\"og:title\" content=\"Prefeitura de Manaus realiza 1\u00aa Corrida do \u2018Projovem Urbano\u2019\" \/>\n<meta property=\"og:description\" content=\"A Prefeitura de Manaus, por meio da Secretaria Municipal de Educa\u00e7\u00e3o (Semed), realiza, nesta quarta-feira, 31\/5, \u00e0s 17h, a 1\u00aa Corrida do \u201cProjovem Urbano\u201d, no complexo tur\u00edstico Ponta Negra, na avenida Coronel Teixeira, n\u00ba 7.832, zona Oeste da cidade.\" \/>\n<meta property=\"og:url\" content=\"https:\/\/www.manaus.am.gov.br\/semcom\/pautas\/prefeitura-de-manaus-realiza-1a-corrida-do-projovem-urbano\/\" \/>\n<meta property=\"og:site_name\" content=\"SEMCOM\" \/>\n<meta property=\"article:modified_time\" content=\"2023-05-30T19:40:01+00:00\" \/>\n<meta property=\"og:image\" content=\"https:\/\/www.manaus.am.gov.br\/semcom\/wp-content\/uploads\/sites\/5\/2023\/02\/sugestaodepauta.png\" \/>\n\t<meta property=\"og:image:width\" content=\"1020\" \/>\n\t<meta property=\"og:image:height\" content=\"540\" \/>\n\t<meta property=\"og:image:type\" content=\"image\/png\" \/>\n<meta name=\"twitter:card\" content=\"summary_large_image\" \/>\n<meta name=\"twitter:label1\" content=\"Est. reading time\" \/>\n\t<meta name=\"twitter:data1\" content=\"1 minuto\" \/>\n<script type=\"application\/ld+json\" class=\"yoast-schema-graph\">{\"@context\":\"https:\/\/schema.org\",\"@graph\":[{\"@type\":\"WebPage\",\"@id\":\"https:\/\/www.manaus.am.gov.br\/semcom\/pautas\/prefeitura-de-manaus-realiza-1a-corrida-do-projovem-urbano\/\",\"url\":\"https:\/\/www.manaus.am.gov.br\/semcom\/pautas\/prefeitura-de-manaus-realiza-1a-corrida-do-projovem-urbano\/\",\"name\":\"Prefeitura de Manaus realiza 1\u00aa Corrida do \u2018Projovem Urbano\u2019\",\"isPartOf\":{\"@id\":\"https:\/\/www.manaus.am.gov.br\/semcom\/#website\"},\"primaryImageOfPage\":{\"@id\":\"https:\/\/www.manaus.am.gov.br\/semcom\/pautas\/prefeitura-de-manaus-realiza-1a-corrida-do-projovem-urbano\/#primaryimage\"},\"image\":{\"@id\":\"https:\/\/www.manaus.am.gov.br\/semcom\/pautas\/prefeitura-de-manaus-realiza-1a-corrida-do-projovem-urbano\/#primaryimage\"},\"thumbnailUrl\":\"https:\/\/www.manaus.am.gov.br\/semcom\/wp-content\/uploads\/sites\/5\/2023\/02\/sugestaodepauta.png\",\"datePublished\":\"2023-05-30T19:40:00+00:00\",\"dateModified\":\"2023-05-30T19:40:01+00:00\",\"description\":\"A Prefeitura de Manaus, por meio da Secretaria Municipal de Educa\u00e7\u00e3o (Semed), realiza, nesta quarta-feira, 31\/5, \u00e0s 17h, a 1\u00aa Corrida do \u201cProjovem Urbano\u201d, no complexo tur\u00edstico Ponta Negra, na avenida Coronel Teixeira, n\u00ba 7.832, zona Oeste da cidade.\",\"inLanguage\":\"pt-BR\",\"potentialAction\":[{\"@type\":\"ReadAction\",\"target\":[\"https:\/\/www.manaus.am.gov.br\/semcom\/pautas\/prefeitura-de-manaus-realiza-1a-corrida-do-projovem-urbano\/\"]}]},{\"@type\":\"ImageObject\",\"inLanguage\":\"pt-BR\",\"@id\":\"https:\/\/www.manaus.am.gov.br\/semcom\/pautas\/prefeitura-de-manaus-realiza-1a-corrida-do-projovem-urbano\/#primaryimage\",\"url\":\"https:\/\/www.manaus.am.gov.br\/semcom\/wp-content\/uploads\/sites\/5\/2023\/02\/sugestaodepauta.png\",\"contentUrl\":\"https:\/\/www.manaus.am.gov.br\/semcom\/wp-content\/uploads\/sites\/5\/2023\/02\/sugestaodepauta.png\",\"width\":1020,\"height\":540},{\"@type\":\"WebSite\",\"@id\":\"https:\/\/www.manaus.am.gov.br\/semcom\/#website\",\"url\":\"https:\/\/www.manaus.am.gov.br\/semcom\/\",\"name\":\"SEMCOM\",\"description\":\"Secretaria Municipal de Comunica\u00e7\u00e3o\",\"potentialAction\":[{\"@type\":\"SearchAction\",\"target\":{\"@type\":\"EntryPoint\",\"urlTemplate\":\"https:\/\/www.manaus.am.gov.br\/semcom\/?s={search_term_string}\"},\"query-input\":\"required name=search_term_string\"}],\"inLanguage\":\"pt-BR\"}]}<\/script>\n<!-- \/ Yoast SEO plugin. -->","yoast_head_json":{"title":"Prefeitura de Manaus realiza 1\u00aa Corrida do \u2018Projovem Urbano\u2019","description":"A Prefeitura de Manaus, por meio da Secretaria Municipal de Educa\u00e7\u00e3o (Semed), realiza, nesta quarta-feira, 31\/5, \u00e0s 17h, a 1\u00aa Corrida do \u201cProjovem Urbano\u201d, no complexo tur\u00edstico Ponta Negra, na avenida Coronel Teixeira, n\u00ba 7.832, zona Oeste da cidade.","robots":{"index":"index","follow":"follow","max-snippet":"max-snippet:-1","max-image-preview":"max-image-preview:large","max-video-preview":"max-video-preview:-1"},"canonical":"https:\/\/www.manaus.am.gov.br\/semcom\/pautas\/prefeitura-de-manaus-realiza-1a-corrida-do-projovem-urbano\/","og_locale":"pt_BR","og_type":"article","og_title":"Prefeitura de Manaus realiza 1\u00aa Corrida do \u2018Projovem Urbano\u2019","og_description":"A Prefeitura de Manaus, por meio da Secretaria Municipal de Educa\u00e7\u00e3o (Semed), realiza, nesta quarta-feira, 31\/5, \u00e0s 17h, a 1\u00aa Corrida do \u201cProjovem Urbano\u201d, no complexo tur\u00edstico Ponta Negra, na avenida Coronel Teixeira, n\u00ba 7.832, zona Oeste da cidade.","og_url":"https:\/\/www.manaus.am.gov.br\/semcom\/pautas\/prefeitura-de-manaus-realiza-1a-corrida-do-projovem-urbano\/","og_site_name":"SEMCOM","article_modified_time":"2023-05-30T19:40:01+00:00","og_image":[{"width":1020,"height":540,"url":"https:\/\/www.manaus.am.gov.br\/semcom\/wp-content\/uploads\/sites\/5\/2023\/02\/sugestaodepauta.png","type":"image\/png"}],"twitter_card":"summary_large_image","twitter_misc":{"Est. reading time":"1 minuto"},"schema":{"@context":"https:\/\/schema.org","@graph":[{"@type":"WebPage","@id":"https:\/\/www.manaus.am.gov.br\/semcom\/pautas\/prefeitura-de-manaus-realiza-1a-corrida-do-projovem-urbano\/","url":"https:\/\/www.manaus.am.gov.br\/semcom\/pautas\/prefeitura-de-manaus-realiza-1a-corrida-do-projovem-urbano\/","name":"Prefeitura de Manaus realiza 1\u00aa Corrida do \u2018Projovem Urbano\u2019","isPartOf":{"@id":"https:\/\/www.manaus.am.gov.br\/semcom\/#website"},"primaryImageOfPage":{"@id":"https:\/\/www.manaus.am.gov.br\/semcom\/pautas\/prefeitura-de-manaus-realiza-1a-corrida-do-projovem-urbano\/#primaryimage"},"image":{"@id":"https:\/\/www.manaus.am.gov.br\/semcom\/pautas\/prefeitura-de-manaus-realiza-1a-corrida-do-projovem-urbano\/#primaryimage"},"thumbnailUrl":"https:\/\/www.manaus.am.gov.br\/semcom\/wp-content\/uploads\/sites\/5\/2023\/02\/sugestaodepauta.png","datePublished":"2023-05-30T19:40:00+00:00","dateModified":"2023-05-30T19:40:01+00:00","description":"A Prefeitura de Manaus, por meio da Secretaria Municipal de Educa\u00e7\u00e3o (Semed), realiza, nesta quarta-feira, 31\/5, \u00e0s 17h, a 1\u00aa Corrida do \u201cProjovem Urbano\u201d, no complexo tur\u00edstico Ponta Negra, na avenida Coronel Teixeira, n\u00ba 7.832, zona Oeste da cidade.","inLanguage":"pt-BR","potentialAction":[{"@type":"ReadAction","target":["https:\/\/www.manaus.am.gov.br\/semcom\/pautas\/prefeitura-de-manaus-realiza-1a-corrida-do-projovem-urbano\/"]}]},{"@type":"ImageObject","inLanguage":"pt-BR","@id":"https:\/\/www.manaus.am.gov.br\/semcom\/pautas\/prefeitura-de-manaus-realiza-1a-corrida-do-projovem-urbano\/#primaryimage","url":"https:\/\/www.manaus.am.gov.br\/semcom\/wp-content\/uploads\/sites\/5\/2023\/02\/sugestaodepauta.png","contentUrl":"https:\/\/www.manaus.am.gov.br\/semcom\/wp-content\/uploads\/sites\/5\/2023\/02\/sugestaodepauta.png","width":1020,"height":540},{"@type":"WebSite","@id":"https:\/\/www.manaus.am.gov.br\/semcom\/#website","url":"https:\/\/www.manaus.am.gov.br\/semcom\/","name":"SEMCOM","description":"Secretaria Municipal de Comunica\u00e7\u00e3o","potentialAction":[{"@type":"SearchAction","target":{"@type":"EntryPoint","urlTemplate":"https:\/\/www.manaus.am.gov.br\/semcom\/?s={search_term_string}"},"query-input":"required name=search_term_string"}],"inLanguage":"pt-BR"}]}},"_links":{"self":[{"href":"https:\/\/www.manaus.am.gov.br\/semcom\/wp-json\/wp\/v2\/pautas\/214409"}],"collection":[{"href":"https:\/\/www.manaus.am.gov.br\/semcom\/wp-json\/wp\/v2\/pautas"}],"about":[{"href":"https:\/\/www.manaus.am.gov.br\/semcom\/wp-json\/wp\/v2\/types\/pautas"}],"wp:featuredmedia":[{"embeddable":true,"href":"https:\/\/www.manaus.am.gov.br\/semcom\/wp-json\/wp\/v2\/media\/208729"}],"wp:attachment":[{"href":"https:\/\/www.manaus.am.gov.br\/semcom\/wp-json\/wp\/v2\/media?parent=214409"}],"wp:term":[{"taxonomy":"category","embeddable":true,"href":"https:\/\/www.manaus.am.gov.br\/semcom\/wp-json\/wp\/v2\/categories?post=214409"}],"curies":[{"name":"wp","href":"https:\/\/api.w.org\/{rel}","templated":true}]}}

<strong>Prefeitura de Manaus realiza 1ª Corrida do ‘Projovem Urbano’</strong>

<p>A Prefeitura de Manaus, por meio da Secretaria Municipal de Educação (Semed), realiza, nesta quarta-feira, 31/5, às 17h, a 1ª Corrida do “Projovem Urbano”, no complexo turístico Ponta Negra, na avenida Coronel Teixeira, nº 7.832, zona Oeste da cidade. A ação visa captar novos alunos para o Programa Nacional de Inclusão de Jovens (Projovem), bem como divulgar as ações desenvolvidas na rede municipal de ensino.</p>



<p>O Projovem tem finalidade de proporcionar a formação integral e a inclusão social de jovens entre 18 e 35 anos, por meio da conclusão do e Ensino Fundamental, da qualificação profissional e de experiências de participação cidadã.</p>



<p><strong>SERVIÇO</strong></p>



<p><strong>O quê &#8211;</strong> 1° Corrida do “Projovem Urbano”</p>



<p><strong>Quando &#8211;</strong> Quarta-feira, 31/5</p>



<p><strong>Horário &#8211;</strong> 17h</p>



<p><strong>Local &#8211;</strong> Complexo turístico Ponta Negra, localizado na avenida Coronel Teixeira, nº 7.832, zona Oeste da cidade</p>

<!-- This site is optimized with the Yoast SEO plugin v23.0 - https://yoast.com/wordpress/plugins/seo/ -->
<title>Prefeitura de Manaus realiza 1ª Corrida do ‘Projovem Urbano’</title>
<meta name="description" content="A Prefeitura de Manaus, por meio da Secretaria Municipal de Educação (Semed), realiza, nesta quarta-feira, 31/5, às 17h, a 1ª Corrida do “Projovem Urbano”, no complexo turístico Ponta Negra, na avenida Coronel Teixeira, nº 7.832, zona Oeste da cidade." />
<meta name="robots" content="index, follow, max-snippet:-1, max-image-preview:large, max-video-preview:-1" />
<link rel="canonical" href="https://www.manaus.am.gov.br/semcom/pautas/prefeitura-de-manaus-realiza-1a-corrida-do-projovem-urbano/" />
<meta property="og:locale" content="pt_BR" />
<meta property="og:type" content="article" />
<meta property="og:title" content="Prefeitura de Manaus realiza 1ª Corrida do ‘Projovem Urbano’" />
<meta property="og:description" content="A Prefeitura de Manaus, por meio da Secretaria Municipal de Educação (Semed), realiza, nesta quarta-feira, 31/5, às 17h, a 1ª Corrida do “Projovem Urbano”, no complexo turístico Ponta Negra, na avenida Coronel Teixeira, nº 7.832, zona Oeste da cidade." />
<meta property="og:url" content="https://www.manaus.am.gov.br/semcom/pautas/prefeitura-de-manaus-realiza-1a-corrida-do-projovem-urbano/" />
<meta property="og:site_name" content="SEMCOM" />
<meta property="article:modified_time" content="2023-05-30T19:40:01+00:00" />
<meta property="og:image" content="https://www.manaus.am.gov.br/semcom/wp-content/uploads/sites/5/2023/02/sugestaodepauta.png" />
	<meta property="og:image:width" content="1020" />
	<meta property="og:image:height" content="540" />
	<meta property="og:image:type" content="image/png" />
<meta name="twitter:card" content="summary_large_image" />
<meta name="twitter:label1" content="Est. reading time" />
	<meta name="twitter:data1" content="1 minuto" />
<script type="application/ld+json" class="yoast-schema-graph">{"@context":"https://schema.org","@graph":[{"@type":"WebPage","@id":"https://www.manaus.am.gov.br/semcom/pautas/prefeitura-de-manaus-realiza-1a-corrida-do-projovem-urbano/","url":"https://www.manaus.am.gov.br/semcom/pautas/prefeitura-de-manaus-realiza-1a-corrida-do-projovem-urbano/","name":"Prefeitura de Manaus realiza 1ª Corrida do ‘Projovem Urbano’","isPartOf":{"@id":"https://www.manaus.am.gov.br/semcom/#website"},"primaryImageOfPage":{"@id":"https://www.manaus.am.gov.br/semcom/pautas/prefeitura-de-manaus-realiza-1a-corrida-do-projovem-urbano/#primaryimage"},"image":{"@id":"https://www.manaus.am.gov.br/semcom/pautas/prefeitura-de-manaus-realiza-1a-corrida-do-projovem-urbano/#primaryimage"},"thumbnailUrl":"https://www.manaus.am.gov.br/semcom/wp-content/uploads/sites/5/2023/02/sugestaodepauta.png","datePublished":"2023-05-30T19:40:00+00:00","dateModified":"2023-05-30T19:40:01+00:00","description":"A Prefeitura de Manaus, por meio da Secretaria Municipal de Educação (Semed), realiza, nesta quarta-feira, 31/5, às 17h, a 1ª Corrida do “Projovem Urbano”, no complexo turístico Ponta Negra, na avenida Coronel Teixeira, nº 7.832, zona Oeste da cidade.","inLanguage":"pt-BR","potentialAction":[{"@type":"ReadAction","target":["https://www.manaus.am.gov.br/semcom/pautas/prefeitura-de-manaus-realiza-1a-corrida-do-projovem-urbano/"]}]},{"@type":"ImageObject","inLanguage":"pt-BR","@id":"https://www.manaus.am.gov.br/semcom/pautas/prefeitura-de-manaus-realiza-1a-corrida-do-projovem-urbano/#primaryimage","url":"https://www.manaus.am.gov.br/semcom/wp-content/uploads/sites/5/2023/02/sugestaodepauta.png","contentUrl":"https://www.manaus.am.gov.br/semcom/wp-content/uploads/sites/5/2023/02/sugestaodepauta.png","width":1020,"height":540},{"@type":"WebSite","@id":"https://www.manaus.am.gov.br/semcom/#website","url":"https://www.manaus.am.gov.br/semcom/","name":"SEMCOM","description":"Secretaria Municipal de Comunicação","potentialAction":[{"@type":"SearchAction","target":{"@type":"EntryPoint","urlTemplate":"https://www.manaus.am.gov.br/semcom/?s={search_term_string}"},"query-input":"required name=search_term_string"}],"inLanguage":"pt-BR"}]}</script>
<!-- / Yoast SEO plugin. -->

Prefeitura de Manaus realiza 1ª Corrida do ‘Projovem Urbano’

A Prefeitura de Manaus, por meio da Secretaria Municipal de Educação (Semed), realiza, nesta quarta-feira, 31/5, às 17h, a 1ª Corrida do “Projovem Urbano”, no complexo turístico Ponta Negra, na avenida Coronel Teixeira, nº 7.832, zona Oeste da cidade.

Secretaria Municipal de Comunicação
