{"id":214293,"date":"2023-05-28T14:37:15","date_gmt":"2023-05-28T17:37:15","guid":{"rendered":"https:\/\/www.manaus.am.gov.br\/semcom\/?post_type=pautas&#038;p=214293"},"modified":"2023-05-28T14:37:16","modified_gmt":"2023-05-28T17:37:16","slug":"1a-feira-folclorica-de-manaus-encerra-neste-domingo-28-5","status":"publish","type":"pautas","link":"https:\/\/www.manaus.am.gov.br\/semcom\/pautas\/1a-feira-folclorica-de-manaus-encerra-neste-domingo-28-5\/","title":{"rendered":"<strong>1\u00aa Feira Folcl\u00f3rica de Manaus encerra neste domingo, 28\/5<\/strong>"},"content":{"rendered":"\n<p>A 1\u00aa Feira Folcl\u00f3rica de Manaus, iniciada no dia 11\/5, com o apoio institucional da Prefeitura de Manaus, por meio da Funda\u00e7\u00e3o Municipal de Cultura, Turismo e Eventos (Manauscult), encerra neste domingo, 28\/5. Realizada pelo Instituto de Inova\u00e7\u00e3o Desportiva e Cultural da Amaz\u00f4nia (Idama), a feira est\u00e1 montada no Centro Cultural dos Povos da Amaz\u00f4nia (CCPA), zona Sul.<\/p>\n\n\n\n<p>Com o objetivo de valorizar as manifesta\u00e7\u00f5es folcl\u00f3ricas, que v\u00e3o dos costumes \u00e0 gastronomia, al\u00e9m de ser um esquenta para o 65\u00ba Festival Folcl\u00f3rico do Amazonas (FFA), a programa\u00e7\u00e3o contou com apresenta\u00e7\u00f5es de dan\u00e7as t\u00edpicas de quadrilhas, cirandas, cacetinho, tribos, bois, dan\u00e7as nacionais, internacionais e nordestinas que est\u00e3o se preparando para os festejos juninos de Manaus.&nbsp;<\/p>\n\n\n\n<p>A feira movimentou, at\u00e9 o momento, um p\u00fablico rotativo de 18 mil pessoas, trazendo inje\u00e7\u00e3o para a economia criativa e valoriza\u00e7\u00e3o do segmento folcl\u00f3rico da cidade.<\/p>\n\n\n\n<p>&#8212; &#8212; &#8212;<\/p>\n\n\n\n<p><strong>SERVI\u00c7O&nbsp;<\/strong><\/p>\n\n\n\n<p><strong>O Qu\u00ea<\/strong>&nbsp;&#8211; Encerramento da 1\u00aa Feira Folcl\u00f3rica de Manaus<\/p>\n\n\n\n<p><strong>Quando<\/strong>&nbsp;&#8211; Domingo, 28\/5<\/p>\n\n\n\n<p><strong>Hor\u00e1rio<\/strong>&nbsp;&#8211; 20h (o diretor-presidente da Manauscult estar\u00e1 no local a partir das 20h30 para atender a imprensa)<\/p>\n\n\n\n<p><strong>Local<\/strong>&nbsp;\u2013 Centro Cultural Povos da Amaz\u00f4nia (CCPA), zona Sul.<\/p>\n\n\n\n<p>&#8212; &#8212; &#8212;<\/p>\n\n\n\n<p>MANAUSCULT &#8211; Funda\u00e7\u00e3o Municipal de Cultura, Turismo e Eventos<\/p>\n\n\n\n<p>Assessor Respons\u00e1vel: Emanuelle Baires &#8211; (92) 98185-5476<\/p>\n\n\n\n<p>E-mail: <a href=\"mailto:comunica.manauscult@gmail.com\">comunica.manauscult@gmail.com<\/a><\/p>\n","protected":false},"featured_media":208729,"template":"","categories":[799],"acf":[],"yoast_head":"<!-- This site is optimized with the Yoast SEO plugin v23.0 - https:\/\/yoast.com\/wordpress\/plugins\/seo\/ -->\n<title>1\u00aa Feira Folcl\u00f3rica de Manaus encerra neste domingo, 28\/5 - SEMCOM<\/title>\n<meta name=\"robots\" content=\"index, follow, max-snippet:-1, max-image-preview:large, max-video-preview:-1\" \/>\n<link rel=\"canonical\" href=\"https:\/\/www.manaus.am.gov.br\/semcom\/pautas\/1a-feira-folclorica-de-manaus-encerra-neste-domingo-28-5\/\" \/>\n<meta property=\"og:locale\" content=\"pt_BR\" \/>\n<meta property=\"og:type\" content=\"article\" \/>\n<meta property=\"og:title\" content=\"1\u00aa Feira Folcl\u00f3rica de Manaus encerra neste domingo, 28\/5 - SEMCOM\" \/>\n<meta property=\"og:url\" content=\"https:\/\/www.manaus.am.gov.br\/semcom\/pautas\/1a-feira-folclorica-de-manaus-encerra-neste-domingo-28-5\/\" \/>\n<meta property=\"og:site_name\" content=\"SEMCOM\" \/>\n<meta property=\"article:modified_time\" content=\"2023-05-28T17:37:16+00:00\" \/>\n<meta property=\"og:image\" content=\"https:\/\/www.manaus.am.gov.br\/semcom\/wp-content\/uploads\/sites\/5\/2023\/02\/sugestaodepauta.png\" \/>\n\t<meta property=\"og:image:width\" content=\"1020\" \/>\n\t<meta property=\"og:image:height\" content=\"540\" \/>\n\t<meta property=\"og:image:type\" content=\"image\/png\" \/>\n<meta name=\"twitter:card\" content=\"summary_large_image\" \/>\n<meta name=\"twitter:label1\" content=\"Est. reading time\" \/>\n\t<meta name=\"twitter:data1\" content=\"2 minutos\" \/>\n<script type=\"application\/ld+json\" class=\"yoast-schema-graph\">{\"@context\":\"https:\/\/schema.org\",\"@graph\":[{\"@type\":\"WebPage\",\"@id\":\"https:\/\/www.manaus.am.gov.br\/semcom\/pautas\/1a-feira-folclorica-de-manaus-encerra-neste-domingo-28-5\/\",\"url\":\"https:\/\/www.manaus.am.gov.br\/semcom\/pautas\/1a-feira-folclorica-de-manaus-encerra-neste-domingo-28-5\/\",\"name\":\"1\u00aa Feira Folcl\u00f3rica de Manaus encerra neste domingo, 28\/5 - SEMCOM\",\"isPartOf\":{\"@id\":\"https:\/\/www.manaus.am.gov.br\/semcom\/#website\"},\"primaryImageOfPage\":{\"@id\":\"https:\/\/www.manaus.am.gov.br\/semcom\/pautas\/1a-feira-folclorica-de-manaus-encerra-neste-domingo-28-5\/#primaryimage\"},\"image\":{\"@id\":\"https:\/\/www.manaus.am.gov.br\/semcom\/pautas\/1a-feira-folclorica-de-manaus-encerra-neste-domingo-28-5\/#primaryimage\"},\"thumbnailUrl\":\"https:\/\/www.manaus.am.gov.br\/semcom\/wp-content\/uploads\/sites\/5\/2023\/02\/sugestaodepauta.png\",\"datePublished\":\"2023-05-28T17:37:15+00:00\",\"dateModified\":\"2023-05-28T17:37:16+00:00\",\"inLanguage\":\"pt-BR\",\"potentialAction\":[{\"@type\":\"ReadAction\",\"target\":[\"https:\/\/www.manaus.am.gov.br\/semcom\/pautas\/1a-feira-folclorica-de-manaus-encerra-neste-domingo-28-5\/\"]}]},{\"@type\":\"ImageObject\",\"inLanguage\":\"pt-BR\",\"@id\":\"https:\/\/www.manaus.am.gov.br\/semcom\/pautas\/1a-feira-folclorica-de-manaus-encerra-neste-domingo-28-5\/#primaryimage\",\"url\":\"https:\/\/www.manaus.am.gov.br\/semcom\/wp-content\/uploads\/sites\/5\/2023\/02\/sugestaodepauta.png\",\"contentUrl\":\"https:\/\/www.manaus.am.gov.br\/semcom\/wp-content\/uploads\/sites\/5\/2023\/02\/sugestaodepauta.png\",\"width\":1020,\"height\":540},{\"@type\":\"WebSite\",\"@id\":\"https:\/\/www.manaus.am.gov.br\/semcom\/#website\",\"url\":\"https:\/\/www.manaus.am.gov.br\/semcom\/\",\"name\":\"SEMCOM\",\"description\":\"Secretaria Municipal de Comunica\u00e7\u00e3o\",\"potentialAction\":[{\"@type\":\"SearchAction\",\"target\":{\"@type\":\"EntryPoint\",\"urlTemplate\":\"https:\/\/www.manaus.am.gov.br\/semcom\/?s={search_term_string}\"},\"query-input\":\"required name=search_term_string\"}],\"inLanguage\":\"pt-BR\"}]}<\/script>\n<!-- \/ Yoast SEO plugin. -->","yoast_head_json":{"title":"1\u00aa Feira Folcl\u00f3rica de Manaus encerra neste domingo, 28\/5 - SEMCOM","robots":{"index":"index","follow":"follow","max-snippet":"max-snippet:-1","max-image-preview":"max-image-preview:large","max-video-preview":"max-video-preview:-1"},"canonical":"https:\/\/www.manaus.am.gov.br\/semcom\/pautas\/1a-feira-folclorica-de-manaus-encerra-neste-domingo-28-5\/","og_locale":"pt_BR","og_type":"article","og_title":"1\u00aa Feira Folcl\u00f3rica de Manaus encerra neste domingo, 28\/5 - SEMCOM","og_url":"https:\/\/www.manaus.am.gov.br\/semcom\/pautas\/1a-feira-folclorica-de-manaus-encerra-neste-domingo-28-5\/","og_site_name":"SEMCOM","article_modified_time":"2023-05-28T17:37:16+00:00","og_image":[{"width":1020,"height":540,"url":"https:\/\/www.manaus.am.gov.br\/semcom\/wp-content\/uploads\/sites\/5\/2023\/02\/sugestaodepauta.png","type":"image\/png"}],"twitter_card":"summary_large_image","twitter_misc":{"Est. reading time":"2 minutos"},"schema":{"@context":"https:\/\/schema.org","@graph":[{"@type":"WebPage","@id":"https:\/\/www.manaus.am.gov.br\/semcom\/pautas\/1a-feira-folclorica-de-manaus-encerra-neste-domingo-28-5\/","url":"https:\/\/www.manaus.am.gov.br\/semcom\/pautas\/1a-feira-folclorica-de-manaus-encerra-neste-domingo-28-5\/","name":"1\u00aa Feira Folcl\u00f3rica de Manaus encerra neste domingo, 28\/5 - SEMCOM","isPartOf":{"@id":"https:\/\/www.manaus.am.gov.br\/semcom\/#website"},"primaryImageOfPage":{"@id":"https:\/\/www.manaus.am.gov.br\/semcom\/pautas\/1a-feira-folclorica-de-manaus-encerra-neste-domingo-28-5\/#primaryimage"},"image":{"@id":"https:\/\/www.manaus.am.gov.br\/semcom\/pautas\/1a-feira-folclorica-de-manaus-encerra-neste-domingo-28-5\/#primaryimage"},"thumbnailUrl":"https:\/\/www.manaus.am.gov.br\/semcom\/wp-content\/uploads\/sites\/5\/2023\/02\/sugestaodepauta.png","datePublished":"2023-05-28T17:37:15+00:00","dateModified":"2023-05-28T17:37:16+00:00","inLanguage":"pt-BR","potentialAction":[{"@type":"ReadAction","target":["https:\/\/www.manaus.am.gov.br\/semcom\/pautas\/1a-feira-folclorica-de-manaus-encerra-neste-domingo-28-5\/"]}]},{"@type":"ImageObject","inLanguage":"pt-BR","@id":"https:\/\/www.manaus.am.gov.br\/semcom\/pautas\/1a-feira-folclorica-de-manaus-encerra-neste-domingo-28-5\/#primaryimage","url":"https:\/\/www.manaus.am.gov.br\/semcom\/wp-content\/uploads\/sites\/5\/2023\/02\/sugestaodepauta.png","contentUrl":"https:\/\/www.manaus.am.gov.br\/semcom\/wp-content\/uploads\/sites\/5\/2023\/02\/sugestaodepauta.png","width":1020,"height":540},{"@type":"WebSite","@id":"https:\/\/www.manaus.am.gov.br\/semcom\/#website","url":"https:\/\/www.manaus.am.gov.br\/semcom\/","name":"SEMCOM","description":"Secretaria Municipal de Comunica\u00e7\u00e3o","potentialAction":[{"@type":"SearchAction","target":{"@type":"EntryPoint","urlTemplate":"https:\/\/www.manaus.am.gov.br\/semcom\/?s={search_term_string}"},"query-input":"required name=search_term_string"}],"inLanguage":"pt-BR"}]}},"_links":{"self":[{"href":"https:\/\/www.manaus.am.gov.br\/semcom\/wp-json\/wp\/v2\/pautas\/214293"}],"collection":[{"href":"https:\/\/www.manaus.am.gov.br\/semcom\/wp-json\/wp\/v2\/pautas"}],"about":[{"href":"https:\/\/www.manaus.am.gov.br\/semcom\/wp-json\/wp\/v2\/types\/pautas"}],"wp:featuredmedia":[{"embeddable":true,"href":"https:\/\/www.manaus.am.gov.br\/semcom\/wp-json\/wp\/v2\/media\/208729"}],"wp:attachment":[{"href":"https:\/\/www.manaus.am.gov.br\/semcom\/wp-json\/wp\/v2\/media?parent=214293"}],"wp:term":[{"taxonomy":"category","embeddable":true,"href":"https:\/\/www.manaus.am.gov.br\/semcom\/wp-json\/wp\/v2\/categories?post=214293"}],"curies":[{"name":"wp","href":"https:\/\/api.w.org\/{rel}","templated":true}]}}

<strong>1ª Feira Folclórica de Manaus encerra neste domingo, 28/5</strong>

<p>A 1ª Feira Folclórica de Manaus, iniciada no dia 11/5, com o apoio institucional da Prefeitura de Manaus, por meio da Fundação Municipal de Cultura, Turismo e Eventos (Manauscult), encerra neste domingo, 28/5. Realizada pelo Instituto de Inovação Desportiva e Cultural da Amazônia (Idama), a feira está montada no Centro Cultural dos Povos da Amazônia (CCPA), zona Sul.</p>



<p>Com o objetivo de valorizar as manifestações folclóricas, que vão dos costumes à gastronomia, além de ser um esquenta para o 65º Festival Folclórico do Amazonas (FFA), a programação contou com apresentações de danças típicas de quadrilhas, cirandas, cacetinho, tribos, bois, danças nacionais, internacionais e nordestinas que estão se preparando para os festejos juninos de Manaus.&nbsp;</p>



<p>A feira movimentou, até o momento, um público rotativo de 18 mil pessoas, trazendo injeção para a economia criativa e valorização do segmento folclórico da cidade.</p>



<p>&#8212; &#8212; &#8212;</p>



<p><strong>SERVIÇO&nbsp;</strong></p>



<p><strong>O Quê</strong>&nbsp;&#8211; Encerramento da 1ª Feira Folclórica de Manaus</p>



<p><strong>Quando</strong>&nbsp;&#8211; Domingo, 28/5</p>



<p><strong>Horário</strong>&nbsp;&#8211; 20h (o diretor-presidente da Manauscult estará no local a partir das 20h30 para atender a imprensa)</p>



<p><strong>Local</strong>&nbsp;– Centro Cultural Povos da Amazônia (CCPA), zona Sul.</p>



<p>&#8212; &#8212; &#8212;</p>



<p>MANAUSCULT &#8211; Fundação Municipal de Cultura, Turismo e Eventos</p>



<p>Assessor Responsável: Emanuelle Baires &#8211; (92) 98185-5476</p>



<p>E-mail: <a href="mailto:comunica.manauscult@gmail.com">comunica.manauscult@gmail.com</a></p>

<!-- This site is optimized with the Yoast SEO plugin v23.0 - https://yoast.com/wordpress/plugins/seo/ -->
<title>1ª Feira Folclórica de Manaus encerra neste domingo, 28/5 - SEMCOM</title>
<meta name="robots" content="index, follow, max-snippet:-1, max-image-preview:large, max-video-preview:-1" />
<link rel="canonical" href="https://www.manaus.am.gov.br/semcom/pautas/1a-feira-folclorica-de-manaus-encerra-neste-domingo-28-5/" />
<meta property="og:locale" content="pt_BR" />
<meta property="og:type" content="article" />
<meta property="og:title" content="1ª Feira Folclórica de Manaus encerra neste domingo, 28/5 - SEMCOM" />
<meta property="og:url" content="https://www.manaus.am.gov.br/semcom/pautas/1a-feira-folclorica-de-manaus-encerra-neste-domingo-28-5/" />
<meta property="og:site_name" content="SEMCOM" />
<meta property="article:modified_time" content="2023-05-28T17:37:16+00:00" />
<meta property="og:image" content="https://www.manaus.am.gov.br/semcom/wp-content/uploads/sites/5/2023/02/sugestaodepauta.png" />
	<meta property="og:image:width" content="1020" />
	<meta property="og:image:height" content="540" />
	<meta property="og:image:type" content="image/png" />
<meta name="twitter:card" content="summary_large_image" />
<meta name="twitter:label1" content="Est. reading time" />
	<meta name="twitter:data1" content="2 minutos" />
<script type="application/ld+json" class="yoast-schema-graph">{"@context":"https://schema.org","@graph":[{"@type":"WebPage","@id":"https://www.manaus.am.gov.br/semcom/pautas/1a-feira-folclorica-de-manaus-encerra-neste-domingo-28-5/","url":"https://www.manaus.am.gov.br/semcom/pautas/1a-feira-folclorica-de-manaus-encerra-neste-domingo-28-5/","name":"1ª Feira Folclórica de Manaus encerra neste domingo, 28/5 - SEMCOM","isPartOf":{"@id":"https://www.manaus.am.gov.br/semcom/#website"},"primaryImageOfPage":{"@id":"https://www.manaus.am.gov.br/semcom/pautas/1a-feira-folclorica-de-manaus-encerra-neste-domingo-28-5/#primaryimage"},"image":{"@id":"https://www.manaus.am.gov.br/semcom/pautas/1a-feira-folclorica-de-manaus-encerra-neste-domingo-28-5/#primaryimage"},"thumbnailUrl":"https://www.manaus.am.gov.br/semcom/wp-content/uploads/sites/5/2023/02/sugestaodepauta.png","datePublished":"2023-05-28T17:37:15+00:00","dateModified":"2023-05-28T17:37:16+00:00","inLanguage":"pt-BR","potentialAction":[{"@type":"ReadAction","target":["https://www.manaus.am.gov.br/semcom/pautas/1a-feira-folclorica-de-manaus-encerra-neste-domingo-28-5/"]}]},{"@type":"ImageObject","inLanguage":"pt-BR","@id":"https://www.manaus.am.gov.br/semcom/pautas/1a-feira-folclorica-de-manaus-encerra-neste-domingo-28-5/#primaryimage","url":"https://www.manaus.am.gov.br/semcom/wp-content/uploads/sites/5/2023/02/sugestaodepauta.png","contentUrl":"https://www.manaus.am.gov.br/semcom/wp-content/uploads/sites/5/2023/02/sugestaodepauta.png","width":1020,"height":540},{"@type":"WebSite","@id":"https://www.manaus.am.gov.br/semcom/#website","url":"https://www.manaus.am.gov.br/semcom/","name":"SEMCOM","description":"Secretaria Municipal de Comunicação","potentialAction":[{"@type":"SearchAction","target":{"@type":"EntryPoint","urlTemplate":"https://www.manaus.am.gov.br/semcom/?s={search_term_string}"},"query-input":"required name=search_term_string"}],"inLanguage":"pt-BR"}]}</script>
<!-- / Yoast SEO plugin. -->

1ª Feira Folclórica de Manaus encerra neste domingo, 28/5 - SEMCOM

Secretaria Municipal de Comunicação
