{"id":214283,"date":"2023-05-27T20:44:25","date_gmt":"2023-05-27T23:44:25","guid":{"rendered":"https:\/\/www.manaus.am.gov.br\/semcom\/?post_type=pautas&#038;p=214283"},"modified":"2023-05-27T20:44:25","modified_gmt":"2023-05-27T23:44:25","slug":"prefeito-david-almeida-sanciona-plano-municipal-de-cultura-neste-domingo","status":"publish","type":"pautas","link":"https:\/\/www.manaus.am.gov.br\/semcom\/pautas\/prefeito-david-almeida-sanciona-plano-municipal-de-cultura-neste-domingo\/","title":{"rendered":"<strong>Prefeito David Almeida sanciona Plano Municipal de Cultura, neste domingo<\/strong>"},"content":{"rendered":"\n<p>O prefeito David Almeida&nbsp;vai sancionar o Plano Municipal de Cultura (PMC) e conceder\u00e1 entrevista em coletiva de imprensa, neste domingo, 28\/5,&nbsp;\u00e0s 18h, na Casa de Praia Zezinho Corr\u00eaa, no complexo tur\u00edstico Ponta Negra, zona Oeste.<\/p>\n\n\n\n<p>O&nbsp;instrumento jur\u00eddico re\u00fane um conjunto de diretrizes, estrat\u00e9gias e metas para orientar o poder p\u00fablico na formula\u00e7\u00e3o de pol\u00edticas culturais pelos pr\u00f3ximos dez anos, al\u00e9m de abrir portas para recursos e investimentos na \u00e1rea cultural.&nbsp;<\/p>\n\n\n\n<p>O plano \u00e9 um dos compromissos de campanha do prefeito David Almeida, e a pe\u00e7a que faltava para completar o chamado \u201cCPF\u201d da Cultura, sigla que significa: Conselho, Plano e Fundo, representando as inst\u00e2ncias b\u00e1sicas que integram o Sistema Municipal de Cultura, um modelo de gest\u00e3o apresentado pelo Sistema Nacional de Cultura.<\/p>\n\n\n\n<p>No local, haver\u00e1 tamb\u00e9m uma programa\u00e7\u00e3o multicultural e o p\u00fablico ter\u00e1 a oportunidade de ter uma experi\u00eancia imersiva na apresenta\u00e7\u00e3o de segmentos art\u00edsticos, entre eles m\u00fasica, teatro e malabarismo.<\/p>\n\n\n\n<p>&#8212; &#8212; &#8212;<\/p>\n\n\n\n<p><strong>SERVI\u00c7O<\/strong><\/p>\n\n\n\n<p><strong>O qu\u00ea<\/strong>&nbsp;&#8211; Prefeito David Almeida sanciona Plano Municipal de Cultura<\/p>\n\n\n\n<p><strong>Quando<\/strong>&nbsp;\u2013 Domingo, 28\/5<\/p>\n\n\n\n<p><strong>Hor\u00e1rio<\/strong>&nbsp;&#8211; 18h<\/p>\n\n\n\n<p><strong>Local<\/strong>&nbsp;&#8211; Casa de Praia Zezinho Corr\u00eaa, localizado no complexo tur\u00edstico Ponta Negra, zona Oeste.<\/p>\n","protected":false},"featured_media":208729,"template":"","categories":[],"acf":[],"yoast_head":"<!-- This site is optimized with the Yoast SEO plugin v23.0 - https:\/\/yoast.com\/wordpress\/plugins\/seo\/ -->\n<title>Prefeito David Almeida sanciona Plano Municipal de Cultura, neste domingo - SEMCOM<\/title>\n<meta name=\"robots\" content=\"index, follow, max-snippet:-1, max-image-preview:large, max-video-preview:-1\" \/>\n<link rel=\"canonical\" href=\"https:\/\/www.manaus.am.gov.br\/semcom\/pautas\/prefeito-david-almeida-sanciona-plano-municipal-de-cultura-neste-domingo\/\" \/>\n<meta property=\"og:locale\" content=\"pt_BR\" \/>\n<meta property=\"og:type\" content=\"article\" \/>\n<meta property=\"og:title\" content=\"Prefeito David Almeida sanciona Plano Municipal de Cultura, neste domingo - SEMCOM\" \/>\n<meta property=\"og:url\" content=\"https:\/\/www.manaus.am.gov.br\/semcom\/pautas\/prefeito-david-almeida-sanciona-plano-municipal-de-cultura-neste-domingo\/\" \/>\n<meta property=\"og:site_name\" content=\"SEMCOM\" \/>\n<meta property=\"og:image\" content=\"https:\/\/www.manaus.am.gov.br\/semcom\/wp-content\/uploads\/sites\/5\/2023\/02\/sugestaodepauta.png\" \/>\n\t<meta property=\"og:image:width\" content=\"1020\" \/>\n\t<meta property=\"og:image:height\" content=\"540\" \/>\n\t<meta property=\"og:image:type\" content=\"image\/png\" \/>\n<meta name=\"twitter:card\" content=\"summary_large_image\" \/>\n<meta name=\"twitter:label1\" content=\"Est. reading time\" \/>\n\t<meta name=\"twitter:data1\" content=\"2 minutos\" \/>\n<script type=\"application\/ld+json\" class=\"yoast-schema-graph\">{\"@context\":\"https:\/\/schema.org\",\"@graph\":[{\"@type\":\"WebPage\",\"@id\":\"https:\/\/www.manaus.am.gov.br\/semcom\/pautas\/prefeito-david-almeida-sanciona-plano-municipal-de-cultura-neste-domingo\/\",\"url\":\"https:\/\/www.manaus.am.gov.br\/semcom\/pautas\/prefeito-david-almeida-sanciona-plano-municipal-de-cultura-neste-domingo\/\",\"name\":\"Prefeito David Almeida sanciona Plano Municipal de Cultura, neste domingo - SEMCOM\",\"isPartOf\":{\"@id\":\"https:\/\/www.manaus.am.gov.br\/semcom\/#website\"},\"primaryImageOfPage\":{\"@id\":\"https:\/\/www.manaus.am.gov.br\/semcom\/pautas\/prefeito-david-almeida-sanciona-plano-municipal-de-cultura-neste-domingo\/#primaryimage\"},\"image\":{\"@id\":\"https:\/\/www.manaus.am.gov.br\/semcom\/pautas\/prefeito-david-almeida-sanciona-plano-municipal-de-cultura-neste-domingo\/#primaryimage\"},\"thumbnailUrl\":\"https:\/\/www.manaus.am.gov.br\/semcom\/wp-content\/uploads\/sites\/5\/2023\/02\/sugestaodepauta.png\",\"datePublished\":\"2023-05-27T23:44:25+00:00\",\"dateModified\":\"2023-05-27T23:44:25+00:00\",\"inLanguage\":\"pt-BR\",\"potentialAction\":[{\"@type\":\"ReadAction\",\"target\":[\"https:\/\/www.manaus.am.gov.br\/semcom\/pautas\/prefeito-david-almeida-sanciona-plano-municipal-de-cultura-neste-domingo\/\"]}]},{\"@type\":\"ImageObject\",\"inLanguage\":\"pt-BR\",\"@id\":\"https:\/\/www.manaus.am.gov.br\/semcom\/pautas\/prefeito-david-almeida-sanciona-plano-municipal-de-cultura-neste-domingo\/#primaryimage\",\"url\":\"https:\/\/www.manaus.am.gov.br\/semcom\/wp-content\/uploads\/sites\/5\/2023\/02\/sugestaodepauta.png\",\"contentUrl\":\"https:\/\/www.manaus.am.gov.br\/semcom\/wp-content\/uploads\/sites\/5\/2023\/02\/sugestaodepauta.png\",\"width\":1020,\"height\":540},{\"@type\":\"WebSite\",\"@id\":\"https:\/\/www.manaus.am.gov.br\/semcom\/#website\",\"url\":\"https:\/\/www.manaus.am.gov.br\/semcom\/\",\"name\":\"SEMCOM\",\"description\":\"Secretaria Municipal de Comunica\u00e7\u00e3o\",\"potentialAction\":[{\"@type\":\"SearchAction\",\"target\":{\"@type\":\"EntryPoint\",\"urlTemplate\":\"https:\/\/www.manaus.am.gov.br\/semcom\/?s={search_term_string}\"},\"query-input\":\"required name=search_term_string\"}],\"inLanguage\":\"pt-BR\"}]}<\/script>\n<!-- \/ Yoast SEO plugin. -->","yoast_head_json":{"title":"Prefeito David Almeida sanciona Plano Municipal de Cultura, neste domingo - SEMCOM","robots":{"index":"index","follow":"follow","max-snippet":"max-snippet:-1","max-image-preview":"max-image-preview:large","max-video-preview":"max-video-preview:-1"},"canonical":"https:\/\/www.manaus.am.gov.br\/semcom\/pautas\/prefeito-david-almeida-sanciona-plano-municipal-de-cultura-neste-domingo\/","og_locale":"pt_BR","og_type":"article","og_title":"Prefeito David Almeida sanciona Plano Municipal de Cultura, neste domingo - SEMCOM","og_url":"https:\/\/www.manaus.am.gov.br\/semcom\/pautas\/prefeito-david-almeida-sanciona-plano-municipal-de-cultura-neste-domingo\/","og_site_name":"SEMCOM","og_image":[{"width":1020,"height":540,"url":"https:\/\/www.manaus.am.gov.br\/semcom\/wp-content\/uploads\/sites\/5\/2023\/02\/sugestaodepauta.png","type":"image\/png"}],"twitter_card":"summary_large_image","twitter_misc":{"Est. reading time":"2 minutos"},"schema":{"@context":"https:\/\/schema.org","@graph":[{"@type":"WebPage","@id":"https:\/\/www.manaus.am.gov.br\/semcom\/pautas\/prefeito-david-almeida-sanciona-plano-municipal-de-cultura-neste-domingo\/","url":"https:\/\/www.manaus.am.gov.br\/semcom\/pautas\/prefeito-david-almeida-sanciona-plano-municipal-de-cultura-neste-domingo\/","name":"Prefeito David Almeida sanciona Plano Municipal de Cultura, neste domingo - SEMCOM","isPartOf":{"@id":"https:\/\/www.manaus.am.gov.br\/semcom\/#website"},"primaryImageOfPage":{"@id":"https:\/\/www.manaus.am.gov.br\/semcom\/pautas\/prefeito-david-almeida-sanciona-plano-municipal-de-cultura-neste-domingo\/#primaryimage"},"image":{"@id":"https:\/\/www.manaus.am.gov.br\/semcom\/pautas\/prefeito-david-almeida-sanciona-plano-municipal-de-cultura-neste-domingo\/#primaryimage"},"thumbnailUrl":"https:\/\/www.manaus.am.gov.br\/semcom\/wp-content\/uploads\/sites\/5\/2023\/02\/sugestaodepauta.png","datePublished":"2023-05-27T23:44:25+00:00","dateModified":"2023-05-27T23:44:25+00:00","inLanguage":"pt-BR","potentialAction":[{"@type":"ReadAction","target":["https:\/\/www.manaus.am.gov.br\/semcom\/pautas\/prefeito-david-almeida-sanciona-plano-municipal-de-cultura-neste-domingo\/"]}]},{"@type":"ImageObject","inLanguage":"pt-BR","@id":"https:\/\/www.manaus.am.gov.br\/semcom\/pautas\/prefeito-david-almeida-sanciona-plano-municipal-de-cultura-neste-domingo\/#primaryimage","url":"https:\/\/www.manaus.am.gov.br\/semcom\/wp-content\/uploads\/sites\/5\/2023\/02\/sugestaodepauta.png","contentUrl":"https:\/\/www.manaus.am.gov.br\/semcom\/wp-content\/uploads\/sites\/5\/2023\/02\/sugestaodepauta.png","width":1020,"height":540},{"@type":"WebSite","@id":"https:\/\/www.manaus.am.gov.br\/semcom\/#website","url":"https:\/\/www.manaus.am.gov.br\/semcom\/","name":"SEMCOM","description":"Secretaria Municipal de Comunica\u00e7\u00e3o","potentialAction":[{"@type":"SearchAction","target":{"@type":"EntryPoint","urlTemplate":"https:\/\/www.manaus.am.gov.br\/semcom\/?s={search_term_string}"},"query-input":"required name=search_term_string"}],"inLanguage":"pt-BR"}]}},"_links":{"self":[{"href":"https:\/\/www.manaus.am.gov.br\/semcom\/wp-json\/wp\/v2\/pautas\/214283"}],"collection":[{"href":"https:\/\/www.manaus.am.gov.br\/semcom\/wp-json\/wp\/v2\/pautas"}],"about":[{"href":"https:\/\/www.manaus.am.gov.br\/semcom\/wp-json\/wp\/v2\/types\/pautas"}],"wp:featuredmedia":[{"embeddable":true,"href":"https:\/\/www.manaus.am.gov.br\/semcom\/wp-json\/wp\/v2\/media\/208729"}],"wp:attachment":[{"href":"https:\/\/www.manaus.am.gov.br\/semcom\/wp-json\/wp\/v2\/media?parent=214283"}],"wp:term":[{"taxonomy":"category","embeddable":true,"href":"https:\/\/www.manaus.am.gov.br\/semcom\/wp-json\/wp\/v2\/categories?post=214283"}],"curies":[{"name":"wp","href":"https:\/\/api.w.org\/{rel}","templated":true}]}}

<p>O prefeito David Almeida&nbsp;vai sancionar o Plano Municipal de Cultura (PMC) e concederá entrevista em coletiva de imprensa, neste domingo, 28/5,&nbsp;às 18h, na Casa de Praia Zezinho Corrêa, no complexo turístico Ponta Negra, zona Oeste.</p>



<p>O&nbsp;instrumento jurídico reúne um conjunto de diretrizes, estratégias e metas para orientar o poder público na formulação de políticas culturais pelos próximos dez anos, além de abrir portas para recursos e investimentos na área cultural.&nbsp;</p>



<p>O plano é um dos compromissos de campanha do prefeito David Almeida, e a peça que faltava para completar o chamado “CPF” da Cultura, sigla que significa: Conselho, Plano e Fundo, representando as instâncias básicas que integram o Sistema Municipal de Cultura, um modelo de gestão apresentado pelo Sistema Nacional de Cultura.</p>



<p>No local, haverá também uma programação multicultural e o público terá a oportunidade de ter uma experiência imersiva na apresentação de segmentos artísticos, entre eles música, teatro e malabarismo.</p>



<p>&#8212; &#8212; &#8212;</p>



<p><strong>SERVIÇO</strong></p>



<p><strong>O quê</strong>&nbsp;&#8211; Prefeito David Almeida sanciona Plano Municipal de Cultura</p>



<p><strong>Quando</strong>&nbsp;– Domingo, 28/5</p>



<p><strong>Horário</strong>&nbsp;&#8211; 18h</p>



<p><strong>Local</strong>&nbsp;&#8211; Casa de Praia Zezinho Corrêa, localizado no complexo turístico Ponta Negra, zona Oeste.</p>

<!-- This site is optimized with the Yoast SEO plugin v23.0 - https://yoast.com/wordpress/plugins/seo/ -->
<title>Prefeito David Almeida sanciona Plano Municipal de Cultura, neste domingo - SEMCOM</title>
<meta name="robots" content="index, follow, max-snippet:-1, max-image-preview:large, max-video-preview:-1" />
<link rel="canonical" href="https://www.manaus.am.gov.br/semcom/pautas/prefeito-david-almeida-sanciona-plano-municipal-de-cultura-neste-domingo/" />
<meta property="og:locale" content="pt_BR" />
<meta property="og:type" content="article" />
<meta property="og:title" content="Prefeito David Almeida sanciona Plano Municipal de Cultura, neste domingo - SEMCOM" />
<meta property="og:url" content="https://www.manaus.am.gov.br/semcom/pautas/prefeito-david-almeida-sanciona-plano-municipal-de-cultura-neste-domingo/" />
<meta property="og:site_name" content="SEMCOM" />
<meta property="og:image" content="https://www.manaus.am.gov.br/semcom/wp-content/uploads/sites/5/2023/02/sugestaodepauta.png" />
	<meta property="og:image:width" content="1020" />
	<meta property="og:image:height" content="540" />
	<meta property="og:image:type" content="image/png" />
<meta name="twitter:card" content="summary_large_image" />
<meta name="twitter:label1" content="Est. reading time" />
	<meta name="twitter:data1" content="2 minutos" />
<script type="application/ld+json" class="yoast-schema-graph">{"@context":"https://schema.org","@graph":[{"@type":"WebPage","@id":"https://www.manaus.am.gov.br/semcom/pautas/prefeito-david-almeida-sanciona-plano-municipal-de-cultura-neste-domingo/","url":"https://www.manaus.am.gov.br/semcom/pautas/prefeito-david-almeida-sanciona-plano-municipal-de-cultura-neste-domingo/","name":"Prefeito David Almeida sanciona Plano Municipal de Cultura, neste domingo - SEMCOM","isPartOf":{"@id":"https://www.manaus.am.gov.br/semcom/#website"},"primaryImageOfPage":{"@id":"https://www.manaus.am.gov.br/semcom/pautas/prefeito-david-almeida-sanciona-plano-municipal-de-cultura-neste-domingo/#primaryimage"},"image":{"@id":"https://www.manaus.am.gov.br/semcom/pautas/prefeito-david-almeida-sanciona-plano-municipal-de-cultura-neste-domingo/#primaryimage"},"thumbnailUrl":"https://www.manaus.am.gov.br/semcom/wp-content/uploads/sites/5/2023/02/sugestaodepauta.png","datePublished":"2023-05-27T23:44:25+00:00","dateModified":"2023-05-27T23:44:25+00:00","inLanguage":"pt-BR","potentialAction":[{"@type":"ReadAction","target":["https://www.manaus.am.gov.br/semcom/pautas/prefeito-david-almeida-sanciona-plano-municipal-de-cultura-neste-domingo/"]}]},{"@type":"ImageObject","inLanguage":"pt-BR","@id":"https://www.manaus.am.gov.br/semcom/pautas/prefeito-david-almeida-sanciona-plano-municipal-de-cultura-neste-domingo/#primaryimage","url":"https://www.manaus.am.gov.br/semcom/wp-content/uploads/sites/5/2023/02/sugestaodepauta.png","contentUrl":"https://www.manaus.am.gov.br/semcom/wp-content/uploads/sites/5/2023/02/sugestaodepauta.png","width":1020,"height":540},{"@type":"WebSite","@id":"https://www.manaus.am.gov.br/semcom/#website","url":"https://www.manaus.am.gov.br/semcom/","name":"SEMCOM","description":"Secretaria Municipal de Comunicação","potentialAction":[{"@type":"SearchAction","target":{"@type":"EntryPoint","urlTemplate":"https://www.manaus.am.gov.br/semcom/?s={search_term_string}"},"query-input":"required name=search_term_string"}],"inLanguage":"pt-BR"}]}</script>
<!-- / Yoast SEO plugin. -->

Secretaria Municipal de Comunicação
