{"id":214274,"date":"2023-05-26T21:30:58","date_gmt":"2023-05-27T00:30:58","guid":{"rendered":"https:\/\/www.manaus.am.gov.br\/semcom\/?post_type=pautas&#038;p=214274"},"modified":"2023-05-26T21:30:58","modified_gmt":"2023-05-27T00:30:58","slug":"casa-de-praia-zezinho-correa-tera-dia-multicultural-para-comemorar-sancao-do-plano-municipal-de-cultura","status":"publish","type":"pautas","link":"https:\/\/www.manaus.am.gov.br\/semcom\/pautas\/casa-de-praia-zezinho-correa-tera-dia-multicultural-para-comemorar-sancao-do-plano-municipal-de-cultura\/","title":{"rendered":"<strong>Casa de Praia Zezinho Corr\u00eaa ter\u00e1 dia multicultural para comemorar san\u00e7\u00e3o do Plano Municipal de Cultura<\/strong>"},"content":{"rendered":"\n<p>Mais uma conquista para o setor cultural e, no pr\u00f3ximo domingo, 28\/5, o prefeito David Almeida vai sancionar o Plano Municipal de Cultura (PMC),&nbsp;instrumento jur\u00eddico que re\u00fane um conjunto de diretrizes, estrat\u00e9gias e metas que vai orientar o poder p\u00fablico na formula\u00e7\u00e3o de pol\u00edticas culturais pelos pr\u00f3ximos dez anos, e que abre portas para recursos e investimentos na \u00e1rea cultural, visando propor e executar as pol\u00edticas p\u00fablicas de cultura de curto, m\u00e9dio e longo prazo, articulando entes federados e sociedade civil.<\/p>\n\n\n\n<p>A cerim\u00f4nia de san\u00e7\u00e3o do PMC acontecer\u00e1 \u00e0s 18h, na Casa de Praia Zezinho Corr\u00eaa, no complexo tur\u00edstico Ponta Negra, zona Oeste. Com uma programa\u00e7\u00e3o multicultural, o p\u00fablico que visitar o local ter\u00e1 a oportunidade de ter uma experi\u00eancia imersiva em mais de tr\u00eas segmentos art\u00edsticos, entre eles m\u00fasica, teatro e malabarismo.<\/p>\n\n\n\n<p>Um dos compromissos de campanha do prefeito David Almeida, o plano \u00e9 a pe\u00e7a que faltava para completar o chamado \u201cCPF\u201d da Cultura, sigla que significa: Conselho, Plano e Fundo, representando as inst\u00e2ncias b\u00e1sicas que integram o Sistema Municipal de Cultura, um modelo de gest\u00e3o apresentado pelo Sistema Nacional de Cultura.<\/p>\n\n\n\n<p>Al\u00e9m do prefeito de Manaus David Almeida, estar\u00e3o no local para atender a imprensa o diretor-presidente da Manauscult, Osvaldo Cardoso, e o presidente do Concultura, Ten\u00f3rio Telles.<\/p>\n\n\n\n<p>&#8212; &#8212; &#8212;<\/p>\n\n\n\n<p><strong>SERVI\u00c7O<\/strong><\/p>\n\n\n\n<p><strong>O qu\u00ea<\/strong>&nbsp;&#8211; Casa de Praia Zezinho Corr\u00eaa ter\u00e1 dia multicultural para comemorar san\u00e7\u00e3o do Plano Municipal de Cultura<\/p>\n\n\n\n<p><strong>Quando<\/strong>&nbsp;\u2013 Domingo, 28\/5<\/p>\n\n\n\n<p><strong>Hor\u00e1rio<\/strong>&nbsp;&#8211; 18h<\/p>\n\n\n\n<p><strong>Local<\/strong>&nbsp;&#8211; Casa de Praia Zezinho Corr\u00eaa, localizado no complexo tur\u00edstico Ponta Negra, zona Oeste.<\/p>\n","protected":false},"featured_media":208729,"template":"","categories":[],"acf":[],"yoast_head":"<!-- This site is optimized with the Yoast SEO plugin v23.0 - https:\/\/yoast.com\/wordpress\/plugins\/seo\/ -->\n<title>Casa de Praia Zezinho Corr\u00eaa ter\u00e1 dia multicultural para comemorar san\u00e7\u00e3o do Plano Municipal de Cultura - SEMCOM<\/title>\n<meta name=\"robots\" content=\"index, follow, max-snippet:-1, max-image-preview:large, max-video-preview:-1\" \/>\n<link rel=\"canonical\" href=\"https:\/\/www.manaus.am.gov.br\/semcom\/pautas\/casa-de-praia-zezinho-correa-tera-dia-multicultural-para-comemorar-sancao-do-plano-municipal-de-cultura\/\" \/>\n<meta property=\"og:locale\" content=\"pt_BR\" \/>\n<meta property=\"og:type\" content=\"article\" \/>\n<meta property=\"og:title\" content=\"Casa de Praia Zezinho Corr\u00eaa ter\u00e1 dia multicultural para comemorar san\u00e7\u00e3o do Plano Municipal de Cultura - SEMCOM\" \/>\n<meta property=\"og:url\" content=\"https:\/\/www.manaus.am.gov.br\/semcom\/pautas\/casa-de-praia-zezinho-correa-tera-dia-multicultural-para-comemorar-sancao-do-plano-municipal-de-cultura\/\" \/>\n<meta property=\"og:site_name\" content=\"SEMCOM\" \/>\n<meta property=\"og:image\" content=\"https:\/\/www.manaus.am.gov.br\/semcom\/wp-content\/uploads\/sites\/5\/2023\/02\/sugestaodepauta.png\" \/>\n\t<meta property=\"og:image:width\" content=\"1020\" \/>\n\t<meta property=\"og:image:height\" content=\"540\" \/>\n\t<meta property=\"og:image:type\" content=\"image\/png\" \/>\n<meta name=\"twitter:card\" content=\"summary_large_image\" \/>\n<meta name=\"twitter:label1\" content=\"Est. reading time\" \/>\n\t<meta name=\"twitter:data1\" content=\"2 minutos\" \/>\n<script type=\"application\/ld+json\" class=\"yoast-schema-graph\">{\"@context\":\"https:\/\/schema.org\",\"@graph\":[{\"@type\":\"WebPage\",\"@id\":\"https:\/\/www.manaus.am.gov.br\/semcom\/pautas\/casa-de-praia-zezinho-correa-tera-dia-multicultural-para-comemorar-sancao-do-plano-municipal-de-cultura\/\",\"url\":\"https:\/\/www.manaus.am.gov.br\/semcom\/pautas\/casa-de-praia-zezinho-correa-tera-dia-multicultural-para-comemorar-sancao-do-plano-municipal-de-cultura\/\",\"name\":\"Casa de Praia Zezinho Corr\u00eaa ter\u00e1 dia multicultural para comemorar san\u00e7\u00e3o do Plano Municipal de Cultura - SEMCOM\",\"isPartOf\":{\"@id\":\"https:\/\/www.manaus.am.gov.br\/semcom\/#website\"},\"primaryImageOfPage\":{\"@id\":\"https:\/\/www.manaus.am.gov.br\/semcom\/pautas\/casa-de-praia-zezinho-correa-tera-dia-multicultural-para-comemorar-sancao-do-plano-municipal-de-cultura\/#primaryimage\"},\"image\":{\"@id\":\"https:\/\/www.manaus.am.gov.br\/semcom\/pautas\/casa-de-praia-zezinho-correa-tera-dia-multicultural-para-comemorar-sancao-do-plano-municipal-de-cultura\/#primaryimage\"},\"thumbnailUrl\":\"https:\/\/www.manaus.am.gov.br\/semcom\/wp-content\/uploads\/sites\/5\/2023\/02\/sugestaodepauta.png\",\"datePublished\":\"2023-05-27T00:30:58+00:00\",\"dateModified\":\"2023-05-27T00:30:58+00:00\",\"inLanguage\":\"pt-BR\",\"potentialAction\":[{\"@type\":\"ReadAction\",\"target\":[\"https:\/\/www.manaus.am.gov.br\/semcom\/pautas\/casa-de-praia-zezinho-correa-tera-dia-multicultural-para-comemorar-sancao-do-plano-municipal-de-cultura\/\"]}]},{\"@type\":\"ImageObject\",\"inLanguage\":\"pt-BR\",\"@id\":\"https:\/\/www.manaus.am.gov.br\/semcom\/pautas\/casa-de-praia-zezinho-correa-tera-dia-multicultural-para-comemorar-sancao-do-plano-municipal-de-cultura\/#primaryimage\",\"url\":\"https:\/\/www.manaus.am.gov.br\/semcom\/wp-content\/uploads\/sites\/5\/2023\/02\/sugestaodepauta.png\",\"contentUrl\":\"https:\/\/www.manaus.am.gov.br\/semcom\/wp-content\/uploads\/sites\/5\/2023\/02\/sugestaodepauta.png\",\"width\":1020,\"height\":540},{\"@type\":\"WebSite\",\"@id\":\"https:\/\/www.manaus.am.gov.br\/semcom\/#website\",\"url\":\"https:\/\/www.manaus.am.gov.br\/semcom\/\",\"name\":\"SEMCOM\",\"description\":\"Secretaria Municipal de Comunica\u00e7\u00e3o\",\"potentialAction\":[{\"@type\":\"SearchAction\",\"target\":{\"@type\":\"EntryPoint\",\"urlTemplate\":\"https:\/\/www.manaus.am.gov.br\/semcom\/?s={search_term_string}\"},\"query-input\":\"required name=search_term_string\"}],\"inLanguage\":\"pt-BR\"}]}<\/script>\n<!-- \/ Yoast SEO plugin. -->","yoast_head_json":{"title":"Casa de Praia Zezinho Corr\u00eaa ter\u00e1 dia multicultural para comemorar san\u00e7\u00e3o do Plano Municipal de Cultura - SEMCOM","robots":{"index":"index","follow":"follow","max-snippet":"max-snippet:-1","max-image-preview":"max-image-preview:large","max-video-preview":"max-video-preview:-1"},"canonical":"https:\/\/www.manaus.am.gov.br\/semcom\/pautas\/casa-de-praia-zezinho-correa-tera-dia-multicultural-para-comemorar-sancao-do-plano-municipal-de-cultura\/","og_locale":"pt_BR","og_type":"article","og_title":"Casa de Praia Zezinho Corr\u00eaa ter\u00e1 dia multicultural para comemorar san\u00e7\u00e3o do Plano Municipal de Cultura - SEMCOM","og_url":"https:\/\/www.manaus.am.gov.br\/semcom\/pautas\/casa-de-praia-zezinho-correa-tera-dia-multicultural-para-comemorar-sancao-do-plano-municipal-de-cultura\/","og_site_name":"SEMCOM","og_image":[{"width":1020,"height":540,"url":"https:\/\/www.manaus.am.gov.br\/semcom\/wp-content\/uploads\/sites\/5\/2023\/02\/sugestaodepauta.png","type":"image\/png"}],"twitter_card":"summary_large_image","twitter_misc":{"Est. reading time":"2 minutos"},"schema":{"@context":"https:\/\/schema.org","@graph":[{"@type":"WebPage","@id":"https:\/\/www.manaus.am.gov.br\/semcom\/pautas\/casa-de-praia-zezinho-correa-tera-dia-multicultural-para-comemorar-sancao-do-plano-municipal-de-cultura\/","url":"https:\/\/www.manaus.am.gov.br\/semcom\/pautas\/casa-de-praia-zezinho-correa-tera-dia-multicultural-para-comemorar-sancao-do-plano-municipal-de-cultura\/","name":"Casa de Praia Zezinho Corr\u00eaa ter\u00e1 dia multicultural para comemorar san\u00e7\u00e3o do Plano Municipal de Cultura - SEMCOM","isPartOf":{"@id":"https:\/\/www.manaus.am.gov.br\/semcom\/#website"},"primaryImageOfPage":{"@id":"https:\/\/www.manaus.am.gov.br\/semcom\/pautas\/casa-de-praia-zezinho-correa-tera-dia-multicultural-para-comemorar-sancao-do-plano-municipal-de-cultura\/#primaryimage"},"image":{"@id":"https:\/\/www.manaus.am.gov.br\/semcom\/pautas\/casa-de-praia-zezinho-correa-tera-dia-multicultural-para-comemorar-sancao-do-plano-municipal-de-cultura\/#primaryimage"},"thumbnailUrl":"https:\/\/www.manaus.am.gov.br\/semcom\/wp-content\/uploads\/sites\/5\/2023\/02\/sugestaodepauta.png","datePublished":"2023-05-27T00:30:58+00:00","dateModified":"2023-05-27T00:30:58+00:00","inLanguage":"pt-BR","potentialAction":[{"@type":"ReadAction","target":["https:\/\/www.manaus.am.gov.br\/semcom\/pautas\/casa-de-praia-zezinho-correa-tera-dia-multicultural-para-comemorar-sancao-do-plano-municipal-de-cultura\/"]}]},{"@type":"ImageObject","inLanguage":"pt-BR","@id":"https:\/\/www.manaus.am.gov.br\/semcom\/pautas\/casa-de-praia-zezinho-correa-tera-dia-multicultural-para-comemorar-sancao-do-plano-municipal-de-cultura\/#primaryimage","url":"https:\/\/www.manaus.am.gov.br\/semcom\/wp-content\/uploads\/sites\/5\/2023\/02\/sugestaodepauta.png","contentUrl":"https:\/\/www.manaus.am.gov.br\/semcom\/wp-content\/uploads\/sites\/5\/2023\/02\/sugestaodepauta.png","width":1020,"height":540},{"@type":"WebSite","@id":"https:\/\/www.manaus.am.gov.br\/semcom\/#website","url":"https:\/\/www.manaus.am.gov.br\/semcom\/","name":"SEMCOM","description":"Secretaria Municipal de Comunica\u00e7\u00e3o","potentialAction":[{"@type":"SearchAction","target":{"@type":"EntryPoint","urlTemplate":"https:\/\/www.manaus.am.gov.br\/semcom\/?s={search_term_string}"},"query-input":"required name=search_term_string"}],"inLanguage":"pt-BR"}]}},"_links":{"self":[{"href":"https:\/\/www.manaus.am.gov.br\/semcom\/wp-json\/wp\/v2\/pautas\/214274"}],"collection":[{"href":"https:\/\/www.manaus.am.gov.br\/semcom\/wp-json\/wp\/v2\/pautas"}],"about":[{"href":"https:\/\/www.manaus.am.gov.br\/semcom\/wp-json\/wp\/v2\/types\/pautas"}],"wp:featuredmedia":[{"embeddable":true,"href":"https:\/\/www.manaus.am.gov.br\/semcom\/wp-json\/wp\/v2\/media\/208729"}],"wp:attachment":[{"href":"https:\/\/www.manaus.am.gov.br\/semcom\/wp-json\/wp\/v2\/media?parent=214274"}],"wp:term":[{"taxonomy":"category","embeddable":true,"href":"https:\/\/www.manaus.am.gov.br\/semcom\/wp-json\/wp\/v2\/categories?post=214274"}],"curies":[{"name":"wp","href":"https:\/\/api.w.org\/{rel}","templated":true}]}}

<strong>Casa de Praia Zezinho Corrêa terá dia multicultural para comemorar sanção do Plano Municipal de Cultura</strong>

<p>Mais uma conquista para o setor cultural e, no próximo domingo, 28/5, o prefeito David Almeida vai sancionar o Plano Municipal de Cultura (PMC),&nbsp;instrumento jurídico que reúne um conjunto de diretrizes, estratégias e metas que vai orientar o poder público na formulação de políticas culturais pelos próximos dez anos, e que abre portas para recursos e investimentos na área cultural, visando propor e executar as políticas públicas de cultura de curto, médio e longo prazo, articulando entes federados e sociedade civil.</p>



<p>A cerimônia de sanção do PMC acontecerá às 18h, na Casa de Praia Zezinho Corrêa, no complexo turístico Ponta Negra, zona Oeste. Com uma programação multicultural, o público que visitar o local terá a oportunidade de ter uma experiência imersiva em mais de três segmentos artísticos, entre eles música, teatro e malabarismo.</p>



<p>Um dos compromissos de campanha do prefeito David Almeida, o plano é a peça que faltava para completar o chamado “CPF” da Cultura, sigla que significa: Conselho, Plano e Fundo, representando as instâncias básicas que integram o Sistema Municipal de Cultura, um modelo de gestão apresentado pelo Sistema Nacional de Cultura.</p>



<p>Além do prefeito de Manaus David Almeida, estarão no local para atender a imprensa o diretor-presidente da Manauscult, Osvaldo Cardoso, e o presidente do Concultura, Tenório Telles.</p>



<p>&#8212; &#8212; &#8212;</p>



<p><strong>SERVIÇO</strong></p>



<p><strong>O quê</strong>&nbsp;&#8211; Casa de Praia Zezinho Corrêa terá dia multicultural para comemorar sanção do Plano Municipal de Cultura</p>



<p><strong>Quando</strong>&nbsp;– Domingo, 28/5</p>



<p><strong>Horário</strong>&nbsp;&#8211; 18h</p>



<p><strong>Local</strong>&nbsp;&#8211; Casa de Praia Zezinho Corrêa, localizado no complexo turístico Ponta Negra, zona Oeste.</p>

<!-- This site is optimized with the Yoast SEO plugin v23.0 - https://yoast.com/wordpress/plugins/seo/ -->
<title>Casa de Praia Zezinho Corrêa terá dia multicultural para comemorar sanção do Plano Municipal de Cultura - SEMCOM</title>
<meta name="robots" content="index, follow, max-snippet:-1, max-image-preview:large, max-video-preview:-1" />
<link rel="canonical" href="https://www.manaus.am.gov.br/semcom/pautas/casa-de-praia-zezinho-correa-tera-dia-multicultural-para-comemorar-sancao-do-plano-municipal-de-cultura/" />
<meta property="og:locale" content="pt_BR" />
<meta property="og:type" content="article" />
<meta property="og:title" content="Casa de Praia Zezinho Corrêa terá dia multicultural para comemorar sanção do Plano Municipal de Cultura - SEMCOM" />
<meta property="og:url" content="https://www.manaus.am.gov.br/semcom/pautas/casa-de-praia-zezinho-correa-tera-dia-multicultural-para-comemorar-sancao-do-plano-municipal-de-cultura/" />
<meta property="og:site_name" content="SEMCOM" />
<meta property="og:image" content="https://www.manaus.am.gov.br/semcom/wp-content/uploads/sites/5/2023/02/sugestaodepauta.png" />
	<meta property="og:image:width" content="1020" />
	<meta property="og:image:height" content="540" />
	<meta property="og:image:type" content="image/png" />
<meta name="twitter:card" content="summary_large_image" />
<meta name="twitter:label1" content="Est. reading time" />
	<meta name="twitter:data1" content="2 minutos" />
<script type="application/ld+json" class="yoast-schema-graph">{"@context":"https://schema.org","@graph":[{"@type":"WebPage","@id":"https://www.manaus.am.gov.br/semcom/pautas/casa-de-praia-zezinho-correa-tera-dia-multicultural-para-comemorar-sancao-do-plano-municipal-de-cultura/","url":"https://www.manaus.am.gov.br/semcom/pautas/casa-de-praia-zezinho-correa-tera-dia-multicultural-para-comemorar-sancao-do-plano-municipal-de-cultura/","name":"Casa de Praia Zezinho Corrêa terá dia multicultural para comemorar sanção do Plano Municipal de Cultura - SEMCOM","isPartOf":{"@id":"https://www.manaus.am.gov.br/semcom/#website"},"primaryImageOfPage":{"@id":"https://www.manaus.am.gov.br/semcom/pautas/casa-de-praia-zezinho-correa-tera-dia-multicultural-para-comemorar-sancao-do-plano-municipal-de-cultura/#primaryimage"},"image":{"@id":"https://www.manaus.am.gov.br/semcom/pautas/casa-de-praia-zezinho-correa-tera-dia-multicultural-para-comemorar-sancao-do-plano-municipal-de-cultura/#primaryimage"},"thumbnailUrl":"https://www.manaus.am.gov.br/semcom/wp-content/uploads/sites/5/2023/02/sugestaodepauta.png","datePublished":"2023-05-27T00:30:58+00:00","dateModified":"2023-05-27T00:30:58+00:00","inLanguage":"pt-BR","potentialAction":[{"@type":"ReadAction","target":["https://www.manaus.am.gov.br/semcom/pautas/casa-de-praia-zezinho-correa-tera-dia-multicultural-para-comemorar-sancao-do-plano-municipal-de-cultura/"]}]},{"@type":"ImageObject","inLanguage":"pt-BR","@id":"https://www.manaus.am.gov.br/semcom/pautas/casa-de-praia-zezinho-correa-tera-dia-multicultural-para-comemorar-sancao-do-plano-municipal-de-cultura/#primaryimage","url":"https://www.manaus.am.gov.br/semcom/wp-content/uploads/sites/5/2023/02/sugestaodepauta.png","contentUrl":"https://www.manaus.am.gov.br/semcom/wp-content/uploads/sites/5/2023/02/sugestaodepauta.png","width":1020,"height":540},{"@type":"WebSite","@id":"https://www.manaus.am.gov.br/semcom/#website","url":"https://www.manaus.am.gov.br/semcom/","name":"SEMCOM","description":"Secretaria Municipal de Comunicação","potentialAction":[{"@type":"SearchAction","target":{"@type":"EntryPoint","urlTemplate":"https://www.manaus.am.gov.br/semcom/?s={search_term_string}"},"query-input":"required name=search_term_string"}],"inLanguage":"pt-BR"}]}</script>
<!-- / Yoast SEO plugin. -->

Casa de Praia Zezinho Corrêa terá dia multicultural para comemorar sanção do Plano Municipal de Cultura - SEMCOM

Secretaria Municipal de Comunicação
