{"id":214229,"date":"2023-05-26T15:11:33","date_gmt":"2023-05-26T18:11:33","guid":{"rendered":"https:\/\/www.manaus.am.gov.br\/semcom\/?post_type=pautas&#038;p=214229"},"modified":"2023-05-26T15:11:33","modified_gmt":"2023-05-26T18:11:33","slug":"prefeitura-de-manaus-realiza-mutirao-do-cadastro-unico-neste-sabado-27-5","status":"publish","type":"pautas","link":"https:\/\/www.manaus.am.gov.br\/semcom\/pautas\/prefeitura-de-manaus-realiza-mutirao-do-cadastro-unico-neste-sabado-27-5\/","title":{"rendered":"<strong>Prefeitura de Manaus realiza mutir\u00e3o do Cadastro \u00danico neste s\u00e1bado, 27\/5<\/strong>"},"content":{"rendered":"\n<p>A Prefeitura de Manaus, por meio da Secretaria Municipal da Mulher, Assist\u00eancia Social e Cidadania (Semasc), promove um mutir\u00e3o do Cadastro \u00danico, neste s\u00e1bado, 27\/5, com o objetivo de facilitar o acesso da popula\u00e7\u00e3o aos programas sociais e ampliar o alcance desse importante instrumento de inclus\u00e3o social. A a\u00e7\u00e3o ser\u00e1 realizada na escola municipal Elvira Borges, bairro Compensa II, na zona Oeste, de 8h \u00e0s 12h.<\/p>\n\n\n\n<p>Durante o mutir\u00e3o, os cidad\u00e3os ter\u00e3o a oportunidade de realizar o cadastro pela primeira vez, al\u00e9m de atualizar informa\u00e7\u00f5es como endere\u00e7o, composi\u00e7\u00e3o familiar, renda e demais dados necess\u00e1rios para garantir a correta inclus\u00e3o nos programas sociais.<\/p>\n\n\n\n<p><strong>SERVI\u00c7O:<\/strong><\/p>\n\n\n\n<p><strong>O qu\u00ea &#8211;&nbsp;<\/strong>Mutir\u00e3o do Cadastro \u00danico<\/p>\n\n\n\n<p><strong>Quando &#8211;<\/strong>&nbsp; S\u00e1bado, 27\/5<\/p>\n\n\n\n<p><strong>Hor\u00e1rio &#8211;&nbsp;<\/strong>8h \u00e0s 12h<\/p>\n\n\n\n<p><strong>Local &#8211;<\/strong>&nbsp;Escola municipal Elvira Borges, rua 23 de Dezembro, n\u00ba 70, bairro Compensa II<\/p>\n","protected":false},"featured_media":208729,"template":"","categories":[802],"acf":[],"yoast_head":"<!-- This site is optimized with the Yoast SEO plugin v23.0 - https:\/\/yoast.com\/wordpress\/plugins\/seo\/ -->\n<title>Prefeitura de Manaus realiza mutir\u00e3o do Cadastro \u00danico neste s\u00e1bado, 27\/5 - SEMCOM<\/title>\n<meta name=\"description\" content=\"A Prefeitura de Manaus, por meio da Secretaria Municipal da Mulher, Assist\u00eancia Social e Cidadania (Semasc), promove um mutir\u00e3o do Cadastro \u00danico, neste s\u00e1bado, 27\/5, com o objetivo de facilitar o acesso da popula\u00e7\u00e3o aos programas sociais e ampliar o alcance desse importante instrumento de inclus\u00e3o social.\" \/>\n<meta name=\"robots\" content=\"index, follow, max-snippet:-1, max-image-preview:large, max-video-preview:-1\" \/>\n<link rel=\"canonical\" href=\"https:\/\/www.manaus.am.gov.br\/semcom\/pautas\/prefeitura-de-manaus-realiza-mutirao-do-cadastro-unico-neste-sabado-27-5\/\" \/>\n<meta property=\"og:locale\" content=\"pt_BR\" \/>\n<meta property=\"og:type\" content=\"article\" \/>\n<meta property=\"og:title\" content=\"Prefeitura de Manaus realiza mutir\u00e3o do Cadastro \u00danico neste s\u00e1bado, 27\/5 - SEMCOM\" \/>\n<meta property=\"og:description\" content=\"A Prefeitura de Manaus, por meio da Secretaria Municipal da Mulher, Assist\u00eancia Social e Cidadania (Semasc), promove um mutir\u00e3o do Cadastro \u00danico, neste s\u00e1bado, 27\/5, com o objetivo de facilitar o acesso da popula\u00e7\u00e3o aos programas sociais e ampliar o alcance desse importante instrumento de inclus\u00e3o social.\" \/>\n<meta property=\"og:url\" content=\"https:\/\/www.manaus.am.gov.br\/semcom\/pautas\/prefeitura-de-manaus-realiza-mutirao-do-cadastro-unico-neste-sabado-27-5\/\" \/>\n<meta property=\"og:site_name\" content=\"SEMCOM\" \/>\n<meta property=\"og:image\" content=\"https:\/\/www.manaus.am.gov.br\/semcom\/wp-content\/uploads\/sites\/5\/2023\/02\/sugestaodepauta.png\" \/>\n\t<meta property=\"og:image:width\" content=\"1020\" \/>\n\t<meta property=\"og:image:height\" content=\"540\" \/>\n\t<meta property=\"og:image:type\" content=\"image\/png\" \/>\n<meta name=\"twitter:card\" content=\"summary_large_image\" \/>\n<meta name=\"twitter:label1\" content=\"Est. reading time\" \/>\n\t<meta name=\"twitter:data1\" content=\"1 minuto\" \/>\n<script type=\"application\/ld+json\" class=\"yoast-schema-graph\">{\"@context\":\"https:\/\/schema.org\",\"@graph\":[{\"@type\":\"WebPage\",\"@id\":\"https:\/\/www.manaus.am.gov.br\/semcom\/pautas\/prefeitura-de-manaus-realiza-mutirao-do-cadastro-unico-neste-sabado-27-5\/\",\"url\":\"https:\/\/www.manaus.am.gov.br\/semcom\/pautas\/prefeitura-de-manaus-realiza-mutirao-do-cadastro-unico-neste-sabado-27-5\/\",\"name\":\"Prefeitura de Manaus realiza mutir\u00e3o do Cadastro \u00danico neste s\u00e1bado, 27\/5 - SEMCOM\",\"isPartOf\":{\"@id\":\"https:\/\/www.manaus.am.gov.br\/semcom\/#website\"},\"primaryImageOfPage\":{\"@id\":\"https:\/\/www.manaus.am.gov.br\/semcom\/pautas\/prefeitura-de-manaus-realiza-mutirao-do-cadastro-unico-neste-sabado-27-5\/#primaryimage\"},\"image\":{\"@id\":\"https:\/\/www.manaus.am.gov.br\/semcom\/pautas\/prefeitura-de-manaus-realiza-mutirao-do-cadastro-unico-neste-sabado-27-5\/#primaryimage\"},\"thumbnailUrl\":\"https:\/\/www.manaus.am.gov.br\/semcom\/wp-content\/uploads\/sites\/5\/2023\/02\/sugestaodepauta.png\",\"datePublished\":\"2023-05-26T18:11:33+00:00\",\"dateModified\":\"2023-05-26T18:11:33+00:00\",\"description\":\"A Prefeitura de Manaus, por meio da Secretaria Municipal da Mulher, Assist\u00eancia Social e Cidadania (Semasc), promove um mutir\u00e3o do Cadastro \u00danico, neste s\u00e1bado, 27\/5, com o objetivo de facilitar o acesso da popula\u00e7\u00e3o aos programas sociais e ampliar o alcance desse importante instrumento de inclus\u00e3o social.\",\"inLanguage\":\"pt-BR\",\"potentialAction\":[{\"@type\":\"ReadAction\",\"target\":[\"https:\/\/www.manaus.am.gov.br\/semcom\/pautas\/prefeitura-de-manaus-realiza-mutirao-do-cadastro-unico-neste-sabado-27-5\/\"]}]},{\"@type\":\"ImageObject\",\"inLanguage\":\"pt-BR\",\"@id\":\"https:\/\/www.manaus.am.gov.br\/semcom\/pautas\/prefeitura-de-manaus-realiza-mutirao-do-cadastro-unico-neste-sabado-27-5\/#primaryimage\",\"url\":\"https:\/\/www.manaus.am.gov.br\/semcom\/wp-content\/uploads\/sites\/5\/2023\/02\/sugestaodepauta.png\",\"contentUrl\":\"https:\/\/www.manaus.am.gov.br\/semcom\/wp-content\/uploads\/sites\/5\/2023\/02\/sugestaodepauta.png\",\"width\":1020,\"height\":540},{\"@type\":\"WebSite\",\"@id\":\"https:\/\/www.manaus.am.gov.br\/semcom\/#website\",\"url\":\"https:\/\/www.manaus.am.gov.br\/semcom\/\",\"name\":\"SEMCOM\",\"description\":\"Secretaria Municipal de Comunica\u00e7\u00e3o\",\"potentialAction\":[{\"@type\":\"SearchAction\",\"target\":{\"@type\":\"EntryPoint\",\"urlTemplate\":\"https:\/\/www.manaus.am.gov.br\/semcom\/?s={search_term_string}\"},\"query-input\":\"required name=search_term_string\"}],\"inLanguage\":\"pt-BR\"}]}<\/script>\n<!-- \/ Yoast SEO plugin. -->","yoast_head_json":{"title":"Prefeitura de Manaus realiza mutir\u00e3o do Cadastro \u00danico neste s\u00e1bado, 27\/5 - SEMCOM","description":"A Prefeitura de Manaus, por meio da Secretaria Municipal da Mulher, Assist\u00eancia Social e Cidadania (Semasc), promove um mutir\u00e3o do Cadastro \u00danico, neste s\u00e1bado, 27\/5, com o objetivo de facilitar o acesso da popula\u00e7\u00e3o aos programas sociais e ampliar o alcance desse importante instrumento de inclus\u00e3o social.","robots":{"index":"index","follow":"follow","max-snippet":"max-snippet:-1","max-image-preview":"max-image-preview:large","max-video-preview":"max-video-preview:-1"},"canonical":"https:\/\/www.manaus.am.gov.br\/semcom\/pautas\/prefeitura-de-manaus-realiza-mutirao-do-cadastro-unico-neste-sabado-27-5\/","og_locale":"pt_BR","og_type":"article","og_title":"Prefeitura de Manaus realiza mutir\u00e3o do Cadastro \u00danico neste s\u00e1bado, 27\/5 - SEMCOM","og_description":"A Prefeitura de Manaus, por meio da Secretaria Municipal da Mulher, Assist\u00eancia Social e Cidadania (Semasc), promove um mutir\u00e3o do Cadastro \u00danico, neste s\u00e1bado, 27\/5, com o objetivo de facilitar o acesso da popula\u00e7\u00e3o aos programas sociais e ampliar o alcance desse importante instrumento de inclus\u00e3o social.","og_url":"https:\/\/www.manaus.am.gov.br\/semcom\/pautas\/prefeitura-de-manaus-realiza-mutirao-do-cadastro-unico-neste-sabado-27-5\/","og_site_name":"SEMCOM","og_image":[{"width":1020,"height":540,"url":"https:\/\/www.manaus.am.gov.br\/semcom\/wp-content\/uploads\/sites\/5\/2023\/02\/sugestaodepauta.png","type":"image\/png"}],"twitter_card":"summary_large_image","twitter_misc":{"Est. reading time":"1 minuto"},"schema":{"@context":"https:\/\/schema.org","@graph":[{"@type":"WebPage","@id":"https:\/\/www.manaus.am.gov.br\/semcom\/pautas\/prefeitura-de-manaus-realiza-mutirao-do-cadastro-unico-neste-sabado-27-5\/","url":"https:\/\/www.manaus.am.gov.br\/semcom\/pautas\/prefeitura-de-manaus-realiza-mutirao-do-cadastro-unico-neste-sabado-27-5\/","name":"Prefeitura de Manaus realiza mutir\u00e3o do Cadastro \u00danico neste s\u00e1bado, 27\/5 - SEMCOM","isPartOf":{"@id":"https:\/\/www.manaus.am.gov.br\/semcom\/#website"},"primaryImageOfPage":{"@id":"https:\/\/www.manaus.am.gov.br\/semcom\/pautas\/prefeitura-de-manaus-realiza-mutirao-do-cadastro-unico-neste-sabado-27-5\/#primaryimage"},"image":{"@id":"https:\/\/www.manaus.am.gov.br\/semcom\/pautas\/prefeitura-de-manaus-realiza-mutirao-do-cadastro-unico-neste-sabado-27-5\/#primaryimage"},"thumbnailUrl":"https:\/\/www.manaus.am.gov.br\/semcom\/wp-content\/uploads\/sites\/5\/2023\/02\/sugestaodepauta.png","datePublished":"2023-05-26T18:11:33+00:00","dateModified":"2023-05-26T18:11:33+00:00","description":"A Prefeitura de Manaus, por meio da Secretaria Municipal da Mulher, Assist\u00eancia Social e Cidadania (Semasc), promove um mutir\u00e3o do Cadastro \u00danico, neste s\u00e1bado, 27\/5, com o objetivo de facilitar o acesso da popula\u00e7\u00e3o aos programas sociais e ampliar o alcance desse importante instrumento de inclus\u00e3o social.","inLanguage":"pt-BR","potentialAction":[{"@type":"ReadAction","target":["https:\/\/www.manaus.am.gov.br\/semcom\/pautas\/prefeitura-de-manaus-realiza-mutirao-do-cadastro-unico-neste-sabado-27-5\/"]}]},{"@type":"ImageObject","inLanguage":"pt-BR","@id":"https:\/\/www.manaus.am.gov.br\/semcom\/pautas\/prefeitura-de-manaus-realiza-mutirao-do-cadastro-unico-neste-sabado-27-5\/#primaryimage","url":"https:\/\/www.manaus.am.gov.br\/semcom\/wp-content\/uploads\/sites\/5\/2023\/02\/sugestaodepauta.png","contentUrl":"https:\/\/www.manaus.am.gov.br\/semcom\/wp-content\/uploads\/sites\/5\/2023\/02\/sugestaodepauta.png","width":1020,"height":540},{"@type":"WebSite","@id":"https:\/\/www.manaus.am.gov.br\/semcom\/#website","url":"https:\/\/www.manaus.am.gov.br\/semcom\/","name":"SEMCOM","description":"Secretaria Municipal de Comunica\u00e7\u00e3o","potentialAction":[{"@type":"SearchAction","target":{"@type":"EntryPoint","urlTemplate":"https:\/\/www.manaus.am.gov.br\/semcom\/?s={search_term_string}"},"query-input":"required name=search_term_string"}],"inLanguage":"pt-BR"}]}},"_links":{"self":[{"href":"https:\/\/www.manaus.am.gov.br\/semcom\/wp-json\/wp\/v2\/pautas\/214229"}],"collection":[{"href":"https:\/\/www.manaus.am.gov.br\/semcom\/wp-json\/wp\/v2\/pautas"}],"about":[{"href":"https:\/\/www.manaus.am.gov.br\/semcom\/wp-json\/wp\/v2\/types\/pautas"}],"wp:featuredmedia":[{"embeddable":true,"href":"https:\/\/www.manaus.am.gov.br\/semcom\/wp-json\/wp\/v2\/media\/208729"}],"wp:attachment":[{"href":"https:\/\/www.manaus.am.gov.br\/semcom\/wp-json\/wp\/v2\/media?parent=214229"}],"wp:term":[{"taxonomy":"category","embeddable":true,"href":"https:\/\/www.manaus.am.gov.br\/semcom\/wp-json\/wp\/v2\/categories?post=214229"}],"curies":[{"name":"wp","href":"https:\/\/api.w.org\/{rel}","templated":true}]}}

<strong>Prefeitura de Manaus realiza mutirão do Cadastro Único neste sábado, 27/5</strong>

<p>A Prefeitura de Manaus, por meio da Secretaria Municipal da Mulher, Assistência Social e Cidadania (Semasc), promove um mutirão do Cadastro Único, neste sábado, 27/5, com o objetivo de facilitar o acesso da população aos programas sociais e ampliar o alcance desse importante instrumento de inclusão social. A ação será realizada na escola municipal Elvira Borges, bairro Compensa II, na zona Oeste, de 8h às 12h.</p>



<p>Durante o mutirão, os cidadãos terão a oportunidade de realizar o cadastro pela primeira vez, além de atualizar informações como endereço, composição familiar, renda e demais dados necessários para garantir a correta inclusão nos programas sociais.</p>



<p><strong>SERVIÇO:</strong></p>



<p><strong>O quê &#8211;&nbsp;</strong>Mutirão do Cadastro Único</p>



<p><strong>Quando &#8211;</strong>&nbsp; Sábado, 27/5</p>



<p><strong>Horário &#8211;&nbsp;</strong>8h às 12h</p>



<p><strong>Local &#8211;</strong>&nbsp;Escola municipal Elvira Borges, rua 23 de Dezembro, nº 70, bairro Compensa II</p>

<!-- This site is optimized with the Yoast SEO plugin v23.0 - https://yoast.com/wordpress/plugins/seo/ -->
<title>Prefeitura de Manaus realiza mutirão do Cadastro Único neste sábado, 27/5 - SEMCOM</title>
<meta name="description" content="A Prefeitura de Manaus, por meio da Secretaria Municipal da Mulher, Assistência Social e Cidadania (Semasc), promove um mutirão do Cadastro Único, neste sábado, 27/5, com o objetivo de facilitar o acesso da população aos programas sociais e ampliar o alcance desse importante instrumento de inclusão social." />
<meta name="robots" content="index, follow, max-snippet:-1, max-image-preview:large, max-video-preview:-1" />
<link rel="canonical" href="https://www.manaus.am.gov.br/semcom/pautas/prefeitura-de-manaus-realiza-mutirao-do-cadastro-unico-neste-sabado-27-5/" />
<meta property="og:locale" content="pt_BR" />
<meta property="og:type" content="article" />
<meta property="og:title" content="Prefeitura de Manaus realiza mutirão do Cadastro Único neste sábado, 27/5 - SEMCOM" />
<meta property="og:description" content="A Prefeitura de Manaus, por meio da Secretaria Municipal da Mulher, Assistência Social e Cidadania (Semasc), promove um mutirão do Cadastro Único, neste sábado, 27/5, com o objetivo de facilitar o acesso da população aos programas sociais e ampliar o alcance desse importante instrumento de inclusão social." />
<meta property="og:url" content="https://www.manaus.am.gov.br/semcom/pautas/prefeitura-de-manaus-realiza-mutirao-do-cadastro-unico-neste-sabado-27-5/" />
<meta property="og:site_name" content="SEMCOM" />
<meta property="og:image" content="https://www.manaus.am.gov.br/semcom/wp-content/uploads/sites/5/2023/02/sugestaodepauta.png" />
	<meta property="og:image:width" content="1020" />
	<meta property="og:image:height" content="540" />
	<meta property="og:image:type" content="image/png" />
<meta name="twitter:card" content="summary_large_image" />
<meta name="twitter:label1" content="Est. reading time" />
	<meta name="twitter:data1" content="1 minuto" />
<script type="application/ld+json" class="yoast-schema-graph">{"@context":"https://schema.org","@graph":[{"@type":"WebPage","@id":"https://www.manaus.am.gov.br/semcom/pautas/prefeitura-de-manaus-realiza-mutirao-do-cadastro-unico-neste-sabado-27-5/","url":"https://www.manaus.am.gov.br/semcom/pautas/prefeitura-de-manaus-realiza-mutirao-do-cadastro-unico-neste-sabado-27-5/","name":"Prefeitura de Manaus realiza mutirão do Cadastro Único neste sábado, 27/5 - SEMCOM","isPartOf":{"@id":"https://www.manaus.am.gov.br/semcom/#website"},"primaryImageOfPage":{"@id":"https://www.manaus.am.gov.br/semcom/pautas/prefeitura-de-manaus-realiza-mutirao-do-cadastro-unico-neste-sabado-27-5/#primaryimage"},"image":{"@id":"https://www.manaus.am.gov.br/semcom/pautas/prefeitura-de-manaus-realiza-mutirao-do-cadastro-unico-neste-sabado-27-5/#primaryimage"},"thumbnailUrl":"https://www.manaus.am.gov.br/semcom/wp-content/uploads/sites/5/2023/02/sugestaodepauta.png","datePublished":"2023-05-26T18:11:33+00:00","dateModified":"2023-05-26T18:11:33+00:00","description":"A Prefeitura de Manaus, por meio da Secretaria Municipal da Mulher, Assistência Social e Cidadania (Semasc), promove um mutirão do Cadastro Único, neste sábado, 27/5, com o objetivo de facilitar o acesso da população aos programas sociais e ampliar o alcance desse importante instrumento de inclusão social.","inLanguage":"pt-BR","potentialAction":[{"@type":"ReadAction","target":["https://www.manaus.am.gov.br/semcom/pautas/prefeitura-de-manaus-realiza-mutirao-do-cadastro-unico-neste-sabado-27-5/"]}]},{"@type":"ImageObject","inLanguage":"pt-BR","@id":"https://www.manaus.am.gov.br/semcom/pautas/prefeitura-de-manaus-realiza-mutirao-do-cadastro-unico-neste-sabado-27-5/#primaryimage","url":"https://www.manaus.am.gov.br/semcom/wp-content/uploads/sites/5/2023/02/sugestaodepauta.png","contentUrl":"https://www.manaus.am.gov.br/semcom/wp-content/uploads/sites/5/2023/02/sugestaodepauta.png","width":1020,"height":540},{"@type":"WebSite","@id":"https://www.manaus.am.gov.br/semcom/#website","url":"https://www.manaus.am.gov.br/semcom/","name":"SEMCOM","description":"Secretaria Municipal de Comunicação","potentialAction":[{"@type":"SearchAction","target":{"@type":"EntryPoint","urlTemplate":"https://www.manaus.am.gov.br/semcom/?s={search_term_string}"},"query-input":"required name=search_term_string"}],"inLanguage":"pt-BR"}]}</script>
<!-- / Yoast SEO plugin. -->

Prefeitura de Manaus realiza mutirão do Cadastro Único neste sábado, 27/5 - SEMCOM

A Prefeitura de Manaus, por meio da Secretaria Municipal da Mulher, Assistência Social e Cidadania (Semasc), promove um mutirão do Cadastro Único, neste sábado, 27/5, com o objetivo de facilitar o acesso da população aos programas sociais e ampliar o alcance desse importante instrumento de inclusão social.

Secretaria Municipal de Comunicação
