{"id":214164,"date":"2023-05-25T13:16:47","date_gmt":"2023-05-25T16:16:47","guid":{"rendered":"https:\/\/www.manaus.am.gov.br\/semcom\/?post_type=pautas&#038;p=214164"},"modified":"2023-05-25T13:16:47","modified_gmt":"2023-05-25T16:16:47","slug":"prefeitura-divulga-resultado-da-inscricao-das-novas-vagas-de-creches-da-rede-municipal-de-ensino","status":"publish","type":"pautas","link":"https:\/\/www.manaus.am.gov.br\/semcom\/pautas\/prefeitura-divulga-resultado-da-inscricao-das-novas-vagas-de-creches-da-rede-municipal-de-ensino\/","title":{"rendered":"<strong>Prefeitura divulga resultado da inscri\u00e7\u00e3o das novas vagas de creches da rede municipal de ensino<\/strong>"},"content":{"rendered":"\n<p>A Prefeitura de Manaus, por meio da Secretaria Municipal de Educa\u00e7\u00e3o (Semed), divulga, nesta quinta-feira, 25\/5, \u00e0s 16h, o resultado da sele\u00e7\u00e3o para inscri\u00e7\u00e3o nas tr\u00eas novas creches que ser\u00e3o inauguradas nas pr\u00f3ximas semanas e para as vagas da fase creche disponibilizadas pela parceria com o Servi\u00e7o Social da Ind\u00fastria (Sesi). O an\u00fancio ocorrer\u00e1 no audit\u00f3rio da sede do \u00f3rg\u00e3o, na avenida M\u00e1rio Ypiranga Monteiro, n\u00b0 2.358, bairro Parque 10 de Novembro, zona Centro-Sul.<\/p>\n\n\n\n<p>Ao todo, ser\u00e3o 1.380 vagas para o maternal I, II e III, nas quatro unidades de ensino. Para esse procedimento, a rede municipal de ensino estabeleceu os seguintes crit\u00e9rios para a sele\u00e7\u00e3o das vagas: inscri\u00e7\u00e3o no Cad\u00danico; m\u00e3e sob medida protetiva; m\u00e3e trabalhadora e m\u00e3e adolescente.<\/p>\n\n\n\n<p><strong>SERVI\u00c7O:<\/strong><\/p>\n\n\n\n<p><strong>O qu\u00ea &#8211;<\/strong>&nbsp;Resultado da inscri\u00e7\u00e3o das novas vagas de creches da rede municipal de ensino<\/p>\n\n\n\n<p><strong>Quando &#8211;&nbsp;<\/strong>Quinta-feira, 25\/5<\/p>\n\n\n\n<p><strong>Hor\u00e1rio \u2013<\/strong>&nbsp;16h<\/p>\n\n\n\n<p><strong>Local &#8211;&nbsp;<\/strong>Audit\u00f3rio da Secretaria Municipal de Educa\u00e7\u00e3o (Semed), avenida M\u00e1rio Ypiranga Monteiro, n\u00b0 2.358, bairro Parque 10 de Novembro, zona Centro-Sul<\/p>\n","protected":false},"featured_media":208729,"template":"","categories":[788],"acf":[],"yoast_head":"<!-- This site is optimized with the Yoast SEO plugin v23.0 - https:\/\/yoast.com\/wordpress\/plugins\/seo\/ -->\n<title>Prefeitura divulga resultado da inscri\u00e7\u00e3o das novas vagas de creches da rede municipal de ensino - SEMCOM<\/title>\n<meta name=\"description\" content=\"A Prefeitura de Manaus, por meio da Secretaria Municipal de Educa\u00e7\u00e3o (Semed), divulga, nesta quinta-feira, 25\/5, \u00e0s 16h, o resultado da sele\u00e7\u00e3o para inscri\u00e7\u00e3o nas tr\u00eas novas creches que ser\u00e3o inauguradas nas pr\u00f3ximas semanas e para as vagas da fase creche disponibilizadas pela parceria com o Servi\u00e7o Social da Ind\u00fastria (Sesi).\" \/>\n<meta name=\"robots\" content=\"index, follow, max-snippet:-1, max-image-preview:large, max-video-preview:-1\" \/>\n<link rel=\"canonical\" href=\"https:\/\/www.manaus.am.gov.br\/semcom\/pautas\/prefeitura-divulga-resultado-da-inscricao-das-novas-vagas-de-creches-da-rede-municipal-de-ensino\/\" \/>\n<meta property=\"og:locale\" content=\"pt_BR\" \/>\n<meta property=\"og:type\" content=\"article\" \/>\n<meta property=\"og:title\" content=\"Prefeitura divulga resultado da inscri\u00e7\u00e3o das novas vagas de creches da rede municipal de ensino - SEMCOM\" \/>\n<meta property=\"og:description\" content=\"A Prefeitura de Manaus, por meio da Secretaria Municipal de Educa\u00e7\u00e3o (Semed), divulga, nesta quinta-feira, 25\/5, \u00e0s 16h, o resultado da sele\u00e7\u00e3o para inscri\u00e7\u00e3o nas tr\u00eas novas creches que ser\u00e3o inauguradas nas pr\u00f3ximas semanas e para as vagas da fase creche disponibilizadas pela parceria com o Servi\u00e7o Social da Ind\u00fastria (Sesi).\" \/>\n<meta property=\"og:url\" content=\"https:\/\/www.manaus.am.gov.br\/semcom\/pautas\/prefeitura-divulga-resultado-da-inscricao-das-novas-vagas-de-creches-da-rede-municipal-de-ensino\/\" \/>\n<meta property=\"og:site_name\" content=\"SEMCOM\" \/>\n<meta property=\"og:image\" content=\"https:\/\/www.manaus.am.gov.br\/semcom\/wp-content\/uploads\/sites\/5\/2023\/02\/sugestaodepauta.png\" \/>\n\t<meta property=\"og:image:width\" content=\"1020\" \/>\n\t<meta property=\"og:image:height\" content=\"540\" \/>\n\t<meta property=\"og:image:type\" content=\"image\/png\" \/>\n<meta name=\"twitter:card\" content=\"summary_large_image\" \/>\n<meta name=\"twitter:label1\" content=\"Est. reading time\" \/>\n\t<meta name=\"twitter:data1\" content=\"1 minuto\" \/>\n<script type=\"application\/ld+json\" class=\"yoast-schema-graph\">{\"@context\":\"https:\/\/schema.org\",\"@graph\":[{\"@type\":\"WebPage\",\"@id\":\"https:\/\/www.manaus.am.gov.br\/semcom\/pautas\/prefeitura-divulga-resultado-da-inscricao-das-novas-vagas-de-creches-da-rede-municipal-de-ensino\/\",\"url\":\"https:\/\/www.manaus.am.gov.br\/semcom\/pautas\/prefeitura-divulga-resultado-da-inscricao-das-novas-vagas-de-creches-da-rede-municipal-de-ensino\/\",\"name\":\"Prefeitura divulga resultado da inscri\u00e7\u00e3o das novas vagas de creches da rede municipal de ensino - SEMCOM\",\"isPartOf\":{\"@id\":\"https:\/\/www.manaus.am.gov.br\/semcom\/#website\"},\"primaryImageOfPage\":{\"@id\":\"https:\/\/www.manaus.am.gov.br\/semcom\/pautas\/prefeitura-divulga-resultado-da-inscricao-das-novas-vagas-de-creches-da-rede-municipal-de-ensino\/#primaryimage\"},\"image\":{\"@id\":\"https:\/\/www.manaus.am.gov.br\/semcom\/pautas\/prefeitura-divulga-resultado-da-inscricao-das-novas-vagas-de-creches-da-rede-municipal-de-ensino\/#primaryimage\"},\"thumbnailUrl\":\"https:\/\/www.manaus.am.gov.br\/semcom\/wp-content\/uploads\/sites\/5\/2023\/02\/sugestaodepauta.png\",\"datePublished\":\"2023-05-25T16:16:47+00:00\",\"dateModified\":\"2023-05-25T16:16:47+00:00\",\"description\":\"A Prefeitura de Manaus, por meio da Secretaria Municipal de Educa\u00e7\u00e3o (Semed), divulga, nesta quinta-feira, 25\/5, \u00e0s 16h, o resultado da sele\u00e7\u00e3o para inscri\u00e7\u00e3o nas tr\u00eas novas creches que ser\u00e3o inauguradas nas pr\u00f3ximas semanas e para as vagas da fase creche disponibilizadas pela parceria com o Servi\u00e7o Social da Ind\u00fastria (Sesi).\",\"inLanguage\":\"pt-BR\",\"potentialAction\":[{\"@type\":\"ReadAction\",\"target\":[\"https:\/\/www.manaus.am.gov.br\/semcom\/pautas\/prefeitura-divulga-resultado-da-inscricao-das-novas-vagas-de-creches-da-rede-municipal-de-ensino\/\"]}]},{\"@type\":\"ImageObject\",\"inLanguage\":\"pt-BR\",\"@id\":\"https:\/\/www.manaus.am.gov.br\/semcom\/pautas\/prefeitura-divulga-resultado-da-inscricao-das-novas-vagas-de-creches-da-rede-municipal-de-ensino\/#primaryimage\",\"url\":\"https:\/\/www.manaus.am.gov.br\/semcom\/wp-content\/uploads\/sites\/5\/2023\/02\/sugestaodepauta.png\",\"contentUrl\":\"https:\/\/www.manaus.am.gov.br\/semcom\/wp-content\/uploads\/sites\/5\/2023\/02\/sugestaodepauta.png\",\"width\":1020,\"height\":540},{\"@type\":\"WebSite\",\"@id\":\"https:\/\/www.manaus.am.gov.br\/semcom\/#website\",\"url\":\"https:\/\/www.manaus.am.gov.br\/semcom\/\",\"name\":\"SEMCOM\",\"description\":\"Secretaria Municipal de Comunica\u00e7\u00e3o\",\"potentialAction\":[{\"@type\":\"SearchAction\",\"target\":{\"@type\":\"EntryPoint\",\"urlTemplate\":\"https:\/\/www.manaus.am.gov.br\/semcom\/?s={search_term_string}\"},\"query-input\":\"required name=search_term_string\"}],\"inLanguage\":\"pt-BR\"}]}<\/script>\n<!-- \/ Yoast SEO plugin. -->","yoast_head_json":{"title":"Prefeitura divulga resultado da inscri\u00e7\u00e3o das novas vagas de creches da rede municipal de ensino - SEMCOM","description":"A Prefeitura de Manaus, por meio da Secretaria Municipal de Educa\u00e7\u00e3o (Semed), divulga, nesta quinta-feira, 25\/5, \u00e0s 16h, o resultado da sele\u00e7\u00e3o para inscri\u00e7\u00e3o nas tr\u00eas novas creches que ser\u00e3o inauguradas nas pr\u00f3ximas semanas e para as vagas da fase creche disponibilizadas pela parceria com o Servi\u00e7o Social da Ind\u00fastria (Sesi).","robots":{"index":"index","follow":"follow","max-snippet":"max-snippet:-1","max-image-preview":"max-image-preview:large","max-video-preview":"max-video-preview:-1"},"canonical":"https:\/\/www.manaus.am.gov.br\/semcom\/pautas\/prefeitura-divulga-resultado-da-inscricao-das-novas-vagas-de-creches-da-rede-municipal-de-ensino\/","og_locale":"pt_BR","og_type":"article","og_title":"Prefeitura divulga resultado da inscri\u00e7\u00e3o das novas vagas de creches da rede municipal de ensino - SEMCOM","og_description":"A Prefeitura de Manaus, por meio da Secretaria Municipal de Educa\u00e7\u00e3o (Semed), divulga, nesta quinta-feira, 25\/5, \u00e0s 16h, o resultado da sele\u00e7\u00e3o para inscri\u00e7\u00e3o nas tr\u00eas novas creches que ser\u00e3o inauguradas nas pr\u00f3ximas semanas e para as vagas da fase creche disponibilizadas pela parceria com o Servi\u00e7o Social da Ind\u00fastria (Sesi).","og_url":"https:\/\/www.manaus.am.gov.br\/semcom\/pautas\/prefeitura-divulga-resultado-da-inscricao-das-novas-vagas-de-creches-da-rede-municipal-de-ensino\/","og_site_name":"SEMCOM","og_image":[{"width":1020,"height":540,"url":"https:\/\/www.manaus.am.gov.br\/semcom\/wp-content\/uploads\/sites\/5\/2023\/02\/sugestaodepauta.png","type":"image\/png"}],"twitter_card":"summary_large_image","twitter_misc":{"Est. reading time":"1 minuto"},"schema":{"@context":"https:\/\/schema.org","@graph":[{"@type":"WebPage","@id":"https:\/\/www.manaus.am.gov.br\/semcom\/pautas\/prefeitura-divulga-resultado-da-inscricao-das-novas-vagas-de-creches-da-rede-municipal-de-ensino\/","url":"https:\/\/www.manaus.am.gov.br\/semcom\/pautas\/prefeitura-divulga-resultado-da-inscricao-das-novas-vagas-de-creches-da-rede-municipal-de-ensino\/","name":"Prefeitura divulga resultado da inscri\u00e7\u00e3o das novas vagas de creches da rede municipal de ensino - SEMCOM","isPartOf":{"@id":"https:\/\/www.manaus.am.gov.br\/semcom\/#website"},"primaryImageOfPage":{"@id":"https:\/\/www.manaus.am.gov.br\/semcom\/pautas\/prefeitura-divulga-resultado-da-inscricao-das-novas-vagas-de-creches-da-rede-municipal-de-ensino\/#primaryimage"},"image":{"@id":"https:\/\/www.manaus.am.gov.br\/semcom\/pautas\/prefeitura-divulga-resultado-da-inscricao-das-novas-vagas-de-creches-da-rede-municipal-de-ensino\/#primaryimage"},"thumbnailUrl":"https:\/\/www.manaus.am.gov.br\/semcom\/wp-content\/uploads\/sites\/5\/2023\/02\/sugestaodepauta.png","datePublished":"2023-05-25T16:16:47+00:00","dateModified":"2023-05-25T16:16:47+00:00","description":"A Prefeitura de Manaus, por meio da Secretaria Municipal de Educa\u00e7\u00e3o (Semed), divulga, nesta quinta-feira, 25\/5, \u00e0s 16h, o resultado da sele\u00e7\u00e3o para inscri\u00e7\u00e3o nas tr\u00eas novas creches que ser\u00e3o inauguradas nas pr\u00f3ximas semanas e para as vagas da fase creche disponibilizadas pela parceria com o Servi\u00e7o Social da Ind\u00fastria (Sesi).","inLanguage":"pt-BR","potentialAction":[{"@type":"ReadAction","target":["https:\/\/www.manaus.am.gov.br\/semcom\/pautas\/prefeitura-divulga-resultado-da-inscricao-das-novas-vagas-de-creches-da-rede-municipal-de-ensino\/"]}]},{"@type":"ImageObject","inLanguage":"pt-BR","@id":"https:\/\/www.manaus.am.gov.br\/semcom\/pautas\/prefeitura-divulga-resultado-da-inscricao-das-novas-vagas-de-creches-da-rede-municipal-de-ensino\/#primaryimage","url":"https:\/\/www.manaus.am.gov.br\/semcom\/wp-content\/uploads\/sites\/5\/2023\/02\/sugestaodepauta.png","contentUrl":"https:\/\/www.manaus.am.gov.br\/semcom\/wp-content\/uploads\/sites\/5\/2023\/02\/sugestaodepauta.png","width":1020,"height":540},{"@type":"WebSite","@id":"https:\/\/www.manaus.am.gov.br\/semcom\/#website","url":"https:\/\/www.manaus.am.gov.br\/semcom\/","name":"SEMCOM","description":"Secretaria Municipal de Comunica\u00e7\u00e3o","potentialAction":[{"@type":"SearchAction","target":{"@type":"EntryPoint","urlTemplate":"https:\/\/www.manaus.am.gov.br\/semcom\/?s={search_term_string}"},"query-input":"required name=search_term_string"}],"inLanguage":"pt-BR"}]}},"_links":{"self":[{"href":"https:\/\/www.manaus.am.gov.br\/semcom\/wp-json\/wp\/v2\/pautas\/214164"}],"collection":[{"href":"https:\/\/www.manaus.am.gov.br\/semcom\/wp-json\/wp\/v2\/pautas"}],"about":[{"href":"https:\/\/www.manaus.am.gov.br\/semcom\/wp-json\/wp\/v2\/types\/pautas"}],"wp:featuredmedia":[{"embeddable":true,"href":"https:\/\/www.manaus.am.gov.br\/semcom\/wp-json\/wp\/v2\/media\/208729"}],"wp:attachment":[{"href":"https:\/\/www.manaus.am.gov.br\/semcom\/wp-json\/wp\/v2\/media?parent=214164"}],"wp:term":[{"taxonomy":"category","embeddable":true,"href":"https:\/\/www.manaus.am.gov.br\/semcom\/wp-json\/wp\/v2\/categories?post=214164"}],"curies":[{"name":"wp","href":"https:\/\/api.w.org\/{rel}","templated":true}]}}

<strong>Prefeitura divulga resultado da inscrição das novas vagas de creches da rede municipal de ensino</strong>

<p>A Prefeitura de Manaus, por meio da Secretaria Municipal de Educação (Semed), divulga, nesta quinta-feira, 25/5, às 16h, o resultado da seleção para inscrição nas três novas creches que serão inauguradas nas próximas semanas e para as vagas da fase creche disponibilizadas pela parceria com o Serviço Social da Indústria (Sesi). O anúncio ocorrerá no auditório da sede do órgão, na avenida Mário Ypiranga Monteiro, n° 2.358, bairro Parque 10 de Novembro, zona Centro-Sul.</p>



<p>Ao todo, serão 1.380 vagas para o maternal I, II e III, nas quatro unidades de ensino. Para esse procedimento, a rede municipal de ensino estabeleceu os seguintes critérios para a seleção das vagas: inscrição no CadÚnico; mãe sob medida protetiva; mãe trabalhadora e mãe adolescente.</p>



<p><strong>SERVIÇO:</strong></p>



<p><strong>O quê &#8211;</strong>&nbsp;Resultado da inscrição das novas vagas de creches da rede municipal de ensino</p>



<p><strong>Quando &#8211;&nbsp;</strong>Quinta-feira, 25/5</p>



<p><strong>Horário –</strong>&nbsp;16h</p>



<p><strong>Local &#8211;&nbsp;</strong>Auditório da Secretaria Municipal de Educação (Semed), avenida Mário Ypiranga Monteiro, n° 2.358, bairro Parque 10 de Novembro, zona Centro-Sul</p>

<!-- This site is optimized with the Yoast SEO plugin v23.0 - https://yoast.com/wordpress/plugins/seo/ -->
<title>Prefeitura divulga resultado da inscrição das novas vagas de creches da rede municipal de ensino - SEMCOM</title>
<meta name="description" content="A Prefeitura de Manaus, por meio da Secretaria Municipal de Educação (Semed), divulga, nesta quinta-feira, 25/5, às 16h, o resultado da seleção para inscrição nas três novas creches que serão inauguradas nas próximas semanas e para as vagas da fase creche disponibilizadas pela parceria com o Serviço Social da Indústria (Sesi)." />
<meta name="robots" content="index, follow, max-snippet:-1, max-image-preview:large, max-video-preview:-1" />
<link rel="canonical" href="https://www.manaus.am.gov.br/semcom/pautas/prefeitura-divulga-resultado-da-inscricao-das-novas-vagas-de-creches-da-rede-municipal-de-ensino/" />
<meta property="og:locale" content="pt_BR" />
<meta property="og:type" content="article" />
<meta property="og:title" content="Prefeitura divulga resultado da inscrição das novas vagas de creches da rede municipal de ensino - SEMCOM" />
<meta property="og:description" content="A Prefeitura de Manaus, por meio da Secretaria Municipal de Educação (Semed), divulga, nesta quinta-feira, 25/5, às 16h, o resultado da seleção para inscrição nas três novas creches que serão inauguradas nas próximas semanas e para as vagas da fase creche disponibilizadas pela parceria com o Serviço Social da Indústria (Sesi)." />
<meta property="og:url" content="https://www.manaus.am.gov.br/semcom/pautas/prefeitura-divulga-resultado-da-inscricao-das-novas-vagas-de-creches-da-rede-municipal-de-ensino/" />
<meta property="og:site_name" content="SEMCOM" />
<meta property="og:image" content="https://www.manaus.am.gov.br/semcom/wp-content/uploads/sites/5/2023/02/sugestaodepauta.png" />
	<meta property="og:image:width" content="1020" />
	<meta property="og:image:height" content="540" />
	<meta property="og:image:type" content="image/png" />
<meta name="twitter:card" content="summary_large_image" />
<meta name="twitter:label1" content="Est. reading time" />
	<meta name="twitter:data1" content="1 minuto" />
<script type="application/ld+json" class="yoast-schema-graph">{"@context":"https://schema.org","@graph":[{"@type":"WebPage","@id":"https://www.manaus.am.gov.br/semcom/pautas/prefeitura-divulga-resultado-da-inscricao-das-novas-vagas-de-creches-da-rede-municipal-de-ensino/","url":"https://www.manaus.am.gov.br/semcom/pautas/prefeitura-divulga-resultado-da-inscricao-das-novas-vagas-de-creches-da-rede-municipal-de-ensino/","name":"Prefeitura divulga resultado da inscrição das novas vagas de creches da rede municipal de ensino - SEMCOM","isPartOf":{"@id":"https://www.manaus.am.gov.br/semcom/#website"},"primaryImageOfPage":{"@id":"https://www.manaus.am.gov.br/semcom/pautas/prefeitura-divulga-resultado-da-inscricao-das-novas-vagas-de-creches-da-rede-municipal-de-ensino/#primaryimage"},"image":{"@id":"https://www.manaus.am.gov.br/semcom/pautas/prefeitura-divulga-resultado-da-inscricao-das-novas-vagas-de-creches-da-rede-municipal-de-ensino/#primaryimage"},"thumbnailUrl":"https://www.manaus.am.gov.br/semcom/wp-content/uploads/sites/5/2023/02/sugestaodepauta.png","datePublished":"2023-05-25T16:16:47+00:00","dateModified":"2023-05-25T16:16:47+00:00","description":"A Prefeitura de Manaus, por meio da Secretaria Municipal de Educação (Semed), divulga, nesta quinta-feira, 25/5, às 16h, o resultado da seleção para inscrição nas três novas creches que serão inauguradas nas próximas semanas e para as vagas da fase creche disponibilizadas pela parceria com o Serviço Social da Indústria (Sesi).","inLanguage":"pt-BR","potentialAction":[{"@type":"ReadAction","target":["https://www.manaus.am.gov.br/semcom/pautas/prefeitura-divulga-resultado-da-inscricao-das-novas-vagas-de-creches-da-rede-municipal-de-ensino/"]}]},{"@type":"ImageObject","inLanguage":"pt-BR","@id":"https://www.manaus.am.gov.br/semcom/pautas/prefeitura-divulga-resultado-da-inscricao-das-novas-vagas-de-creches-da-rede-municipal-de-ensino/#primaryimage","url":"https://www.manaus.am.gov.br/semcom/wp-content/uploads/sites/5/2023/02/sugestaodepauta.png","contentUrl":"https://www.manaus.am.gov.br/semcom/wp-content/uploads/sites/5/2023/02/sugestaodepauta.png","width":1020,"height":540},{"@type":"WebSite","@id":"https://www.manaus.am.gov.br/semcom/#website","url":"https://www.manaus.am.gov.br/semcom/","name":"SEMCOM","description":"Secretaria Municipal de Comunicação","potentialAction":[{"@type":"SearchAction","target":{"@type":"EntryPoint","urlTemplate":"https://www.manaus.am.gov.br/semcom/?s={search_term_string}"},"query-input":"required name=search_term_string"}],"inLanguage":"pt-BR"}]}</script>
<!-- / Yoast SEO plugin. -->

Prefeitura divulga resultado da inscrição das novas vagas de creches da rede municipal de ensino - SEMCOM

A Prefeitura de Manaus, por meio da Secretaria Municipal de Educação (Semed), divulga, nesta quinta-feira, 25/5, às 16h, o resultado da seleção para inscrição nas três novas creches que serão inauguradas nas próximas semanas e para as vagas da fase creche disponibilizadas pela parceria com o Serviço Social da Indústria (Sesi).

Secretaria Municipal de Comunicação
