{"id":214011,"date":"2023-05-23T08:39:35","date_gmt":"2023-05-23T11:39:35","guid":{"rendered":"https:\/\/www.manaus.am.gov.br\/semcom\/?post_type=pautas&#038;p=214011"},"modified":"2023-05-23T08:39:35","modified_gmt":"2023-05-23T11:39:35","slug":"prefeitura-de-manaus-fiscaliza-trafego-de-veiculos-de-grande-porte-na-zona-leste-2","status":"publish","type":"pautas","link":"https:\/\/www.manaus.am.gov.br\/semcom\/pautas\/prefeitura-de-manaus-fiscaliza-trafego-de-veiculos-de-grande-porte-na-zona-leste-2\/","title":{"rendered":"<strong>Prefeitura de Manaus fiscaliza tr\u00e1fego de ve\u00edculos de grande porte na zona Leste<\/strong>"},"content":{"rendered":"\n<p>A Prefeitura de Manaus, por meio do Instituto Municipal de Mobilidade Urbana (IMMU), realiza, na manh\u00e3 desta ter\u00e7a-feira, 23\/5, a opera\u00e7\u00e3o &#8220;Carga Pesada\u201d, na rotat\u00f3ria da Gillette, entre os bairros Mauazinho e Distrito Industrial, na zona Leste da cidade.<\/p>\n\n\n\n<p>A opera\u00e7\u00e3o \u201cCarga Pesada\u201d faz parte de um conjunto de a\u00e7\u00f5es da prefeitura, para melhorar a seguran\u00e7a no tr\u00e2nsito da cidade e garantir a qualidade do transporte de cargas. A a\u00e7\u00e3o deve continuar nos pr\u00f3ximos dias, com a intensifica\u00e7\u00e3o da fiscaliza\u00e7\u00e3o em pontos cr\u00edticos de Manaus.<\/p>\n\n\n\n<p><br><strong>SERVI\u00c7O<\/strong><\/p>\n\n\n\n<p><strong><br>O qu\u00ea&nbsp;<\/strong>\u2013 Fiscaliza\u00e7\u00e3o da opera\u00e7\u00e3o &#8220;Carga Pesada\u201d chega \u00e0 zona Leste de Manaus<\/p>\n\n\n\n<p><strong>Quando<\/strong>&nbsp;\u2013 Ter\u00e7a-feira, 23\/5<\/p>\n\n\n\n<p><strong>Hor\u00e1rio&nbsp;<\/strong>\u2013 9h30<\/p>\n\n\n\n<p><strong>Local \u2013&nbsp;<\/strong>Ponto de encontro na rotat\u00f3ria da Gillette, entre os bairros Mauazinho e Distrito Industrial, na zona Leste de Manaus<\/p>\n","protected":false},"featured_media":208729,"template":"","categories":[797],"acf":[],"yoast_head":"<!-- This site is optimized with the Yoast SEO plugin v23.0 - https:\/\/yoast.com\/wordpress\/plugins\/seo\/ -->\n<title>Prefeitura de Manaus fiscaliza tr\u00e1fego de ve\u00edculos de grande porte na zona Leste<\/title>\n<meta name=\"description\" content=\"A Prefeitura de Manaus, por meio do Instituto Municipal de Mobilidade Urbana (IMMU), realiza, na manh\u00e3 desta ter\u00e7a-feira, 23\/5, a opera\u00e7\u00e3o &quot;Carga Pesada\u201d, na rotat\u00f3ria da Gillette, entre os bairros Mauazinho e Distrito Industrial, na zona Leste da cidade.\" \/>\n<meta name=\"robots\" content=\"index, follow, max-snippet:-1, max-image-preview:large, max-video-preview:-1\" \/>\n<link rel=\"canonical\" href=\"https:\/\/www.manaus.am.gov.br\/semcom\/pautas\/prefeitura-de-manaus-fiscaliza-trafego-de-veiculos-de-grande-porte-na-zona-leste-2\/\" \/>\n<meta property=\"og:locale\" content=\"pt_BR\" \/>\n<meta property=\"og:type\" content=\"article\" \/>\n<meta property=\"og:title\" content=\"Prefeitura de Manaus fiscaliza tr\u00e1fego de ve\u00edculos de grande porte na zona Leste\" \/>\n<meta property=\"og:description\" content=\"A Prefeitura de Manaus, por meio do Instituto Municipal de Mobilidade Urbana (IMMU), realiza, na manh\u00e3 desta ter\u00e7a-feira, 23\/5, a opera\u00e7\u00e3o &quot;Carga Pesada\u201d, na rotat\u00f3ria da Gillette, entre os bairros Mauazinho e Distrito Industrial, na zona Leste da cidade.\" \/>\n<meta property=\"og:url\" content=\"https:\/\/www.manaus.am.gov.br\/semcom\/pautas\/prefeitura-de-manaus-fiscaliza-trafego-de-veiculos-de-grande-porte-na-zona-leste-2\/\" \/>\n<meta property=\"og:site_name\" content=\"SEMCOM\" \/>\n<meta property=\"og:image\" content=\"https:\/\/www.manaus.am.gov.br\/semcom\/wp-content\/uploads\/sites\/5\/2023\/02\/sugestaodepauta.png\" \/>\n\t<meta property=\"og:image:width\" content=\"1020\" \/>\n\t<meta property=\"og:image:height\" content=\"540\" \/>\n\t<meta property=\"og:image:type\" content=\"image\/png\" \/>\n<meta name=\"twitter:card\" content=\"summary_large_image\" \/>\n<meta name=\"twitter:label1\" content=\"Est. reading time\" \/>\n\t<meta name=\"twitter:data1\" content=\"1 minuto\" \/>\n<script type=\"application\/ld+json\" class=\"yoast-schema-graph\">{\"@context\":\"https:\/\/schema.org\",\"@graph\":[{\"@type\":\"WebPage\",\"@id\":\"https:\/\/www.manaus.am.gov.br\/semcom\/pautas\/prefeitura-de-manaus-fiscaliza-trafego-de-veiculos-de-grande-porte-na-zona-leste-2\/\",\"url\":\"https:\/\/www.manaus.am.gov.br\/semcom\/pautas\/prefeitura-de-manaus-fiscaliza-trafego-de-veiculos-de-grande-porte-na-zona-leste-2\/\",\"name\":\"Prefeitura de Manaus fiscaliza tr\u00e1fego de ve\u00edculos de grande porte na zona Leste\",\"isPartOf\":{\"@id\":\"https:\/\/www.manaus.am.gov.br\/semcom\/#website\"},\"primaryImageOfPage\":{\"@id\":\"https:\/\/www.manaus.am.gov.br\/semcom\/pautas\/prefeitura-de-manaus-fiscaliza-trafego-de-veiculos-de-grande-porte-na-zona-leste-2\/#primaryimage\"},\"image\":{\"@id\":\"https:\/\/www.manaus.am.gov.br\/semcom\/pautas\/prefeitura-de-manaus-fiscaliza-trafego-de-veiculos-de-grande-porte-na-zona-leste-2\/#primaryimage\"},\"thumbnailUrl\":\"https:\/\/www.manaus.am.gov.br\/semcom\/wp-content\/uploads\/sites\/5\/2023\/02\/sugestaodepauta.png\",\"datePublished\":\"2023-05-23T11:39:35+00:00\",\"dateModified\":\"2023-05-23T11:39:35+00:00\",\"description\":\"A Prefeitura de Manaus, por meio do Instituto Municipal de Mobilidade Urbana (IMMU), realiza, na manh\u00e3 desta ter\u00e7a-feira, 23\/5, a opera\u00e7\u00e3o \\\"Carga Pesada\u201d, na rotat\u00f3ria da Gillette, entre os bairros Mauazinho e Distrito Industrial, na zona Leste da cidade.\",\"inLanguage\":\"pt-BR\",\"potentialAction\":[{\"@type\":\"ReadAction\",\"target\":[\"https:\/\/www.manaus.am.gov.br\/semcom\/pautas\/prefeitura-de-manaus-fiscaliza-trafego-de-veiculos-de-grande-porte-na-zona-leste-2\/\"]}]},{\"@type\":\"ImageObject\",\"inLanguage\":\"pt-BR\",\"@id\":\"https:\/\/www.manaus.am.gov.br\/semcom\/pautas\/prefeitura-de-manaus-fiscaliza-trafego-de-veiculos-de-grande-porte-na-zona-leste-2\/#primaryimage\",\"url\":\"https:\/\/www.manaus.am.gov.br\/semcom\/wp-content\/uploads\/sites\/5\/2023\/02\/sugestaodepauta.png\",\"contentUrl\":\"https:\/\/www.manaus.am.gov.br\/semcom\/wp-content\/uploads\/sites\/5\/2023\/02\/sugestaodepauta.png\",\"width\":1020,\"height\":540},{\"@type\":\"WebSite\",\"@id\":\"https:\/\/www.manaus.am.gov.br\/semcom\/#website\",\"url\":\"https:\/\/www.manaus.am.gov.br\/semcom\/\",\"name\":\"SEMCOM\",\"description\":\"Secretaria Municipal de Comunica\u00e7\u00e3o\",\"potentialAction\":[{\"@type\":\"SearchAction\",\"target\":{\"@type\":\"EntryPoint\",\"urlTemplate\":\"https:\/\/www.manaus.am.gov.br\/semcom\/?s={search_term_string}\"},\"query-input\":\"required name=search_term_string\"}],\"inLanguage\":\"pt-BR\"}]}<\/script>\n<!-- \/ Yoast SEO plugin. -->","yoast_head_json":{"title":"Prefeitura de Manaus fiscaliza tr\u00e1fego de ve\u00edculos de grande porte na zona Leste","description":"A Prefeitura de Manaus, por meio do Instituto Municipal de Mobilidade Urbana (IMMU), realiza, na manh\u00e3 desta ter\u00e7a-feira, 23\/5, a opera\u00e7\u00e3o \"Carga Pesada\u201d, na rotat\u00f3ria da Gillette, entre os bairros Mauazinho e Distrito Industrial, na zona Leste da cidade.","robots":{"index":"index","follow":"follow","max-snippet":"max-snippet:-1","max-image-preview":"max-image-preview:large","max-video-preview":"max-video-preview:-1"},"canonical":"https:\/\/www.manaus.am.gov.br\/semcom\/pautas\/prefeitura-de-manaus-fiscaliza-trafego-de-veiculos-de-grande-porte-na-zona-leste-2\/","og_locale":"pt_BR","og_type":"article","og_title":"Prefeitura de Manaus fiscaliza tr\u00e1fego de ve\u00edculos de grande porte na zona Leste","og_description":"A Prefeitura de Manaus, por meio do Instituto Municipal de Mobilidade Urbana (IMMU), realiza, na manh\u00e3 desta ter\u00e7a-feira, 23\/5, a opera\u00e7\u00e3o \"Carga Pesada\u201d, na rotat\u00f3ria da Gillette, entre os bairros Mauazinho e Distrito Industrial, na zona Leste da cidade.","og_url":"https:\/\/www.manaus.am.gov.br\/semcom\/pautas\/prefeitura-de-manaus-fiscaliza-trafego-de-veiculos-de-grande-porte-na-zona-leste-2\/","og_site_name":"SEMCOM","og_image":[{"width":1020,"height":540,"url":"https:\/\/www.manaus.am.gov.br\/semcom\/wp-content\/uploads\/sites\/5\/2023\/02\/sugestaodepauta.png","type":"image\/png"}],"twitter_card":"summary_large_image","twitter_misc":{"Est. reading time":"1 minuto"},"schema":{"@context":"https:\/\/schema.org","@graph":[{"@type":"WebPage","@id":"https:\/\/www.manaus.am.gov.br\/semcom\/pautas\/prefeitura-de-manaus-fiscaliza-trafego-de-veiculos-de-grande-porte-na-zona-leste-2\/","url":"https:\/\/www.manaus.am.gov.br\/semcom\/pautas\/prefeitura-de-manaus-fiscaliza-trafego-de-veiculos-de-grande-porte-na-zona-leste-2\/","name":"Prefeitura de Manaus fiscaliza tr\u00e1fego de ve\u00edculos de grande porte na zona Leste","isPartOf":{"@id":"https:\/\/www.manaus.am.gov.br\/semcom\/#website"},"primaryImageOfPage":{"@id":"https:\/\/www.manaus.am.gov.br\/semcom\/pautas\/prefeitura-de-manaus-fiscaliza-trafego-de-veiculos-de-grande-porte-na-zona-leste-2\/#primaryimage"},"image":{"@id":"https:\/\/www.manaus.am.gov.br\/semcom\/pautas\/prefeitura-de-manaus-fiscaliza-trafego-de-veiculos-de-grande-porte-na-zona-leste-2\/#primaryimage"},"thumbnailUrl":"https:\/\/www.manaus.am.gov.br\/semcom\/wp-content\/uploads\/sites\/5\/2023\/02\/sugestaodepauta.png","datePublished":"2023-05-23T11:39:35+00:00","dateModified":"2023-05-23T11:39:35+00:00","description":"A Prefeitura de Manaus, por meio do Instituto Municipal de Mobilidade Urbana (IMMU), realiza, na manh\u00e3 desta ter\u00e7a-feira, 23\/5, a opera\u00e7\u00e3o \"Carga Pesada\u201d, na rotat\u00f3ria da Gillette, entre os bairros Mauazinho e Distrito Industrial, na zona Leste da cidade.","inLanguage":"pt-BR","potentialAction":[{"@type":"ReadAction","target":["https:\/\/www.manaus.am.gov.br\/semcom\/pautas\/prefeitura-de-manaus-fiscaliza-trafego-de-veiculos-de-grande-porte-na-zona-leste-2\/"]}]},{"@type":"ImageObject","inLanguage":"pt-BR","@id":"https:\/\/www.manaus.am.gov.br\/semcom\/pautas\/prefeitura-de-manaus-fiscaliza-trafego-de-veiculos-de-grande-porte-na-zona-leste-2\/#primaryimage","url":"https:\/\/www.manaus.am.gov.br\/semcom\/wp-content\/uploads\/sites\/5\/2023\/02\/sugestaodepauta.png","contentUrl":"https:\/\/www.manaus.am.gov.br\/semcom\/wp-content\/uploads\/sites\/5\/2023\/02\/sugestaodepauta.png","width":1020,"height":540},{"@type":"WebSite","@id":"https:\/\/www.manaus.am.gov.br\/semcom\/#website","url":"https:\/\/www.manaus.am.gov.br\/semcom\/","name":"SEMCOM","description":"Secretaria Municipal de Comunica\u00e7\u00e3o","potentialAction":[{"@type":"SearchAction","target":{"@type":"EntryPoint","urlTemplate":"https:\/\/www.manaus.am.gov.br\/semcom\/?s={search_term_string}"},"query-input":"required name=search_term_string"}],"inLanguage":"pt-BR"}]}},"_links":{"self":[{"href":"https:\/\/www.manaus.am.gov.br\/semcom\/wp-json\/wp\/v2\/pautas\/214011"}],"collection":[{"href":"https:\/\/www.manaus.am.gov.br\/semcom\/wp-json\/wp\/v2\/pautas"}],"about":[{"href":"https:\/\/www.manaus.am.gov.br\/semcom\/wp-json\/wp\/v2\/types\/pautas"}],"wp:featuredmedia":[{"embeddable":true,"href":"https:\/\/www.manaus.am.gov.br\/semcom\/wp-json\/wp\/v2\/media\/208729"}],"wp:attachment":[{"href":"https:\/\/www.manaus.am.gov.br\/semcom\/wp-json\/wp\/v2\/media?parent=214011"}],"wp:term":[{"taxonomy":"category","embeddable":true,"href":"https:\/\/www.manaus.am.gov.br\/semcom\/wp-json\/wp\/v2\/categories?post=214011"}],"curies":[{"name":"wp","href":"https:\/\/api.w.org\/{rel}","templated":true}]}}

<strong>Prefeitura de Manaus fiscaliza tráfego de veículos de grande porte na zona Leste</strong>

<p>A Prefeitura de Manaus, por meio do Instituto Municipal de Mobilidade Urbana (IMMU), realiza, na manhã desta terça-feira, 23/5, a operação &#8220;Carga Pesada”, na rotatória da Gillette, entre os bairros Mauazinho e Distrito Industrial, na zona Leste da cidade.</p>



<p>A operação “Carga Pesada” faz parte de um conjunto de ações da prefeitura, para melhorar a segurança no trânsito da cidade e garantir a qualidade do transporte de cargas. A ação deve continuar nos próximos dias, com a intensificação da fiscalização em pontos críticos de Manaus.</p>



<p><br><strong>SERVIÇO</strong></p>



<p><strong><br>O quê&nbsp;</strong>– Fiscalização da operação &#8220;Carga Pesada” chega à zona Leste de Manaus</p>



<p><strong>Quando</strong>&nbsp;– Terça-feira, 23/5</p>



<p><strong>Horário&nbsp;</strong>– 9h30</p>



<p><strong>Local –&nbsp;</strong>Ponto de encontro na rotatória da Gillette, entre os bairros Mauazinho e Distrito Industrial, na zona Leste de Manaus</p>

<!-- This site is optimized with the Yoast SEO plugin v23.0 - https://yoast.com/wordpress/plugins/seo/ -->
<title>Prefeitura de Manaus fiscaliza tráfego de veículos de grande porte na zona Leste</title>
<meta name="description" content="A Prefeitura de Manaus, por meio do Instituto Municipal de Mobilidade Urbana (IMMU), realiza, na manhã desta terça-feira, 23/5, a operação &quot;Carga Pesada”, na rotatória da Gillette, entre os bairros Mauazinho e Distrito Industrial, na zona Leste da cidade." />
<meta name="robots" content="index, follow, max-snippet:-1, max-image-preview:large, max-video-preview:-1" />
<link rel="canonical" href="https://www.manaus.am.gov.br/semcom/pautas/prefeitura-de-manaus-fiscaliza-trafego-de-veiculos-de-grande-porte-na-zona-leste-2/" />
<meta property="og:locale" content="pt_BR" />
<meta property="og:type" content="article" />
<meta property="og:title" content="Prefeitura de Manaus fiscaliza tráfego de veículos de grande porte na zona Leste" />
<meta property="og:description" content="A Prefeitura de Manaus, por meio do Instituto Municipal de Mobilidade Urbana (IMMU), realiza, na manhã desta terça-feira, 23/5, a operação &quot;Carga Pesada”, na rotatória da Gillette, entre os bairros Mauazinho e Distrito Industrial, na zona Leste da cidade." />
<meta property="og:url" content="https://www.manaus.am.gov.br/semcom/pautas/prefeitura-de-manaus-fiscaliza-trafego-de-veiculos-de-grande-porte-na-zona-leste-2/" />
<meta property="og:site_name" content="SEMCOM" />
<meta property="og:image" content="https://www.manaus.am.gov.br/semcom/wp-content/uploads/sites/5/2023/02/sugestaodepauta.png" />
	<meta property="og:image:width" content="1020" />
	<meta property="og:image:height" content="540" />
	<meta property="og:image:type" content="image/png" />
<meta name="twitter:card" content="summary_large_image" />
<meta name="twitter:label1" content="Est. reading time" />
	<meta name="twitter:data1" content="1 minuto" />
<script type="application/ld+json" class="yoast-schema-graph">{"@context":"https://schema.org","@graph":[{"@type":"WebPage","@id":"https://www.manaus.am.gov.br/semcom/pautas/prefeitura-de-manaus-fiscaliza-trafego-de-veiculos-de-grande-porte-na-zona-leste-2/","url":"https://www.manaus.am.gov.br/semcom/pautas/prefeitura-de-manaus-fiscaliza-trafego-de-veiculos-de-grande-porte-na-zona-leste-2/","name":"Prefeitura de Manaus fiscaliza tráfego de veículos de grande porte na zona Leste","isPartOf":{"@id":"https://www.manaus.am.gov.br/semcom/#website"},"primaryImageOfPage":{"@id":"https://www.manaus.am.gov.br/semcom/pautas/prefeitura-de-manaus-fiscaliza-trafego-de-veiculos-de-grande-porte-na-zona-leste-2/#primaryimage"},"image":{"@id":"https://www.manaus.am.gov.br/semcom/pautas/prefeitura-de-manaus-fiscaliza-trafego-de-veiculos-de-grande-porte-na-zona-leste-2/#primaryimage"},"thumbnailUrl":"https://www.manaus.am.gov.br/semcom/wp-content/uploads/sites/5/2023/02/sugestaodepauta.png","datePublished":"2023-05-23T11:39:35+00:00","dateModified":"2023-05-23T11:39:35+00:00","description":"A Prefeitura de Manaus, por meio do Instituto Municipal de Mobilidade Urbana (IMMU), realiza, na manhã desta terça-feira, 23/5, a operação \"Carga Pesada”, na rotatória da Gillette, entre os bairros Mauazinho e Distrito Industrial, na zona Leste da cidade.","inLanguage":"pt-BR","potentialAction":[{"@type":"ReadAction","target":["https://www.manaus.am.gov.br/semcom/pautas/prefeitura-de-manaus-fiscaliza-trafego-de-veiculos-de-grande-porte-na-zona-leste-2/"]}]},{"@type":"ImageObject","inLanguage":"pt-BR","@id":"https://www.manaus.am.gov.br/semcom/pautas/prefeitura-de-manaus-fiscaliza-trafego-de-veiculos-de-grande-porte-na-zona-leste-2/#primaryimage","url":"https://www.manaus.am.gov.br/semcom/wp-content/uploads/sites/5/2023/02/sugestaodepauta.png","contentUrl":"https://www.manaus.am.gov.br/semcom/wp-content/uploads/sites/5/2023/02/sugestaodepauta.png","width":1020,"height":540},{"@type":"WebSite","@id":"https://www.manaus.am.gov.br/semcom/#website","url":"https://www.manaus.am.gov.br/semcom/","name":"SEMCOM","description":"Secretaria Municipal de Comunicação","potentialAction":[{"@type":"SearchAction","target":{"@type":"EntryPoint","urlTemplate":"https://www.manaus.am.gov.br/semcom/?s={search_term_string}"},"query-input":"required name=search_term_string"}],"inLanguage":"pt-BR"}]}</script>
<!-- / Yoast SEO plugin. -->

Prefeitura de Manaus fiscaliza tráfego de veículos de grande porte na zona Leste

A Prefeitura de Manaus, por meio do Instituto Municipal de Mobilidade Urbana (IMMU), realiza, na manhã desta terça-feira, 23/5, a operação "Carga Pesada”, na rotatória da Gillette, entre os bairros Mauazinho e Distrito Industrial, na zona Leste da cidade.

Secretaria Municipal de Comunicação
