{"id":213760,"date":"2023-05-17T17:30:41","date_gmt":"2023-05-17T20:30:41","guid":{"rendered":"https:\/\/www.manaus.am.gov.br\/semcom\/?post_type=pautas&#038;p=213760"},"modified":"2023-05-17T17:30:41","modified_gmt":"2023-05-17T20:30:41","slug":"prefeitura-reune-instrutores-de-projetos-sociais-para-oficina-de-capacitacao-do-programa-esporte-na-comunidade","status":"publish","type":"pautas","link":"https:\/\/www.manaus.am.gov.br\/semcom\/pautas\/prefeitura-reune-instrutores-de-projetos-sociais-para-oficina-de-capacitacao-do-programa-esporte-na-comunidade\/","title":{"rendered":"<strong>Prefeitura re\u00fane instrutores de projetos sociais para oficina de capacita\u00e7\u00e3o do programa \u2018Esporte na Comunidade\u2019<\/strong>"},"content":{"rendered":"\n<p>Vem a\u00ed a segunda etapa do programa \u201cEsporte na Comunidade\u201d, promovido pela Prefeitura de Manaus, por meio da Funda\u00e7\u00e3o Manaus Esporte (FME). A fim de encontrar um padr\u00e3o e otimizar o modo de trabalho, os instrutores e respons\u00e1veis de 75 projetos sociais cadastrados v\u00e3o participar de uma oficina de capacita\u00e7\u00e3o, que acontece, neste domingo, 21\/5, das 8h \u00e0s 11h30, no Centro de Treinamento do 3B. Os participantes devem usar traje esportivo.<\/p>\n\n\n\n<p>A oficina ter\u00e1 abordagem te\u00f3rica e pr\u00e1tica, com palestras ministradas por figuras experientes do esporte: Victor Lenine, ex-jogador de futebol e auxiliar permanente do Manaus FC; Sandro Viana, medalhista ol\u00edmpico no atletismo; al\u00e9m de Wendell Coelho, professor e propriet\u00e1rio de uma empresa voltada ao aprimoramento t\u00e9cnico e f\u00edsico de jovens.<\/p>\n\n\n\n<p>Chefiado pelo coordenador Roberto Dinamite e em a\u00e7\u00e3o desde 2022, o \u201cEsporte na Comunidade\u201d incentiva crian\u00e7as e jovens \u00e0 pr\u00e1tica esportiva nas diversas zonas da cidade, por meio da cess\u00e3o de kits esportivos novos, que incluem bolas, redes, cones, coletes, entre outros equipamentos.<\/p>\n\n\n\n<p><strong>SERVI\u00c7O<\/strong><\/p>\n\n\n\n<p><strong>O qu\u00ea<\/strong>&nbsp;&#8211; Oficina de capacita\u00e7\u00e3o para instrutores do programa \u201cEsporte na Comunidade\u201d<\/p>\n\n\n\n<p><strong>Quando<\/strong>&nbsp;&#8211; Domingo, 21\/5<\/p>\n\n\n\n<p><strong>Hor\u00e1rio<\/strong>&nbsp;&#8211; 8h \u00e0s 11h30<\/p>\n\n\n\n<p><strong>Local<\/strong>&nbsp;&#8211; Centro de Treinamento do 3B, na avenida Leonardo Malcher, n\u00ba 101, bairro Centro, zona Sul da cidade<\/p>\n","protected":false},"featured_media":208729,"template":"","categories":[833],"acf":[],"yoast_head":"<!-- This site is optimized with the Yoast SEO plugin v23.0 - https:\/\/yoast.com\/wordpress\/plugins\/seo\/ -->\n<title>Prefeitura re\u00fane instrutores de projetos sociais para oficina de capacita\u00e7\u00e3o do programa \u2018Esporte na Comunidade\u2019<\/title>\n<meta name=\"description\" content=\"A fim de encontrar um padr\u00e3o e otimizar o modo de trabalho, os instrutores e respons\u00e1veis de 75 projetos sociais cadastrados v\u00e3o participar de uma oficina de capacita\u00e7\u00e3o, que acontece, neste domingo, 21\/5, das 8h \u00e0s 11h30, no Centro de Treinamento do 3B. Os participantes devem usar traje esportivo.\" \/>\n<meta name=\"robots\" content=\"index, follow, max-snippet:-1, max-image-preview:large, max-video-preview:-1\" \/>\n<link rel=\"canonical\" href=\"https:\/\/www.manaus.am.gov.br\/semcom\/pautas\/prefeitura-reune-instrutores-de-projetos-sociais-para-oficina-de-capacitacao-do-programa-esporte-na-comunidade\/\" \/>\n<meta property=\"og:locale\" content=\"pt_BR\" \/>\n<meta property=\"og:type\" content=\"article\" \/>\n<meta property=\"og:title\" content=\"Prefeitura re\u00fane instrutores de projetos sociais para oficina de capacita\u00e7\u00e3o do programa \u2018Esporte na Comunidade\u2019\" \/>\n<meta property=\"og:description\" content=\"A fim de encontrar um padr\u00e3o e otimizar o modo de trabalho, os instrutores e respons\u00e1veis de 75 projetos sociais cadastrados v\u00e3o participar de uma oficina de capacita\u00e7\u00e3o, que acontece, neste domingo, 21\/5, das 8h \u00e0s 11h30, no Centro de Treinamento do 3B. Os participantes devem usar traje esportivo.\" \/>\n<meta property=\"og:url\" content=\"https:\/\/www.manaus.am.gov.br\/semcom\/pautas\/prefeitura-reune-instrutores-de-projetos-sociais-para-oficina-de-capacitacao-do-programa-esporte-na-comunidade\/\" \/>\n<meta property=\"og:site_name\" content=\"SEMCOM\" \/>\n<meta property=\"og:image\" content=\"https:\/\/www.manaus.am.gov.br\/semcom\/wp-content\/uploads\/sites\/5\/2023\/02\/sugestaodepauta.png\" \/>\n\t<meta property=\"og:image:width\" content=\"1020\" \/>\n\t<meta property=\"og:image:height\" content=\"540\" \/>\n\t<meta property=\"og:image:type\" content=\"image\/png\" \/>\n<meta name=\"twitter:card\" content=\"summary_large_image\" \/>\n<meta name=\"twitter:label1\" content=\"Est. reading time\" \/>\n\t<meta name=\"twitter:data1\" content=\"2 minutos\" \/>\n<script type=\"application\/ld+json\" class=\"yoast-schema-graph\">{\"@context\":\"https:\/\/schema.org\",\"@graph\":[{\"@type\":\"WebPage\",\"@id\":\"https:\/\/www.manaus.am.gov.br\/semcom\/pautas\/prefeitura-reune-instrutores-de-projetos-sociais-para-oficina-de-capacitacao-do-programa-esporte-na-comunidade\/\",\"url\":\"https:\/\/www.manaus.am.gov.br\/semcom\/pautas\/prefeitura-reune-instrutores-de-projetos-sociais-para-oficina-de-capacitacao-do-programa-esporte-na-comunidade\/\",\"name\":\"Prefeitura re\u00fane instrutores de projetos sociais para oficina de capacita\u00e7\u00e3o do programa \u2018Esporte na Comunidade\u2019\",\"isPartOf\":{\"@id\":\"https:\/\/www.manaus.am.gov.br\/semcom\/#website\"},\"primaryImageOfPage\":{\"@id\":\"https:\/\/www.manaus.am.gov.br\/semcom\/pautas\/prefeitura-reune-instrutores-de-projetos-sociais-para-oficina-de-capacitacao-do-programa-esporte-na-comunidade\/#primaryimage\"},\"image\":{\"@id\":\"https:\/\/www.manaus.am.gov.br\/semcom\/pautas\/prefeitura-reune-instrutores-de-projetos-sociais-para-oficina-de-capacitacao-do-programa-esporte-na-comunidade\/#primaryimage\"},\"thumbnailUrl\":\"https:\/\/www.manaus.am.gov.br\/semcom\/wp-content\/uploads\/sites\/5\/2023\/02\/sugestaodepauta.png\",\"datePublished\":\"2023-05-17T20:30:41+00:00\",\"dateModified\":\"2023-05-17T20:30:41+00:00\",\"description\":\"A fim de encontrar um padr\u00e3o e otimizar o modo de trabalho, os instrutores e respons\u00e1veis de 75 projetos sociais cadastrados v\u00e3o participar de uma oficina de capacita\u00e7\u00e3o, que acontece, neste domingo, 21\/5, das 8h \u00e0s 11h30, no Centro de Treinamento do 3B. Os participantes devem usar traje esportivo.\",\"inLanguage\":\"pt-BR\",\"potentialAction\":[{\"@type\":\"ReadAction\",\"target\":[\"https:\/\/www.manaus.am.gov.br\/semcom\/pautas\/prefeitura-reune-instrutores-de-projetos-sociais-para-oficina-de-capacitacao-do-programa-esporte-na-comunidade\/\"]}]},{\"@type\":\"ImageObject\",\"inLanguage\":\"pt-BR\",\"@id\":\"https:\/\/www.manaus.am.gov.br\/semcom\/pautas\/prefeitura-reune-instrutores-de-projetos-sociais-para-oficina-de-capacitacao-do-programa-esporte-na-comunidade\/#primaryimage\",\"url\":\"https:\/\/www.manaus.am.gov.br\/semcom\/wp-content\/uploads\/sites\/5\/2023\/02\/sugestaodepauta.png\",\"contentUrl\":\"https:\/\/www.manaus.am.gov.br\/semcom\/wp-content\/uploads\/sites\/5\/2023\/02\/sugestaodepauta.png\",\"width\":1020,\"height\":540},{\"@type\":\"WebSite\",\"@id\":\"https:\/\/www.manaus.am.gov.br\/semcom\/#website\",\"url\":\"https:\/\/www.manaus.am.gov.br\/semcom\/\",\"name\":\"SEMCOM\",\"description\":\"Secretaria Municipal de Comunica\u00e7\u00e3o\",\"potentialAction\":[{\"@type\":\"SearchAction\",\"target\":{\"@type\":\"EntryPoint\",\"urlTemplate\":\"https:\/\/www.manaus.am.gov.br\/semcom\/?s={search_term_string}\"},\"query-input\":\"required name=search_term_string\"}],\"inLanguage\":\"pt-BR\"}]}<\/script>\n<!-- \/ Yoast SEO plugin. -->","yoast_head_json":{"title":"Prefeitura re\u00fane instrutores de projetos sociais para oficina de capacita\u00e7\u00e3o do programa \u2018Esporte na Comunidade\u2019","description":"A fim de encontrar um padr\u00e3o e otimizar o modo de trabalho, os instrutores e respons\u00e1veis de 75 projetos sociais cadastrados v\u00e3o participar de uma oficina de capacita\u00e7\u00e3o, que acontece, neste domingo, 21\/5, das 8h \u00e0s 11h30, no Centro de Treinamento do 3B. Os participantes devem usar traje esportivo.","robots":{"index":"index","follow":"follow","max-snippet":"max-snippet:-1","max-image-preview":"max-image-preview:large","max-video-preview":"max-video-preview:-1"},"canonical":"https:\/\/www.manaus.am.gov.br\/semcom\/pautas\/prefeitura-reune-instrutores-de-projetos-sociais-para-oficina-de-capacitacao-do-programa-esporte-na-comunidade\/","og_locale":"pt_BR","og_type":"article","og_title":"Prefeitura re\u00fane instrutores de projetos sociais para oficina de capacita\u00e7\u00e3o do programa \u2018Esporte na Comunidade\u2019","og_description":"A fim de encontrar um padr\u00e3o e otimizar o modo de trabalho, os instrutores e respons\u00e1veis de 75 projetos sociais cadastrados v\u00e3o participar de uma oficina de capacita\u00e7\u00e3o, que acontece, neste domingo, 21\/5, das 8h \u00e0s 11h30, no Centro de Treinamento do 3B. Os participantes devem usar traje esportivo.","og_url":"https:\/\/www.manaus.am.gov.br\/semcom\/pautas\/prefeitura-reune-instrutores-de-projetos-sociais-para-oficina-de-capacitacao-do-programa-esporte-na-comunidade\/","og_site_name":"SEMCOM","og_image":[{"width":1020,"height":540,"url":"https:\/\/www.manaus.am.gov.br\/semcom\/wp-content\/uploads\/sites\/5\/2023\/02\/sugestaodepauta.png","type":"image\/png"}],"twitter_card":"summary_large_image","twitter_misc":{"Est. reading time":"2 minutos"},"schema":{"@context":"https:\/\/schema.org","@graph":[{"@type":"WebPage","@id":"https:\/\/www.manaus.am.gov.br\/semcom\/pautas\/prefeitura-reune-instrutores-de-projetos-sociais-para-oficina-de-capacitacao-do-programa-esporte-na-comunidade\/","url":"https:\/\/www.manaus.am.gov.br\/semcom\/pautas\/prefeitura-reune-instrutores-de-projetos-sociais-para-oficina-de-capacitacao-do-programa-esporte-na-comunidade\/","name":"Prefeitura re\u00fane instrutores de projetos sociais para oficina de capacita\u00e7\u00e3o do programa \u2018Esporte na Comunidade\u2019","isPartOf":{"@id":"https:\/\/www.manaus.am.gov.br\/semcom\/#website"},"primaryImageOfPage":{"@id":"https:\/\/www.manaus.am.gov.br\/semcom\/pautas\/prefeitura-reune-instrutores-de-projetos-sociais-para-oficina-de-capacitacao-do-programa-esporte-na-comunidade\/#primaryimage"},"image":{"@id":"https:\/\/www.manaus.am.gov.br\/semcom\/pautas\/prefeitura-reune-instrutores-de-projetos-sociais-para-oficina-de-capacitacao-do-programa-esporte-na-comunidade\/#primaryimage"},"thumbnailUrl":"https:\/\/www.manaus.am.gov.br\/semcom\/wp-content\/uploads\/sites\/5\/2023\/02\/sugestaodepauta.png","datePublished":"2023-05-17T20:30:41+00:00","dateModified":"2023-05-17T20:30:41+00:00","description":"A fim de encontrar um padr\u00e3o e otimizar o modo de trabalho, os instrutores e respons\u00e1veis de 75 projetos sociais cadastrados v\u00e3o participar de uma oficina de capacita\u00e7\u00e3o, que acontece, neste domingo, 21\/5, das 8h \u00e0s 11h30, no Centro de Treinamento do 3B. Os participantes devem usar traje esportivo.","inLanguage":"pt-BR","potentialAction":[{"@type":"ReadAction","target":["https:\/\/www.manaus.am.gov.br\/semcom\/pautas\/prefeitura-reune-instrutores-de-projetos-sociais-para-oficina-de-capacitacao-do-programa-esporte-na-comunidade\/"]}]},{"@type":"ImageObject","inLanguage":"pt-BR","@id":"https:\/\/www.manaus.am.gov.br\/semcom\/pautas\/prefeitura-reune-instrutores-de-projetos-sociais-para-oficina-de-capacitacao-do-programa-esporte-na-comunidade\/#primaryimage","url":"https:\/\/www.manaus.am.gov.br\/semcom\/wp-content\/uploads\/sites\/5\/2023\/02\/sugestaodepauta.png","contentUrl":"https:\/\/www.manaus.am.gov.br\/semcom\/wp-content\/uploads\/sites\/5\/2023\/02\/sugestaodepauta.png","width":1020,"height":540},{"@type":"WebSite","@id":"https:\/\/www.manaus.am.gov.br\/semcom\/#website","url":"https:\/\/www.manaus.am.gov.br\/semcom\/","name":"SEMCOM","description":"Secretaria Municipal de Comunica\u00e7\u00e3o","potentialAction":[{"@type":"SearchAction","target":{"@type":"EntryPoint","urlTemplate":"https:\/\/www.manaus.am.gov.br\/semcom\/?s={search_term_string}"},"query-input":"required name=search_term_string"}],"inLanguage":"pt-BR"}]}},"_links":{"self":[{"href":"https:\/\/www.manaus.am.gov.br\/semcom\/wp-json\/wp\/v2\/pautas\/213760"}],"collection":[{"href":"https:\/\/www.manaus.am.gov.br\/semcom\/wp-json\/wp\/v2\/pautas"}],"about":[{"href":"https:\/\/www.manaus.am.gov.br\/semcom\/wp-json\/wp\/v2\/types\/pautas"}],"wp:featuredmedia":[{"embeddable":true,"href":"https:\/\/www.manaus.am.gov.br\/semcom\/wp-json\/wp\/v2\/media\/208729"}],"wp:attachment":[{"href":"https:\/\/www.manaus.am.gov.br\/semcom\/wp-json\/wp\/v2\/media?parent=213760"}],"wp:term":[{"taxonomy":"category","embeddable":true,"href":"https:\/\/www.manaus.am.gov.br\/semcom\/wp-json\/wp\/v2\/categories?post=213760"}],"curies":[{"name":"wp","href":"https:\/\/api.w.org\/{rel}","templated":true}]}}

<strong>Prefeitura reúne instrutores de projetos sociais para oficina de capacitação do programa ‘Esporte na Comunidade’</strong>

<p>Vem aí a segunda etapa do programa “Esporte na Comunidade”, promovido pela Prefeitura de Manaus, por meio da Fundação Manaus Esporte (FME). A fim de encontrar um padrão e otimizar o modo de trabalho, os instrutores e responsáveis de 75 projetos sociais cadastrados vão participar de uma oficina de capacitação, que acontece, neste domingo, 21/5, das 8h às 11h30, no Centro de Treinamento do 3B. Os participantes devem usar traje esportivo.</p>



<p>A oficina terá abordagem teórica e prática, com palestras ministradas por figuras experientes do esporte: Victor Lenine, ex-jogador de futebol e auxiliar permanente do Manaus FC; Sandro Viana, medalhista olímpico no atletismo; além de Wendell Coelho, professor e proprietário de uma empresa voltada ao aprimoramento técnico e físico de jovens.</p>



<p>Chefiado pelo coordenador Roberto Dinamite e em ação desde 2022, o “Esporte na Comunidade” incentiva crianças e jovens à prática esportiva nas diversas zonas da cidade, por meio da cessão de kits esportivos novos, que incluem bolas, redes, cones, coletes, entre outros equipamentos.</p>



<p><strong>SERVIÇO</strong></p>



<p><strong>O quê</strong>&nbsp;&#8211; Oficina de capacitação para instrutores do programa “Esporte na Comunidade”</p>



<p><strong>Quando</strong>&nbsp;&#8211; Domingo, 21/5</p>



<p><strong>Horário</strong>&nbsp;&#8211; 8h às 11h30</p>



<p><strong>Local</strong>&nbsp;&#8211; Centro de Treinamento do 3B, na avenida Leonardo Malcher, nº 101, bairro Centro, zona Sul da cidade</p>

<!-- This site is optimized with the Yoast SEO plugin v23.0 - https://yoast.com/wordpress/plugins/seo/ -->
<title>Prefeitura reúne instrutores de projetos sociais para oficina de capacitação do programa ‘Esporte na Comunidade’</title>
<meta name="description" content="A fim de encontrar um padrão e otimizar o modo de trabalho, os instrutores e responsáveis de 75 projetos sociais cadastrados vão participar de uma oficina de capacitação, que acontece, neste domingo, 21/5, das 8h às 11h30, no Centro de Treinamento do 3B. Os participantes devem usar traje esportivo." />
<meta name="robots" content="index, follow, max-snippet:-1, max-image-preview:large, max-video-preview:-1" />
<link rel="canonical" href="https://www.manaus.am.gov.br/semcom/pautas/prefeitura-reune-instrutores-de-projetos-sociais-para-oficina-de-capacitacao-do-programa-esporte-na-comunidade/" />
<meta property="og:locale" content="pt_BR" />
<meta property="og:type" content="article" />
<meta property="og:title" content="Prefeitura reúne instrutores de projetos sociais para oficina de capacitação do programa ‘Esporte na Comunidade’" />
<meta property="og:description" content="A fim de encontrar um padrão e otimizar o modo de trabalho, os instrutores e responsáveis de 75 projetos sociais cadastrados vão participar de uma oficina de capacitação, que acontece, neste domingo, 21/5, das 8h às 11h30, no Centro de Treinamento do 3B. Os participantes devem usar traje esportivo." />
<meta property="og:url" content="https://www.manaus.am.gov.br/semcom/pautas/prefeitura-reune-instrutores-de-projetos-sociais-para-oficina-de-capacitacao-do-programa-esporte-na-comunidade/" />
<meta property="og:site_name" content="SEMCOM" />
<meta property="og:image" content="https://www.manaus.am.gov.br/semcom/wp-content/uploads/sites/5/2023/02/sugestaodepauta.png" />
	<meta property="og:image:width" content="1020" />
	<meta property="og:image:height" content="540" />
	<meta property="og:image:type" content="image/png" />
<meta name="twitter:card" content="summary_large_image" />
<meta name="twitter:label1" content="Est. reading time" />
	<meta name="twitter:data1" content="2 minutos" />
<script type="application/ld+json" class="yoast-schema-graph">{"@context":"https://schema.org","@graph":[{"@type":"WebPage","@id":"https://www.manaus.am.gov.br/semcom/pautas/prefeitura-reune-instrutores-de-projetos-sociais-para-oficina-de-capacitacao-do-programa-esporte-na-comunidade/","url":"https://www.manaus.am.gov.br/semcom/pautas/prefeitura-reune-instrutores-de-projetos-sociais-para-oficina-de-capacitacao-do-programa-esporte-na-comunidade/","name":"Prefeitura reúne instrutores de projetos sociais para oficina de capacitação do programa ‘Esporte na Comunidade’","isPartOf":{"@id":"https://www.manaus.am.gov.br/semcom/#website"},"primaryImageOfPage":{"@id":"https://www.manaus.am.gov.br/semcom/pautas/prefeitura-reune-instrutores-de-projetos-sociais-para-oficina-de-capacitacao-do-programa-esporte-na-comunidade/#primaryimage"},"image":{"@id":"https://www.manaus.am.gov.br/semcom/pautas/prefeitura-reune-instrutores-de-projetos-sociais-para-oficina-de-capacitacao-do-programa-esporte-na-comunidade/#primaryimage"},"thumbnailUrl":"https://www.manaus.am.gov.br/semcom/wp-content/uploads/sites/5/2023/02/sugestaodepauta.png","datePublished":"2023-05-17T20:30:41+00:00","dateModified":"2023-05-17T20:30:41+00:00","description":"A fim de encontrar um padrão e otimizar o modo de trabalho, os instrutores e responsáveis de 75 projetos sociais cadastrados vão participar de uma oficina de capacitação, que acontece, neste domingo, 21/5, das 8h às 11h30, no Centro de Treinamento do 3B. Os participantes devem usar traje esportivo.","inLanguage":"pt-BR","potentialAction":[{"@type":"ReadAction","target":["https://www.manaus.am.gov.br/semcom/pautas/prefeitura-reune-instrutores-de-projetos-sociais-para-oficina-de-capacitacao-do-programa-esporte-na-comunidade/"]}]},{"@type":"ImageObject","inLanguage":"pt-BR","@id":"https://www.manaus.am.gov.br/semcom/pautas/prefeitura-reune-instrutores-de-projetos-sociais-para-oficina-de-capacitacao-do-programa-esporte-na-comunidade/#primaryimage","url":"https://www.manaus.am.gov.br/semcom/wp-content/uploads/sites/5/2023/02/sugestaodepauta.png","contentUrl":"https://www.manaus.am.gov.br/semcom/wp-content/uploads/sites/5/2023/02/sugestaodepauta.png","width":1020,"height":540},{"@type":"WebSite","@id":"https://www.manaus.am.gov.br/semcom/#website","url":"https://www.manaus.am.gov.br/semcom/","name":"SEMCOM","description":"Secretaria Municipal de Comunicação","potentialAction":[{"@type":"SearchAction","target":{"@type":"EntryPoint","urlTemplate":"https://www.manaus.am.gov.br/semcom/?s={search_term_string}"},"query-input":"required name=search_term_string"}],"inLanguage":"pt-BR"}]}</script>
<!-- / Yoast SEO plugin. -->

Prefeitura reúne instrutores de projetos sociais para oficina de capacitação do programa ‘Esporte na Comunidade’

A fim de encontrar um padrão e otimizar o modo de trabalho, os instrutores e responsáveis de 75 projetos sociais cadastrados vão participar de uma oficina de capacitação, que acontece, neste domingo, 21/5, das 8h às 11h30, no Centro de Treinamento do 3B. Os participantes devem usar traje esportivo.

Secretaria Municipal de Comunicação
