{"id":213572,"date":"2023-05-12T20:06:56","date_gmt":"2023-05-12T23:06:56","guid":{"rendered":"https:\/\/www.manaus.am.gov.br\/semcom\/?post_type=pautas&#038;p=213572"},"modified":"2023-05-12T20:06:56","modified_gmt":"2023-05-12T23:06:56","slug":"prefeitura-de-manaus-realiza-a-abertura-da-21a-semana-nacional-de-museus-nesta-segunda-feira-15-5","status":"publish","type":"pautas","link":"https:\/\/www.manaus.am.gov.br\/semcom\/pautas\/prefeitura-de-manaus-realiza-a-abertura-da-21a-semana-nacional-de-museus-nesta-segunda-feira-15-5\/","title":{"rendered":"<strong>Prefeitura de Manaus realiza a abertura da 21\u00aa \u2018Semana Nacional de Museus\u2019 nesta segunda-feira, 15\/5<\/strong>"},"content":{"rendered":"\n<p>A Prefeitura de Manaus, por meio da Funda\u00e7\u00e3o Municipal de Cultura, Turismo e Eventos (Manauscult), realiza na pr\u00f3xima segunda-feira, 15\/5, \u00e0s 15h30, no Museu da Cidade de Manaus (Muma), localizado na rua Gabriel Salgado, no centro hist\u00f3rico, zona Sul, a abertura da 21\u00aa edi\u00e7\u00e3o da \u201cSemana Nacional de Museus\u201d.<\/p>\n\n\n\n<p>Como parte do avan\u00e7o de uma agenda dedicada \u00e0 sustentabilidade, a edi\u00e7\u00e3o deste ano traz o tema \u201cMuseus, sustentabilidade e bem-estar\u201d. Ao longo da semana, a popula\u00e7\u00e3o poder\u00e1 participar gratuitamente de atividades, como: rodas de conversas, palestras, oficinas e visita mediada.<\/p>\n\n\n\n<p>A Semana Nacional de Museus acontece de 15 a 19\/5, nos espa\u00e7os culturais administrados pela Manauscult.<\/p>\n\n\n\n<p><strong>SERVI\u00c7O<\/strong><\/p>\n\n\n\n<p><strong>O qu\u00ea<\/strong> &#8211; Abertura da 21\u00aa Semana Nacional de Museus<\/p>\n\n\n\n<p><strong>Quando<\/strong> &#8211; Segunda-feira, 15\/5<\/p>\n\n\n\n<p><strong>Hor\u00e1rio <\/strong>&#8211; 15h30<\/p>\n\n\n\n<p><strong>Local<\/strong> \u2013 Museu da Cidade de Manaus (Muma), rua Gabriel Salgado, no centro hist\u00f3rico, zona Sul<\/p>\n","protected":false},"featured_media":208729,"template":"","categories":[799],"acf":[],"yoast_head":"<!-- This site is optimized with the Yoast SEO plugin v23.0 - https:\/\/yoast.com\/wordpress\/plugins\/seo\/ -->\n<title>Prefeitura de Manaus realiza a abertura da 21\u00aa \u2018Semana Nacional de Museus\u2019 nesta segunda-feira, 15\/5<\/title>\n<meta name=\"description\" content=\"A Prefeitura de Manaus, por meio da Funda\u00e7\u00e3o Municipal de Cultura, Turismo e Eventos (Manauscult), realiza na pr\u00f3xima segunda-feira, 15\/5, \u00e0s 15h30, no Museu da Cidade de Manaus (Muma), localizado na rua Gabriel Salgado, no centro hist\u00f3rico, zona Sul, a abertura da 21\u00aa edi\u00e7\u00e3o da \u201cSemana Nacional de Museus\u201d.\" \/>\n<meta name=\"robots\" content=\"index, follow, max-snippet:-1, max-image-preview:large, max-video-preview:-1\" \/>\n<link rel=\"canonical\" href=\"https:\/\/www.manaus.am.gov.br\/semcom\/pautas\/prefeitura-de-manaus-realiza-a-abertura-da-21a-semana-nacional-de-museus-nesta-segunda-feira-15-5\/\" \/>\n<meta property=\"og:locale\" content=\"pt_BR\" \/>\n<meta property=\"og:type\" content=\"article\" \/>\n<meta property=\"og:title\" content=\"Prefeitura de Manaus realiza a abertura da 21\u00aa \u2018Semana Nacional de Museus\u2019 nesta segunda-feira, 15\/5\" \/>\n<meta property=\"og:description\" content=\"A Prefeitura de Manaus, por meio da Funda\u00e7\u00e3o Municipal de Cultura, Turismo e Eventos (Manauscult), realiza na pr\u00f3xima segunda-feira, 15\/5, \u00e0s 15h30, no Museu da Cidade de Manaus (Muma), localizado na rua Gabriel Salgado, no centro hist\u00f3rico, zona Sul, a abertura da 21\u00aa edi\u00e7\u00e3o da \u201cSemana Nacional de Museus\u201d.\" \/>\n<meta property=\"og:url\" content=\"https:\/\/www.manaus.am.gov.br\/semcom\/pautas\/prefeitura-de-manaus-realiza-a-abertura-da-21a-semana-nacional-de-museus-nesta-segunda-feira-15-5\/\" \/>\n<meta property=\"og:site_name\" content=\"SEMCOM\" \/>\n<meta property=\"og:image\" content=\"https:\/\/www.manaus.am.gov.br\/semcom\/wp-content\/uploads\/sites\/5\/2023\/02\/sugestaodepauta.png\" \/>\n\t<meta property=\"og:image:width\" content=\"1020\" \/>\n\t<meta property=\"og:image:height\" content=\"540\" \/>\n\t<meta property=\"og:image:type\" content=\"image\/png\" \/>\n<meta name=\"twitter:card\" content=\"summary_large_image\" \/>\n<meta name=\"twitter:label1\" content=\"Est. reading time\" \/>\n\t<meta name=\"twitter:data1\" content=\"1 minuto\" \/>\n<script type=\"application\/ld+json\" class=\"yoast-schema-graph\">{\"@context\":\"https:\/\/schema.org\",\"@graph\":[{\"@type\":\"WebPage\",\"@id\":\"https:\/\/www.manaus.am.gov.br\/semcom\/pautas\/prefeitura-de-manaus-realiza-a-abertura-da-21a-semana-nacional-de-museus-nesta-segunda-feira-15-5\/\",\"url\":\"https:\/\/www.manaus.am.gov.br\/semcom\/pautas\/prefeitura-de-manaus-realiza-a-abertura-da-21a-semana-nacional-de-museus-nesta-segunda-feira-15-5\/\",\"name\":\"Prefeitura de Manaus realiza a abertura da 21\u00aa \u2018Semana Nacional de Museus\u2019 nesta segunda-feira, 15\/5\",\"isPartOf\":{\"@id\":\"https:\/\/www.manaus.am.gov.br\/semcom\/#website\"},\"primaryImageOfPage\":{\"@id\":\"https:\/\/www.manaus.am.gov.br\/semcom\/pautas\/prefeitura-de-manaus-realiza-a-abertura-da-21a-semana-nacional-de-museus-nesta-segunda-feira-15-5\/#primaryimage\"},\"image\":{\"@id\":\"https:\/\/www.manaus.am.gov.br\/semcom\/pautas\/prefeitura-de-manaus-realiza-a-abertura-da-21a-semana-nacional-de-museus-nesta-segunda-feira-15-5\/#primaryimage\"},\"thumbnailUrl\":\"https:\/\/www.manaus.am.gov.br\/semcom\/wp-content\/uploads\/sites\/5\/2023\/02\/sugestaodepauta.png\",\"datePublished\":\"2023-05-12T23:06:56+00:00\",\"dateModified\":\"2023-05-12T23:06:56+00:00\",\"description\":\"A Prefeitura de Manaus, por meio da Funda\u00e7\u00e3o Municipal de Cultura, Turismo e Eventos (Manauscult), realiza na pr\u00f3xima segunda-feira, 15\/5, \u00e0s 15h30, no Museu da Cidade de Manaus (Muma), localizado na rua Gabriel Salgado, no centro hist\u00f3rico, zona Sul, a abertura da 21\u00aa edi\u00e7\u00e3o da \u201cSemana Nacional de Museus\u201d.\",\"inLanguage\":\"pt-BR\",\"potentialAction\":[{\"@type\":\"ReadAction\",\"target\":[\"https:\/\/www.manaus.am.gov.br\/semcom\/pautas\/prefeitura-de-manaus-realiza-a-abertura-da-21a-semana-nacional-de-museus-nesta-segunda-feira-15-5\/\"]}]},{\"@type\":\"ImageObject\",\"inLanguage\":\"pt-BR\",\"@id\":\"https:\/\/www.manaus.am.gov.br\/semcom\/pautas\/prefeitura-de-manaus-realiza-a-abertura-da-21a-semana-nacional-de-museus-nesta-segunda-feira-15-5\/#primaryimage\",\"url\":\"https:\/\/www.manaus.am.gov.br\/semcom\/wp-content\/uploads\/sites\/5\/2023\/02\/sugestaodepauta.png\",\"contentUrl\":\"https:\/\/www.manaus.am.gov.br\/semcom\/wp-content\/uploads\/sites\/5\/2023\/02\/sugestaodepauta.png\",\"width\":1020,\"height\":540},{\"@type\":\"WebSite\",\"@id\":\"https:\/\/www.manaus.am.gov.br\/semcom\/#website\",\"url\":\"https:\/\/www.manaus.am.gov.br\/semcom\/\",\"name\":\"SEMCOM\",\"description\":\"Secretaria Municipal de Comunica\u00e7\u00e3o\",\"potentialAction\":[{\"@type\":\"SearchAction\",\"target\":{\"@type\":\"EntryPoint\",\"urlTemplate\":\"https:\/\/www.manaus.am.gov.br\/semcom\/?s={search_term_string}\"},\"query-input\":\"required name=search_term_string\"}],\"inLanguage\":\"pt-BR\"}]}<\/script>\n<!-- \/ Yoast SEO plugin. -->","yoast_head_json":{"title":"Prefeitura de Manaus realiza a abertura da 21\u00aa \u2018Semana Nacional de Museus\u2019 nesta segunda-feira, 15\/5","description":"A Prefeitura de Manaus, por meio da Funda\u00e7\u00e3o Municipal de Cultura, Turismo e Eventos (Manauscult), realiza na pr\u00f3xima segunda-feira, 15\/5, \u00e0s 15h30, no Museu da Cidade de Manaus (Muma), localizado na rua Gabriel Salgado, no centro hist\u00f3rico, zona Sul, a abertura da 21\u00aa edi\u00e7\u00e3o da \u201cSemana Nacional de Museus\u201d.","robots":{"index":"index","follow":"follow","max-snippet":"max-snippet:-1","max-image-preview":"max-image-preview:large","max-video-preview":"max-video-preview:-1"},"canonical":"https:\/\/www.manaus.am.gov.br\/semcom\/pautas\/prefeitura-de-manaus-realiza-a-abertura-da-21a-semana-nacional-de-museus-nesta-segunda-feira-15-5\/","og_locale":"pt_BR","og_type":"article","og_title":"Prefeitura de Manaus realiza a abertura da 21\u00aa \u2018Semana Nacional de Museus\u2019 nesta segunda-feira, 15\/5","og_description":"A Prefeitura de Manaus, por meio da Funda\u00e7\u00e3o Municipal de Cultura, Turismo e Eventos (Manauscult), realiza na pr\u00f3xima segunda-feira, 15\/5, \u00e0s 15h30, no Museu da Cidade de Manaus (Muma), localizado na rua Gabriel Salgado, no centro hist\u00f3rico, zona Sul, a abertura da 21\u00aa edi\u00e7\u00e3o da \u201cSemana Nacional de Museus\u201d.","og_url":"https:\/\/www.manaus.am.gov.br\/semcom\/pautas\/prefeitura-de-manaus-realiza-a-abertura-da-21a-semana-nacional-de-museus-nesta-segunda-feira-15-5\/","og_site_name":"SEMCOM","og_image":[{"width":1020,"height":540,"url":"https:\/\/www.manaus.am.gov.br\/semcom\/wp-content\/uploads\/sites\/5\/2023\/02\/sugestaodepauta.png","type":"image\/png"}],"twitter_card":"summary_large_image","twitter_misc":{"Est. reading time":"1 minuto"},"schema":{"@context":"https:\/\/schema.org","@graph":[{"@type":"WebPage","@id":"https:\/\/www.manaus.am.gov.br\/semcom\/pautas\/prefeitura-de-manaus-realiza-a-abertura-da-21a-semana-nacional-de-museus-nesta-segunda-feira-15-5\/","url":"https:\/\/www.manaus.am.gov.br\/semcom\/pautas\/prefeitura-de-manaus-realiza-a-abertura-da-21a-semana-nacional-de-museus-nesta-segunda-feira-15-5\/","name":"Prefeitura de Manaus realiza a abertura da 21\u00aa \u2018Semana Nacional de Museus\u2019 nesta segunda-feira, 15\/5","isPartOf":{"@id":"https:\/\/www.manaus.am.gov.br\/semcom\/#website"},"primaryImageOfPage":{"@id":"https:\/\/www.manaus.am.gov.br\/semcom\/pautas\/prefeitura-de-manaus-realiza-a-abertura-da-21a-semana-nacional-de-museus-nesta-segunda-feira-15-5\/#primaryimage"},"image":{"@id":"https:\/\/www.manaus.am.gov.br\/semcom\/pautas\/prefeitura-de-manaus-realiza-a-abertura-da-21a-semana-nacional-de-museus-nesta-segunda-feira-15-5\/#primaryimage"},"thumbnailUrl":"https:\/\/www.manaus.am.gov.br\/semcom\/wp-content\/uploads\/sites\/5\/2023\/02\/sugestaodepauta.png","datePublished":"2023-05-12T23:06:56+00:00","dateModified":"2023-05-12T23:06:56+00:00","description":"A Prefeitura de Manaus, por meio da Funda\u00e7\u00e3o Municipal de Cultura, Turismo e Eventos (Manauscult), realiza na pr\u00f3xima segunda-feira, 15\/5, \u00e0s 15h30, no Museu da Cidade de Manaus (Muma), localizado na rua Gabriel Salgado, no centro hist\u00f3rico, zona Sul, a abertura da 21\u00aa edi\u00e7\u00e3o da \u201cSemana Nacional de Museus\u201d.","inLanguage":"pt-BR","potentialAction":[{"@type":"ReadAction","target":["https:\/\/www.manaus.am.gov.br\/semcom\/pautas\/prefeitura-de-manaus-realiza-a-abertura-da-21a-semana-nacional-de-museus-nesta-segunda-feira-15-5\/"]}]},{"@type":"ImageObject","inLanguage":"pt-BR","@id":"https:\/\/www.manaus.am.gov.br\/semcom\/pautas\/prefeitura-de-manaus-realiza-a-abertura-da-21a-semana-nacional-de-museus-nesta-segunda-feira-15-5\/#primaryimage","url":"https:\/\/www.manaus.am.gov.br\/semcom\/wp-content\/uploads\/sites\/5\/2023\/02\/sugestaodepauta.png","contentUrl":"https:\/\/www.manaus.am.gov.br\/semcom\/wp-content\/uploads\/sites\/5\/2023\/02\/sugestaodepauta.png","width":1020,"height":540},{"@type":"WebSite","@id":"https:\/\/www.manaus.am.gov.br\/semcom\/#website","url":"https:\/\/www.manaus.am.gov.br\/semcom\/","name":"SEMCOM","description":"Secretaria Municipal de Comunica\u00e7\u00e3o","potentialAction":[{"@type":"SearchAction","target":{"@type":"EntryPoint","urlTemplate":"https:\/\/www.manaus.am.gov.br\/semcom\/?s={search_term_string}"},"query-input":"required name=search_term_string"}],"inLanguage":"pt-BR"}]}},"_links":{"self":[{"href":"https:\/\/www.manaus.am.gov.br\/semcom\/wp-json\/wp\/v2\/pautas\/213572"}],"collection":[{"href":"https:\/\/www.manaus.am.gov.br\/semcom\/wp-json\/wp\/v2\/pautas"}],"about":[{"href":"https:\/\/www.manaus.am.gov.br\/semcom\/wp-json\/wp\/v2\/types\/pautas"}],"wp:featuredmedia":[{"embeddable":true,"href":"https:\/\/www.manaus.am.gov.br\/semcom\/wp-json\/wp\/v2\/media\/208729"}],"wp:attachment":[{"href":"https:\/\/www.manaus.am.gov.br\/semcom\/wp-json\/wp\/v2\/media?parent=213572"}],"wp:term":[{"taxonomy":"category","embeddable":true,"href":"https:\/\/www.manaus.am.gov.br\/semcom\/wp-json\/wp\/v2\/categories?post=213572"}],"curies":[{"name":"wp","href":"https:\/\/api.w.org\/{rel}","templated":true}]}}

<strong>Prefeitura de Manaus realiza a abertura da 21ª ‘Semana Nacional de Museus’ nesta segunda-feira, 15/5</strong>

<p>A Prefeitura de Manaus, por meio da Fundação Municipal de Cultura, Turismo e Eventos (Manauscult), realiza na próxima segunda-feira, 15/5, às 15h30, no Museu da Cidade de Manaus (Muma), localizado na rua Gabriel Salgado, no centro histórico, zona Sul, a abertura da 21ª edição da “Semana Nacional de Museus”.</p>



<p>Como parte do avanço de uma agenda dedicada à sustentabilidade, a edição deste ano traz o tema “Museus, sustentabilidade e bem-estar”. Ao longo da semana, a população poderá participar gratuitamente de atividades, como: rodas de conversas, palestras, oficinas e visita mediada.</p>



<p>A Semana Nacional de Museus acontece de 15 a 19/5, nos espaços culturais administrados pela Manauscult.</p>



<p><strong>SERVIÇO</strong></p>



<p><strong>O quê</strong> &#8211; Abertura da 21ª Semana Nacional de Museus</p>



<p><strong>Quando</strong> &#8211; Segunda-feira, 15/5</p>



<p><strong>Horário </strong>&#8211; 15h30</p>



<p><strong>Local</strong> – Museu da Cidade de Manaus (Muma), rua Gabriel Salgado, no centro histórico, zona Sul</p>

<!-- This site is optimized with the Yoast SEO plugin v23.0 - https://yoast.com/wordpress/plugins/seo/ -->
<title>Prefeitura de Manaus realiza a abertura da 21ª ‘Semana Nacional de Museus’ nesta segunda-feira, 15/5</title>
<meta name="description" content="A Prefeitura de Manaus, por meio da Fundação Municipal de Cultura, Turismo e Eventos (Manauscult), realiza na próxima segunda-feira, 15/5, às 15h30, no Museu da Cidade de Manaus (Muma), localizado na rua Gabriel Salgado, no centro histórico, zona Sul, a abertura da 21ª edição da “Semana Nacional de Museus”." />
<meta name="robots" content="index, follow, max-snippet:-1, max-image-preview:large, max-video-preview:-1" />
<link rel="canonical" href="https://www.manaus.am.gov.br/semcom/pautas/prefeitura-de-manaus-realiza-a-abertura-da-21a-semana-nacional-de-museus-nesta-segunda-feira-15-5/" />
<meta property="og:locale" content="pt_BR" />
<meta property="og:type" content="article" />
<meta property="og:title" content="Prefeitura de Manaus realiza a abertura da 21ª ‘Semana Nacional de Museus’ nesta segunda-feira, 15/5" />
<meta property="og:description" content="A Prefeitura de Manaus, por meio da Fundação Municipal de Cultura, Turismo e Eventos (Manauscult), realiza na próxima segunda-feira, 15/5, às 15h30, no Museu da Cidade de Manaus (Muma), localizado na rua Gabriel Salgado, no centro histórico, zona Sul, a abertura da 21ª edição da “Semana Nacional de Museus”." />
<meta property="og:url" content="https://www.manaus.am.gov.br/semcom/pautas/prefeitura-de-manaus-realiza-a-abertura-da-21a-semana-nacional-de-museus-nesta-segunda-feira-15-5/" />
<meta property="og:site_name" content="SEMCOM" />
<meta property="og:image" content="https://www.manaus.am.gov.br/semcom/wp-content/uploads/sites/5/2023/02/sugestaodepauta.png" />
	<meta property="og:image:width" content="1020" />
	<meta property="og:image:height" content="540" />
	<meta property="og:image:type" content="image/png" />
<meta name="twitter:card" content="summary_large_image" />
<meta name="twitter:label1" content="Est. reading time" />
	<meta name="twitter:data1" content="1 minuto" />
<script type="application/ld+json" class="yoast-schema-graph">{"@context":"https://schema.org","@graph":[{"@type":"WebPage","@id":"https://www.manaus.am.gov.br/semcom/pautas/prefeitura-de-manaus-realiza-a-abertura-da-21a-semana-nacional-de-museus-nesta-segunda-feira-15-5/","url":"https://www.manaus.am.gov.br/semcom/pautas/prefeitura-de-manaus-realiza-a-abertura-da-21a-semana-nacional-de-museus-nesta-segunda-feira-15-5/","name":"Prefeitura de Manaus realiza a abertura da 21ª ‘Semana Nacional de Museus’ nesta segunda-feira, 15/5","isPartOf":{"@id":"https://www.manaus.am.gov.br/semcom/#website"},"primaryImageOfPage":{"@id":"https://www.manaus.am.gov.br/semcom/pautas/prefeitura-de-manaus-realiza-a-abertura-da-21a-semana-nacional-de-museus-nesta-segunda-feira-15-5/#primaryimage"},"image":{"@id":"https://www.manaus.am.gov.br/semcom/pautas/prefeitura-de-manaus-realiza-a-abertura-da-21a-semana-nacional-de-museus-nesta-segunda-feira-15-5/#primaryimage"},"thumbnailUrl":"https://www.manaus.am.gov.br/semcom/wp-content/uploads/sites/5/2023/02/sugestaodepauta.png","datePublished":"2023-05-12T23:06:56+00:00","dateModified":"2023-05-12T23:06:56+00:00","description":"A Prefeitura de Manaus, por meio da Fundação Municipal de Cultura, Turismo e Eventos (Manauscult), realiza na próxima segunda-feira, 15/5, às 15h30, no Museu da Cidade de Manaus (Muma), localizado na rua Gabriel Salgado, no centro histórico, zona Sul, a abertura da 21ª edição da “Semana Nacional de Museus”.","inLanguage":"pt-BR","potentialAction":[{"@type":"ReadAction","target":["https://www.manaus.am.gov.br/semcom/pautas/prefeitura-de-manaus-realiza-a-abertura-da-21a-semana-nacional-de-museus-nesta-segunda-feira-15-5/"]}]},{"@type":"ImageObject","inLanguage":"pt-BR","@id":"https://www.manaus.am.gov.br/semcom/pautas/prefeitura-de-manaus-realiza-a-abertura-da-21a-semana-nacional-de-museus-nesta-segunda-feira-15-5/#primaryimage","url":"https://www.manaus.am.gov.br/semcom/wp-content/uploads/sites/5/2023/02/sugestaodepauta.png","contentUrl":"https://www.manaus.am.gov.br/semcom/wp-content/uploads/sites/5/2023/02/sugestaodepauta.png","width":1020,"height":540},{"@type":"WebSite","@id":"https://www.manaus.am.gov.br/semcom/#website","url":"https://www.manaus.am.gov.br/semcom/","name":"SEMCOM","description":"Secretaria Municipal de Comunicação","potentialAction":[{"@type":"SearchAction","target":{"@type":"EntryPoint","urlTemplate":"https://www.manaus.am.gov.br/semcom/?s={search_term_string}"},"query-input":"required name=search_term_string"}],"inLanguage":"pt-BR"}]}</script>
<!-- / Yoast SEO plugin. -->

Prefeitura de Manaus realiza a abertura da 21ª ‘Semana Nacional de Museus’ nesta segunda-feira, 15/5

A Prefeitura de Manaus, por meio da Fundação Municipal de Cultura, Turismo e Eventos (Manauscult), realiza na próxima segunda-feira, 15/5, às 15h30, no Museu da Cidade de Manaus (Muma), localizado na rua Gabriel Salgado, no centro histórico, zona Sul, a abertura da 21ª edição da “Semana Nacional de Museus”.

Secretaria Municipal de Comunicação
