{"id":213551,"date":"2023-05-12T16:52:29","date_gmt":"2023-05-12T19:52:29","guid":{"rendered":"https:\/\/www.manaus.am.gov.br\/semcom\/?post_type=pautas&#038;p=213551"},"modified":"2023-05-12T16:52:30","modified_gmt":"2023-05-12T19:52:30","slug":"em-acao-especial-de-dia-das-maes-velodromo-municipal-recebe-curso-de-manutencao-de-bicicleta-para-mulheres","status":"publish","type":"pautas","link":"https:\/\/www.manaus.am.gov.br\/semcom\/pautas\/em-acao-especial-de-dia-das-maes-velodromo-municipal-recebe-curso-de-manutencao-de-bicicleta-para-mulheres\/","title":{"rendered":"Em a\u00e7\u00e3o especial de Dia das M\u00e3es, vel\u00f3dromo municipal recebe curso de manuten\u00e7\u00e3o de bicicleta para mulheres"},"content":{"rendered":"\n<p>Com apoio da Prefeitura de Manaus, a Federa\u00e7\u00e3o Amazonense de Ciclismo (Feciclam) promove o primeiro curso b\u00e1sico de manuten\u00e7\u00e3o em bicicleta, para mulheres, neste s\u00e1bado, 13\/5, em a\u00e7\u00e3o especial do Dia das M\u00e3es, comemorado no pr\u00f3ximo domingo.&nbsp;<\/p>\n\n\n\n<p>O evento acontece das 9h \u00e0s 11h, no Vel\u00f3dromo Municipal Alzira Campos, com inscri\u00e7\u00f5es gratuitas e limitadas. O objetivo \u00e9 ensinar elementos b\u00e1sicos de manuten\u00e7\u00e3o, como regulagem de freios, principais ferramentas, troca de pneus e c\u00e2maras, entre outras abordagens.&nbsp;<\/p>\n\n\n\n<p>Com direito a sorteio de brindes para as participantes, elas tamb\u00e9m receber\u00e3o certificado de participa\u00e7\u00e3o. Interessadas podem procurar informa\u00e7\u00f5es e efetuar inscri\u00e7\u00f5es por meio do n\u00famero (92) 98400-1553, ou realizar a inscri\u00e7\u00e3o antes de iniciar o curso, no pr\u00f3prio local.<\/p>\n\n\n\n<p>&#8212; &#8212; &#8212;<\/p>\n\n\n\n<p><strong>SERVI\u00c7O<\/strong><\/p>\n\n\n\n<p><strong>O<\/strong>&nbsp;<strong>qu\u00ea<\/strong>&nbsp;&#8211; Curso b\u00e1sico de manuten\u00e7\u00e3o em bicicleta, para mulheres<\/p>\n\n\n\n<p><strong>Quando<\/strong>&nbsp;&#8211; S\u00e1bado, 13\/5<\/p>\n\n\n\n<p><strong>Hor\u00e1rio<\/strong>&nbsp;&#8211; 9h<\/p>\n\n\n\n<p><strong>Local<\/strong>&nbsp;&#8211; Vel\u00f3dromo Municipal Professora Alzira Campos, conjunto Aruan\u00e3, &nbsp;17, bairro Compensa, zona Oeste.<\/p>\n\n\n\n<p>&#8212; &#8212; \u2013<\/p>\n\n\n\n<p><strong>FME<\/strong>&nbsp;&#8211; Funda\u00e7\u00e3o Manaus Esporte<\/p>\n\n\n\n<p>Assessor Respons\u00e1vel: Tony Maquin\u00e9 &#8211; (92) 98802-3195<\/p>\n","protected":false},"featured_media":208729,"template":"","categories":[],"acf":[],"yoast_head":"<!-- This site is optimized with the Yoast SEO plugin v23.0 - https:\/\/yoast.com\/wordpress\/plugins\/seo\/ -->\n<title>Em a\u00e7\u00e3o especial de Dia das M\u00e3es, vel\u00f3dromo municipal recebe curso de manuten\u00e7\u00e3o de bicicleta para mulheres - SEMCOM<\/title>\n<meta name=\"robots\" content=\"index, follow, max-snippet:-1, max-image-preview:large, max-video-preview:-1\" \/>\n<link rel=\"canonical\" href=\"https:\/\/www.manaus.am.gov.br\/semcom\/pautas\/em-acao-especial-de-dia-das-maes-velodromo-municipal-recebe-curso-de-manutencao-de-bicicleta-para-mulheres\/\" \/>\n<meta property=\"og:locale\" content=\"pt_BR\" \/>\n<meta property=\"og:type\" content=\"article\" \/>\n<meta property=\"og:title\" content=\"Em a\u00e7\u00e3o especial de Dia das M\u00e3es, vel\u00f3dromo municipal recebe curso de manuten\u00e7\u00e3o de bicicleta para mulheres - SEMCOM\" \/>\n<meta property=\"og:url\" content=\"https:\/\/www.manaus.am.gov.br\/semcom\/pautas\/em-acao-especial-de-dia-das-maes-velodromo-municipal-recebe-curso-de-manutencao-de-bicicleta-para-mulheres\/\" \/>\n<meta property=\"og:site_name\" content=\"SEMCOM\" \/>\n<meta property=\"article:modified_time\" content=\"2023-05-12T19:52:30+00:00\" \/>\n<meta property=\"og:image\" content=\"https:\/\/www.manaus.am.gov.br\/semcom\/wp-content\/uploads\/sites\/5\/2023\/02\/sugestaodepauta.png\" \/>\n\t<meta property=\"og:image:width\" content=\"1020\" \/>\n\t<meta property=\"og:image:height\" content=\"540\" \/>\n\t<meta property=\"og:image:type\" content=\"image\/png\" \/>\n<meta name=\"twitter:card\" content=\"summary_large_image\" \/>\n<meta name=\"twitter:label1\" content=\"Est. reading time\" \/>\n\t<meta name=\"twitter:data1\" content=\"1 minuto\" \/>\n<script type=\"application\/ld+json\" class=\"yoast-schema-graph\">{\"@context\":\"https:\/\/schema.org\",\"@graph\":[{\"@type\":\"WebPage\",\"@id\":\"https:\/\/www.manaus.am.gov.br\/semcom\/pautas\/em-acao-especial-de-dia-das-maes-velodromo-municipal-recebe-curso-de-manutencao-de-bicicleta-para-mulheres\/\",\"url\":\"https:\/\/www.manaus.am.gov.br\/semcom\/pautas\/em-acao-especial-de-dia-das-maes-velodromo-municipal-recebe-curso-de-manutencao-de-bicicleta-para-mulheres\/\",\"name\":\"Em a\u00e7\u00e3o especial de Dia das M\u00e3es, vel\u00f3dromo municipal recebe curso de manuten\u00e7\u00e3o de bicicleta para mulheres - SEMCOM\",\"isPartOf\":{\"@id\":\"https:\/\/www.manaus.am.gov.br\/semcom\/#website\"},\"primaryImageOfPage\":{\"@id\":\"https:\/\/www.manaus.am.gov.br\/semcom\/pautas\/em-acao-especial-de-dia-das-maes-velodromo-municipal-recebe-curso-de-manutencao-de-bicicleta-para-mulheres\/#primaryimage\"},\"image\":{\"@id\":\"https:\/\/www.manaus.am.gov.br\/semcom\/pautas\/em-acao-especial-de-dia-das-maes-velodromo-municipal-recebe-curso-de-manutencao-de-bicicleta-para-mulheres\/#primaryimage\"},\"thumbnailUrl\":\"https:\/\/www.manaus.am.gov.br\/semcom\/wp-content\/uploads\/sites\/5\/2023\/02\/sugestaodepauta.png\",\"datePublished\":\"2023-05-12T19:52:29+00:00\",\"dateModified\":\"2023-05-12T19:52:30+00:00\",\"inLanguage\":\"pt-BR\",\"potentialAction\":[{\"@type\":\"ReadAction\",\"target\":[\"https:\/\/www.manaus.am.gov.br\/semcom\/pautas\/em-acao-especial-de-dia-das-maes-velodromo-municipal-recebe-curso-de-manutencao-de-bicicleta-para-mulheres\/\"]}]},{\"@type\":\"ImageObject\",\"inLanguage\":\"pt-BR\",\"@id\":\"https:\/\/www.manaus.am.gov.br\/semcom\/pautas\/em-acao-especial-de-dia-das-maes-velodromo-municipal-recebe-curso-de-manutencao-de-bicicleta-para-mulheres\/#primaryimage\",\"url\":\"https:\/\/www.manaus.am.gov.br\/semcom\/wp-content\/uploads\/sites\/5\/2023\/02\/sugestaodepauta.png\",\"contentUrl\":\"https:\/\/www.manaus.am.gov.br\/semcom\/wp-content\/uploads\/sites\/5\/2023\/02\/sugestaodepauta.png\",\"width\":1020,\"height\":540},{\"@type\":\"WebSite\",\"@id\":\"https:\/\/www.manaus.am.gov.br\/semcom\/#website\",\"url\":\"https:\/\/www.manaus.am.gov.br\/semcom\/\",\"name\":\"SEMCOM\",\"description\":\"Secretaria Municipal de Comunica\u00e7\u00e3o\",\"potentialAction\":[{\"@type\":\"SearchAction\",\"target\":{\"@type\":\"EntryPoint\",\"urlTemplate\":\"https:\/\/www.manaus.am.gov.br\/semcom\/?s={search_term_string}\"},\"query-input\":\"required name=search_term_string\"}],\"inLanguage\":\"pt-BR\"}]}<\/script>\n<!-- \/ Yoast SEO plugin. -->","yoast_head_json":{"title":"Em a\u00e7\u00e3o especial de Dia das M\u00e3es, vel\u00f3dromo municipal recebe curso de manuten\u00e7\u00e3o de bicicleta para mulheres - SEMCOM","robots":{"index":"index","follow":"follow","max-snippet":"max-snippet:-1","max-image-preview":"max-image-preview:large","max-video-preview":"max-video-preview:-1"},"canonical":"https:\/\/www.manaus.am.gov.br\/semcom\/pautas\/em-acao-especial-de-dia-das-maes-velodromo-municipal-recebe-curso-de-manutencao-de-bicicleta-para-mulheres\/","og_locale":"pt_BR","og_type":"article","og_title":"Em a\u00e7\u00e3o especial de Dia das M\u00e3es, vel\u00f3dromo municipal recebe curso de manuten\u00e7\u00e3o de bicicleta para mulheres - SEMCOM","og_url":"https:\/\/www.manaus.am.gov.br\/semcom\/pautas\/em-acao-especial-de-dia-das-maes-velodromo-municipal-recebe-curso-de-manutencao-de-bicicleta-para-mulheres\/","og_site_name":"SEMCOM","article_modified_time":"2023-05-12T19:52:30+00:00","og_image":[{"width":1020,"height":540,"url":"https:\/\/www.manaus.am.gov.br\/semcom\/wp-content\/uploads\/sites\/5\/2023\/02\/sugestaodepauta.png","type":"image\/png"}],"twitter_card":"summary_large_image","twitter_misc":{"Est. reading time":"1 minuto"},"schema":{"@context":"https:\/\/schema.org","@graph":[{"@type":"WebPage","@id":"https:\/\/www.manaus.am.gov.br\/semcom\/pautas\/em-acao-especial-de-dia-das-maes-velodromo-municipal-recebe-curso-de-manutencao-de-bicicleta-para-mulheres\/","url":"https:\/\/www.manaus.am.gov.br\/semcom\/pautas\/em-acao-especial-de-dia-das-maes-velodromo-municipal-recebe-curso-de-manutencao-de-bicicleta-para-mulheres\/","name":"Em a\u00e7\u00e3o especial de Dia das M\u00e3es, vel\u00f3dromo municipal recebe curso de manuten\u00e7\u00e3o de bicicleta para mulheres - SEMCOM","isPartOf":{"@id":"https:\/\/www.manaus.am.gov.br\/semcom\/#website"},"primaryImageOfPage":{"@id":"https:\/\/www.manaus.am.gov.br\/semcom\/pautas\/em-acao-especial-de-dia-das-maes-velodromo-municipal-recebe-curso-de-manutencao-de-bicicleta-para-mulheres\/#primaryimage"},"image":{"@id":"https:\/\/www.manaus.am.gov.br\/semcom\/pautas\/em-acao-especial-de-dia-das-maes-velodromo-municipal-recebe-curso-de-manutencao-de-bicicleta-para-mulheres\/#primaryimage"},"thumbnailUrl":"https:\/\/www.manaus.am.gov.br\/semcom\/wp-content\/uploads\/sites\/5\/2023\/02\/sugestaodepauta.png","datePublished":"2023-05-12T19:52:29+00:00","dateModified":"2023-05-12T19:52:30+00:00","inLanguage":"pt-BR","potentialAction":[{"@type":"ReadAction","target":["https:\/\/www.manaus.am.gov.br\/semcom\/pautas\/em-acao-especial-de-dia-das-maes-velodromo-municipal-recebe-curso-de-manutencao-de-bicicleta-para-mulheres\/"]}]},{"@type":"ImageObject","inLanguage":"pt-BR","@id":"https:\/\/www.manaus.am.gov.br\/semcom\/pautas\/em-acao-especial-de-dia-das-maes-velodromo-municipal-recebe-curso-de-manutencao-de-bicicleta-para-mulheres\/#primaryimage","url":"https:\/\/www.manaus.am.gov.br\/semcom\/wp-content\/uploads\/sites\/5\/2023\/02\/sugestaodepauta.png","contentUrl":"https:\/\/www.manaus.am.gov.br\/semcom\/wp-content\/uploads\/sites\/5\/2023\/02\/sugestaodepauta.png","width":1020,"height":540},{"@type":"WebSite","@id":"https:\/\/www.manaus.am.gov.br\/semcom\/#website","url":"https:\/\/www.manaus.am.gov.br\/semcom\/","name":"SEMCOM","description":"Secretaria Municipal de Comunica\u00e7\u00e3o","potentialAction":[{"@type":"SearchAction","target":{"@type":"EntryPoint","urlTemplate":"https:\/\/www.manaus.am.gov.br\/semcom\/?s={search_term_string}"},"query-input":"required name=search_term_string"}],"inLanguage":"pt-BR"}]}},"_links":{"self":[{"href":"https:\/\/www.manaus.am.gov.br\/semcom\/wp-json\/wp\/v2\/pautas\/213551"}],"collection":[{"href":"https:\/\/www.manaus.am.gov.br\/semcom\/wp-json\/wp\/v2\/pautas"}],"about":[{"href":"https:\/\/www.manaus.am.gov.br\/semcom\/wp-json\/wp\/v2\/types\/pautas"}],"wp:featuredmedia":[{"embeddable":true,"href":"https:\/\/www.manaus.am.gov.br\/semcom\/wp-json\/wp\/v2\/media\/208729"}],"wp:attachment":[{"href":"https:\/\/www.manaus.am.gov.br\/semcom\/wp-json\/wp\/v2\/media?parent=213551"}],"wp:term":[{"taxonomy":"category","embeddable":true,"href":"https:\/\/www.manaus.am.gov.br\/semcom\/wp-json\/wp\/v2\/categories?post=213551"}],"curies":[{"name":"wp","href":"https:\/\/api.w.org\/{rel}","templated":true}]}}

Em ação especial de Dia das Mães, velódromo municipal recebe curso de manutenção de bicicleta para mulheres

<p>Com apoio da Prefeitura de Manaus, a Federação Amazonense de Ciclismo (Feciclam) promove o primeiro curso básico de manutenção em bicicleta, para mulheres, neste sábado, 13/5, em ação especial do Dia das Mães, comemorado no próximo domingo.&nbsp;</p>



<p>O evento acontece das 9h às 11h, no Velódromo Municipal Alzira Campos, com inscrições gratuitas e limitadas. O objetivo é ensinar elementos básicos de manutenção, como regulagem de freios, principais ferramentas, troca de pneus e câmaras, entre outras abordagens.&nbsp;</p>



<p>Com direito a sorteio de brindes para as participantes, elas também receberão certificado de participação. Interessadas podem procurar informações e efetuar inscrições por meio do número (92) 98400-1553, ou realizar a inscrição antes de iniciar o curso, no próprio local.</p>



<p>&#8212; &#8212; &#8212;</p>



<p><strong>SERVIÇO</strong></p>



<p><strong>O</strong>&nbsp;<strong>quê</strong>&nbsp;&#8211; Curso básico de manutenção em bicicleta, para mulheres</p>



<p><strong>Quando</strong>&nbsp;&#8211; Sábado, 13/5</p>



<p><strong>Horário</strong>&nbsp;&#8211; 9h</p>



<p><strong>Local</strong>&nbsp;&#8211; Velódromo Municipal Professora Alzira Campos, conjunto Aruanã, &nbsp;17, bairro Compensa, zona Oeste.</p>



<p>&#8212; &#8212; –</p>



<p><strong>FME</strong>&nbsp;&#8211; Fundação Manaus Esporte</p>



<p>Assessor Responsável: Tony Maquiné &#8211; (92) 98802-3195</p>

<!-- This site is optimized with the Yoast SEO plugin v23.0 - https://yoast.com/wordpress/plugins/seo/ -->
<title>Em ação especial de Dia das Mães, velódromo municipal recebe curso de manutenção de bicicleta para mulheres - SEMCOM</title>
<meta name="robots" content="index, follow, max-snippet:-1, max-image-preview:large, max-video-preview:-1" />
<link rel="canonical" href="https://www.manaus.am.gov.br/semcom/pautas/em-acao-especial-de-dia-das-maes-velodromo-municipal-recebe-curso-de-manutencao-de-bicicleta-para-mulheres/" />
<meta property="og:locale" content="pt_BR" />
<meta property="og:type" content="article" />
<meta property="og:title" content="Em ação especial de Dia das Mães, velódromo municipal recebe curso de manutenção de bicicleta para mulheres - SEMCOM" />
<meta property="og:url" content="https://www.manaus.am.gov.br/semcom/pautas/em-acao-especial-de-dia-das-maes-velodromo-municipal-recebe-curso-de-manutencao-de-bicicleta-para-mulheres/" />
<meta property="og:site_name" content="SEMCOM" />
<meta property="article:modified_time" content="2023-05-12T19:52:30+00:00" />
<meta property="og:image" content="https://www.manaus.am.gov.br/semcom/wp-content/uploads/sites/5/2023/02/sugestaodepauta.png" />
	<meta property="og:image:width" content="1020" />
	<meta property="og:image:height" content="540" />
	<meta property="og:image:type" content="image/png" />
<meta name="twitter:card" content="summary_large_image" />
<meta name="twitter:label1" content="Est. reading time" />
	<meta name="twitter:data1" content="1 minuto" />
<script type="application/ld+json" class="yoast-schema-graph">{"@context":"https://schema.org","@graph":[{"@type":"WebPage","@id":"https://www.manaus.am.gov.br/semcom/pautas/em-acao-especial-de-dia-das-maes-velodromo-municipal-recebe-curso-de-manutencao-de-bicicleta-para-mulheres/","url":"https://www.manaus.am.gov.br/semcom/pautas/em-acao-especial-de-dia-das-maes-velodromo-municipal-recebe-curso-de-manutencao-de-bicicleta-para-mulheres/","name":"Em ação especial de Dia das Mães, velódromo municipal recebe curso de manutenção de bicicleta para mulheres - SEMCOM","isPartOf":{"@id":"https://www.manaus.am.gov.br/semcom/#website"},"primaryImageOfPage":{"@id":"https://www.manaus.am.gov.br/semcom/pautas/em-acao-especial-de-dia-das-maes-velodromo-municipal-recebe-curso-de-manutencao-de-bicicleta-para-mulheres/#primaryimage"},"image":{"@id":"https://www.manaus.am.gov.br/semcom/pautas/em-acao-especial-de-dia-das-maes-velodromo-municipal-recebe-curso-de-manutencao-de-bicicleta-para-mulheres/#primaryimage"},"thumbnailUrl":"https://www.manaus.am.gov.br/semcom/wp-content/uploads/sites/5/2023/02/sugestaodepauta.png","datePublished":"2023-05-12T19:52:29+00:00","dateModified":"2023-05-12T19:52:30+00:00","inLanguage":"pt-BR","potentialAction":[{"@type":"ReadAction","target":["https://www.manaus.am.gov.br/semcom/pautas/em-acao-especial-de-dia-das-maes-velodromo-municipal-recebe-curso-de-manutencao-de-bicicleta-para-mulheres/"]}]},{"@type":"ImageObject","inLanguage":"pt-BR","@id":"https://www.manaus.am.gov.br/semcom/pautas/em-acao-especial-de-dia-das-maes-velodromo-municipal-recebe-curso-de-manutencao-de-bicicleta-para-mulheres/#primaryimage","url":"https://www.manaus.am.gov.br/semcom/wp-content/uploads/sites/5/2023/02/sugestaodepauta.png","contentUrl":"https://www.manaus.am.gov.br/semcom/wp-content/uploads/sites/5/2023/02/sugestaodepauta.png","width":1020,"height":540},{"@type":"WebSite","@id":"https://www.manaus.am.gov.br/semcom/#website","url":"https://www.manaus.am.gov.br/semcom/","name":"SEMCOM","description":"Secretaria Municipal de Comunicação","potentialAction":[{"@type":"SearchAction","target":{"@type":"EntryPoint","urlTemplate":"https://www.manaus.am.gov.br/semcom/?s={search_term_string}"},"query-input":"required name=search_term_string"}],"inLanguage":"pt-BR"}]}</script>
<!-- / Yoast SEO plugin. -->

Em ação especial de Dia das Mães, velódromo municipal recebe curso de manutenção de bicicleta para mulheres - SEMCOM

Secretaria Municipal de Comunicação
