{"id":213424,"date":"2023-05-10T16:22:26","date_gmt":"2023-05-10T19:22:26","guid":{"rendered":"https:\/\/www.manaus.am.gov.br\/semcom\/?post_type=pautas&#038;p=213424"},"modified":"2023-05-10T16:26:18","modified_gmt":"2023-05-10T19:26:18","slug":"prefeitura-entrega-cheques-simbolicos-aos-contemplados-da-campanha-nota-premiada","status":"publish","type":"pautas","link":"https:\/\/www.manaus.am.gov.br\/semcom\/pautas\/prefeitura-entrega-cheques-simbolicos-aos-contemplados-da-campanha-nota-premiada\/","title":{"rendered":"<strong>Prefeitura entrega cheques simb\u00f3licos aos contemplados da campanha Nota Premiada<\/strong>"},"content":{"rendered":"\n<p>A Prefeitura de Manaus, por meio da Secretaria Municipal de Finan\u00e7as e Tecnologia da Informa\u00e7\u00e3o (Semef), entrega nesta quinta-feira, 11\/5, os cheques simb\u00f3licos aos felizardos do sorteio n\u00ba 2023-03 da campanha Nota Premiada Manaus.<\/p>\n\n\n\n<p>Nesta terceira extra\u00e7\u00e3o de 2023, foram contemplados mais 27 cadastrados que pediram o CPF na Nota Fiscal de Servi\u00e7o Eletr\u00f4nica (NFS-e). A premia\u00e7\u00e3o principal, valor de R$ 30 mil, ser\u00e1 paga a Ellen Marques Freire, que indicou o Lar das Marias para receber o pr\u00eamio social de R$ 15 mil, o que equivale a 50% do pr\u00eamio principal.<\/p>\n\n\n\n<p>A rela\u00e7\u00e3o completa com os contemplados desse sorteio est\u00e1 dispon\u00edvel na p\u00e1gina&nbsp;<a href=\"http:\/\/notapremiada.manaus.am.gov.br\/\" target=\"_blank\" rel=\"noreferrer noopener\">http:\/\/notapremiada.manaus.am.gov.br<\/a>.<\/p>\n\n\n\n<p>A cerim\u00f4nia de entrega das premia\u00e7\u00f5es ocorrer\u00e1 no audit\u00f3rio da Subsecretaria da Receita da Semef, localizado na&nbsp;avenida Japur\u00e1, n\u00ba 493, Centro, anexo do Manaus Atende.<\/p>\n\n\n\n<p><strong>SERVI\u00c7O:<\/strong><\/p>\n\n\n\n<p><strong>O qu\u00ea \u2013<\/strong>&nbsp;Entrega dos cheques simb\u00f3licos da campanha Nota Premiada Manaus<\/p>\n\n\n\n<p><strong>Quando \u2013<\/strong>\u00a0Quinta-feira, 11\/5<\/p>\n\n\n\n<p><strong>Hor\u00e1rio \u2013<\/strong>&nbsp;9h<\/p>\n\n\n\n<p><strong>Local \u2013<\/strong>&nbsp;Audit\u00f3rio da Subsecretaria da Receita da Semef, na&nbsp;avenida Japur\u00e1, n\u00ba 493, Centro (anexo do Manaus Atende)<\/p>\n","protected":false},"featured_media":208729,"template":"","categories":[804],"acf":[],"yoast_head":"<!-- This site is optimized with the Yoast SEO plugin v23.0 - https:\/\/yoast.com\/wordpress\/plugins\/seo\/ -->\n<title>Prefeitura entrega cheques simb\u00f3licos aos contemplados da campanha Nota Premiada<\/title>\n<meta name=\"description\" content=\"A Prefeitura de Manaus, por meio da Secretaria Municipal de Finan\u00e7as e Tecnologia da Informa\u00e7\u00e3o (Semef), entrega nesta quinta-feira, 11\/5, os cheques simb\u00f3licos aos felizardos do sorteio n\u00ba 2023-03 da campanha Nota Premiada Manaus.\" \/>\n<meta name=\"robots\" content=\"index, follow, max-snippet:-1, max-image-preview:large, max-video-preview:-1\" \/>\n<link rel=\"canonical\" href=\"https:\/\/www.manaus.am.gov.br\/semcom\/pautas\/prefeitura-entrega-cheques-simbolicos-aos-contemplados-da-campanha-nota-premiada\/\" \/>\n<meta property=\"og:locale\" content=\"pt_BR\" \/>\n<meta property=\"og:type\" content=\"article\" \/>\n<meta property=\"og:title\" content=\"Prefeitura entrega cheques simb\u00f3licos aos contemplados da campanha Nota Premiada\" \/>\n<meta property=\"og:description\" content=\"A Prefeitura de Manaus, por meio da Secretaria Municipal de Finan\u00e7as e Tecnologia da Informa\u00e7\u00e3o (Semef), entrega nesta quinta-feira, 11\/5, os cheques simb\u00f3licos aos felizardos do sorteio n\u00ba 2023-03 da campanha Nota Premiada Manaus.\" \/>\n<meta property=\"og:url\" content=\"https:\/\/www.manaus.am.gov.br\/semcom\/pautas\/prefeitura-entrega-cheques-simbolicos-aos-contemplados-da-campanha-nota-premiada\/\" \/>\n<meta property=\"og:site_name\" content=\"SEMCOM\" \/>\n<meta property=\"article:modified_time\" content=\"2023-05-10T19:26:18+00:00\" \/>\n<meta property=\"og:image\" content=\"https:\/\/www.manaus.am.gov.br\/semcom\/wp-content\/uploads\/sites\/5\/2023\/02\/sugestaodepauta.png\" \/>\n\t<meta property=\"og:image:width\" content=\"1020\" \/>\n\t<meta property=\"og:image:height\" content=\"540\" \/>\n\t<meta property=\"og:image:type\" content=\"image\/png\" \/>\n<meta name=\"twitter:card\" content=\"summary_large_image\" \/>\n<meta name=\"twitter:label1\" content=\"Est. reading time\" \/>\n\t<meta name=\"twitter:data1\" content=\"1 minuto\" \/>\n<script type=\"application\/ld+json\" class=\"yoast-schema-graph\">{\"@context\":\"https:\/\/schema.org\",\"@graph\":[{\"@type\":\"WebPage\",\"@id\":\"https:\/\/www.manaus.am.gov.br\/semcom\/pautas\/prefeitura-entrega-cheques-simbolicos-aos-contemplados-da-campanha-nota-premiada\/\",\"url\":\"https:\/\/www.manaus.am.gov.br\/semcom\/pautas\/prefeitura-entrega-cheques-simbolicos-aos-contemplados-da-campanha-nota-premiada\/\",\"name\":\"Prefeitura entrega cheques simb\u00f3licos aos contemplados da campanha Nota Premiada\",\"isPartOf\":{\"@id\":\"https:\/\/www.manaus.am.gov.br\/semcom\/#website\"},\"primaryImageOfPage\":{\"@id\":\"https:\/\/www.manaus.am.gov.br\/semcom\/pautas\/prefeitura-entrega-cheques-simbolicos-aos-contemplados-da-campanha-nota-premiada\/#primaryimage\"},\"image\":{\"@id\":\"https:\/\/www.manaus.am.gov.br\/semcom\/pautas\/prefeitura-entrega-cheques-simbolicos-aos-contemplados-da-campanha-nota-premiada\/#primaryimage\"},\"thumbnailUrl\":\"https:\/\/www.manaus.am.gov.br\/semcom\/wp-content\/uploads\/sites\/5\/2023\/02\/sugestaodepauta.png\",\"datePublished\":\"2023-05-10T19:22:26+00:00\",\"dateModified\":\"2023-05-10T19:26:18+00:00\",\"description\":\"A Prefeitura de Manaus, por meio da Secretaria Municipal de Finan\u00e7as e Tecnologia da Informa\u00e7\u00e3o (Semef), entrega nesta quinta-feira, 11\/5, os cheques simb\u00f3licos aos felizardos do sorteio n\u00ba 2023-03 da campanha Nota Premiada Manaus.\",\"inLanguage\":\"pt-BR\",\"potentialAction\":[{\"@type\":\"ReadAction\",\"target\":[\"https:\/\/www.manaus.am.gov.br\/semcom\/pautas\/prefeitura-entrega-cheques-simbolicos-aos-contemplados-da-campanha-nota-premiada\/\"]}]},{\"@type\":\"ImageObject\",\"inLanguage\":\"pt-BR\",\"@id\":\"https:\/\/www.manaus.am.gov.br\/semcom\/pautas\/prefeitura-entrega-cheques-simbolicos-aos-contemplados-da-campanha-nota-premiada\/#primaryimage\",\"url\":\"https:\/\/www.manaus.am.gov.br\/semcom\/wp-content\/uploads\/sites\/5\/2023\/02\/sugestaodepauta.png\",\"contentUrl\":\"https:\/\/www.manaus.am.gov.br\/semcom\/wp-content\/uploads\/sites\/5\/2023\/02\/sugestaodepauta.png\",\"width\":1020,\"height\":540},{\"@type\":\"WebSite\",\"@id\":\"https:\/\/www.manaus.am.gov.br\/semcom\/#website\",\"url\":\"https:\/\/www.manaus.am.gov.br\/semcom\/\",\"name\":\"SEMCOM\",\"description\":\"Secretaria Municipal de Comunica\u00e7\u00e3o\",\"potentialAction\":[{\"@type\":\"SearchAction\",\"target\":{\"@type\":\"EntryPoint\",\"urlTemplate\":\"https:\/\/www.manaus.am.gov.br\/semcom\/?s={search_term_string}\"},\"query-input\":\"required name=search_term_string\"}],\"inLanguage\":\"pt-BR\"}]}<\/script>\n<!-- \/ Yoast SEO plugin. -->","yoast_head_json":{"title":"Prefeitura entrega cheques simb\u00f3licos aos contemplados da campanha Nota Premiada","description":"A Prefeitura de Manaus, por meio da Secretaria Municipal de Finan\u00e7as e Tecnologia da Informa\u00e7\u00e3o (Semef), entrega nesta quinta-feira, 11\/5, os cheques simb\u00f3licos aos felizardos do sorteio n\u00ba 2023-03 da campanha Nota Premiada Manaus.","robots":{"index":"index","follow":"follow","max-snippet":"max-snippet:-1","max-image-preview":"max-image-preview:large","max-video-preview":"max-video-preview:-1"},"canonical":"https:\/\/www.manaus.am.gov.br\/semcom\/pautas\/prefeitura-entrega-cheques-simbolicos-aos-contemplados-da-campanha-nota-premiada\/","og_locale":"pt_BR","og_type":"article","og_title":"Prefeitura entrega cheques simb\u00f3licos aos contemplados da campanha Nota Premiada","og_description":"A Prefeitura de Manaus, por meio da Secretaria Municipal de Finan\u00e7as e Tecnologia da Informa\u00e7\u00e3o (Semef), entrega nesta quinta-feira, 11\/5, os cheques simb\u00f3licos aos felizardos do sorteio n\u00ba 2023-03 da campanha Nota Premiada Manaus.","og_url":"https:\/\/www.manaus.am.gov.br\/semcom\/pautas\/prefeitura-entrega-cheques-simbolicos-aos-contemplados-da-campanha-nota-premiada\/","og_site_name":"SEMCOM","article_modified_time":"2023-05-10T19:26:18+00:00","og_image":[{"width":1020,"height":540,"url":"https:\/\/www.manaus.am.gov.br\/semcom\/wp-content\/uploads\/sites\/5\/2023\/02\/sugestaodepauta.png","type":"image\/png"}],"twitter_card":"summary_large_image","twitter_misc":{"Est. reading time":"1 minuto"},"schema":{"@context":"https:\/\/schema.org","@graph":[{"@type":"WebPage","@id":"https:\/\/www.manaus.am.gov.br\/semcom\/pautas\/prefeitura-entrega-cheques-simbolicos-aos-contemplados-da-campanha-nota-premiada\/","url":"https:\/\/www.manaus.am.gov.br\/semcom\/pautas\/prefeitura-entrega-cheques-simbolicos-aos-contemplados-da-campanha-nota-premiada\/","name":"Prefeitura entrega cheques simb\u00f3licos aos contemplados da campanha Nota Premiada","isPartOf":{"@id":"https:\/\/www.manaus.am.gov.br\/semcom\/#website"},"primaryImageOfPage":{"@id":"https:\/\/www.manaus.am.gov.br\/semcom\/pautas\/prefeitura-entrega-cheques-simbolicos-aos-contemplados-da-campanha-nota-premiada\/#primaryimage"},"image":{"@id":"https:\/\/www.manaus.am.gov.br\/semcom\/pautas\/prefeitura-entrega-cheques-simbolicos-aos-contemplados-da-campanha-nota-premiada\/#primaryimage"},"thumbnailUrl":"https:\/\/www.manaus.am.gov.br\/semcom\/wp-content\/uploads\/sites\/5\/2023\/02\/sugestaodepauta.png","datePublished":"2023-05-10T19:22:26+00:00","dateModified":"2023-05-10T19:26:18+00:00","description":"A Prefeitura de Manaus, por meio da Secretaria Municipal de Finan\u00e7as e Tecnologia da Informa\u00e7\u00e3o (Semef), entrega nesta quinta-feira, 11\/5, os cheques simb\u00f3licos aos felizardos do sorteio n\u00ba 2023-03 da campanha Nota Premiada Manaus.","inLanguage":"pt-BR","potentialAction":[{"@type":"ReadAction","target":["https:\/\/www.manaus.am.gov.br\/semcom\/pautas\/prefeitura-entrega-cheques-simbolicos-aos-contemplados-da-campanha-nota-premiada\/"]}]},{"@type":"ImageObject","inLanguage":"pt-BR","@id":"https:\/\/www.manaus.am.gov.br\/semcom\/pautas\/prefeitura-entrega-cheques-simbolicos-aos-contemplados-da-campanha-nota-premiada\/#primaryimage","url":"https:\/\/www.manaus.am.gov.br\/semcom\/wp-content\/uploads\/sites\/5\/2023\/02\/sugestaodepauta.png","contentUrl":"https:\/\/www.manaus.am.gov.br\/semcom\/wp-content\/uploads\/sites\/5\/2023\/02\/sugestaodepauta.png","width":1020,"height":540},{"@type":"WebSite","@id":"https:\/\/www.manaus.am.gov.br\/semcom\/#website","url":"https:\/\/www.manaus.am.gov.br\/semcom\/","name":"SEMCOM","description":"Secretaria Municipal de Comunica\u00e7\u00e3o","potentialAction":[{"@type":"SearchAction","target":{"@type":"EntryPoint","urlTemplate":"https:\/\/www.manaus.am.gov.br\/semcom\/?s={search_term_string}"},"query-input":"required name=search_term_string"}],"inLanguage":"pt-BR"}]}},"_links":{"self":[{"href":"https:\/\/www.manaus.am.gov.br\/semcom\/wp-json\/wp\/v2\/pautas\/213424"}],"collection":[{"href":"https:\/\/www.manaus.am.gov.br\/semcom\/wp-json\/wp\/v2\/pautas"}],"about":[{"href":"https:\/\/www.manaus.am.gov.br\/semcom\/wp-json\/wp\/v2\/types\/pautas"}],"wp:featuredmedia":[{"embeddable":true,"href":"https:\/\/www.manaus.am.gov.br\/semcom\/wp-json\/wp\/v2\/media\/208729"}],"wp:attachment":[{"href":"https:\/\/www.manaus.am.gov.br\/semcom\/wp-json\/wp\/v2\/media?parent=213424"}],"wp:term":[{"taxonomy":"category","embeddable":true,"href":"https:\/\/www.manaus.am.gov.br\/semcom\/wp-json\/wp\/v2\/categories?post=213424"}],"curies":[{"name":"wp","href":"https:\/\/api.w.org\/{rel}","templated":true}]}}

<strong>Prefeitura entrega cheques simbólicos aos contemplados da campanha Nota Premiada</strong>

<p>A Prefeitura de Manaus, por meio da Secretaria Municipal de Finanças e Tecnologia da Informação (Semef), entrega nesta quinta-feira, 11/5, os cheques simbólicos aos felizardos do sorteio nº 2023-03 da campanha Nota Premiada Manaus.</p>



<p>Nesta terceira extração de 2023, foram contemplados mais 27 cadastrados que pediram o CPF na Nota Fiscal de Serviço Eletrônica (NFS-e). A premiação principal, valor de R$ 30 mil, será paga a Ellen Marques Freire, que indicou o Lar das Marias para receber o prêmio social de R$ 15 mil, o que equivale a 50% do prêmio principal.</p>



<p>A relação completa com os contemplados desse sorteio está disponível na página&nbsp;<a href="http://notapremiada.manaus.am.gov.br/" target="_blank" rel="noreferrer noopener">http://notapremiada.manaus.am.gov.br</a>.</p>



<p>A cerimônia de entrega das premiações ocorrerá no auditório da Subsecretaria da Receita da Semef, localizado na&nbsp;avenida Japurá, nº 493, Centro, anexo do Manaus Atende.</p>



<p><strong>SERVIÇO:</strong></p>



<p><strong>O quê –</strong>&nbsp;Entrega dos cheques simbólicos da campanha Nota Premiada Manaus</p>



<p><strong>Quando –</strong> Quinta-feira, 11/5</p>



<p><strong>Horário –</strong>&nbsp;9h</p>



<p><strong>Local –</strong>&nbsp;Auditório da Subsecretaria da Receita da Semef, na&nbsp;avenida Japurá, nº 493, Centro (anexo do Manaus Atende)</p>

<!-- This site is optimized with the Yoast SEO plugin v23.0 - https://yoast.com/wordpress/plugins/seo/ -->
<title>Prefeitura entrega cheques simbólicos aos contemplados da campanha Nota Premiada</title>
<meta name="description" content="A Prefeitura de Manaus, por meio da Secretaria Municipal de Finanças e Tecnologia da Informação (Semef), entrega nesta quinta-feira, 11/5, os cheques simbólicos aos felizardos do sorteio nº 2023-03 da campanha Nota Premiada Manaus." />
<meta name="robots" content="index, follow, max-snippet:-1, max-image-preview:large, max-video-preview:-1" />
<link rel="canonical" href="https://www.manaus.am.gov.br/semcom/pautas/prefeitura-entrega-cheques-simbolicos-aos-contemplados-da-campanha-nota-premiada/" />
<meta property="og:locale" content="pt_BR" />
<meta property="og:type" content="article" />
<meta property="og:title" content="Prefeitura entrega cheques simbólicos aos contemplados da campanha Nota Premiada" />
<meta property="og:description" content="A Prefeitura de Manaus, por meio da Secretaria Municipal de Finanças e Tecnologia da Informação (Semef), entrega nesta quinta-feira, 11/5, os cheques simbólicos aos felizardos do sorteio nº 2023-03 da campanha Nota Premiada Manaus." />
<meta property="og:url" content="https://www.manaus.am.gov.br/semcom/pautas/prefeitura-entrega-cheques-simbolicos-aos-contemplados-da-campanha-nota-premiada/" />
<meta property="og:site_name" content="SEMCOM" />
<meta property="article:modified_time" content="2023-05-10T19:26:18+00:00" />
<meta property="og:image" content="https://www.manaus.am.gov.br/semcom/wp-content/uploads/sites/5/2023/02/sugestaodepauta.png" />
	<meta property="og:image:width" content="1020" />
	<meta property="og:image:height" content="540" />
	<meta property="og:image:type" content="image/png" />
<meta name="twitter:card" content="summary_large_image" />
<meta name="twitter:label1" content="Est. reading time" />
	<meta name="twitter:data1" content="1 minuto" />
<script type="application/ld+json" class="yoast-schema-graph">{"@context":"https://schema.org","@graph":[{"@type":"WebPage","@id":"https://www.manaus.am.gov.br/semcom/pautas/prefeitura-entrega-cheques-simbolicos-aos-contemplados-da-campanha-nota-premiada/","url":"https://www.manaus.am.gov.br/semcom/pautas/prefeitura-entrega-cheques-simbolicos-aos-contemplados-da-campanha-nota-premiada/","name":"Prefeitura entrega cheques simbólicos aos contemplados da campanha Nota Premiada","isPartOf":{"@id":"https://www.manaus.am.gov.br/semcom/#website"},"primaryImageOfPage":{"@id":"https://www.manaus.am.gov.br/semcom/pautas/prefeitura-entrega-cheques-simbolicos-aos-contemplados-da-campanha-nota-premiada/#primaryimage"},"image":{"@id":"https://www.manaus.am.gov.br/semcom/pautas/prefeitura-entrega-cheques-simbolicos-aos-contemplados-da-campanha-nota-premiada/#primaryimage"},"thumbnailUrl":"https://www.manaus.am.gov.br/semcom/wp-content/uploads/sites/5/2023/02/sugestaodepauta.png","datePublished":"2023-05-10T19:22:26+00:00","dateModified":"2023-05-10T19:26:18+00:00","description":"A Prefeitura de Manaus, por meio da Secretaria Municipal de Finanças e Tecnologia da Informação (Semef), entrega nesta quinta-feira, 11/5, os cheques simbólicos aos felizardos do sorteio nº 2023-03 da campanha Nota Premiada Manaus.","inLanguage":"pt-BR","potentialAction":[{"@type":"ReadAction","target":["https://www.manaus.am.gov.br/semcom/pautas/prefeitura-entrega-cheques-simbolicos-aos-contemplados-da-campanha-nota-premiada/"]}]},{"@type":"ImageObject","inLanguage":"pt-BR","@id":"https://www.manaus.am.gov.br/semcom/pautas/prefeitura-entrega-cheques-simbolicos-aos-contemplados-da-campanha-nota-premiada/#primaryimage","url":"https://www.manaus.am.gov.br/semcom/wp-content/uploads/sites/5/2023/02/sugestaodepauta.png","contentUrl":"https://www.manaus.am.gov.br/semcom/wp-content/uploads/sites/5/2023/02/sugestaodepauta.png","width":1020,"height":540},{"@type":"WebSite","@id":"https://www.manaus.am.gov.br/semcom/#website","url":"https://www.manaus.am.gov.br/semcom/","name":"SEMCOM","description":"Secretaria Municipal de Comunicação","potentialAction":[{"@type":"SearchAction","target":{"@type":"EntryPoint","urlTemplate":"https://www.manaus.am.gov.br/semcom/?s={search_term_string}"},"query-input":"required name=search_term_string"}],"inLanguage":"pt-BR"}]}</script>
<!-- / Yoast SEO plugin. -->

Prefeitura entrega cheques simbólicos aos contemplados da campanha Nota Premiada

A Prefeitura de Manaus, por meio da Secretaria Municipal de Finanças e Tecnologia da Informação (Semef), entrega nesta quinta-feira, 11/5, os cheques simbólicos aos felizardos do sorteio nº 2023-03 da campanha Nota Premiada Manaus.

Secretaria Municipal de Comunicação
