{"id":213416,"date":"2023-05-10T12:53:37","date_gmt":"2023-05-10T15:53:37","guid":{"rendered":"https:\/\/www.manaus.am.gov.br\/semcom\/?post_type=pautas&#038;p=213416"},"modified":"2023-05-10T12:53:38","modified_gmt":"2023-05-10T15:53:38","slug":"casinhas-de-livros","status":"publish","type":"pautas","link":"https:\/\/www.manaus.am.gov.br\/semcom\/pautas\/casinhas-de-livros\/","title":{"rendered":"<strong>Prefeitura inaugura \u201cCasinhas de Livros\u201d para estimular a leitura dos estudantes da rede municipal<\/strong>"},"content":{"rendered":"\n<p>A Prefeitura de Manaus, em parceria com a CEC Brasil, inaugura, nesta quinta-feira, 11\/5, o projeto \u201cCasinha de Livros\u201d, em duas unidades de ensino coordenadas pela Secretaria Municipal de Educa\u00e7\u00e3o (Semed). A inaugura\u00e7\u00e3o na&nbsp;escola municipal Ester,&nbsp;na rodovia BR-174, Km 8, ser\u00e1 \u00e0s 10h. \u00c0s 14h, \u00e9 a vez da escola municipal Prof\u00aa Perc\u00edlia do Nascimento Souza, na rua Ribeiro Couto, n\u00b0 2, bairro Compensa, zona Oeste.&nbsp;<\/p>\n\n\n\n<p>O projeto \u201cCasinha de Livros\u201d cria espa\u00e7os f\u00edsicos e simb\u00f3licos de emancipa\u00e7\u00e3o social, por meio da forma\u00e7\u00e3o do leitor, da educa\u00e7\u00e3o e socializa\u00e7\u00e3o, utilizando a leitura como atrativo e ponto de encontro. O espa\u00e7o l\u00fadico conta com um acervo de 600 livros, sendo um ambiente de conhecimento, divers\u00e3o e inspira\u00e7\u00e3o para os estudantes.&nbsp;<\/p>\n\n\n\n<p><strong>SERVI\u00c7O:&nbsp;<\/strong><\/p>\n\n\n\n<p><strong>O Qu\u00ea<\/strong>&nbsp;&#8211; Inaugura\u00e7\u00e3o do projeto \u201cCasinha de Livros\u201d em duas escolas da Prefeitura de Manaus<\/p>\n\n\n\n<p><strong>Quando<\/strong>&nbsp;&#8211; Quinta-feira, 11\/5<\/p>\n\n\n\n<p><strong>Hor\u00e1rio<\/strong>&nbsp;&#8211; 10h e 14h<\/p>\n\n\n\n<p><strong>Local<\/strong>&nbsp;\u2013 10h &#8211;&nbsp;escola municipal Ester, localizada na BR-174, Km 8; 14h &#8211; escola municipal Prof\u00aa Percilia do Nascimento Souza, localizada na rua Ribeiro Couto, n\u00b0 2, bairro Compensa, zona Oeste.<\/p>\n","protected":false},"featured_media":208729,"template":"","categories":[788],"acf":[],"yoast_head":"<!-- This site is optimized with the Yoast SEO plugin v23.0 - https:\/\/yoast.com\/wordpress\/plugins\/seo\/ -->\n<title>Prefeitura inaugura \u201cCasinhas de Livros\u201d para estimular a leitura dos estudantes da rede municipal<\/title>\n<meta name=\"description\" content=\"A Prefeitura de Manaus, em parceria com a CEC Brasil, inaugura, nesta quinta-feira, 11\/5, o projeto \u201cCasinha de Livros\u201d, em duas unidades de ensino\" \/>\n<meta name=\"robots\" content=\"index, follow, max-snippet:-1, max-image-preview:large, max-video-preview:-1\" \/>\n<link rel=\"canonical\" href=\"https:\/\/www.manaus.am.gov.br\/semcom\/pautas\/casinhas-de-livros\/\" \/>\n<meta property=\"og:locale\" content=\"pt_BR\" \/>\n<meta property=\"og:type\" content=\"article\" \/>\n<meta property=\"og:title\" content=\"Prefeitura inaugura \u201cCasinhas de Livros\u201d para estimular a leitura dos estudantes da rede municipal\" \/>\n<meta property=\"og:description\" content=\"A Prefeitura de Manaus, em parceria com a CEC Brasil, inaugura, nesta quinta-feira, 11\/5, o projeto \u201cCasinha de Livros\u201d, em duas unidades de ensino\" \/>\n<meta property=\"og:url\" content=\"https:\/\/www.manaus.am.gov.br\/semcom\/pautas\/casinhas-de-livros\/\" \/>\n<meta property=\"og:site_name\" content=\"SEMCOM\" \/>\n<meta property=\"article:modified_time\" content=\"2023-05-10T15:53:38+00:00\" \/>\n<meta property=\"og:image\" content=\"https:\/\/www.manaus.am.gov.br\/semcom\/wp-content\/uploads\/sites\/5\/2023\/02\/sugestaodepauta.png\" \/>\n\t<meta property=\"og:image:width\" content=\"1020\" \/>\n\t<meta property=\"og:image:height\" content=\"540\" \/>\n\t<meta property=\"og:image:type\" content=\"image\/png\" \/>\n<meta name=\"twitter:card\" content=\"summary_large_image\" \/>\n<meta name=\"twitter:label1\" content=\"Est. reading time\" \/>\n\t<meta name=\"twitter:data1\" content=\"1 minuto\" \/>\n<script type=\"application\/ld+json\" class=\"yoast-schema-graph\">{\"@context\":\"https:\/\/schema.org\",\"@graph\":[{\"@type\":\"WebPage\",\"@id\":\"https:\/\/www.manaus.am.gov.br\/semcom\/pautas\/casinhas-de-livros\/\",\"url\":\"https:\/\/www.manaus.am.gov.br\/semcom\/pautas\/casinhas-de-livros\/\",\"name\":\"Prefeitura inaugura \u201cCasinhas de Livros\u201d para estimular a leitura dos estudantes da rede municipal\",\"isPartOf\":{\"@id\":\"https:\/\/www.manaus.am.gov.br\/semcom\/#website\"},\"primaryImageOfPage\":{\"@id\":\"https:\/\/www.manaus.am.gov.br\/semcom\/pautas\/casinhas-de-livros\/#primaryimage\"},\"image\":{\"@id\":\"https:\/\/www.manaus.am.gov.br\/semcom\/pautas\/casinhas-de-livros\/#primaryimage\"},\"thumbnailUrl\":\"https:\/\/www.manaus.am.gov.br\/semcom\/wp-content\/uploads\/sites\/5\/2023\/02\/sugestaodepauta.png\",\"datePublished\":\"2023-05-10T15:53:37+00:00\",\"dateModified\":\"2023-05-10T15:53:38+00:00\",\"description\":\"A Prefeitura de Manaus, em parceria com a CEC Brasil, inaugura, nesta quinta-feira, 11\/5, o projeto \u201cCasinha de Livros\u201d, em duas unidades de ensino\",\"inLanguage\":\"pt-BR\",\"potentialAction\":[{\"@type\":\"ReadAction\",\"target\":[\"https:\/\/www.manaus.am.gov.br\/semcom\/pautas\/casinhas-de-livros\/\"]}]},{\"@type\":\"ImageObject\",\"inLanguage\":\"pt-BR\",\"@id\":\"https:\/\/www.manaus.am.gov.br\/semcom\/pautas\/casinhas-de-livros\/#primaryimage\",\"url\":\"https:\/\/www.manaus.am.gov.br\/semcom\/wp-content\/uploads\/sites\/5\/2023\/02\/sugestaodepauta.png\",\"contentUrl\":\"https:\/\/www.manaus.am.gov.br\/semcom\/wp-content\/uploads\/sites\/5\/2023\/02\/sugestaodepauta.png\",\"width\":1020,\"height\":540},{\"@type\":\"WebSite\",\"@id\":\"https:\/\/www.manaus.am.gov.br\/semcom\/#website\",\"url\":\"https:\/\/www.manaus.am.gov.br\/semcom\/\",\"name\":\"SEMCOM\",\"description\":\"Secretaria Municipal de Comunica\u00e7\u00e3o\",\"potentialAction\":[{\"@type\":\"SearchAction\",\"target\":{\"@type\":\"EntryPoint\",\"urlTemplate\":\"https:\/\/www.manaus.am.gov.br\/semcom\/?s={search_term_string}\"},\"query-input\":\"required name=search_term_string\"}],\"inLanguage\":\"pt-BR\"}]}<\/script>\n<!-- \/ Yoast SEO plugin. -->","yoast_head_json":{"title":"Prefeitura inaugura \u201cCasinhas de Livros\u201d para estimular a leitura dos estudantes da rede municipal","description":"A Prefeitura de Manaus, em parceria com a CEC Brasil, inaugura, nesta quinta-feira, 11\/5, o projeto \u201cCasinha de Livros\u201d, em duas unidades de ensino","robots":{"index":"index","follow":"follow","max-snippet":"max-snippet:-1","max-image-preview":"max-image-preview:large","max-video-preview":"max-video-preview:-1"},"canonical":"https:\/\/www.manaus.am.gov.br\/semcom\/pautas\/casinhas-de-livros\/","og_locale":"pt_BR","og_type":"article","og_title":"Prefeitura inaugura \u201cCasinhas de Livros\u201d para estimular a leitura dos estudantes da rede municipal","og_description":"A Prefeitura de Manaus, em parceria com a CEC Brasil, inaugura, nesta quinta-feira, 11\/5, o projeto \u201cCasinha de Livros\u201d, em duas unidades de ensino","og_url":"https:\/\/www.manaus.am.gov.br\/semcom\/pautas\/casinhas-de-livros\/","og_site_name":"SEMCOM","article_modified_time":"2023-05-10T15:53:38+00:00","og_image":[{"width":1020,"height":540,"url":"https:\/\/www.manaus.am.gov.br\/semcom\/wp-content\/uploads\/sites\/5\/2023\/02\/sugestaodepauta.png","type":"image\/png"}],"twitter_card":"summary_large_image","twitter_misc":{"Est. reading time":"1 minuto"},"schema":{"@context":"https:\/\/schema.org","@graph":[{"@type":"WebPage","@id":"https:\/\/www.manaus.am.gov.br\/semcom\/pautas\/casinhas-de-livros\/","url":"https:\/\/www.manaus.am.gov.br\/semcom\/pautas\/casinhas-de-livros\/","name":"Prefeitura inaugura \u201cCasinhas de Livros\u201d para estimular a leitura dos estudantes da rede municipal","isPartOf":{"@id":"https:\/\/www.manaus.am.gov.br\/semcom\/#website"},"primaryImageOfPage":{"@id":"https:\/\/www.manaus.am.gov.br\/semcom\/pautas\/casinhas-de-livros\/#primaryimage"},"image":{"@id":"https:\/\/www.manaus.am.gov.br\/semcom\/pautas\/casinhas-de-livros\/#primaryimage"},"thumbnailUrl":"https:\/\/www.manaus.am.gov.br\/semcom\/wp-content\/uploads\/sites\/5\/2023\/02\/sugestaodepauta.png","datePublished":"2023-05-10T15:53:37+00:00","dateModified":"2023-05-10T15:53:38+00:00","description":"A Prefeitura de Manaus, em parceria com a CEC Brasil, inaugura, nesta quinta-feira, 11\/5, o projeto \u201cCasinha de Livros\u201d, em duas unidades de ensino","inLanguage":"pt-BR","potentialAction":[{"@type":"ReadAction","target":["https:\/\/www.manaus.am.gov.br\/semcom\/pautas\/casinhas-de-livros\/"]}]},{"@type":"ImageObject","inLanguage":"pt-BR","@id":"https:\/\/www.manaus.am.gov.br\/semcom\/pautas\/casinhas-de-livros\/#primaryimage","url":"https:\/\/www.manaus.am.gov.br\/semcom\/wp-content\/uploads\/sites\/5\/2023\/02\/sugestaodepauta.png","contentUrl":"https:\/\/www.manaus.am.gov.br\/semcom\/wp-content\/uploads\/sites\/5\/2023\/02\/sugestaodepauta.png","width":1020,"height":540},{"@type":"WebSite","@id":"https:\/\/www.manaus.am.gov.br\/semcom\/#website","url":"https:\/\/www.manaus.am.gov.br\/semcom\/","name":"SEMCOM","description":"Secretaria Municipal de Comunica\u00e7\u00e3o","potentialAction":[{"@type":"SearchAction","target":{"@type":"EntryPoint","urlTemplate":"https:\/\/www.manaus.am.gov.br\/semcom\/?s={search_term_string}"},"query-input":"required name=search_term_string"}],"inLanguage":"pt-BR"}]}},"_links":{"self":[{"href":"https:\/\/www.manaus.am.gov.br\/semcom\/wp-json\/wp\/v2\/pautas\/213416"}],"collection":[{"href":"https:\/\/www.manaus.am.gov.br\/semcom\/wp-json\/wp\/v2\/pautas"}],"about":[{"href":"https:\/\/www.manaus.am.gov.br\/semcom\/wp-json\/wp\/v2\/types\/pautas"}],"wp:featuredmedia":[{"embeddable":true,"href":"https:\/\/www.manaus.am.gov.br\/semcom\/wp-json\/wp\/v2\/media\/208729"}],"wp:attachment":[{"href":"https:\/\/www.manaus.am.gov.br\/semcom\/wp-json\/wp\/v2\/media?parent=213416"}],"wp:term":[{"taxonomy":"category","embeddable":true,"href":"https:\/\/www.manaus.am.gov.br\/semcom\/wp-json\/wp\/v2\/categories?post=213416"}],"curies":[{"name":"wp","href":"https:\/\/api.w.org\/{rel}","templated":true}]}}

<p>A Prefeitura de Manaus, em parceria com a CEC Brasil, inaugura, nesta quinta-feira, 11/5, o projeto “Casinha de Livros”, em duas unidades de ensino coordenadas pela Secretaria Municipal de Educação (Semed). A inauguração na&nbsp;escola municipal Ester,&nbsp;na rodovia BR-174, Km 8, será às 10h. Às 14h, é a vez da escola municipal Profª Percília do Nascimento Souza, na rua Ribeiro Couto, n° 2, bairro Compensa, zona Oeste.&nbsp;</p>



<p>O projeto “Casinha de Livros” cria espaços físicos e simbólicos de emancipação social, por meio da formação do leitor, da educação e socialização, utilizando a leitura como atrativo e ponto de encontro. O espaço lúdico conta com um acervo de 600 livros, sendo um ambiente de conhecimento, diversão e inspiração para os estudantes.&nbsp;</p>



<p><strong>SERVIÇO:&nbsp;</strong></p>



<p><strong>O Quê</strong>&nbsp;&#8211; Inauguração do projeto “Casinha de Livros” em duas escolas da Prefeitura de Manaus</p>



<p><strong>Quando</strong>&nbsp;&#8211; Quinta-feira, 11/5</p>



<p><strong>Horário</strong>&nbsp;&#8211; 10h e 14h</p>



<p><strong>Local</strong>&nbsp;– 10h &#8211;&nbsp;escola municipal Ester, localizada na BR-174, Km 8; 14h &#8211; escola municipal Profª Percilia do Nascimento Souza, localizada na rua Ribeiro Couto, n° 2, bairro Compensa, zona Oeste.</p>

<!-- This site is optimized with the Yoast SEO plugin v23.0 - https://yoast.com/wordpress/plugins/seo/ -->
<title>Prefeitura inaugura “Casinhas de Livros” para estimular a leitura dos estudantes da rede municipal</title>
<meta name="description" content="A Prefeitura de Manaus, em parceria com a CEC Brasil, inaugura, nesta quinta-feira, 11/5, o projeto “Casinha de Livros”, em duas unidades de ensino" />
<meta name="robots" content="index, follow, max-snippet:-1, max-image-preview:large, max-video-preview:-1" />
<link rel="canonical" href="https://www.manaus.am.gov.br/semcom/pautas/casinhas-de-livros/" />
<meta property="og:locale" content="pt_BR" />
<meta property="og:type" content="article" />
<meta property="og:title" content="Prefeitura inaugura “Casinhas de Livros” para estimular a leitura dos estudantes da rede municipal" />
<meta property="og:description" content="A Prefeitura de Manaus, em parceria com a CEC Brasil, inaugura, nesta quinta-feira, 11/5, o projeto “Casinha de Livros”, em duas unidades de ensino" />
<meta property="og:url" content="https://www.manaus.am.gov.br/semcom/pautas/casinhas-de-livros/" />
<meta property="og:site_name" content="SEMCOM" />
<meta property="article:modified_time" content="2023-05-10T15:53:38+00:00" />
<meta property="og:image" content="https://www.manaus.am.gov.br/semcom/wp-content/uploads/sites/5/2023/02/sugestaodepauta.png" />
	<meta property="og:image:width" content="1020" />
	<meta property="og:image:height" content="540" />
	<meta property="og:image:type" content="image/png" />
<meta name="twitter:card" content="summary_large_image" />
<meta name="twitter:label1" content="Est. reading time" />
	<meta name="twitter:data1" content="1 minuto" />
<script type="application/ld+json" class="yoast-schema-graph">{"@context":"https://schema.org","@graph":[{"@type":"WebPage","@id":"https://www.manaus.am.gov.br/semcom/pautas/casinhas-de-livros/","url":"https://www.manaus.am.gov.br/semcom/pautas/casinhas-de-livros/","name":"Prefeitura inaugura “Casinhas de Livros” para estimular a leitura dos estudantes da rede municipal","isPartOf":{"@id":"https://www.manaus.am.gov.br/semcom/#website"},"primaryImageOfPage":{"@id":"https://www.manaus.am.gov.br/semcom/pautas/casinhas-de-livros/#primaryimage"},"image":{"@id":"https://www.manaus.am.gov.br/semcom/pautas/casinhas-de-livros/#primaryimage"},"thumbnailUrl":"https://www.manaus.am.gov.br/semcom/wp-content/uploads/sites/5/2023/02/sugestaodepauta.png","datePublished":"2023-05-10T15:53:37+00:00","dateModified":"2023-05-10T15:53:38+00:00","description":"A Prefeitura de Manaus, em parceria com a CEC Brasil, inaugura, nesta quinta-feira, 11/5, o projeto “Casinha de Livros”, em duas unidades de ensino","inLanguage":"pt-BR","potentialAction":[{"@type":"ReadAction","target":["https://www.manaus.am.gov.br/semcom/pautas/casinhas-de-livros/"]}]},{"@type":"ImageObject","inLanguage":"pt-BR","@id":"https://www.manaus.am.gov.br/semcom/pautas/casinhas-de-livros/#primaryimage","url":"https://www.manaus.am.gov.br/semcom/wp-content/uploads/sites/5/2023/02/sugestaodepauta.png","contentUrl":"https://www.manaus.am.gov.br/semcom/wp-content/uploads/sites/5/2023/02/sugestaodepauta.png","width":1020,"height":540},{"@type":"WebSite","@id":"https://www.manaus.am.gov.br/semcom/#website","url":"https://www.manaus.am.gov.br/semcom/","name":"SEMCOM","description":"Secretaria Municipal de Comunicação","potentialAction":[{"@type":"SearchAction","target":{"@type":"EntryPoint","urlTemplate":"https://www.manaus.am.gov.br/semcom/?s={search_term_string}"},"query-input":"required name=search_term_string"}],"inLanguage":"pt-BR"}]}</script>
<!-- / Yoast SEO plugin. -->

Secretaria Municipal de Comunicação
