{"id":213304,"date":"2023-05-07T11:15:39","date_gmt":"2023-05-07T14:15:39","guid":{"rendered":"https:\/\/www.manaus.am.gov.br\/semcom\/?post_type=pautas&#038;p=213304"},"modified":"2023-05-07T11:15:40","modified_gmt":"2023-05-07T14:15:40","slug":"prefeitura-de-manaus-encaminha-plano-municipal-de-cultura-a-cmm-para-avaliacao-e-aprovacao","status":"publish","type":"pautas","link":"https:\/\/www.manaus.am.gov.br\/semcom\/pautas\/prefeitura-de-manaus-encaminha-plano-municipal-de-cultura-a-cmm-para-avaliacao-e-aprovacao\/","title":{"rendered":"<strong>Prefeitura de Manaus encaminha Plano Municipal de Cultura \u00e0 CMM para avalia\u00e7\u00e3o e aprova\u00e7\u00e3o<\/strong>"},"content":{"rendered":"\n<p>A Prefeitura de Manaus vai dar entrada ao Plano Municipal de Cultura (PMC), na C\u00e2mara Municipal de Manaus (CMM), nesta segunda-feira, 8\/5, \u00e0s 9h. O documento \u00e9 um trabalho em conjunto da Funda\u00e7\u00e3o Municipal de Cultura, Turismo e Eventos (Manauscult), via Conselho Municipal de Cultura (Concultura), com trabalhadores e artistas dos v\u00e1rios segmentos culturais.<\/p>\n\n\n\n<p>No per\u00edodo de um ano, a gest\u00e3o atual conseguiu implementar o plano, que teve in\u00edcio em 2011 e ficou parado desde 2012 e que j\u00e1 deveria estar vigorando desde a cria\u00e7\u00e3o do conselho em 2003.<\/p>\n\n\n\n<p>O PMC vai passar por avalia\u00e7\u00e3o da CMM, que organizar\u00e1 o processo nas comiss\u00f5es e nos prazos regimentais vai realizar audi\u00eancias p\u00fablicas e coloc\u00e1-lo em pauta para vota\u00e7\u00e3o e aprova\u00e7\u00e3o e, em seguida, ser sancionado pelo prefeito David Almeida.<\/p>\n\n\n\n<p>&#8212; &#8212; &#8212;<\/p>\n\n\n\n<p><strong>SERVI\u00c7O<\/strong><\/p>\n\n\n\n<p><strong>O qu\u00ea<\/strong>&nbsp;&#8211; Entrega do Plano Municipal de Cultura (PMC) \u00e0 CMM<\/p>\n\n\n\n<p><strong>Quando<\/strong>&nbsp;&#8211; Segunda-feira, 8\/5<\/p>\n\n\n\n<p><strong>Hor\u00e1rio<\/strong>&nbsp;&#8211; 9h<\/p>\n\n\n\n<p><strong>Local&nbsp;<\/strong>&#8211; C\u00e2mara Municipal de Manaus, na rua Martin Caballero, bairro S\u00e3o Raimundo, zona Oeste.<\/p>\n","protected":false},"featured_media":208729,"template":"","categories":[],"acf":[],"yoast_head":"<!-- This site is optimized with the Yoast SEO plugin v23.0 - https:\/\/yoast.com\/wordpress\/plugins\/seo\/ -->\n<title>Prefeitura de Manaus encaminha Plano Municipal de Cultura \u00e0 CMM para avalia\u00e7\u00e3o e aprova\u00e7\u00e3o - SEMCOM<\/title>\n<meta name=\"robots\" content=\"index, follow, max-snippet:-1, max-image-preview:large, max-video-preview:-1\" \/>\n<link rel=\"canonical\" href=\"https:\/\/www.manaus.am.gov.br\/semcom\/pautas\/prefeitura-de-manaus-encaminha-plano-municipal-de-cultura-a-cmm-para-avaliacao-e-aprovacao\/\" \/>\n<meta property=\"og:locale\" content=\"pt_BR\" \/>\n<meta property=\"og:type\" content=\"article\" \/>\n<meta property=\"og:title\" content=\"Prefeitura de Manaus encaminha Plano Municipal de Cultura \u00e0 CMM para avalia\u00e7\u00e3o e aprova\u00e7\u00e3o - SEMCOM\" \/>\n<meta property=\"og:url\" content=\"https:\/\/www.manaus.am.gov.br\/semcom\/pautas\/prefeitura-de-manaus-encaminha-plano-municipal-de-cultura-a-cmm-para-avaliacao-e-aprovacao\/\" \/>\n<meta property=\"og:site_name\" content=\"SEMCOM\" \/>\n<meta property=\"article:modified_time\" content=\"2023-05-07T14:15:40+00:00\" \/>\n<meta property=\"og:image\" content=\"https:\/\/www.manaus.am.gov.br\/semcom\/wp-content\/uploads\/sites\/5\/2023\/02\/sugestaodepauta.png\" \/>\n\t<meta property=\"og:image:width\" content=\"1020\" \/>\n\t<meta property=\"og:image:height\" content=\"540\" \/>\n\t<meta property=\"og:image:type\" content=\"image\/png\" \/>\n<meta name=\"twitter:card\" content=\"summary_large_image\" \/>\n<meta name=\"twitter:label1\" content=\"Est. reading time\" \/>\n\t<meta name=\"twitter:data1\" content=\"1 minuto\" \/>\n<script type=\"application\/ld+json\" class=\"yoast-schema-graph\">{\"@context\":\"https:\/\/schema.org\",\"@graph\":[{\"@type\":\"WebPage\",\"@id\":\"https:\/\/www.manaus.am.gov.br\/semcom\/pautas\/prefeitura-de-manaus-encaminha-plano-municipal-de-cultura-a-cmm-para-avaliacao-e-aprovacao\/\",\"url\":\"https:\/\/www.manaus.am.gov.br\/semcom\/pautas\/prefeitura-de-manaus-encaminha-plano-municipal-de-cultura-a-cmm-para-avaliacao-e-aprovacao\/\",\"name\":\"Prefeitura de Manaus encaminha Plano Municipal de Cultura \u00e0 CMM para avalia\u00e7\u00e3o e aprova\u00e7\u00e3o - SEMCOM\",\"isPartOf\":{\"@id\":\"https:\/\/www.manaus.am.gov.br\/semcom\/#website\"},\"primaryImageOfPage\":{\"@id\":\"https:\/\/www.manaus.am.gov.br\/semcom\/pautas\/prefeitura-de-manaus-encaminha-plano-municipal-de-cultura-a-cmm-para-avaliacao-e-aprovacao\/#primaryimage\"},\"image\":{\"@id\":\"https:\/\/www.manaus.am.gov.br\/semcom\/pautas\/prefeitura-de-manaus-encaminha-plano-municipal-de-cultura-a-cmm-para-avaliacao-e-aprovacao\/#primaryimage\"},\"thumbnailUrl\":\"https:\/\/www.manaus.am.gov.br\/semcom\/wp-content\/uploads\/sites\/5\/2023\/02\/sugestaodepauta.png\",\"datePublished\":\"2023-05-07T14:15:39+00:00\",\"dateModified\":\"2023-05-07T14:15:40+00:00\",\"inLanguage\":\"pt-BR\",\"potentialAction\":[{\"@type\":\"ReadAction\",\"target\":[\"https:\/\/www.manaus.am.gov.br\/semcom\/pautas\/prefeitura-de-manaus-encaminha-plano-municipal-de-cultura-a-cmm-para-avaliacao-e-aprovacao\/\"]}]},{\"@type\":\"ImageObject\",\"inLanguage\":\"pt-BR\",\"@id\":\"https:\/\/www.manaus.am.gov.br\/semcom\/pautas\/prefeitura-de-manaus-encaminha-plano-municipal-de-cultura-a-cmm-para-avaliacao-e-aprovacao\/#primaryimage\",\"url\":\"https:\/\/www.manaus.am.gov.br\/semcom\/wp-content\/uploads\/sites\/5\/2023\/02\/sugestaodepauta.png\",\"contentUrl\":\"https:\/\/www.manaus.am.gov.br\/semcom\/wp-content\/uploads\/sites\/5\/2023\/02\/sugestaodepauta.png\",\"width\":1020,\"height\":540},{\"@type\":\"WebSite\",\"@id\":\"https:\/\/www.manaus.am.gov.br\/semcom\/#website\",\"url\":\"https:\/\/www.manaus.am.gov.br\/semcom\/\",\"name\":\"SEMCOM\",\"description\":\"Secretaria Municipal de Comunica\u00e7\u00e3o\",\"potentialAction\":[{\"@type\":\"SearchAction\",\"target\":{\"@type\":\"EntryPoint\",\"urlTemplate\":\"https:\/\/www.manaus.am.gov.br\/semcom\/?s={search_term_string}\"},\"query-input\":\"required name=search_term_string\"}],\"inLanguage\":\"pt-BR\"}]}<\/script>\n<!-- \/ Yoast SEO plugin. -->","yoast_head_json":{"title":"Prefeitura de Manaus encaminha Plano Municipal de Cultura \u00e0 CMM para avalia\u00e7\u00e3o e aprova\u00e7\u00e3o - SEMCOM","robots":{"index":"index","follow":"follow","max-snippet":"max-snippet:-1","max-image-preview":"max-image-preview:large","max-video-preview":"max-video-preview:-1"},"canonical":"https:\/\/www.manaus.am.gov.br\/semcom\/pautas\/prefeitura-de-manaus-encaminha-plano-municipal-de-cultura-a-cmm-para-avaliacao-e-aprovacao\/","og_locale":"pt_BR","og_type":"article","og_title":"Prefeitura de Manaus encaminha Plano Municipal de Cultura \u00e0 CMM para avalia\u00e7\u00e3o e aprova\u00e7\u00e3o - SEMCOM","og_url":"https:\/\/www.manaus.am.gov.br\/semcom\/pautas\/prefeitura-de-manaus-encaminha-plano-municipal-de-cultura-a-cmm-para-avaliacao-e-aprovacao\/","og_site_name":"SEMCOM","article_modified_time":"2023-05-07T14:15:40+00:00","og_image":[{"width":1020,"height":540,"url":"https:\/\/www.manaus.am.gov.br\/semcom\/wp-content\/uploads\/sites\/5\/2023\/02\/sugestaodepauta.png","type":"image\/png"}],"twitter_card":"summary_large_image","twitter_misc":{"Est. reading time":"1 minuto"},"schema":{"@context":"https:\/\/schema.org","@graph":[{"@type":"WebPage","@id":"https:\/\/www.manaus.am.gov.br\/semcom\/pautas\/prefeitura-de-manaus-encaminha-plano-municipal-de-cultura-a-cmm-para-avaliacao-e-aprovacao\/","url":"https:\/\/www.manaus.am.gov.br\/semcom\/pautas\/prefeitura-de-manaus-encaminha-plano-municipal-de-cultura-a-cmm-para-avaliacao-e-aprovacao\/","name":"Prefeitura de Manaus encaminha Plano Municipal de Cultura \u00e0 CMM para avalia\u00e7\u00e3o e aprova\u00e7\u00e3o - SEMCOM","isPartOf":{"@id":"https:\/\/www.manaus.am.gov.br\/semcom\/#website"},"primaryImageOfPage":{"@id":"https:\/\/www.manaus.am.gov.br\/semcom\/pautas\/prefeitura-de-manaus-encaminha-plano-municipal-de-cultura-a-cmm-para-avaliacao-e-aprovacao\/#primaryimage"},"image":{"@id":"https:\/\/www.manaus.am.gov.br\/semcom\/pautas\/prefeitura-de-manaus-encaminha-plano-municipal-de-cultura-a-cmm-para-avaliacao-e-aprovacao\/#primaryimage"},"thumbnailUrl":"https:\/\/www.manaus.am.gov.br\/semcom\/wp-content\/uploads\/sites\/5\/2023\/02\/sugestaodepauta.png","datePublished":"2023-05-07T14:15:39+00:00","dateModified":"2023-05-07T14:15:40+00:00","inLanguage":"pt-BR","potentialAction":[{"@type":"ReadAction","target":["https:\/\/www.manaus.am.gov.br\/semcom\/pautas\/prefeitura-de-manaus-encaminha-plano-municipal-de-cultura-a-cmm-para-avaliacao-e-aprovacao\/"]}]},{"@type":"ImageObject","inLanguage":"pt-BR","@id":"https:\/\/www.manaus.am.gov.br\/semcom\/pautas\/prefeitura-de-manaus-encaminha-plano-municipal-de-cultura-a-cmm-para-avaliacao-e-aprovacao\/#primaryimage","url":"https:\/\/www.manaus.am.gov.br\/semcom\/wp-content\/uploads\/sites\/5\/2023\/02\/sugestaodepauta.png","contentUrl":"https:\/\/www.manaus.am.gov.br\/semcom\/wp-content\/uploads\/sites\/5\/2023\/02\/sugestaodepauta.png","width":1020,"height":540},{"@type":"WebSite","@id":"https:\/\/www.manaus.am.gov.br\/semcom\/#website","url":"https:\/\/www.manaus.am.gov.br\/semcom\/","name":"SEMCOM","description":"Secretaria Municipal de Comunica\u00e7\u00e3o","potentialAction":[{"@type":"SearchAction","target":{"@type":"EntryPoint","urlTemplate":"https:\/\/www.manaus.am.gov.br\/semcom\/?s={search_term_string}"},"query-input":"required name=search_term_string"}],"inLanguage":"pt-BR"}]}},"_links":{"self":[{"href":"https:\/\/www.manaus.am.gov.br\/semcom\/wp-json\/wp\/v2\/pautas\/213304"}],"collection":[{"href":"https:\/\/www.manaus.am.gov.br\/semcom\/wp-json\/wp\/v2\/pautas"}],"about":[{"href":"https:\/\/www.manaus.am.gov.br\/semcom\/wp-json\/wp\/v2\/types\/pautas"}],"wp:featuredmedia":[{"embeddable":true,"href":"https:\/\/www.manaus.am.gov.br\/semcom\/wp-json\/wp\/v2\/media\/208729"}],"wp:attachment":[{"href":"https:\/\/www.manaus.am.gov.br\/semcom\/wp-json\/wp\/v2\/media?parent=213304"}],"wp:term":[{"taxonomy":"category","embeddable":true,"href":"https:\/\/www.manaus.am.gov.br\/semcom\/wp-json\/wp\/v2\/categories?post=213304"}],"curies":[{"name":"wp","href":"https:\/\/api.w.org\/{rel}","templated":true}]}}

<strong>Prefeitura de Manaus encaminha Plano Municipal de Cultura à CMM para avaliação e aprovação</strong>

<p>A Prefeitura de Manaus vai dar entrada ao Plano Municipal de Cultura (PMC), na Câmara Municipal de Manaus (CMM), nesta segunda-feira, 8/5, às 9h. O documento é um trabalho em conjunto da Fundação Municipal de Cultura, Turismo e Eventos (Manauscult), via Conselho Municipal de Cultura (Concultura), com trabalhadores e artistas dos vários segmentos culturais.</p>



<p>No período de um ano, a gestão atual conseguiu implementar o plano, que teve início em 2011 e ficou parado desde 2012 e que já deveria estar vigorando desde a criação do conselho em 2003.</p>



<p>O PMC vai passar por avaliação da CMM, que organizará o processo nas comissões e nos prazos regimentais vai realizar audiências públicas e colocá-lo em pauta para votação e aprovação e, em seguida, ser sancionado pelo prefeito David Almeida.</p>



<p>&#8212; &#8212; &#8212;</p>



<p><strong>SERVIÇO</strong></p>



<p><strong>O quê</strong>&nbsp;&#8211; Entrega do Plano Municipal de Cultura (PMC) à CMM</p>



<p><strong>Quando</strong>&nbsp;&#8211; Segunda-feira, 8/5</p>



<p><strong>Horário</strong>&nbsp;&#8211; 9h</p>



<p><strong>Local&nbsp;</strong>&#8211; Câmara Municipal de Manaus, na rua Martin Caballero, bairro São Raimundo, zona Oeste.</p>

<!-- This site is optimized with the Yoast SEO plugin v23.0 - https://yoast.com/wordpress/plugins/seo/ -->
<title>Prefeitura de Manaus encaminha Plano Municipal de Cultura à CMM para avaliação e aprovação - SEMCOM</title>
<meta name="robots" content="index, follow, max-snippet:-1, max-image-preview:large, max-video-preview:-1" />
<link rel="canonical" href="https://www.manaus.am.gov.br/semcom/pautas/prefeitura-de-manaus-encaminha-plano-municipal-de-cultura-a-cmm-para-avaliacao-e-aprovacao/" />
<meta property="og:locale" content="pt_BR" />
<meta property="og:type" content="article" />
<meta property="og:title" content="Prefeitura de Manaus encaminha Plano Municipal de Cultura à CMM para avaliação e aprovação - SEMCOM" />
<meta property="og:url" content="https://www.manaus.am.gov.br/semcom/pautas/prefeitura-de-manaus-encaminha-plano-municipal-de-cultura-a-cmm-para-avaliacao-e-aprovacao/" />
<meta property="og:site_name" content="SEMCOM" />
<meta property="article:modified_time" content="2023-05-07T14:15:40+00:00" />
<meta property="og:image" content="https://www.manaus.am.gov.br/semcom/wp-content/uploads/sites/5/2023/02/sugestaodepauta.png" />
	<meta property="og:image:width" content="1020" />
	<meta property="og:image:height" content="540" />
	<meta property="og:image:type" content="image/png" />
<meta name="twitter:card" content="summary_large_image" />
<meta name="twitter:label1" content="Est. reading time" />
	<meta name="twitter:data1" content="1 minuto" />
<script type="application/ld+json" class="yoast-schema-graph">{"@context":"https://schema.org","@graph":[{"@type":"WebPage","@id":"https://www.manaus.am.gov.br/semcom/pautas/prefeitura-de-manaus-encaminha-plano-municipal-de-cultura-a-cmm-para-avaliacao-e-aprovacao/","url":"https://www.manaus.am.gov.br/semcom/pautas/prefeitura-de-manaus-encaminha-plano-municipal-de-cultura-a-cmm-para-avaliacao-e-aprovacao/","name":"Prefeitura de Manaus encaminha Plano Municipal de Cultura à CMM para avaliação e aprovação - SEMCOM","isPartOf":{"@id":"https://www.manaus.am.gov.br/semcom/#website"},"primaryImageOfPage":{"@id":"https://www.manaus.am.gov.br/semcom/pautas/prefeitura-de-manaus-encaminha-plano-municipal-de-cultura-a-cmm-para-avaliacao-e-aprovacao/#primaryimage"},"image":{"@id":"https://www.manaus.am.gov.br/semcom/pautas/prefeitura-de-manaus-encaminha-plano-municipal-de-cultura-a-cmm-para-avaliacao-e-aprovacao/#primaryimage"},"thumbnailUrl":"https://www.manaus.am.gov.br/semcom/wp-content/uploads/sites/5/2023/02/sugestaodepauta.png","datePublished":"2023-05-07T14:15:39+00:00","dateModified":"2023-05-07T14:15:40+00:00","inLanguage":"pt-BR","potentialAction":[{"@type":"ReadAction","target":["https://www.manaus.am.gov.br/semcom/pautas/prefeitura-de-manaus-encaminha-plano-municipal-de-cultura-a-cmm-para-avaliacao-e-aprovacao/"]}]},{"@type":"ImageObject","inLanguage":"pt-BR","@id":"https://www.manaus.am.gov.br/semcom/pautas/prefeitura-de-manaus-encaminha-plano-municipal-de-cultura-a-cmm-para-avaliacao-e-aprovacao/#primaryimage","url":"https://www.manaus.am.gov.br/semcom/wp-content/uploads/sites/5/2023/02/sugestaodepauta.png","contentUrl":"https://www.manaus.am.gov.br/semcom/wp-content/uploads/sites/5/2023/02/sugestaodepauta.png","width":1020,"height":540},{"@type":"WebSite","@id":"https://www.manaus.am.gov.br/semcom/#website","url":"https://www.manaus.am.gov.br/semcom/","name":"SEMCOM","description":"Secretaria Municipal de Comunicação","potentialAction":[{"@type":"SearchAction","target":{"@type":"EntryPoint","urlTemplate":"https://www.manaus.am.gov.br/semcom/?s={search_term_string}"},"query-input":"required name=search_term_string"}],"inLanguage":"pt-BR"}]}</script>
<!-- / Yoast SEO plugin. -->

Prefeitura de Manaus encaminha Plano Municipal de Cultura à CMM para avaliação e aprovação - SEMCOM

Secretaria Municipal de Comunicação
