{"id":213251,"date":"2023-05-05T13:29:10","date_gmt":"2023-05-05T16:29:10","guid":{"rendered":"https:\/\/www.manaus.am.gov.br\/semcom\/?post_type=pautas&#038;p=213251"},"modified":"2023-05-05T13:29:11","modified_gmt":"2023-05-05T16:29:11","slug":"prefeito-assina-ordem-de-servico-para-reforma-do-terminal-de-integracao-3","status":"publish","type":"pautas","link":"https:\/\/www.manaus.am.gov.br\/semcom\/pautas\/prefeito-assina-ordem-de-servico-para-reforma-do-terminal-de-integracao-3\/","title":{"rendered":"<strong>Prefeito assina ordem de servi\u00e7o para reforma do Terminal de Integra\u00e7\u00e3o 3<\/strong>"},"content":{"rendered":"\n<p>O prefeito de Manaus, David Almeida, juntamente com o diretor-presidente do Instituto Municipal de Mobilidade Urbana (IMMU), Paulo Henrique Martins, e o secret\u00e1rio municipal de Infraestrutura (Seminf), Renato Junior, assinar\u00e3o, \u00e0s 15h da segunda-feira, 8\/5, a ordem de servi\u00e7o para a reforma e manuten\u00e7\u00e3o do Terminal de Integra\u00e7\u00e3o do bairro Cidade Nova (T3), na avenida Noel Nutels, zona Norte da cidade.<\/p>\n\n\n\n<p>No local, ser\u00e1 realizada uma manuten\u00e7\u00e3o, abrangendo a aplica\u00e7\u00e3o de pintura nova, reformas nos banheiros, reparos na cobertura e troca da ilumina\u00e7\u00e3o, com uma nova identidade visual a ser implementada. Al\u00e9m disso, ser\u00e3o aplicadas faixas de pedestres e linhas de bordo para a sinaliza\u00e7\u00e3o vi\u00e1ria.<\/p>\n\n\n\n<p>O terminal do bairro Cidade Nova atende, diariamente, mais de 30 mil passageiros que utilizam as 42 linhas que circulam por todos os bairros da zona Norte e, ainda, parte das zonas Oeste e Leste.<\/p>\n\n\n\n<p><strong>SERVI\u00c7O:<\/strong><\/p>\n\n\n\n<p><strong>O qu\u00ea<\/strong> \u2013 Assinatura da ordem de servi\u00e7o do Terminal 3<\/p>\n\n\n\n<p><strong>Quando<\/strong> \u2013 Segunda-feira, 8\/5<\/p>\n\n\n\n<p><strong>Hor\u00e1rio<\/strong> \u2013 15h<\/p>\n\n\n\n<p><strong>Local<\/strong> &#8211; Terminal 3, na avenida Noel Nutels, bairro Cidade Nova, zona Norte.<\/p>\n","protected":false},"featured_media":208729,"template":"","categories":[809],"acf":[],"yoast_head":"<!-- This site is optimized with the Yoast SEO plugin v23.0 - https:\/\/yoast.com\/wordpress\/plugins\/seo\/ -->\n<title>Prefeito assina ordem de servi\u00e7o para reforma do Terminal de Integra\u00e7\u00e3o 3<\/title>\n<meta name=\"description\" content=\"O prefeito de Manaus, David Almeida, juntamente com o diretor-presidente do Instituto Municipal de Mobilidade Urbana (IMMU), Paulo Henrique Martins, e o secret\u00e1rio municipal de Infraestrutura (Seminf), Renato Junior, assinar\u00e3o, \u00e0s 15h da segunda-feira, 8\/5, a ordem de servi\u00e7o para a reforma e manuten\u00e7\u00e3o do Terminal de Integra\u00e7\u00e3o do bairro Cidade Nova (T3), na avenida Noel Nutels, zona Norte da cidade.\" \/>\n<meta name=\"robots\" content=\"index, follow, max-snippet:-1, max-image-preview:large, max-video-preview:-1\" \/>\n<link rel=\"canonical\" href=\"https:\/\/www.manaus.am.gov.br\/semcom\/pautas\/prefeito-assina-ordem-de-servico-para-reforma-do-terminal-de-integracao-3\/\" \/>\n<meta property=\"og:locale\" content=\"pt_BR\" \/>\n<meta property=\"og:type\" content=\"article\" \/>\n<meta property=\"og:title\" content=\"Prefeito assina ordem de servi\u00e7o para reforma do Terminal de Integra\u00e7\u00e3o 3\" \/>\n<meta property=\"og:description\" content=\"O prefeito de Manaus, David Almeida, juntamente com o diretor-presidente do Instituto Municipal de Mobilidade Urbana (IMMU), Paulo Henrique Martins, e o secret\u00e1rio municipal de Infraestrutura (Seminf), Renato Junior, assinar\u00e3o, \u00e0s 15h da segunda-feira, 8\/5, a ordem de servi\u00e7o para a reforma e manuten\u00e7\u00e3o do Terminal de Integra\u00e7\u00e3o do bairro Cidade Nova (T3), na avenida Noel Nutels, zona Norte da cidade.\" \/>\n<meta property=\"og:url\" content=\"https:\/\/www.manaus.am.gov.br\/semcom\/pautas\/prefeito-assina-ordem-de-servico-para-reforma-do-terminal-de-integracao-3\/\" \/>\n<meta property=\"og:site_name\" content=\"SEMCOM\" \/>\n<meta property=\"article:modified_time\" content=\"2023-05-05T16:29:11+00:00\" \/>\n<meta property=\"og:image\" content=\"https:\/\/www.manaus.am.gov.br\/semcom\/wp-content\/uploads\/sites\/5\/2023\/02\/sugestaodepauta.png\" \/>\n\t<meta property=\"og:image:width\" content=\"1020\" \/>\n\t<meta property=\"og:image:height\" content=\"540\" \/>\n\t<meta property=\"og:image:type\" content=\"image\/png\" \/>\n<meta name=\"twitter:card\" content=\"summary_large_image\" \/>\n<meta name=\"twitter:label1\" content=\"Est. reading time\" \/>\n\t<meta name=\"twitter:data1\" content=\"1 minuto\" \/>\n<script type=\"application\/ld+json\" class=\"yoast-schema-graph\">{\"@context\":\"https:\/\/schema.org\",\"@graph\":[{\"@type\":\"WebPage\",\"@id\":\"https:\/\/www.manaus.am.gov.br\/semcom\/pautas\/prefeito-assina-ordem-de-servico-para-reforma-do-terminal-de-integracao-3\/\",\"url\":\"https:\/\/www.manaus.am.gov.br\/semcom\/pautas\/prefeito-assina-ordem-de-servico-para-reforma-do-terminal-de-integracao-3\/\",\"name\":\"Prefeito assina ordem de servi\u00e7o para reforma do Terminal de Integra\u00e7\u00e3o 3\",\"isPartOf\":{\"@id\":\"https:\/\/www.manaus.am.gov.br\/semcom\/#website\"},\"primaryImageOfPage\":{\"@id\":\"https:\/\/www.manaus.am.gov.br\/semcom\/pautas\/prefeito-assina-ordem-de-servico-para-reforma-do-terminal-de-integracao-3\/#primaryimage\"},\"image\":{\"@id\":\"https:\/\/www.manaus.am.gov.br\/semcom\/pautas\/prefeito-assina-ordem-de-servico-para-reforma-do-terminal-de-integracao-3\/#primaryimage\"},\"thumbnailUrl\":\"https:\/\/www.manaus.am.gov.br\/semcom\/wp-content\/uploads\/sites\/5\/2023\/02\/sugestaodepauta.png\",\"datePublished\":\"2023-05-05T16:29:10+00:00\",\"dateModified\":\"2023-05-05T16:29:11+00:00\",\"description\":\"O prefeito de Manaus, David Almeida, juntamente com o diretor-presidente do Instituto Municipal de Mobilidade Urbana (IMMU), Paulo Henrique Martins, e o secret\u00e1rio municipal de Infraestrutura (Seminf), Renato Junior, assinar\u00e3o, \u00e0s 15h da segunda-feira, 8\/5, a ordem de servi\u00e7o para a reforma e manuten\u00e7\u00e3o do Terminal de Integra\u00e7\u00e3o do bairro Cidade Nova (T3), na avenida Noel Nutels, zona Norte da cidade.\",\"inLanguage\":\"pt-BR\",\"potentialAction\":[{\"@type\":\"ReadAction\",\"target\":[\"https:\/\/www.manaus.am.gov.br\/semcom\/pautas\/prefeito-assina-ordem-de-servico-para-reforma-do-terminal-de-integracao-3\/\"]}]},{\"@type\":\"ImageObject\",\"inLanguage\":\"pt-BR\",\"@id\":\"https:\/\/www.manaus.am.gov.br\/semcom\/pautas\/prefeito-assina-ordem-de-servico-para-reforma-do-terminal-de-integracao-3\/#primaryimage\",\"url\":\"https:\/\/www.manaus.am.gov.br\/semcom\/wp-content\/uploads\/sites\/5\/2023\/02\/sugestaodepauta.png\",\"contentUrl\":\"https:\/\/www.manaus.am.gov.br\/semcom\/wp-content\/uploads\/sites\/5\/2023\/02\/sugestaodepauta.png\",\"width\":1020,\"height\":540},{\"@type\":\"WebSite\",\"@id\":\"https:\/\/www.manaus.am.gov.br\/semcom\/#website\",\"url\":\"https:\/\/www.manaus.am.gov.br\/semcom\/\",\"name\":\"SEMCOM\",\"description\":\"Secretaria Municipal de Comunica\u00e7\u00e3o\",\"potentialAction\":[{\"@type\":\"SearchAction\",\"target\":{\"@type\":\"EntryPoint\",\"urlTemplate\":\"https:\/\/www.manaus.am.gov.br\/semcom\/?s={search_term_string}\"},\"query-input\":\"required name=search_term_string\"}],\"inLanguage\":\"pt-BR\"}]}<\/script>\n<!-- \/ Yoast SEO plugin. -->","yoast_head_json":{"title":"Prefeito assina ordem de servi\u00e7o para reforma do Terminal de Integra\u00e7\u00e3o 3","description":"O prefeito de Manaus, David Almeida, juntamente com o diretor-presidente do Instituto Municipal de Mobilidade Urbana (IMMU), Paulo Henrique Martins, e o secret\u00e1rio municipal de Infraestrutura (Seminf), Renato Junior, assinar\u00e3o, \u00e0s 15h da segunda-feira, 8\/5, a ordem de servi\u00e7o para a reforma e manuten\u00e7\u00e3o do Terminal de Integra\u00e7\u00e3o do bairro Cidade Nova (T3), na avenida Noel Nutels, zona Norte da cidade.","robots":{"index":"index","follow":"follow","max-snippet":"max-snippet:-1","max-image-preview":"max-image-preview:large","max-video-preview":"max-video-preview:-1"},"canonical":"https:\/\/www.manaus.am.gov.br\/semcom\/pautas\/prefeito-assina-ordem-de-servico-para-reforma-do-terminal-de-integracao-3\/","og_locale":"pt_BR","og_type":"article","og_title":"Prefeito assina ordem de servi\u00e7o para reforma do Terminal de Integra\u00e7\u00e3o 3","og_description":"O prefeito de Manaus, David Almeida, juntamente com o diretor-presidente do Instituto Municipal de Mobilidade Urbana (IMMU), Paulo Henrique Martins, e o secret\u00e1rio municipal de Infraestrutura (Seminf), Renato Junior, assinar\u00e3o, \u00e0s 15h da segunda-feira, 8\/5, a ordem de servi\u00e7o para a reforma e manuten\u00e7\u00e3o do Terminal de Integra\u00e7\u00e3o do bairro Cidade Nova (T3), na avenida Noel Nutels, zona Norte da cidade.","og_url":"https:\/\/www.manaus.am.gov.br\/semcom\/pautas\/prefeito-assina-ordem-de-servico-para-reforma-do-terminal-de-integracao-3\/","og_site_name":"SEMCOM","article_modified_time":"2023-05-05T16:29:11+00:00","og_image":[{"width":1020,"height":540,"url":"https:\/\/www.manaus.am.gov.br\/semcom\/wp-content\/uploads\/sites\/5\/2023\/02\/sugestaodepauta.png","type":"image\/png"}],"twitter_card":"summary_large_image","twitter_misc":{"Est. reading time":"1 minuto"},"schema":{"@context":"https:\/\/schema.org","@graph":[{"@type":"WebPage","@id":"https:\/\/www.manaus.am.gov.br\/semcom\/pautas\/prefeito-assina-ordem-de-servico-para-reforma-do-terminal-de-integracao-3\/","url":"https:\/\/www.manaus.am.gov.br\/semcom\/pautas\/prefeito-assina-ordem-de-servico-para-reforma-do-terminal-de-integracao-3\/","name":"Prefeito assina ordem de servi\u00e7o para reforma do Terminal de Integra\u00e7\u00e3o 3","isPartOf":{"@id":"https:\/\/www.manaus.am.gov.br\/semcom\/#website"},"primaryImageOfPage":{"@id":"https:\/\/www.manaus.am.gov.br\/semcom\/pautas\/prefeito-assina-ordem-de-servico-para-reforma-do-terminal-de-integracao-3\/#primaryimage"},"image":{"@id":"https:\/\/www.manaus.am.gov.br\/semcom\/pautas\/prefeito-assina-ordem-de-servico-para-reforma-do-terminal-de-integracao-3\/#primaryimage"},"thumbnailUrl":"https:\/\/www.manaus.am.gov.br\/semcom\/wp-content\/uploads\/sites\/5\/2023\/02\/sugestaodepauta.png","datePublished":"2023-05-05T16:29:10+00:00","dateModified":"2023-05-05T16:29:11+00:00","description":"O prefeito de Manaus, David Almeida, juntamente com o diretor-presidente do Instituto Municipal de Mobilidade Urbana (IMMU), Paulo Henrique Martins, e o secret\u00e1rio municipal de Infraestrutura (Seminf), Renato Junior, assinar\u00e3o, \u00e0s 15h da segunda-feira, 8\/5, a ordem de servi\u00e7o para a reforma e manuten\u00e7\u00e3o do Terminal de Integra\u00e7\u00e3o do bairro Cidade Nova (T3), na avenida Noel Nutels, zona Norte da cidade.","inLanguage":"pt-BR","potentialAction":[{"@type":"ReadAction","target":["https:\/\/www.manaus.am.gov.br\/semcom\/pautas\/prefeito-assina-ordem-de-servico-para-reforma-do-terminal-de-integracao-3\/"]}]},{"@type":"ImageObject","inLanguage":"pt-BR","@id":"https:\/\/www.manaus.am.gov.br\/semcom\/pautas\/prefeito-assina-ordem-de-servico-para-reforma-do-terminal-de-integracao-3\/#primaryimage","url":"https:\/\/www.manaus.am.gov.br\/semcom\/wp-content\/uploads\/sites\/5\/2023\/02\/sugestaodepauta.png","contentUrl":"https:\/\/www.manaus.am.gov.br\/semcom\/wp-content\/uploads\/sites\/5\/2023\/02\/sugestaodepauta.png","width":1020,"height":540},{"@type":"WebSite","@id":"https:\/\/www.manaus.am.gov.br\/semcom\/#website","url":"https:\/\/www.manaus.am.gov.br\/semcom\/","name":"SEMCOM","description":"Secretaria Municipal de Comunica\u00e7\u00e3o","potentialAction":[{"@type":"SearchAction","target":{"@type":"EntryPoint","urlTemplate":"https:\/\/www.manaus.am.gov.br\/semcom\/?s={search_term_string}"},"query-input":"required name=search_term_string"}],"inLanguage":"pt-BR"}]}},"_links":{"self":[{"href":"https:\/\/www.manaus.am.gov.br\/semcom\/wp-json\/wp\/v2\/pautas\/213251"}],"collection":[{"href":"https:\/\/www.manaus.am.gov.br\/semcom\/wp-json\/wp\/v2\/pautas"}],"about":[{"href":"https:\/\/www.manaus.am.gov.br\/semcom\/wp-json\/wp\/v2\/types\/pautas"}],"wp:featuredmedia":[{"embeddable":true,"href":"https:\/\/www.manaus.am.gov.br\/semcom\/wp-json\/wp\/v2\/media\/208729"}],"wp:attachment":[{"href":"https:\/\/www.manaus.am.gov.br\/semcom\/wp-json\/wp\/v2\/media?parent=213251"}],"wp:term":[{"taxonomy":"category","embeddable":true,"href":"https:\/\/www.manaus.am.gov.br\/semcom\/wp-json\/wp\/v2\/categories?post=213251"}],"curies":[{"name":"wp","href":"https:\/\/api.w.org\/{rel}","templated":true}]}}

<strong>Prefeito assina ordem de serviço para reforma do Terminal de Integração 3</strong>

<p>O prefeito de Manaus, David Almeida, juntamente com o diretor-presidente do Instituto Municipal de Mobilidade Urbana (IMMU), Paulo Henrique Martins, e o secretário municipal de Infraestrutura (Seminf), Renato Junior, assinarão, às 15h da segunda-feira, 8/5, a ordem de serviço para a reforma e manutenção do Terminal de Integração do bairro Cidade Nova (T3), na avenida Noel Nutels, zona Norte da cidade.</p>



<p>No local, será realizada uma manutenção, abrangendo a aplicação de pintura nova, reformas nos banheiros, reparos na cobertura e troca da iluminação, com uma nova identidade visual a ser implementada. Além disso, serão aplicadas faixas de pedestres e linhas de bordo para a sinalização viária.</p>



<p>O terminal do bairro Cidade Nova atende, diariamente, mais de 30 mil passageiros que utilizam as 42 linhas que circulam por todos os bairros da zona Norte e, ainda, parte das zonas Oeste e Leste.</p>



<p><strong>SERVIÇO:</strong></p>



<p><strong>O quê</strong> – Assinatura da ordem de serviço do Terminal 3</p>



<p><strong>Quando</strong> – Segunda-feira, 8/5</p>



<p><strong>Horário</strong> – 15h</p>



<p><strong>Local</strong> &#8211; Terminal 3, na avenida Noel Nutels, bairro Cidade Nova, zona Norte.</p>

<!-- This site is optimized with the Yoast SEO plugin v23.0 - https://yoast.com/wordpress/plugins/seo/ -->
<title>Prefeito assina ordem de serviço para reforma do Terminal de Integração 3</title>
<meta name="description" content="O prefeito de Manaus, David Almeida, juntamente com o diretor-presidente do Instituto Municipal de Mobilidade Urbana (IMMU), Paulo Henrique Martins, e o secretário municipal de Infraestrutura (Seminf), Renato Junior, assinarão, às 15h da segunda-feira, 8/5, a ordem de serviço para a reforma e manutenção do Terminal de Integração do bairro Cidade Nova (T3), na avenida Noel Nutels, zona Norte da cidade." />
<meta name="robots" content="index, follow, max-snippet:-1, max-image-preview:large, max-video-preview:-1" />
<link rel="canonical" href="https://www.manaus.am.gov.br/semcom/pautas/prefeito-assina-ordem-de-servico-para-reforma-do-terminal-de-integracao-3/" />
<meta property="og:locale" content="pt_BR" />
<meta property="og:type" content="article" />
<meta property="og:title" content="Prefeito assina ordem de serviço para reforma do Terminal de Integração 3" />
<meta property="og:description" content="O prefeito de Manaus, David Almeida, juntamente com o diretor-presidente do Instituto Municipal de Mobilidade Urbana (IMMU), Paulo Henrique Martins, e o secretário municipal de Infraestrutura (Seminf), Renato Junior, assinarão, às 15h da segunda-feira, 8/5, a ordem de serviço para a reforma e manutenção do Terminal de Integração do bairro Cidade Nova (T3), na avenida Noel Nutels, zona Norte da cidade." />
<meta property="og:url" content="https://www.manaus.am.gov.br/semcom/pautas/prefeito-assina-ordem-de-servico-para-reforma-do-terminal-de-integracao-3/" />
<meta property="og:site_name" content="SEMCOM" />
<meta property="article:modified_time" content="2023-05-05T16:29:11+00:00" />
<meta property="og:image" content="https://www.manaus.am.gov.br/semcom/wp-content/uploads/sites/5/2023/02/sugestaodepauta.png" />
	<meta property="og:image:width" content="1020" />
	<meta property="og:image:height" content="540" />
	<meta property="og:image:type" content="image/png" />
<meta name="twitter:card" content="summary_large_image" />
<meta name="twitter:label1" content="Est. reading time" />
	<meta name="twitter:data1" content="1 minuto" />
<script type="application/ld+json" class="yoast-schema-graph">{"@context":"https://schema.org","@graph":[{"@type":"WebPage","@id":"https://www.manaus.am.gov.br/semcom/pautas/prefeito-assina-ordem-de-servico-para-reforma-do-terminal-de-integracao-3/","url":"https://www.manaus.am.gov.br/semcom/pautas/prefeito-assina-ordem-de-servico-para-reforma-do-terminal-de-integracao-3/","name":"Prefeito assina ordem de serviço para reforma do Terminal de Integração 3","isPartOf":{"@id":"https://www.manaus.am.gov.br/semcom/#website"},"primaryImageOfPage":{"@id":"https://www.manaus.am.gov.br/semcom/pautas/prefeito-assina-ordem-de-servico-para-reforma-do-terminal-de-integracao-3/#primaryimage"},"image":{"@id":"https://www.manaus.am.gov.br/semcom/pautas/prefeito-assina-ordem-de-servico-para-reforma-do-terminal-de-integracao-3/#primaryimage"},"thumbnailUrl":"https://www.manaus.am.gov.br/semcom/wp-content/uploads/sites/5/2023/02/sugestaodepauta.png","datePublished":"2023-05-05T16:29:10+00:00","dateModified":"2023-05-05T16:29:11+00:00","description":"O prefeito de Manaus, David Almeida, juntamente com o diretor-presidente do Instituto Municipal de Mobilidade Urbana (IMMU), Paulo Henrique Martins, e o secretário municipal de Infraestrutura (Seminf), Renato Junior, assinarão, às 15h da segunda-feira, 8/5, a ordem de serviço para a reforma e manutenção do Terminal de Integração do bairro Cidade Nova (T3), na avenida Noel Nutels, zona Norte da cidade.","inLanguage":"pt-BR","potentialAction":[{"@type":"ReadAction","target":["https://www.manaus.am.gov.br/semcom/pautas/prefeito-assina-ordem-de-servico-para-reforma-do-terminal-de-integracao-3/"]}]},{"@type":"ImageObject","inLanguage":"pt-BR","@id":"https://www.manaus.am.gov.br/semcom/pautas/prefeito-assina-ordem-de-servico-para-reforma-do-terminal-de-integracao-3/#primaryimage","url":"https://www.manaus.am.gov.br/semcom/wp-content/uploads/sites/5/2023/02/sugestaodepauta.png","contentUrl":"https://www.manaus.am.gov.br/semcom/wp-content/uploads/sites/5/2023/02/sugestaodepauta.png","width":1020,"height":540},{"@type":"WebSite","@id":"https://www.manaus.am.gov.br/semcom/#website","url":"https://www.manaus.am.gov.br/semcom/","name":"SEMCOM","description":"Secretaria Municipal de Comunicação","potentialAction":[{"@type":"SearchAction","target":{"@type":"EntryPoint","urlTemplate":"https://www.manaus.am.gov.br/semcom/?s={search_term_string}"},"query-input":"required name=search_term_string"}],"inLanguage":"pt-BR"}]}</script>
<!-- / Yoast SEO plugin. -->

Prefeito assina ordem de serviço para reforma do Terminal de Integração 3

O prefeito de Manaus, David Almeida, juntamente com o diretor-presidente do Instituto Municipal de Mobilidade Urbana (IMMU), Paulo Henrique Martins, e o secretário municipal de Infraestrutura (Seminf), Renato Junior, assinarão, às 15h da segunda-feira, 8/5, a ordem de serviço para a reforma e manutenção do Terminal de Integração do bairro Cidade Nova (T3), na avenida Noel Nutels, zona Norte da cidade.

Secretaria Municipal de Comunicação
