{"id":212833,"date":"2023-05-03T12:48:50","date_gmt":"2023-05-03T15:48:50","guid":{"rendered":"https:\/\/www.manaus.am.gov.br\/semcom\/?post_type=pautas&#038;p=212833"},"modified":"2023-05-03T12:48:51","modified_gmt":"2023-05-03T15:48:51","slug":"prefeitura-de-manaus-reinaugura-duas-escolas-na-zona-leste-de-manaus","status":"publish","type":"pautas","link":"https:\/\/www.manaus.am.gov.br\/semcom\/pautas\/prefeitura-de-manaus-reinaugura-duas-escolas-na-zona-leste-de-manaus\/","title":{"rendered":"<strong>Prefeitura de Manaus reinaugura duas escolas na zona Leste de Manaus<\/strong>"},"content":{"rendered":"\n<p>Com o intuito de proporcionar um ambiente de qualidade e dignidade aos estudantes da rede municipal de ensino, a Prefeitura de Manaus, por meio da Secretaria Municipal de Educa\u00e7\u00e3o (Semed), reinaugura, nesta quarta-feira, 3\/5, \u00e0s 14h30, e \u00e0s 15h30, as escolas municipais Professora Francisca Pergentina, localizada na rua Manduri, 1.096 &#8211; Zumbi dos Palmares, e a Carolina Perolina Raimunda Almeida, na rua Barreirinha, n\u00b0 500, bairro S\u00e3o Jos\u00e9 Oper\u00e1rio, zona Leste.<\/p>\n\n\n\n<p>A primeira escola aguardava por uma reforma h\u00e1 10 anos, enquanto a segunda estava h\u00e1&nbsp;29 anos sem receber revitaliza\u00e7\u00e3o.<\/p>\n\n\n\n<p><strong>SERVI\u00c7O:<\/strong><\/p>\n\n\n\n<p><strong>O qu\u00ea<\/strong>&nbsp;&#8211; Reinaugura\u00e7\u00e3o das escolas municipais Professora Francisca Pergentina da Silva e Carolina Perolina Raimunda Almeida<\/p>\n\n\n\n<p><strong>Quando<\/strong>&nbsp;&#8211; Quarta-feira, 3\/5<\/p>\n\n\n\n<p><strong>Hor\u00e1rios e locais<\/strong>&nbsp;\u2013 14h30, escola municipal Professora Francisca Pergentina, rua Manduri, 1.096 &#8211; Zumbi dos Palmares; 15h30, escola municipal Carolina Perolina Raimunda Almeida, rua Barreirinha, n\u00b0 500, no bairro S\u00e3o Jos\u00e9 Oper\u00e1rio, zona Leste.<\/p>\n","protected":false},"featured_media":208729,"template":"","categories":[788],"acf":[],"yoast_head":"<!-- This site is optimized with the Yoast SEO plugin v23.0 - https:\/\/yoast.com\/wordpress\/plugins\/seo\/ -->\n<title>Prefeitura de Manaus reinaugura duas escolas na zona Leste de Manaus<\/title>\n<meta name=\"description\" content=\"Com o intuito de proporcionar um ambiente de qualidade e dignidade aos estudantes da rede municipal de ensino, a Prefeitura de Manaus, por meio da Secretaria Municipal de Educa\u00e7\u00e3o (Semed), reinaugura, nesta quarta-feira, 3\/5, \u00e0s 14h30, e \u00e0s 15h30, as escolas municipais Professora Francisca Pergentina, localizada na rua Manduri, 1.096 - Zumbi dos Palmares, e a Carolina Perolina Raimunda Almeida\" \/>\n<meta name=\"robots\" content=\"index, follow, max-snippet:-1, max-image-preview:large, max-video-preview:-1\" \/>\n<link rel=\"canonical\" href=\"https:\/\/www.manaus.am.gov.br\/semcom\/pautas\/prefeitura-de-manaus-reinaugura-duas-escolas-na-zona-leste-de-manaus\/\" \/>\n<meta property=\"og:locale\" content=\"pt_BR\" \/>\n<meta property=\"og:type\" content=\"article\" \/>\n<meta property=\"og:title\" content=\"Prefeitura de Manaus reinaugura duas escolas na zona Leste de Manaus\" \/>\n<meta property=\"og:description\" content=\"Com o intuito de proporcionar um ambiente de qualidade e dignidade aos estudantes da rede municipal de ensino, a Prefeitura de Manaus, por meio da Secretaria Municipal de Educa\u00e7\u00e3o (Semed), reinaugura, nesta quarta-feira, 3\/5, \u00e0s 14h30, e \u00e0s 15h30, as escolas municipais Professora Francisca Pergentina, localizada na rua Manduri, 1.096 - Zumbi dos Palmares, e a Carolina Perolina Raimunda Almeida\" \/>\n<meta property=\"og:url\" content=\"https:\/\/www.manaus.am.gov.br\/semcom\/pautas\/prefeitura-de-manaus-reinaugura-duas-escolas-na-zona-leste-de-manaus\/\" \/>\n<meta property=\"og:site_name\" content=\"SEMCOM\" \/>\n<meta property=\"article:modified_time\" content=\"2023-05-03T15:48:51+00:00\" \/>\n<meta property=\"og:image\" content=\"https:\/\/www.manaus.am.gov.br\/semcom\/wp-content\/uploads\/sites\/5\/2023\/02\/sugestaodepauta.png\" \/>\n\t<meta property=\"og:image:width\" content=\"1020\" \/>\n\t<meta property=\"og:image:height\" content=\"540\" \/>\n\t<meta property=\"og:image:type\" content=\"image\/png\" \/>\n<meta name=\"twitter:card\" content=\"summary_large_image\" \/>\n<meta name=\"twitter:label1\" content=\"Est. reading time\" \/>\n\t<meta name=\"twitter:data1\" content=\"1 minuto\" \/>\n<script type=\"application\/ld+json\" class=\"yoast-schema-graph\">{\"@context\":\"https:\/\/schema.org\",\"@graph\":[{\"@type\":\"WebPage\",\"@id\":\"https:\/\/www.manaus.am.gov.br\/semcom\/pautas\/prefeitura-de-manaus-reinaugura-duas-escolas-na-zona-leste-de-manaus\/\",\"url\":\"https:\/\/www.manaus.am.gov.br\/semcom\/pautas\/prefeitura-de-manaus-reinaugura-duas-escolas-na-zona-leste-de-manaus\/\",\"name\":\"Prefeitura de Manaus reinaugura duas escolas na zona Leste de Manaus\",\"isPartOf\":{\"@id\":\"https:\/\/www.manaus.am.gov.br\/semcom\/#website\"},\"primaryImageOfPage\":{\"@id\":\"https:\/\/www.manaus.am.gov.br\/semcom\/pautas\/prefeitura-de-manaus-reinaugura-duas-escolas-na-zona-leste-de-manaus\/#primaryimage\"},\"image\":{\"@id\":\"https:\/\/www.manaus.am.gov.br\/semcom\/pautas\/prefeitura-de-manaus-reinaugura-duas-escolas-na-zona-leste-de-manaus\/#primaryimage\"},\"thumbnailUrl\":\"https:\/\/www.manaus.am.gov.br\/semcom\/wp-content\/uploads\/sites\/5\/2023\/02\/sugestaodepauta.png\",\"datePublished\":\"2023-05-03T15:48:50+00:00\",\"dateModified\":\"2023-05-03T15:48:51+00:00\",\"description\":\"Com o intuito de proporcionar um ambiente de qualidade e dignidade aos estudantes da rede municipal de ensino, a Prefeitura de Manaus, por meio da Secretaria Municipal de Educa\u00e7\u00e3o (Semed), reinaugura, nesta quarta-feira, 3\/5, \u00e0s 14h30, e \u00e0s 15h30, as escolas municipais Professora Francisca Pergentina, localizada na rua Manduri, 1.096 - Zumbi dos Palmares, e a Carolina Perolina Raimunda Almeida\",\"inLanguage\":\"pt-BR\",\"potentialAction\":[{\"@type\":\"ReadAction\",\"target\":[\"https:\/\/www.manaus.am.gov.br\/semcom\/pautas\/prefeitura-de-manaus-reinaugura-duas-escolas-na-zona-leste-de-manaus\/\"]}]},{\"@type\":\"ImageObject\",\"inLanguage\":\"pt-BR\",\"@id\":\"https:\/\/www.manaus.am.gov.br\/semcom\/pautas\/prefeitura-de-manaus-reinaugura-duas-escolas-na-zona-leste-de-manaus\/#primaryimage\",\"url\":\"https:\/\/www.manaus.am.gov.br\/semcom\/wp-content\/uploads\/sites\/5\/2023\/02\/sugestaodepauta.png\",\"contentUrl\":\"https:\/\/www.manaus.am.gov.br\/semcom\/wp-content\/uploads\/sites\/5\/2023\/02\/sugestaodepauta.png\",\"width\":1020,\"height\":540},{\"@type\":\"WebSite\",\"@id\":\"https:\/\/www.manaus.am.gov.br\/semcom\/#website\",\"url\":\"https:\/\/www.manaus.am.gov.br\/semcom\/\",\"name\":\"SEMCOM\",\"description\":\"Secretaria Municipal de Comunica\u00e7\u00e3o\",\"potentialAction\":[{\"@type\":\"SearchAction\",\"target\":{\"@type\":\"EntryPoint\",\"urlTemplate\":\"https:\/\/www.manaus.am.gov.br\/semcom\/?s={search_term_string}\"},\"query-input\":\"required name=search_term_string\"}],\"inLanguage\":\"pt-BR\"}]}<\/script>\n<!-- \/ Yoast SEO plugin. -->","yoast_head_json":{"title":"Prefeitura de Manaus reinaugura duas escolas na zona Leste de Manaus","description":"Com o intuito de proporcionar um ambiente de qualidade e dignidade aos estudantes da rede municipal de ensino, a Prefeitura de Manaus, por meio da Secretaria Municipal de Educa\u00e7\u00e3o (Semed), reinaugura, nesta quarta-feira, 3\/5, \u00e0s 14h30, e \u00e0s 15h30, as escolas municipais Professora Francisca Pergentina, localizada na rua Manduri, 1.096 - Zumbi dos Palmares, e a Carolina Perolina Raimunda Almeida","robots":{"index":"index","follow":"follow","max-snippet":"max-snippet:-1","max-image-preview":"max-image-preview:large","max-video-preview":"max-video-preview:-1"},"canonical":"https:\/\/www.manaus.am.gov.br\/semcom\/pautas\/prefeitura-de-manaus-reinaugura-duas-escolas-na-zona-leste-de-manaus\/","og_locale":"pt_BR","og_type":"article","og_title":"Prefeitura de Manaus reinaugura duas escolas na zona Leste de Manaus","og_description":"Com o intuito de proporcionar um ambiente de qualidade e dignidade aos estudantes da rede municipal de ensino, a Prefeitura de Manaus, por meio da Secretaria Municipal de Educa\u00e7\u00e3o (Semed), reinaugura, nesta quarta-feira, 3\/5, \u00e0s 14h30, e \u00e0s 15h30, as escolas municipais Professora Francisca Pergentina, localizada na rua Manduri, 1.096 - Zumbi dos Palmares, e a Carolina Perolina Raimunda Almeida","og_url":"https:\/\/www.manaus.am.gov.br\/semcom\/pautas\/prefeitura-de-manaus-reinaugura-duas-escolas-na-zona-leste-de-manaus\/","og_site_name":"SEMCOM","article_modified_time":"2023-05-03T15:48:51+00:00","og_image":[{"width":1020,"height":540,"url":"https:\/\/www.manaus.am.gov.br\/semcom\/wp-content\/uploads\/sites\/5\/2023\/02\/sugestaodepauta.png","type":"image\/png"}],"twitter_card":"summary_large_image","twitter_misc":{"Est. reading time":"1 minuto"},"schema":{"@context":"https:\/\/schema.org","@graph":[{"@type":"WebPage","@id":"https:\/\/www.manaus.am.gov.br\/semcom\/pautas\/prefeitura-de-manaus-reinaugura-duas-escolas-na-zona-leste-de-manaus\/","url":"https:\/\/www.manaus.am.gov.br\/semcom\/pautas\/prefeitura-de-manaus-reinaugura-duas-escolas-na-zona-leste-de-manaus\/","name":"Prefeitura de Manaus reinaugura duas escolas na zona Leste de Manaus","isPartOf":{"@id":"https:\/\/www.manaus.am.gov.br\/semcom\/#website"},"primaryImageOfPage":{"@id":"https:\/\/www.manaus.am.gov.br\/semcom\/pautas\/prefeitura-de-manaus-reinaugura-duas-escolas-na-zona-leste-de-manaus\/#primaryimage"},"image":{"@id":"https:\/\/www.manaus.am.gov.br\/semcom\/pautas\/prefeitura-de-manaus-reinaugura-duas-escolas-na-zona-leste-de-manaus\/#primaryimage"},"thumbnailUrl":"https:\/\/www.manaus.am.gov.br\/semcom\/wp-content\/uploads\/sites\/5\/2023\/02\/sugestaodepauta.png","datePublished":"2023-05-03T15:48:50+00:00","dateModified":"2023-05-03T15:48:51+00:00","description":"Com o intuito de proporcionar um ambiente de qualidade e dignidade aos estudantes da rede municipal de ensino, a Prefeitura de Manaus, por meio da Secretaria Municipal de Educa\u00e7\u00e3o (Semed), reinaugura, nesta quarta-feira, 3\/5, \u00e0s 14h30, e \u00e0s 15h30, as escolas municipais Professora Francisca Pergentina, localizada na rua Manduri, 1.096 - Zumbi dos Palmares, e a Carolina Perolina Raimunda Almeida","inLanguage":"pt-BR","potentialAction":[{"@type":"ReadAction","target":["https:\/\/www.manaus.am.gov.br\/semcom\/pautas\/prefeitura-de-manaus-reinaugura-duas-escolas-na-zona-leste-de-manaus\/"]}]},{"@type":"ImageObject","inLanguage":"pt-BR","@id":"https:\/\/www.manaus.am.gov.br\/semcom\/pautas\/prefeitura-de-manaus-reinaugura-duas-escolas-na-zona-leste-de-manaus\/#primaryimage","url":"https:\/\/www.manaus.am.gov.br\/semcom\/wp-content\/uploads\/sites\/5\/2023\/02\/sugestaodepauta.png","contentUrl":"https:\/\/www.manaus.am.gov.br\/semcom\/wp-content\/uploads\/sites\/5\/2023\/02\/sugestaodepauta.png","width":1020,"height":540},{"@type":"WebSite","@id":"https:\/\/www.manaus.am.gov.br\/semcom\/#website","url":"https:\/\/www.manaus.am.gov.br\/semcom\/","name":"SEMCOM","description":"Secretaria Municipal de Comunica\u00e7\u00e3o","potentialAction":[{"@type":"SearchAction","target":{"@type":"EntryPoint","urlTemplate":"https:\/\/www.manaus.am.gov.br\/semcom\/?s={search_term_string}"},"query-input":"required name=search_term_string"}],"inLanguage":"pt-BR"}]}},"_links":{"self":[{"href":"https:\/\/www.manaus.am.gov.br\/semcom\/wp-json\/wp\/v2\/pautas\/212833"}],"collection":[{"href":"https:\/\/www.manaus.am.gov.br\/semcom\/wp-json\/wp\/v2\/pautas"}],"about":[{"href":"https:\/\/www.manaus.am.gov.br\/semcom\/wp-json\/wp\/v2\/types\/pautas"}],"wp:featuredmedia":[{"embeddable":true,"href":"https:\/\/www.manaus.am.gov.br\/semcom\/wp-json\/wp\/v2\/media\/208729"}],"wp:attachment":[{"href":"https:\/\/www.manaus.am.gov.br\/semcom\/wp-json\/wp\/v2\/media?parent=212833"}],"wp:term":[{"taxonomy":"category","embeddable":true,"href":"https:\/\/www.manaus.am.gov.br\/semcom\/wp-json\/wp\/v2\/categories?post=212833"}],"curies":[{"name":"wp","href":"https:\/\/api.w.org\/{rel}","templated":true}]}}

<p>Com o intuito de proporcionar um ambiente de qualidade e dignidade aos estudantes da rede municipal de ensino, a Prefeitura de Manaus, por meio da Secretaria Municipal de Educação (Semed), reinaugura, nesta quarta-feira, 3/5, às 14h30, e às 15h30, as escolas municipais Professora Francisca Pergentina, localizada na rua Manduri, 1.096 &#8211; Zumbi dos Palmares, e a Carolina Perolina Raimunda Almeida, na rua Barreirinha, n° 500, bairro São José Operário, zona Leste.</p>



<p>A primeira escola aguardava por uma reforma há 10 anos, enquanto a segunda estava há&nbsp;29 anos sem receber revitalização.</p>



<p><strong>SERVIÇO:</strong></p>



<p><strong>O quê</strong>&nbsp;&#8211; Reinauguração das escolas municipais Professora Francisca Pergentina da Silva e Carolina Perolina Raimunda Almeida</p>



<p><strong>Quando</strong>&nbsp;&#8211; Quarta-feira, 3/5</p>



<p><strong>Horários e locais</strong>&nbsp;– 14h30, escola municipal Professora Francisca Pergentina, rua Manduri, 1.096 &#8211; Zumbi dos Palmares; 15h30, escola municipal Carolina Perolina Raimunda Almeida, rua Barreirinha, n° 500, no bairro São José Operário, zona Leste.</p>

<!-- This site is optimized with the Yoast SEO plugin v23.0 - https://yoast.com/wordpress/plugins/seo/ -->
<title>Prefeitura de Manaus reinaugura duas escolas na zona Leste de Manaus</title>
<meta name="description" content="Com o intuito de proporcionar um ambiente de qualidade e dignidade aos estudantes da rede municipal de ensino, a Prefeitura de Manaus, por meio da Secretaria Municipal de Educação (Semed), reinaugura, nesta quarta-feira, 3/5, às 14h30, e às 15h30, as escolas municipais Professora Francisca Pergentina, localizada na rua Manduri, 1.096 - Zumbi dos Palmares, e a Carolina Perolina Raimunda Almeida" />
<meta name="robots" content="index, follow, max-snippet:-1, max-image-preview:large, max-video-preview:-1" />
<link rel="canonical" href="https://www.manaus.am.gov.br/semcom/pautas/prefeitura-de-manaus-reinaugura-duas-escolas-na-zona-leste-de-manaus/" />
<meta property="og:locale" content="pt_BR" />
<meta property="og:type" content="article" />
<meta property="og:title" content="Prefeitura de Manaus reinaugura duas escolas na zona Leste de Manaus" />
<meta property="og:description" content="Com o intuito de proporcionar um ambiente de qualidade e dignidade aos estudantes da rede municipal de ensino, a Prefeitura de Manaus, por meio da Secretaria Municipal de Educação (Semed), reinaugura, nesta quarta-feira, 3/5, às 14h30, e às 15h30, as escolas municipais Professora Francisca Pergentina, localizada na rua Manduri, 1.096 - Zumbi dos Palmares, e a Carolina Perolina Raimunda Almeida" />
<meta property="og:url" content="https://www.manaus.am.gov.br/semcom/pautas/prefeitura-de-manaus-reinaugura-duas-escolas-na-zona-leste-de-manaus/" />
<meta property="og:site_name" content="SEMCOM" />
<meta property="article:modified_time" content="2023-05-03T15:48:51+00:00" />
<meta property="og:image" content="https://www.manaus.am.gov.br/semcom/wp-content/uploads/sites/5/2023/02/sugestaodepauta.png" />
	<meta property="og:image:width" content="1020" />
	<meta property="og:image:height" content="540" />
	<meta property="og:image:type" content="image/png" />
<meta name="twitter:card" content="summary_large_image" />
<meta name="twitter:label1" content="Est. reading time" />
	<meta name="twitter:data1" content="1 minuto" />
<script type="application/ld+json" class="yoast-schema-graph">{"@context":"https://schema.org","@graph":[{"@type":"WebPage","@id":"https://www.manaus.am.gov.br/semcom/pautas/prefeitura-de-manaus-reinaugura-duas-escolas-na-zona-leste-de-manaus/","url":"https://www.manaus.am.gov.br/semcom/pautas/prefeitura-de-manaus-reinaugura-duas-escolas-na-zona-leste-de-manaus/","name":"Prefeitura de Manaus reinaugura duas escolas na zona Leste de Manaus","isPartOf":{"@id":"https://www.manaus.am.gov.br/semcom/#website"},"primaryImageOfPage":{"@id":"https://www.manaus.am.gov.br/semcom/pautas/prefeitura-de-manaus-reinaugura-duas-escolas-na-zona-leste-de-manaus/#primaryimage"},"image":{"@id":"https://www.manaus.am.gov.br/semcom/pautas/prefeitura-de-manaus-reinaugura-duas-escolas-na-zona-leste-de-manaus/#primaryimage"},"thumbnailUrl":"https://www.manaus.am.gov.br/semcom/wp-content/uploads/sites/5/2023/02/sugestaodepauta.png","datePublished":"2023-05-03T15:48:50+00:00","dateModified":"2023-05-03T15:48:51+00:00","description":"Com o intuito de proporcionar um ambiente de qualidade e dignidade aos estudantes da rede municipal de ensino, a Prefeitura de Manaus, por meio da Secretaria Municipal de Educação (Semed), reinaugura, nesta quarta-feira, 3/5, às 14h30, e às 15h30, as escolas municipais Professora Francisca Pergentina, localizada na rua Manduri, 1.096 - Zumbi dos Palmares, e a Carolina Perolina Raimunda Almeida","inLanguage":"pt-BR","potentialAction":[{"@type":"ReadAction","target":["https://www.manaus.am.gov.br/semcom/pautas/prefeitura-de-manaus-reinaugura-duas-escolas-na-zona-leste-de-manaus/"]}]},{"@type":"ImageObject","inLanguage":"pt-BR","@id":"https://www.manaus.am.gov.br/semcom/pautas/prefeitura-de-manaus-reinaugura-duas-escolas-na-zona-leste-de-manaus/#primaryimage","url":"https://www.manaus.am.gov.br/semcom/wp-content/uploads/sites/5/2023/02/sugestaodepauta.png","contentUrl":"https://www.manaus.am.gov.br/semcom/wp-content/uploads/sites/5/2023/02/sugestaodepauta.png","width":1020,"height":540},{"@type":"WebSite","@id":"https://www.manaus.am.gov.br/semcom/#website","url":"https://www.manaus.am.gov.br/semcom/","name":"SEMCOM","description":"Secretaria Municipal de Comunicação","potentialAction":[{"@type":"SearchAction","target":{"@type":"EntryPoint","urlTemplate":"https://www.manaus.am.gov.br/semcom/?s={search_term_string}"},"query-input":"required name=search_term_string"}],"inLanguage":"pt-BR"}]}</script>
<!-- / Yoast SEO plugin. -->

Com o intuito de proporcionar um ambiente de qualidade e dignidade aos estudantes da rede municipal de ensino, a Prefeitura de Manaus, por meio da Secretaria Municipal de Educação (Semed), reinaugura, nesta quarta-feira, 3/5, às 14h30, e às 15h30, as escolas municipais Professora Francisca Pergentina, localizada na rua Manduri, 1.096 - Zumbi dos Palmares, e a Carolina Perolina Raimunda Almeida

Secretaria Municipal de Comunicação
