{"id":212781,"date":"2023-05-02T13:20:59","date_gmt":"2023-05-02T16:20:59","guid":{"rendered":"https:\/\/www.manaus.am.gov.br\/semcom\/?post_type=pautas&#038;p=212781"},"modified":"2023-05-02T13:20:59","modified_gmt":"2023-05-02T16:20:59","slug":"prefeito-lanca-acoes-de-arborizacao-e-assina-decreto-da-criacao-da-comissao-municipal-de-mudancas-climaticas","status":"publish","type":"pautas","link":"https:\/\/www.manaus.am.gov.br\/semcom\/pautas\/prefeito-lanca-acoes-de-arborizacao-e-assina-decreto-da-criacao-da-comissao-municipal-de-mudancas-climaticas\/","title":{"rendered":"<strong>Prefeito lan\u00e7a a\u00e7\u00f5es de arboriza\u00e7\u00e3o e assina decreto da cria\u00e7\u00e3o da Comiss\u00e3o Municipal de Mudan\u00e7as Clim\u00e1ticas<\/strong>"},"content":{"rendered":"\n<p>O prefeito de Manaus, David Almeida, e o secret\u00e1rio municipal de Meio Ambiente e Sustentabilidade (Semmas),&nbsp;Antonio Stroski, lan\u00e7am novas a\u00e7\u00f5es e metas do Plano Municipal de Arboriza\u00e7\u00e3o \u201cManaus Verde\u201d para o bi\u00eanio 2023\/2024, nesta quarta-feira, 3\/5, 9h, na avenida Constantino Nery, ao lado da Arena da Amaz\u00f4nia, zona Centro-Oeste da capital.<\/p>\n\n\n\n<p>No evento, o chefe do Executivo municipal vai assinar, tamb\u00e9m, o decreto da cria\u00e7\u00e3o da Comiss\u00e3o Municipal de Mudan\u00e7as Clim\u00e1ticas, que vai conduzir a elabora\u00e7\u00e3o do Plano de A\u00e7\u00f5es Clim\u00e1ticas de Manaus.&nbsp;O prefeito vai presidir a comiss\u00e3o, que ter\u00e1, na composi\u00e7\u00e3o, 15 unidades da administra\u00e7\u00e3o municipal. Trata-se, portanto, de medida adequada e oportuna para o enfrentamento dos fen\u00f4menos clim\u00e1ticos extremos e as mudan\u00e7as que j\u00e1 est\u00e3o em curso.<\/p>\n\n\n\n<p><strong>SERVI\u00c7O:<\/strong><\/p>\n\n\n\n<p><strong>O qu\u00ea<\/strong>&nbsp;\u2013 Prefeito lan\u00e7a a\u00e7\u00f5es de arboriza\u00e7\u00e3o para o bi\u00eanio 2023-2024 e assina o decreto da cria\u00e7\u00e3o da Comiss\u00e3o Municipal de Mudan\u00e7as Clim\u00e1ticas<\/p>\n\n\n\n<p><strong>Quando<\/strong>&nbsp;\u2013 Quarta-feira, 3\/5<\/p>\n\n\n\n<p><strong>Hor\u00e1rio<\/strong>&nbsp;\u2013 9h<\/p>\n\n\n\n<p><strong>Local<\/strong>&nbsp;\u2013 Avenida Constantino Nery, ao lado da Arena da Amaz\u00f4nia, zona Centro-Oeste da capital<\/p>\n","protected":false},"featured_media":208729,"template":"","categories":[808],"acf":[],"yoast_head":"<!-- This site is optimized with the Yoast SEO plugin v23.0 - https:\/\/yoast.com\/wordpress\/plugins\/seo\/ -->\n<title>Prefeito lan\u00e7a a\u00e7\u00f5es de arboriza\u00e7\u00e3o e assina decreto da cria\u00e7\u00e3o da Comiss\u00e3o Municipal de Mudan\u00e7as Clim\u00e1ticas<\/title>\n<meta name=\"description\" content=\"O prefeito de Manaus, David Almeida, e o secret\u00e1rio municipal de Meio Ambiente e Sustentabilidade (Semmas), Antonio Stroski, lan\u00e7am novas a\u00e7\u00f5es e metas do Plano Municipal de Arboriza\u00e7\u00e3o \u201cManaus Verde\u201d para o bi\u00eanio 2023\/2024, nesta quarta-feira, 3\/5, 9h, na avenida Constantino Nery, ao lado da Arena da Amaz\u00f4nia, zona Centro-Oeste da capital.\" \/>\n<meta name=\"robots\" content=\"index, follow, max-snippet:-1, max-image-preview:large, max-video-preview:-1\" \/>\n<link rel=\"canonical\" href=\"https:\/\/www.manaus.am.gov.br\/semcom\/pautas\/prefeito-lanca-acoes-de-arborizacao-e-assina-decreto-da-criacao-da-comissao-municipal-de-mudancas-climaticas\/\" \/>\n<meta property=\"og:locale\" content=\"pt_BR\" \/>\n<meta property=\"og:type\" content=\"article\" \/>\n<meta property=\"og:title\" content=\"Prefeito lan\u00e7a a\u00e7\u00f5es de arboriza\u00e7\u00e3o e assina decreto da cria\u00e7\u00e3o da Comiss\u00e3o Municipal de Mudan\u00e7as Clim\u00e1ticas\" \/>\n<meta property=\"og:description\" content=\"O prefeito de Manaus, David Almeida, e o secret\u00e1rio municipal de Meio Ambiente e Sustentabilidade (Semmas), Antonio Stroski, lan\u00e7am novas a\u00e7\u00f5es e metas do Plano Municipal de Arboriza\u00e7\u00e3o \u201cManaus Verde\u201d para o bi\u00eanio 2023\/2024, nesta quarta-feira, 3\/5, 9h, na avenida Constantino Nery, ao lado da Arena da Amaz\u00f4nia, zona Centro-Oeste da capital.\" \/>\n<meta property=\"og:url\" content=\"https:\/\/www.manaus.am.gov.br\/semcom\/pautas\/prefeito-lanca-acoes-de-arborizacao-e-assina-decreto-da-criacao-da-comissao-municipal-de-mudancas-climaticas\/\" \/>\n<meta property=\"og:site_name\" content=\"SEMCOM\" \/>\n<meta property=\"og:image\" content=\"https:\/\/www.manaus.am.gov.br\/semcom\/wp-content\/uploads\/sites\/5\/2023\/02\/sugestaodepauta.png\" \/>\n\t<meta property=\"og:image:width\" content=\"1020\" \/>\n\t<meta property=\"og:image:height\" content=\"540\" \/>\n\t<meta property=\"og:image:type\" content=\"image\/png\" \/>\n<meta name=\"twitter:card\" content=\"summary_large_image\" \/>\n<meta name=\"twitter:label1\" content=\"Est. reading time\" \/>\n\t<meta name=\"twitter:data1\" content=\"1 minuto\" \/>\n<script type=\"application\/ld+json\" class=\"yoast-schema-graph\">{\"@context\":\"https:\/\/schema.org\",\"@graph\":[{\"@type\":\"WebPage\",\"@id\":\"https:\/\/www.manaus.am.gov.br\/semcom\/pautas\/prefeito-lanca-acoes-de-arborizacao-e-assina-decreto-da-criacao-da-comissao-municipal-de-mudancas-climaticas\/\",\"url\":\"https:\/\/www.manaus.am.gov.br\/semcom\/pautas\/prefeito-lanca-acoes-de-arborizacao-e-assina-decreto-da-criacao-da-comissao-municipal-de-mudancas-climaticas\/\",\"name\":\"Prefeito lan\u00e7a a\u00e7\u00f5es de arboriza\u00e7\u00e3o e assina decreto da cria\u00e7\u00e3o da Comiss\u00e3o Municipal de Mudan\u00e7as Clim\u00e1ticas\",\"isPartOf\":{\"@id\":\"https:\/\/www.manaus.am.gov.br\/semcom\/#website\"},\"primaryImageOfPage\":{\"@id\":\"https:\/\/www.manaus.am.gov.br\/semcom\/pautas\/prefeito-lanca-acoes-de-arborizacao-e-assina-decreto-da-criacao-da-comissao-municipal-de-mudancas-climaticas\/#primaryimage\"},\"image\":{\"@id\":\"https:\/\/www.manaus.am.gov.br\/semcom\/pautas\/prefeito-lanca-acoes-de-arborizacao-e-assina-decreto-da-criacao-da-comissao-municipal-de-mudancas-climaticas\/#primaryimage\"},\"thumbnailUrl\":\"https:\/\/www.manaus.am.gov.br\/semcom\/wp-content\/uploads\/sites\/5\/2023\/02\/sugestaodepauta.png\",\"datePublished\":\"2023-05-02T16:20:59+00:00\",\"dateModified\":\"2023-05-02T16:20:59+00:00\",\"description\":\"O prefeito de Manaus, David Almeida, e o secret\u00e1rio municipal de Meio Ambiente e Sustentabilidade (Semmas), Antonio Stroski, lan\u00e7am novas a\u00e7\u00f5es e metas do Plano Municipal de Arboriza\u00e7\u00e3o \u201cManaus Verde\u201d para o bi\u00eanio 2023\/2024, nesta quarta-feira, 3\/5, 9h, na avenida Constantino Nery, ao lado da Arena da Amaz\u00f4nia, zona Centro-Oeste da capital.\",\"inLanguage\":\"pt-BR\",\"potentialAction\":[{\"@type\":\"ReadAction\",\"target\":[\"https:\/\/www.manaus.am.gov.br\/semcom\/pautas\/prefeito-lanca-acoes-de-arborizacao-e-assina-decreto-da-criacao-da-comissao-municipal-de-mudancas-climaticas\/\"]}]},{\"@type\":\"ImageObject\",\"inLanguage\":\"pt-BR\",\"@id\":\"https:\/\/www.manaus.am.gov.br\/semcom\/pautas\/prefeito-lanca-acoes-de-arborizacao-e-assina-decreto-da-criacao-da-comissao-municipal-de-mudancas-climaticas\/#primaryimage\",\"url\":\"https:\/\/www.manaus.am.gov.br\/semcom\/wp-content\/uploads\/sites\/5\/2023\/02\/sugestaodepauta.png\",\"contentUrl\":\"https:\/\/www.manaus.am.gov.br\/semcom\/wp-content\/uploads\/sites\/5\/2023\/02\/sugestaodepauta.png\",\"width\":1020,\"height\":540},{\"@type\":\"WebSite\",\"@id\":\"https:\/\/www.manaus.am.gov.br\/semcom\/#website\",\"url\":\"https:\/\/www.manaus.am.gov.br\/semcom\/\",\"name\":\"SEMCOM\",\"description\":\"Secretaria Municipal de Comunica\u00e7\u00e3o\",\"potentialAction\":[{\"@type\":\"SearchAction\",\"target\":{\"@type\":\"EntryPoint\",\"urlTemplate\":\"https:\/\/www.manaus.am.gov.br\/semcom\/?s={search_term_string}\"},\"query-input\":\"required name=search_term_string\"}],\"inLanguage\":\"pt-BR\"}]}<\/script>\n<!-- \/ Yoast SEO plugin. -->","yoast_head_json":{"title":"Prefeito lan\u00e7a a\u00e7\u00f5es de arboriza\u00e7\u00e3o e assina decreto da cria\u00e7\u00e3o da Comiss\u00e3o Municipal de Mudan\u00e7as Clim\u00e1ticas","description":"O prefeito de Manaus, David Almeida, e o secret\u00e1rio municipal de Meio Ambiente e Sustentabilidade (Semmas), Antonio Stroski, lan\u00e7am novas a\u00e7\u00f5es e metas do Plano Municipal de Arboriza\u00e7\u00e3o \u201cManaus Verde\u201d para o bi\u00eanio 2023\/2024, nesta quarta-feira, 3\/5, 9h, na avenida Constantino Nery, ao lado da Arena da Amaz\u00f4nia, zona Centro-Oeste da capital.","robots":{"index":"index","follow":"follow","max-snippet":"max-snippet:-1","max-image-preview":"max-image-preview:large","max-video-preview":"max-video-preview:-1"},"canonical":"https:\/\/www.manaus.am.gov.br\/semcom\/pautas\/prefeito-lanca-acoes-de-arborizacao-e-assina-decreto-da-criacao-da-comissao-municipal-de-mudancas-climaticas\/","og_locale":"pt_BR","og_type":"article","og_title":"Prefeito lan\u00e7a a\u00e7\u00f5es de arboriza\u00e7\u00e3o e assina decreto da cria\u00e7\u00e3o da Comiss\u00e3o Municipal de Mudan\u00e7as Clim\u00e1ticas","og_description":"O prefeito de Manaus, David Almeida, e o secret\u00e1rio municipal de Meio Ambiente e Sustentabilidade (Semmas), Antonio Stroski, lan\u00e7am novas a\u00e7\u00f5es e metas do Plano Municipal de Arboriza\u00e7\u00e3o \u201cManaus Verde\u201d para o bi\u00eanio 2023\/2024, nesta quarta-feira, 3\/5, 9h, na avenida Constantino Nery, ao lado da Arena da Amaz\u00f4nia, zona Centro-Oeste da capital.","og_url":"https:\/\/www.manaus.am.gov.br\/semcom\/pautas\/prefeito-lanca-acoes-de-arborizacao-e-assina-decreto-da-criacao-da-comissao-municipal-de-mudancas-climaticas\/","og_site_name":"SEMCOM","og_image":[{"width":1020,"height":540,"url":"https:\/\/www.manaus.am.gov.br\/semcom\/wp-content\/uploads\/sites\/5\/2023\/02\/sugestaodepauta.png","type":"image\/png"}],"twitter_card":"summary_large_image","twitter_misc":{"Est. reading time":"1 minuto"},"schema":{"@context":"https:\/\/schema.org","@graph":[{"@type":"WebPage","@id":"https:\/\/www.manaus.am.gov.br\/semcom\/pautas\/prefeito-lanca-acoes-de-arborizacao-e-assina-decreto-da-criacao-da-comissao-municipal-de-mudancas-climaticas\/","url":"https:\/\/www.manaus.am.gov.br\/semcom\/pautas\/prefeito-lanca-acoes-de-arborizacao-e-assina-decreto-da-criacao-da-comissao-municipal-de-mudancas-climaticas\/","name":"Prefeito lan\u00e7a a\u00e7\u00f5es de arboriza\u00e7\u00e3o e assina decreto da cria\u00e7\u00e3o da Comiss\u00e3o Municipal de Mudan\u00e7as Clim\u00e1ticas","isPartOf":{"@id":"https:\/\/www.manaus.am.gov.br\/semcom\/#website"},"primaryImageOfPage":{"@id":"https:\/\/www.manaus.am.gov.br\/semcom\/pautas\/prefeito-lanca-acoes-de-arborizacao-e-assina-decreto-da-criacao-da-comissao-municipal-de-mudancas-climaticas\/#primaryimage"},"image":{"@id":"https:\/\/www.manaus.am.gov.br\/semcom\/pautas\/prefeito-lanca-acoes-de-arborizacao-e-assina-decreto-da-criacao-da-comissao-municipal-de-mudancas-climaticas\/#primaryimage"},"thumbnailUrl":"https:\/\/www.manaus.am.gov.br\/semcom\/wp-content\/uploads\/sites\/5\/2023\/02\/sugestaodepauta.png","datePublished":"2023-05-02T16:20:59+00:00","dateModified":"2023-05-02T16:20:59+00:00","description":"O prefeito de Manaus, David Almeida, e o secret\u00e1rio municipal de Meio Ambiente e Sustentabilidade (Semmas), Antonio Stroski, lan\u00e7am novas a\u00e7\u00f5es e metas do Plano Municipal de Arboriza\u00e7\u00e3o \u201cManaus Verde\u201d para o bi\u00eanio 2023\/2024, nesta quarta-feira, 3\/5, 9h, na avenida Constantino Nery, ao lado da Arena da Amaz\u00f4nia, zona Centro-Oeste da capital.","inLanguage":"pt-BR","potentialAction":[{"@type":"ReadAction","target":["https:\/\/www.manaus.am.gov.br\/semcom\/pautas\/prefeito-lanca-acoes-de-arborizacao-e-assina-decreto-da-criacao-da-comissao-municipal-de-mudancas-climaticas\/"]}]},{"@type":"ImageObject","inLanguage":"pt-BR","@id":"https:\/\/www.manaus.am.gov.br\/semcom\/pautas\/prefeito-lanca-acoes-de-arborizacao-e-assina-decreto-da-criacao-da-comissao-municipal-de-mudancas-climaticas\/#primaryimage","url":"https:\/\/www.manaus.am.gov.br\/semcom\/wp-content\/uploads\/sites\/5\/2023\/02\/sugestaodepauta.png","contentUrl":"https:\/\/www.manaus.am.gov.br\/semcom\/wp-content\/uploads\/sites\/5\/2023\/02\/sugestaodepauta.png","width":1020,"height":540},{"@type":"WebSite","@id":"https:\/\/www.manaus.am.gov.br\/semcom\/#website","url":"https:\/\/www.manaus.am.gov.br\/semcom\/","name":"SEMCOM","description":"Secretaria Municipal de Comunica\u00e7\u00e3o","potentialAction":[{"@type":"SearchAction","target":{"@type":"EntryPoint","urlTemplate":"https:\/\/www.manaus.am.gov.br\/semcom\/?s={search_term_string}"},"query-input":"required name=search_term_string"}],"inLanguage":"pt-BR"}]}},"_links":{"self":[{"href":"https:\/\/www.manaus.am.gov.br\/semcom\/wp-json\/wp\/v2\/pautas\/212781"}],"collection":[{"href":"https:\/\/www.manaus.am.gov.br\/semcom\/wp-json\/wp\/v2\/pautas"}],"about":[{"href":"https:\/\/www.manaus.am.gov.br\/semcom\/wp-json\/wp\/v2\/types\/pautas"}],"wp:featuredmedia":[{"embeddable":true,"href":"https:\/\/www.manaus.am.gov.br\/semcom\/wp-json\/wp\/v2\/media\/208729"}],"wp:attachment":[{"href":"https:\/\/www.manaus.am.gov.br\/semcom\/wp-json\/wp\/v2\/media?parent=212781"}],"wp:term":[{"taxonomy":"category","embeddable":true,"href":"https:\/\/www.manaus.am.gov.br\/semcom\/wp-json\/wp\/v2\/categories?post=212781"}],"curies":[{"name":"wp","href":"https:\/\/api.w.org\/{rel}","templated":true}]}}

<strong>Prefeito lança ações de arborização e assina decreto da criação da Comissão Municipal de Mudanças Climáticas</strong>

<p>O prefeito de Manaus, David Almeida, e o secretário municipal de Meio Ambiente e Sustentabilidade (Semmas),&nbsp;Antonio Stroski, lançam novas ações e metas do Plano Municipal de Arborização “Manaus Verde” para o biênio 2023/2024, nesta quarta-feira, 3/5, 9h, na avenida Constantino Nery, ao lado da Arena da Amazônia, zona Centro-Oeste da capital.</p>



<p>No evento, o chefe do Executivo municipal vai assinar, também, o decreto da criação da Comissão Municipal de Mudanças Climáticas, que vai conduzir a elaboração do Plano de Ações Climáticas de Manaus.&nbsp;O prefeito vai presidir a comissão, que terá, na composição, 15 unidades da administração municipal. Trata-se, portanto, de medida adequada e oportuna para o enfrentamento dos fenômenos climáticos extremos e as mudanças que já estão em curso.</p>



<p><strong>SERVIÇO:</strong></p>



<p><strong>O quê</strong>&nbsp;– Prefeito lança ações de arborização para o biênio 2023-2024 e assina o decreto da criação da Comissão Municipal de Mudanças Climáticas</p>



<p><strong>Quando</strong>&nbsp;– Quarta-feira, 3/5</p>



<p><strong>Horário</strong>&nbsp;– 9h</p>



<p><strong>Local</strong>&nbsp;– Avenida Constantino Nery, ao lado da Arena da Amazônia, zona Centro-Oeste da capital</p>

<!-- This site is optimized with the Yoast SEO plugin v23.0 - https://yoast.com/wordpress/plugins/seo/ -->
<title>Prefeito lança ações de arborização e assina decreto da criação da Comissão Municipal de Mudanças Climáticas</title>
<meta name="description" content="O prefeito de Manaus, David Almeida, e o secretário municipal de Meio Ambiente e Sustentabilidade (Semmas), Antonio Stroski, lançam novas ações e metas do Plano Municipal de Arborização “Manaus Verde” para o biênio 2023/2024, nesta quarta-feira, 3/5, 9h, na avenida Constantino Nery, ao lado da Arena da Amazônia, zona Centro-Oeste da capital." />
<meta name="robots" content="index, follow, max-snippet:-1, max-image-preview:large, max-video-preview:-1" />
<link rel="canonical" href="https://www.manaus.am.gov.br/semcom/pautas/prefeito-lanca-acoes-de-arborizacao-e-assina-decreto-da-criacao-da-comissao-municipal-de-mudancas-climaticas/" />
<meta property="og:locale" content="pt_BR" />
<meta property="og:type" content="article" />
<meta property="og:title" content="Prefeito lança ações de arborização e assina decreto da criação da Comissão Municipal de Mudanças Climáticas" />
<meta property="og:description" content="O prefeito de Manaus, David Almeida, e o secretário municipal de Meio Ambiente e Sustentabilidade (Semmas), Antonio Stroski, lançam novas ações e metas do Plano Municipal de Arborização “Manaus Verde” para o biênio 2023/2024, nesta quarta-feira, 3/5, 9h, na avenida Constantino Nery, ao lado da Arena da Amazônia, zona Centro-Oeste da capital." />
<meta property="og:url" content="https://www.manaus.am.gov.br/semcom/pautas/prefeito-lanca-acoes-de-arborizacao-e-assina-decreto-da-criacao-da-comissao-municipal-de-mudancas-climaticas/" />
<meta property="og:site_name" content="SEMCOM" />
<meta property="og:image" content="https://www.manaus.am.gov.br/semcom/wp-content/uploads/sites/5/2023/02/sugestaodepauta.png" />
	<meta property="og:image:width" content="1020" />
	<meta property="og:image:height" content="540" />
	<meta property="og:image:type" content="image/png" />
<meta name="twitter:card" content="summary_large_image" />
<meta name="twitter:label1" content="Est. reading time" />
	<meta name="twitter:data1" content="1 minuto" />
<script type="application/ld+json" class="yoast-schema-graph">{"@context":"https://schema.org","@graph":[{"@type":"WebPage","@id":"https://www.manaus.am.gov.br/semcom/pautas/prefeito-lanca-acoes-de-arborizacao-e-assina-decreto-da-criacao-da-comissao-municipal-de-mudancas-climaticas/","url":"https://www.manaus.am.gov.br/semcom/pautas/prefeito-lanca-acoes-de-arborizacao-e-assina-decreto-da-criacao-da-comissao-municipal-de-mudancas-climaticas/","name":"Prefeito lança ações de arborização e assina decreto da criação da Comissão Municipal de Mudanças Climáticas","isPartOf":{"@id":"https://www.manaus.am.gov.br/semcom/#website"},"primaryImageOfPage":{"@id":"https://www.manaus.am.gov.br/semcom/pautas/prefeito-lanca-acoes-de-arborizacao-e-assina-decreto-da-criacao-da-comissao-municipal-de-mudancas-climaticas/#primaryimage"},"image":{"@id":"https://www.manaus.am.gov.br/semcom/pautas/prefeito-lanca-acoes-de-arborizacao-e-assina-decreto-da-criacao-da-comissao-municipal-de-mudancas-climaticas/#primaryimage"},"thumbnailUrl":"https://www.manaus.am.gov.br/semcom/wp-content/uploads/sites/5/2023/02/sugestaodepauta.png","datePublished":"2023-05-02T16:20:59+00:00","dateModified":"2023-05-02T16:20:59+00:00","description":"O prefeito de Manaus, David Almeida, e o secretário municipal de Meio Ambiente e Sustentabilidade (Semmas), Antonio Stroski, lançam novas ações e metas do Plano Municipal de Arborização “Manaus Verde” para o biênio 2023/2024, nesta quarta-feira, 3/5, 9h, na avenida Constantino Nery, ao lado da Arena da Amazônia, zona Centro-Oeste da capital.","inLanguage":"pt-BR","potentialAction":[{"@type":"ReadAction","target":["https://www.manaus.am.gov.br/semcom/pautas/prefeito-lanca-acoes-de-arborizacao-e-assina-decreto-da-criacao-da-comissao-municipal-de-mudancas-climaticas/"]}]},{"@type":"ImageObject","inLanguage":"pt-BR","@id":"https://www.manaus.am.gov.br/semcom/pautas/prefeito-lanca-acoes-de-arborizacao-e-assina-decreto-da-criacao-da-comissao-municipal-de-mudancas-climaticas/#primaryimage","url":"https://www.manaus.am.gov.br/semcom/wp-content/uploads/sites/5/2023/02/sugestaodepauta.png","contentUrl":"https://www.manaus.am.gov.br/semcom/wp-content/uploads/sites/5/2023/02/sugestaodepauta.png","width":1020,"height":540},{"@type":"WebSite","@id":"https://www.manaus.am.gov.br/semcom/#website","url":"https://www.manaus.am.gov.br/semcom/","name":"SEMCOM","description":"Secretaria Municipal de Comunicação","potentialAction":[{"@type":"SearchAction","target":{"@type":"EntryPoint","urlTemplate":"https://www.manaus.am.gov.br/semcom/?s={search_term_string}"},"query-input":"required name=search_term_string"}],"inLanguage":"pt-BR"}]}</script>
<!-- / Yoast SEO plugin. -->

Prefeito lança ações de arborização e assina decreto da criação da Comissão Municipal de Mudanças Climáticas

O prefeito de Manaus, David Almeida, e o secretário municipal de Meio Ambiente e Sustentabilidade (Semmas), Antonio Stroski, lançam novas ações e metas do Plano Municipal de Arborização “Manaus Verde” para o biênio 2023/2024, nesta quarta-feira, 3/5, 9h, na avenida Constantino Nery, ao lado da Arena da Amazônia, zona Centro-Oeste da capital.

Secretaria Municipal de Comunicação
