{"id":212592,"date":"2023-04-26T12:30:15","date_gmt":"2023-04-26T15:30:15","guid":{"rendered":"https:\/\/www.manaus.am.gov.br\/semcom\/?post_type=pautas&#038;p=212592"},"modified":"2023-04-26T12:30:15","modified_gmt":"2023-04-26T15:30:15","slug":"prefeitura-de-manaus-reinaugura-duas-escolas-municipais-reformadas-nesta-quarta-feira-26-4","status":"publish","type":"pautas","link":"https:\/\/www.manaus.am.gov.br\/semcom\/pautas\/prefeitura-de-manaus-reinaugura-duas-escolas-municipais-reformadas-nesta-quarta-feira-26-4\/","title":{"rendered":"<strong>Prefeitura de Manaus reinaugura duas escolas municipais reformadas nesta quarta-feira, 26\/4<\/strong>"},"content":{"rendered":"\n<p>A Prefeitura de Manaus reinaugura, nesta quarta-feira, 26\/4, duas unidades de ensino totalmente reformadas: as escolas municipais General Aristides Barreto e Paula Frassinetti.<\/p>\n\n\n\n<p>A primeira \u00e9 a escola municipal Paula Frassinetti, \u00e0s 14h30, no bairro Gl\u00f3ria, zona Oeste da capital, que aguardava por uma reforma h\u00e1 13 anos, e abriga 318 alunos, do&nbsp;1\u00ba ao 5\u00ba ano do ensino fundamental 1.&nbsp;Essa \u00e9 a 309\u00aa escola, da Secretaria Municipal de Educa\u00e7\u00e3o (Semed), entregue totalmente revitalizada para a popula\u00e7\u00e3o de Manaus.<\/p>\n\n\n\n<p>A segunda \u00e9 \u00e0s 15h30, a 310\u00aa, a escola municipal General Aristides Barreto, na rua S\u00e3o Paulo, n\u00b0 3, bairro Santo Ant\u00f4nio, zona Oeste. A obra do pr\u00e9dio escolar, que atende quase 200 estudantes, do 1\u00b0 ao 5\u00b0 ano do&nbsp;ensino fundamental 1,&nbsp;durou seis meses, entre outubro de 2022 e abril deste ano.<\/p>\n\n\n\n<p>As reinaugura\u00e7\u00f5es das escolas municipais&nbsp;Professora Sulamita Pereira Gon\u00e7alves, no bairro Cidade Nova, e Ant\u00f4nio Moraes, no bairro Monte das Oliveiras, previstas tamb\u00e9m para esta quarta-feira, foram adiadas para data ainda a definir.<\/p>\n\n\n\n<p><strong>&nbsp;SERVI\u00c7OS:<\/strong><\/p>\n\n\n\n<p><strong>O qu\u00ea<\/strong>&nbsp;&#8211; Reinaugura\u00e7\u00e3o das escolas municipais General Aristides Barreto&nbsp;e Paula Frassinetti.<\/p>\n\n\n\n<p><strong>Quando<\/strong>&nbsp;\u2013 Quarta-feira, 26\/4<\/p>\n\n\n\n<p><strong>Hor\u00e1rios e locais:<\/strong><\/p>\n\n\n\n<p><strong>14h30&nbsp;<\/strong>\u2013 Escola municipal Paula Frassinetti, avenida Presidente Dutra, bairro Gl\u00f3ria, zona Oeste<\/p>\n\n\n\n<p><strong>15h30<\/strong>&nbsp;\u2013 Escola municipal General Aristides Barreto, na rua S\u00e3o Paulo, n\u00b0 3, bairro Santo Ant\u00f4nio, zona Oeste.<\/p>\n\n\n\n<p>&#8212; &#8212; &#8212;<\/p>\n","protected":false},"featured_media":208729,"template":"","categories":[788],"acf":[],"yoast_head":"<!-- This site is optimized with the Yoast SEO plugin v23.0 - https:\/\/yoast.com\/wordpress\/plugins\/seo\/ -->\n<title>Prefeitura de Manaus reinaugura duas escolas municipais reformadas nesta quarta-feira, 26\/4<\/title>\n<meta name=\"description\" content=\"A Prefeitura de Manaus reinaugura, nesta quarta-feira, 26\/4, duas unidades de ensino totalmente reformadas: as escolas municipais General Aristides Barreto e Paula Frassinetti.\" \/>\n<meta name=\"robots\" content=\"index, follow, max-snippet:-1, max-image-preview:large, max-video-preview:-1\" \/>\n<link rel=\"canonical\" href=\"https:\/\/www.manaus.am.gov.br\/semcom\/pautas\/prefeitura-de-manaus-reinaugura-duas-escolas-municipais-reformadas-nesta-quarta-feira-26-4\/\" \/>\n<meta property=\"og:locale\" content=\"pt_BR\" \/>\n<meta property=\"og:type\" content=\"article\" \/>\n<meta property=\"og:title\" content=\"Prefeitura de Manaus reinaugura duas escolas municipais reformadas nesta quarta-feira, 26\/4\" \/>\n<meta property=\"og:description\" content=\"A Prefeitura de Manaus reinaugura, nesta quarta-feira, 26\/4, duas unidades de ensino totalmente reformadas: as escolas municipais General Aristides Barreto e Paula Frassinetti.\" \/>\n<meta property=\"og:url\" content=\"https:\/\/www.manaus.am.gov.br\/semcom\/pautas\/prefeitura-de-manaus-reinaugura-duas-escolas-municipais-reformadas-nesta-quarta-feira-26-4\/\" \/>\n<meta property=\"og:site_name\" content=\"SEMCOM\" \/>\n<meta property=\"og:image\" content=\"https:\/\/www.manaus.am.gov.br\/semcom\/wp-content\/uploads\/sites\/5\/2023\/02\/sugestaodepauta.png\" \/>\n\t<meta property=\"og:image:width\" content=\"1020\" \/>\n\t<meta property=\"og:image:height\" content=\"540\" \/>\n\t<meta property=\"og:image:type\" content=\"image\/png\" \/>\n<meta name=\"twitter:card\" content=\"summary_large_image\" \/>\n<meta name=\"twitter:label1\" content=\"Est. reading time\" \/>\n\t<meta name=\"twitter:data1\" content=\"2 minutos\" \/>\n<script type=\"application\/ld+json\" class=\"yoast-schema-graph\">{\"@context\":\"https:\/\/schema.org\",\"@graph\":[{\"@type\":\"WebPage\",\"@id\":\"https:\/\/www.manaus.am.gov.br\/semcom\/pautas\/prefeitura-de-manaus-reinaugura-duas-escolas-municipais-reformadas-nesta-quarta-feira-26-4\/\",\"url\":\"https:\/\/www.manaus.am.gov.br\/semcom\/pautas\/prefeitura-de-manaus-reinaugura-duas-escolas-municipais-reformadas-nesta-quarta-feira-26-4\/\",\"name\":\"Prefeitura de Manaus reinaugura duas escolas municipais reformadas nesta quarta-feira, 26\/4\",\"isPartOf\":{\"@id\":\"https:\/\/www.manaus.am.gov.br\/semcom\/#website\"},\"primaryImageOfPage\":{\"@id\":\"https:\/\/www.manaus.am.gov.br\/semcom\/pautas\/prefeitura-de-manaus-reinaugura-duas-escolas-municipais-reformadas-nesta-quarta-feira-26-4\/#primaryimage\"},\"image\":{\"@id\":\"https:\/\/www.manaus.am.gov.br\/semcom\/pautas\/prefeitura-de-manaus-reinaugura-duas-escolas-municipais-reformadas-nesta-quarta-feira-26-4\/#primaryimage\"},\"thumbnailUrl\":\"https:\/\/www.manaus.am.gov.br\/semcom\/wp-content\/uploads\/sites\/5\/2023\/02\/sugestaodepauta.png\",\"datePublished\":\"2023-04-26T15:30:15+00:00\",\"dateModified\":\"2023-04-26T15:30:15+00:00\",\"description\":\"A Prefeitura de Manaus reinaugura, nesta quarta-feira, 26\/4, duas unidades de ensino totalmente reformadas: as escolas municipais General Aristides Barreto e Paula Frassinetti.\",\"inLanguage\":\"pt-BR\",\"potentialAction\":[{\"@type\":\"ReadAction\",\"target\":[\"https:\/\/www.manaus.am.gov.br\/semcom\/pautas\/prefeitura-de-manaus-reinaugura-duas-escolas-municipais-reformadas-nesta-quarta-feira-26-4\/\"]}]},{\"@type\":\"ImageObject\",\"inLanguage\":\"pt-BR\",\"@id\":\"https:\/\/www.manaus.am.gov.br\/semcom\/pautas\/prefeitura-de-manaus-reinaugura-duas-escolas-municipais-reformadas-nesta-quarta-feira-26-4\/#primaryimage\",\"url\":\"https:\/\/www.manaus.am.gov.br\/semcom\/wp-content\/uploads\/sites\/5\/2023\/02\/sugestaodepauta.png\",\"contentUrl\":\"https:\/\/www.manaus.am.gov.br\/semcom\/wp-content\/uploads\/sites\/5\/2023\/02\/sugestaodepauta.png\",\"width\":1020,\"height\":540},{\"@type\":\"WebSite\",\"@id\":\"https:\/\/www.manaus.am.gov.br\/semcom\/#website\",\"url\":\"https:\/\/www.manaus.am.gov.br\/semcom\/\",\"name\":\"SEMCOM\",\"description\":\"Secretaria Municipal de Comunica\u00e7\u00e3o\",\"potentialAction\":[{\"@type\":\"SearchAction\",\"target\":{\"@type\":\"EntryPoint\",\"urlTemplate\":\"https:\/\/www.manaus.am.gov.br\/semcom\/?s={search_term_string}\"},\"query-input\":\"required name=search_term_string\"}],\"inLanguage\":\"pt-BR\"}]}<\/script>\n<!-- \/ Yoast SEO plugin. -->","yoast_head_json":{"title":"Prefeitura de Manaus reinaugura duas escolas municipais reformadas nesta quarta-feira, 26\/4","description":"A Prefeitura de Manaus reinaugura, nesta quarta-feira, 26\/4, duas unidades de ensino totalmente reformadas: as escolas municipais General Aristides Barreto e Paula Frassinetti.","robots":{"index":"index","follow":"follow","max-snippet":"max-snippet:-1","max-image-preview":"max-image-preview:large","max-video-preview":"max-video-preview:-1"},"canonical":"https:\/\/www.manaus.am.gov.br\/semcom\/pautas\/prefeitura-de-manaus-reinaugura-duas-escolas-municipais-reformadas-nesta-quarta-feira-26-4\/","og_locale":"pt_BR","og_type":"article","og_title":"Prefeitura de Manaus reinaugura duas escolas municipais reformadas nesta quarta-feira, 26\/4","og_description":"A Prefeitura de Manaus reinaugura, nesta quarta-feira, 26\/4, duas unidades de ensino totalmente reformadas: as escolas municipais General Aristides Barreto e Paula Frassinetti.","og_url":"https:\/\/www.manaus.am.gov.br\/semcom\/pautas\/prefeitura-de-manaus-reinaugura-duas-escolas-municipais-reformadas-nesta-quarta-feira-26-4\/","og_site_name":"SEMCOM","og_image":[{"width":1020,"height":540,"url":"https:\/\/www.manaus.am.gov.br\/semcom\/wp-content\/uploads\/sites\/5\/2023\/02\/sugestaodepauta.png","type":"image\/png"}],"twitter_card":"summary_large_image","twitter_misc":{"Est. reading time":"2 minutos"},"schema":{"@context":"https:\/\/schema.org","@graph":[{"@type":"WebPage","@id":"https:\/\/www.manaus.am.gov.br\/semcom\/pautas\/prefeitura-de-manaus-reinaugura-duas-escolas-municipais-reformadas-nesta-quarta-feira-26-4\/","url":"https:\/\/www.manaus.am.gov.br\/semcom\/pautas\/prefeitura-de-manaus-reinaugura-duas-escolas-municipais-reformadas-nesta-quarta-feira-26-4\/","name":"Prefeitura de Manaus reinaugura duas escolas municipais reformadas nesta quarta-feira, 26\/4","isPartOf":{"@id":"https:\/\/www.manaus.am.gov.br\/semcom\/#website"},"primaryImageOfPage":{"@id":"https:\/\/www.manaus.am.gov.br\/semcom\/pautas\/prefeitura-de-manaus-reinaugura-duas-escolas-municipais-reformadas-nesta-quarta-feira-26-4\/#primaryimage"},"image":{"@id":"https:\/\/www.manaus.am.gov.br\/semcom\/pautas\/prefeitura-de-manaus-reinaugura-duas-escolas-municipais-reformadas-nesta-quarta-feira-26-4\/#primaryimage"},"thumbnailUrl":"https:\/\/www.manaus.am.gov.br\/semcom\/wp-content\/uploads\/sites\/5\/2023\/02\/sugestaodepauta.png","datePublished":"2023-04-26T15:30:15+00:00","dateModified":"2023-04-26T15:30:15+00:00","description":"A Prefeitura de Manaus reinaugura, nesta quarta-feira, 26\/4, duas unidades de ensino totalmente reformadas: as escolas municipais General Aristides Barreto e Paula Frassinetti.","inLanguage":"pt-BR","potentialAction":[{"@type":"ReadAction","target":["https:\/\/www.manaus.am.gov.br\/semcom\/pautas\/prefeitura-de-manaus-reinaugura-duas-escolas-municipais-reformadas-nesta-quarta-feira-26-4\/"]}]},{"@type":"ImageObject","inLanguage":"pt-BR","@id":"https:\/\/www.manaus.am.gov.br\/semcom\/pautas\/prefeitura-de-manaus-reinaugura-duas-escolas-municipais-reformadas-nesta-quarta-feira-26-4\/#primaryimage","url":"https:\/\/www.manaus.am.gov.br\/semcom\/wp-content\/uploads\/sites\/5\/2023\/02\/sugestaodepauta.png","contentUrl":"https:\/\/www.manaus.am.gov.br\/semcom\/wp-content\/uploads\/sites\/5\/2023\/02\/sugestaodepauta.png","width":1020,"height":540},{"@type":"WebSite","@id":"https:\/\/www.manaus.am.gov.br\/semcom\/#website","url":"https:\/\/www.manaus.am.gov.br\/semcom\/","name":"SEMCOM","description":"Secretaria Municipal de Comunica\u00e7\u00e3o","potentialAction":[{"@type":"SearchAction","target":{"@type":"EntryPoint","urlTemplate":"https:\/\/www.manaus.am.gov.br\/semcom\/?s={search_term_string}"},"query-input":"required name=search_term_string"}],"inLanguage":"pt-BR"}]}},"_links":{"self":[{"href":"https:\/\/www.manaus.am.gov.br\/semcom\/wp-json\/wp\/v2\/pautas\/212592"}],"collection":[{"href":"https:\/\/www.manaus.am.gov.br\/semcom\/wp-json\/wp\/v2\/pautas"}],"about":[{"href":"https:\/\/www.manaus.am.gov.br\/semcom\/wp-json\/wp\/v2\/types\/pautas"}],"wp:featuredmedia":[{"embeddable":true,"href":"https:\/\/www.manaus.am.gov.br\/semcom\/wp-json\/wp\/v2\/media\/208729"}],"wp:attachment":[{"href":"https:\/\/www.manaus.am.gov.br\/semcom\/wp-json\/wp\/v2\/media?parent=212592"}],"wp:term":[{"taxonomy":"category","embeddable":true,"href":"https:\/\/www.manaus.am.gov.br\/semcom\/wp-json\/wp\/v2\/categories?post=212592"}],"curies":[{"name":"wp","href":"https:\/\/api.w.org\/{rel}","templated":true}]}}

<p>A Prefeitura de Manaus reinaugura, nesta quarta-feira, 26/4, duas unidades de ensino totalmente reformadas: as escolas municipais General Aristides Barreto e Paula Frassinetti.</p>



<p>A primeira é a escola municipal Paula Frassinetti, às 14h30, no bairro Glória, zona Oeste da capital, que aguardava por uma reforma há 13 anos, e abriga 318 alunos, do&nbsp;1º ao 5º ano do ensino fundamental 1.&nbsp;Essa é a 309ª escola, da Secretaria Municipal de Educação (Semed), entregue totalmente revitalizada para a população de Manaus.</p>



<p>A segunda é às 15h30, a 310ª, a escola municipal General Aristides Barreto, na rua São Paulo, n° 3, bairro Santo Antônio, zona Oeste. A obra do prédio escolar, que atende quase 200 estudantes, do 1° ao 5° ano do&nbsp;ensino fundamental 1,&nbsp;durou seis meses, entre outubro de 2022 e abril deste ano.</p>



<p>As reinaugurações das escolas municipais&nbsp;Professora Sulamita Pereira Gonçalves, no bairro Cidade Nova, e Antônio Moraes, no bairro Monte das Oliveiras, previstas também para esta quarta-feira, foram adiadas para data ainda a definir.</p>



<p><strong>&nbsp;SERVIÇOS:</strong></p>



<p><strong>O quê</strong>&nbsp;&#8211; Reinauguração das escolas municipais General Aristides Barreto&nbsp;e Paula Frassinetti.</p>



<p><strong>Quando</strong>&nbsp;– Quarta-feira, 26/4</p>



<p><strong>Horários e locais:</strong></p>



<p><strong>14h30&nbsp;</strong>– Escola municipal Paula Frassinetti, avenida Presidente Dutra, bairro Glória, zona Oeste</p>



<p><strong>15h30</strong>&nbsp;– Escola municipal General Aristides Barreto, na rua São Paulo, n° 3, bairro Santo Antônio, zona Oeste.</p>



<p>&#8212; &#8212; &#8212;</p>

<!-- This site is optimized with the Yoast SEO plugin v23.0 - https://yoast.com/wordpress/plugins/seo/ -->
<title>Prefeitura de Manaus reinaugura duas escolas municipais reformadas nesta quarta-feira, 26/4</title>
<meta name="description" content="A Prefeitura de Manaus reinaugura, nesta quarta-feira, 26/4, duas unidades de ensino totalmente reformadas: as escolas municipais General Aristides Barreto e Paula Frassinetti." />
<meta name="robots" content="index, follow, max-snippet:-1, max-image-preview:large, max-video-preview:-1" />
<link rel="canonical" href="https://www.manaus.am.gov.br/semcom/pautas/prefeitura-de-manaus-reinaugura-duas-escolas-municipais-reformadas-nesta-quarta-feira-26-4/" />
<meta property="og:locale" content="pt_BR" />
<meta property="og:type" content="article" />
<meta property="og:title" content="Prefeitura de Manaus reinaugura duas escolas municipais reformadas nesta quarta-feira, 26/4" />
<meta property="og:description" content="A Prefeitura de Manaus reinaugura, nesta quarta-feira, 26/4, duas unidades de ensino totalmente reformadas: as escolas municipais General Aristides Barreto e Paula Frassinetti." />
<meta property="og:url" content="https://www.manaus.am.gov.br/semcom/pautas/prefeitura-de-manaus-reinaugura-duas-escolas-municipais-reformadas-nesta-quarta-feira-26-4/" />
<meta property="og:site_name" content="SEMCOM" />
<meta property="og:image" content="https://www.manaus.am.gov.br/semcom/wp-content/uploads/sites/5/2023/02/sugestaodepauta.png" />
	<meta property="og:image:width" content="1020" />
	<meta property="og:image:height" content="540" />
	<meta property="og:image:type" content="image/png" />
<meta name="twitter:card" content="summary_large_image" />
<meta name="twitter:label1" content="Est. reading time" />
	<meta name="twitter:data1" content="2 minutos" />
<script type="application/ld+json" class="yoast-schema-graph">{"@context":"https://schema.org","@graph":[{"@type":"WebPage","@id":"https://www.manaus.am.gov.br/semcom/pautas/prefeitura-de-manaus-reinaugura-duas-escolas-municipais-reformadas-nesta-quarta-feira-26-4/","url":"https://www.manaus.am.gov.br/semcom/pautas/prefeitura-de-manaus-reinaugura-duas-escolas-municipais-reformadas-nesta-quarta-feira-26-4/","name":"Prefeitura de Manaus reinaugura duas escolas municipais reformadas nesta quarta-feira, 26/4","isPartOf":{"@id":"https://www.manaus.am.gov.br/semcom/#website"},"primaryImageOfPage":{"@id":"https://www.manaus.am.gov.br/semcom/pautas/prefeitura-de-manaus-reinaugura-duas-escolas-municipais-reformadas-nesta-quarta-feira-26-4/#primaryimage"},"image":{"@id":"https://www.manaus.am.gov.br/semcom/pautas/prefeitura-de-manaus-reinaugura-duas-escolas-municipais-reformadas-nesta-quarta-feira-26-4/#primaryimage"},"thumbnailUrl":"https://www.manaus.am.gov.br/semcom/wp-content/uploads/sites/5/2023/02/sugestaodepauta.png","datePublished":"2023-04-26T15:30:15+00:00","dateModified":"2023-04-26T15:30:15+00:00","description":"A Prefeitura de Manaus reinaugura, nesta quarta-feira, 26/4, duas unidades de ensino totalmente reformadas: as escolas municipais General Aristides Barreto e Paula Frassinetti.","inLanguage":"pt-BR","potentialAction":[{"@type":"ReadAction","target":["https://www.manaus.am.gov.br/semcom/pautas/prefeitura-de-manaus-reinaugura-duas-escolas-municipais-reformadas-nesta-quarta-feira-26-4/"]}]},{"@type":"ImageObject","inLanguage":"pt-BR","@id":"https://www.manaus.am.gov.br/semcom/pautas/prefeitura-de-manaus-reinaugura-duas-escolas-municipais-reformadas-nesta-quarta-feira-26-4/#primaryimage","url":"https://www.manaus.am.gov.br/semcom/wp-content/uploads/sites/5/2023/02/sugestaodepauta.png","contentUrl":"https://www.manaus.am.gov.br/semcom/wp-content/uploads/sites/5/2023/02/sugestaodepauta.png","width":1020,"height":540},{"@type":"WebSite","@id":"https://www.manaus.am.gov.br/semcom/#website","url":"https://www.manaus.am.gov.br/semcom/","name":"SEMCOM","description":"Secretaria Municipal de Comunicação","potentialAction":[{"@type":"SearchAction","target":{"@type":"EntryPoint","urlTemplate":"https://www.manaus.am.gov.br/semcom/?s={search_term_string}"},"query-input":"required name=search_term_string"}],"inLanguage":"pt-BR"}]}</script>
<!-- / Yoast SEO plugin. -->

Secretaria Municipal de Comunicação
