{"id":212519,"date":"2023-04-25T14:13:22","date_gmt":"2023-04-25T17:13:22","guid":{"rendered":"https:\/\/www.manaus.am.gov.br\/semcom\/?post_type=pautas&#038;p=212519"},"modified":"2023-04-25T14:13:23","modified_gmt":"2023-04-25T17:13:23","slug":"prefeitura-de-manaus-coordenara-reuniao-com-comissao-de-trabalho-sobre-a-lei-paulo-gustavo","status":"publish","type":"pautas","link":"https:\/\/www.manaus.am.gov.br\/semcom\/pautas\/prefeitura-de-manaus-coordenara-reuniao-com-comissao-de-trabalho-sobre-a-lei-paulo-gustavo\/","title":{"rendered":"<strong>Prefeitura de Manaus coordenar\u00e1 reuni\u00e3o com Comiss\u00e3o de Trabalho sobre a Lei Paulo Gustavo<\/strong>"},"content":{"rendered":"\n<p>A Prefeitura de Manaus realiza, nesta ter\u00e7a-feira, 25\/4, \u00e0s 14h, uma reuni\u00e3o com a Comiss\u00e3o de Trabalho sobre a Lei Paulo Gustavo, no formato h\u00edbrido, sendo presencial na sede do Conselho Municipal de Cultura (Concultura), situado no Pal\u00e1cio Rio Branco, na avenida 7 de setembro, s\/n\u00ba, &nbsp;pra\u00e7a Dom Pedro II, Centro.&nbsp;<\/p>\n\n\n\n<p>Participar\u00e3o da reuni\u00e3o, o presidente da Funda\u00e7\u00e3o Municipal de Cultura, Turismo e Eventos (Manauscult), Osvaldo Cardoso; o subsecret\u00e1rio da Secretaria Municipal de Comunica\u00e7\u00e3o (Semcom, Hudson Braga; e o presidente do Concultura, Ten\u00f3rio Telles; al\u00e9m dos representantes dos \u00f3rg\u00e3os envolvidos, como a Secretaria Estadual de Cultura e Economia Criativa (SEC) e as secretarias municipais de&nbsp;Finan\u00e7as e Tecnologia da Informa\u00e7\u00e3o&nbsp;(Semef),&nbsp; de Educa\u00e7\u00e3o (Semed), de Sa\u00fade (Semsa), Procuradoria Geral do Munic\u00edpio (PGM) e Controladoria Geral do Munic\u00edpio (CGM).<\/p>\n\n\n\n<p><strong>SERVI\u00c7O:<\/strong><\/p>\n\n\n\n<p><strong>O qu\u00ea &#8211;&nbsp;<\/strong>Reuni\u00e3o da Comiss\u00e3o de Trabalho referente \u00e0 Lei Paulo<\/p>\n\n\n\n<p>Gustavo<\/p>\n\n\n\n<p><strong>Quando &#8211;&nbsp;<\/strong>Ter\u00e7a-feira, 25\/4<\/p>\n\n\n\n<p><strong>Hor\u00e1rio \u2013<\/strong>&nbsp;14h<\/p>\n\n\n\n<p><strong>Local &#8211;&nbsp;<\/strong>Pal\u00e1cio Rio Branco, na avenida 7 de setembro, s\/n\u00ba, pra\u00e7a Dom Pedro II, Centro<\/p>\n","protected":false},"featured_media":208729,"template":"","categories":[799],"acf":[],"yoast_head":"<!-- This site is optimized with the Yoast SEO plugin v23.0 - https:\/\/yoast.com\/wordpress\/plugins\/seo\/ -->\n<title>Prefeitura de Manaus coordenar\u00e1 reuni\u00e3o com Comiss\u00e3o de Trabalho sobre a Lei Paulo Gustavo<\/title>\n<meta name=\"description\" content=\"A Prefeitura de Manaus realiza, nesta ter\u00e7a-feira, 25\/4, \u00e0s 14h, uma reuni\u00e3o com a Comiss\u00e3o de Trabalho sobre a Lei Paulo Gustavo, no formato h\u00edbrido, sendo presencial na sede do Conselho Municipal de Cultura (Concultura), situado no Pal\u00e1cio Rio Branco, na avenida 7 de setembro, s\/n\u00ba, \u00a0pra\u00e7a Dom Pedro II, Centro.\u00a0\" \/>\n<meta name=\"robots\" content=\"index, follow, max-snippet:-1, max-image-preview:large, max-video-preview:-1\" \/>\n<link rel=\"canonical\" href=\"https:\/\/www.manaus.am.gov.br\/semcom\/pautas\/prefeitura-de-manaus-coordenara-reuniao-com-comissao-de-trabalho-sobre-a-lei-paulo-gustavo\/\" \/>\n<meta property=\"og:locale\" content=\"pt_BR\" \/>\n<meta property=\"og:type\" content=\"article\" \/>\n<meta property=\"og:title\" content=\"Prefeitura de Manaus coordenar\u00e1 reuni\u00e3o com Comiss\u00e3o de Trabalho sobre a Lei Paulo Gustavo\" \/>\n<meta property=\"og:description\" content=\"A Prefeitura de Manaus realiza, nesta ter\u00e7a-feira, 25\/4, \u00e0s 14h, uma reuni\u00e3o com a Comiss\u00e3o de Trabalho sobre a Lei Paulo Gustavo, no formato h\u00edbrido, sendo presencial na sede do Conselho Municipal de Cultura (Concultura), situado no Pal\u00e1cio Rio Branco, na avenida 7 de setembro, s\/n\u00ba, \u00a0pra\u00e7a Dom Pedro II, Centro.\u00a0\" \/>\n<meta property=\"og:url\" content=\"https:\/\/www.manaus.am.gov.br\/semcom\/pautas\/prefeitura-de-manaus-coordenara-reuniao-com-comissao-de-trabalho-sobre-a-lei-paulo-gustavo\/\" \/>\n<meta property=\"og:site_name\" content=\"SEMCOM\" \/>\n<meta property=\"article:modified_time\" content=\"2023-04-25T17:13:23+00:00\" \/>\n<meta property=\"og:image\" content=\"https:\/\/www.manaus.am.gov.br\/semcom\/wp-content\/uploads\/sites\/5\/2023\/02\/sugestaodepauta.png\" \/>\n\t<meta property=\"og:image:width\" content=\"1020\" \/>\n\t<meta property=\"og:image:height\" content=\"540\" \/>\n\t<meta property=\"og:image:type\" content=\"image\/png\" \/>\n<meta name=\"twitter:card\" content=\"summary_large_image\" \/>\n<meta name=\"twitter:label1\" content=\"Est. reading time\" \/>\n\t<meta name=\"twitter:data1\" content=\"1 minuto\" \/>\n<script type=\"application\/ld+json\" class=\"yoast-schema-graph\">{\"@context\":\"https:\/\/schema.org\",\"@graph\":[{\"@type\":\"WebPage\",\"@id\":\"https:\/\/www.manaus.am.gov.br\/semcom\/pautas\/prefeitura-de-manaus-coordenara-reuniao-com-comissao-de-trabalho-sobre-a-lei-paulo-gustavo\/\",\"url\":\"https:\/\/www.manaus.am.gov.br\/semcom\/pautas\/prefeitura-de-manaus-coordenara-reuniao-com-comissao-de-trabalho-sobre-a-lei-paulo-gustavo\/\",\"name\":\"Prefeitura de Manaus coordenar\u00e1 reuni\u00e3o com Comiss\u00e3o de Trabalho sobre a Lei Paulo Gustavo\",\"isPartOf\":{\"@id\":\"https:\/\/www.manaus.am.gov.br\/semcom\/#website\"},\"primaryImageOfPage\":{\"@id\":\"https:\/\/www.manaus.am.gov.br\/semcom\/pautas\/prefeitura-de-manaus-coordenara-reuniao-com-comissao-de-trabalho-sobre-a-lei-paulo-gustavo\/#primaryimage\"},\"image\":{\"@id\":\"https:\/\/www.manaus.am.gov.br\/semcom\/pautas\/prefeitura-de-manaus-coordenara-reuniao-com-comissao-de-trabalho-sobre-a-lei-paulo-gustavo\/#primaryimage\"},\"thumbnailUrl\":\"https:\/\/www.manaus.am.gov.br\/semcom\/wp-content\/uploads\/sites\/5\/2023\/02\/sugestaodepauta.png\",\"datePublished\":\"2023-04-25T17:13:22+00:00\",\"dateModified\":\"2023-04-25T17:13:23+00:00\",\"description\":\"A Prefeitura de Manaus realiza, nesta ter\u00e7a-feira, 25\/4, \u00e0s 14h, uma reuni\u00e3o com a Comiss\u00e3o de Trabalho sobre a Lei Paulo Gustavo, no formato h\u00edbrido, sendo presencial na sede do Conselho Municipal de Cultura (Concultura), situado no Pal\u00e1cio Rio Branco, na avenida 7 de setembro, s\/n\u00ba, \u00a0pra\u00e7a Dom Pedro II, Centro.\u00a0\",\"inLanguage\":\"pt-BR\",\"potentialAction\":[{\"@type\":\"ReadAction\",\"target\":[\"https:\/\/www.manaus.am.gov.br\/semcom\/pautas\/prefeitura-de-manaus-coordenara-reuniao-com-comissao-de-trabalho-sobre-a-lei-paulo-gustavo\/\"]}]},{\"@type\":\"ImageObject\",\"inLanguage\":\"pt-BR\",\"@id\":\"https:\/\/www.manaus.am.gov.br\/semcom\/pautas\/prefeitura-de-manaus-coordenara-reuniao-com-comissao-de-trabalho-sobre-a-lei-paulo-gustavo\/#primaryimage\",\"url\":\"https:\/\/www.manaus.am.gov.br\/semcom\/wp-content\/uploads\/sites\/5\/2023\/02\/sugestaodepauta.png\",\"contentUrl\":\"https:\/\/www.manaus.am.gov.br\/semcom\/wp-content\/uploads\/sites\/5\/2023\/02\/sugestaodepauta.png\",\"width\":1020,\"height\":540},{\"@type\":\"WebSite\",\"@id\":\"https:\/\/www.manaus.am.gov.br\/semcom\/#website\",\"url\":\"https:\/\/www.manaus.am.gov.br\/semcom\/\",\"name\":\"SEMCOM\",\"description\":\"Secretaria Municipal de Comunica\u00e7\u00e3o\",\"potentialAction\":[{\"@type\":\"SearchAction\",\"target\":{\"@type\":\"EntryPoint\",\"urlTemplate\":\"https:\/\/www.manaus.am.gov.br\/semcom\/?s={search_term_string}\"},\"query-input\":\"required name=search_term_string\"}],\"inLanguage\":\"pt-BR\"}]}<\/script>\n<!-- \/ Yoast SEO plugin. -->","yoast_head_json":{"title":"Prefeitura de Manaus coordenar\u00e1 reuni\u00e3o com Comiss\u00e3o de Trabalho sobre a Lei Paulo Gustavo","description":"A Prefeitura de Manaus realiza, nesta ter\u00e7a-feira, 25\/4, \u00e0s 14h, uma reuni\u00e3o com a Comiss\u00e3o de Trabalho sobre a Lei Paulo Gustavo, no formato h\u00edbrido, sendo presencial na sede do Conselho Municipal de Cultura (Concultura), situado no Pal\u00e1cio Rio Branco, na avenida 7 de setembro, s\/n\u00ba, \u00a0pra\u00e7a Dom Pedro II, Centro.\u00a0","robots":{"index":"index","follow":"follow","max-snippet":"max-snippet:-1","max-image-preview":"max-image-preview:large","max-video-preview":"max-video-preview:-1"},"canonical":"https:\/\/www.manaus.am.gov.br\/semcom\/pautas\/prefeitura-de-manaus-coordenara-reuniao-com-comissao-de-trabalho-sobre-a-lei-paulo-gustavo\/","og_locale":"pt_BR","og_type":"article","og_title":"Prefeitura de Manaus coordenar\u00e1 reuni\u00e3o com Comiss\u00e3o de Trabalho sobre a Lei Paulo Gustavo","og_description":"A Prefeitura de Manaus realiza, nesta ter\u00e7a-feira, 25\/4, \u00e0s 14h, uma reuni\u00e3o com a Comiss\u00e3o de Trabalho sobre a Lei Paulo Gustavo, no formato h\u00edbrido, sendo presencial na sede do Conselho Municipal de Cultura (Concultura), situado no Pal\u00e1cio Rio Branco, na avenida 7 de setembro, s\/n\u00ba, \u00a0pra\u00e7a Dom Pedro II, Centro.\u00a0","og_url":"https:\/\/www.manaus.am.gov.br\/semcom\/pautas\/prefeitura-de-manaus-coordenara-reuniao-com-comissao-de-trabalho-sobre-a-lei-paulo-gustavo\/","og_site_name":"SEMCOM","article_modified_time":"2023-04-25T17:13:23+00:00","og_image":[{"width":1020,"height":540,"url":"https:\/\/www.manaus.am.gov.br\/semcom\/wp-content\/uploads\/sites\/5\/2023\/02\/sugestaodepauta.png","type":"image\/png"}],"twitter_card":"summary_large_image","twitter_misc":{"Est. reading time":"1 minuto"},"schema":{"@context":"https:\/\/schema.org","@graph":[{"@type":"WebPage","@id":"https:\/\/www.manaus.am.gov.br\/semcom\/pautas\/prefeitura-de-manaus-coordenara-reuniao-com-comissao-de-trabalho-sobre-a-lei-paulo-gustavo\/","url":"https:\/\/www.manaus.am.gov.br\/semcom\/pautas\/prefeitura-de-manaus-coordenara-reuniao-com-comissao-de-trabalho-sobre-a-lei-paulo-gustavo\/","name":"Prefeitura de Manaus coordenar\u00e1 reuni\u00e3o com Comiss\u00e3o de Trabalho sobre a Lei Paulo Gustavo","isPartOf":{"@id":"https:\/\/www.manaus.am.gov.br\/semcom\/#website"},"primaryImageOfPage":{"@id":"https:\/\/www.manaus.am.gov.br\/semcom\/pautas\/prefeitura-de-manaus-coordenara-reuniao-com-comissao-de-trabalho-sobre-a-lei-paulo-gustavo\/#primaryimage"},"image":{"@id":"https:\/\/www.manaus.am.gov.br\/semcom\/pautas\/prefeitura-de-manaus-coordenara-reuniao-com-comissao-de-trabalho-sobre-a-lei-paulo-gustavo\/#primaryimage"},"thumbnailUrl":"https:\/\/www.manaus.am.gov.br\/semcom\/wp-content\/uploads\/sites\/5\/2023\/02\/sugestaodepauta.png","datePublished":"2023-04-25T17:13:22+00:00","dateModified":"2023-04-25T17:13:23+00:00","description":"A Prefeitura de Manaus realiza, nesta ter\u00e7a-feira, 25\/4, \u00e0s 14h, uma reuni\u00e3o com a Comiss\u00e3o de Trabalho sobre a Lei Paulo Gustavo, no formato h\u00edbrido, sendo presencial na sede do Conselho Municipal de Cultura (Concultura), situado no Pal\u00e1cio Rio Branco, na avenida 7 de setembro, s\/n\u00ba, \u00a0pra\u00e7a Dom Pedro II, Centro.\u00a0","inLanguage":"pt-BR","potentialAction":[{"@type":"ReadAction","target":["https:\/\/www.manaus.am.gov.br\/semcom\/pautas\/prefeitura-de-manaus-coordenara-reuniao-com-comissao-de-trabalho-sobre-a-lei-paulo-gustavo\/"]}]},{"@type":"ImageObject","inLanguage":"pt-BR","@id":"https:\/\/www.manaus.am.gov.br\/semcom\/pautas\/prefeitura-de-manaus-coordenara-reuniao-com-comissao-de-trabalho-sobre-a-lei-paulo-gustavo\/#primaryimage","url":"https:\/\/www.manaus.am.gov.br\/semcom\/wp-content\/uploads\/sites\/5\/2023\/02\/sugestaodepauta.png","contentUrl":"https:\/\/www.manaus.am.gov.br\/semcom\/wp-content\/uploads\/sites\/5\/2023\/02\/sugestaodepauta.png","width":1020,"height":540},{"@type":"WebSite","@id":"https:\/\/www.manaus.am.gov.br\/semcom\/#website","url":"https:\/\/www.manaus.am.gov.br\/semcom\/","name":"SEMCOM","description":"Secretaria Municipal de Comunica\u00e7\u00e3o","potentialAction":[{"@type":"SearchAction","target":{"@type":"EntryPoint","urlTemplate":"https:\/\/www.manaus.am.gov.br\/semcom\/?s={search_term_string}"},"query-input":"required name=search_term_string"}],"inLanguage":"pt-BR"}]}},"_links":{"self":[{"href":"https:\/\/www.manaus.am.gov.br\/semcom\/wp-json\/wp\/v2\/pautas\/212519"}],"collection":[{"href":"https:\/\/www.manaus.am.gov.br\/semcom\/wp-json\/wp\/v2\/pautas"}],"about":[{"href":"https:\/\/www.manaus.am.gov.br\/semcom\/wp-json\/wp\/v2\/types\/pautas"}],"wp:featuredmedia":[{"embeddable":true,"href":"https:\/\/www.manaus.am.gov.br\/semcom\/wp-json\/wp\/v2\/media\/208729"}],"wp:attachment":[{"href":"https:\/\/www.manaus.am.gov.br\/semcom\/wp-json\/wp\/v2\/media?parent=212519"}],"wp:term":[{"taxonomy":"category","embeddable":true,"href":"https:\/\/www.manaus.am.gov.br\/semcom\/wp-json\/wp\/v2\/categories?post=212519"}],"curies":[{"name":"wp","href":"https:\/\/api.w.org\/{rel}","templated":true}]}}

<strong>Prefeitura de Manaus coordenará reunião com Comissão de Trabalho sobre a Lei Paulo Gustavo</strong>

<p>A Prefeitura de Manaus realiza, nesta terça-feira, 25/4, às 14h, uma reunião com a Comissão de Trabalho sobre a Lei Paulo Gustavo, no formato híbrido, sendo presencial na sede do Conselho Municipal de Cultura (Concultura), situado no Palácio Rio Branco, na avenida 7 de setembro, s/nº, &nbsp;praça Dom Pedro II, Centro.&nbsp;</p>



<p>Participarão da reunião, o presidente da Fundação Municipal de Cultura, Turismo e Eventos (Manauscult), Osvaldo Cardoso; o subsecretário da Secretaria Municipal de Comunicação (Semcom, Hudson Braga; e o presidente do Concultura, Tenório Telles; além dos representantes dos órgãos envolvidos, como a Secretaria Estadual de Cultura e Economia Criativa (SEC) e as secretarias municipais de&nbsp;Finanças e Tecnologia da Informação&nbsp;(Semef),&nbsp; de Educação (Semed), de Saúde (Semsa), Procuradoria Geral do Município (PGM) e Controladoria Geral do Município (CGM).</p>



<p><strong>SERVIÇO:</strong></p>



<p><strong>O quê &#8211;&nbsp;</strong>Reunião da Comissão de Trabalho referente à Lei Paulo</p>



<p>Gustavo</p>



<p><strong>Quando &#8211;&nbsp;</strong>Terça-feira, 25/4</p>



<p><strong>Horário –</strong>&nbsp;14h</p>



<p><strong>Local &#8211;&nbsp;</strong>Palácio Rio Branco, na avenida 7 de setembro, s/nº, praça Dom Pedro II, Centro</p>

<!-- This site is optimized with the Yoast SEO plugin v23.0 - https://yoast.com/wordpress/plugins/seo/ -->
<title>Prefeitura de Manaus coordenará reunião com Comissão de Trabalho sobre a Lei Paulo Gustavo</title>
<meta name="description" content="A Prefeitura de Manaus realiza, nesta terça-feira, 25/4, às 14h, uma reunião com a Comissão de Trabalho sobre a Lei Paulo Gustavo, no formato híbrido, sendo presencial na sede do Conselho Municipal de Cultura (Concultura), situado no Palácio Rio Branco, na avenida 7 de setembro, s/nº,  praça Dom Pedro II, Centro. " />
<meta name="robots" content="index, follow, max-snippet:-1, max-image-preview:large, max-video-preview:-1" />
<link rel="canonical" href="https://www.manaus.am.gov.br/semcom/pautas/prefeitura-de-manaus-coordenara-reuniao-com-comissao-de-trabalho-sobre-a-lei-paulo-gustavo/" />
<meta property="og:locale" content="pt_BR" />
<meta property="og:type" content="article" />
<meta property="og:title" content="Prefeitura de Manaus coordenará reunião com Comissão de Trabalho sobre a Lei Paulo Gustavo" />
<meta property="og:description" content="A Prefeitura de Manaus realiza, nesta terça-feira, 25/4, às 14h, uma reunião com a Comissão de Trabalho sobre a Lei Paulo Gustavo, no formato híbrido, sendo presencial na sede do Conselho Municipal de Cultura (Concultura), situado no Palácio Rio Branco, na avenida 7 de setembro, s/nº,  praça Dom Pedro II, Centro. " />
<meta property="og:url" content="https://www.manaus.am.gov.br/semcom/pautas/prefeitura-de-manaus-coordenara-reuniao-com-comissao-de-trabalho-sobre-a-lei-paulo-gustavo/" />
<meta property="og:site_name" content="SEMCOM" />
<meta property="article:modified_time" content="2023-04-25T17:13:23+00:00" />
<meta property="og:image" content="https://www.manaus.am.gov.br/semcom/wp-content/uploads/sites/5/2023/02/sugestaodepauta.png" />
	<meta property="og:image:width" content="1020" />
	<meta property="og:image:height" content="540" />
	<meta property="og:image:type" content="image/png" />
<meta name="twitter:card" content="summary_large_image" />
<meta name="twitter:label1" content="Est. reading time" />
	<meta name="twitter:data1" content="1 minuto" />
<script type="application/ld+json" class="yoast-schema-graph">{"@context":"https://schema.org","@graph":[{"@type":"WebPage","@id":"https://www.manaus.am.gov.br/semcom/pautas/prefeitura-de-manaus-coordenara-reuniao-com-comissao-de-trabalho-sobre-a-lei-paulo-gustavo/","url":"https://www.manaus.am.gov.br/semcom/pautas/prefeitura-de-manaus-coordenara-reuniao-com-comissao-de-trabalho-sobre-a-lei-paulo-gustavo/","name":"Prefeitura de Manaus coordenará reunião com Comissão de Trabalho sobre a Lei Paulo Gustavo","isPartOf":{"@id":"https://www.manaus.am.gov.br/semcom/#website"},"primaryImageOfPage":{"@id":"https://www.manaus.am.gov.br/semcom/pautas/prefeitura-de-manaus-coordenara-reuniao-com-comissao-de-trabalho-sobre-a-lei-paulo-gustavo/#primaryimage"},"image":{"@id":"https://www.manaus.am.gov.br/semcom/pautas/prefeitura-de-manaus-coordenara-reuniao-com-comissao-de-trabalho-sobre-a-lei-paulo-gustavo/#primaryimage"},"thumbnailUrl":"https://www.manaus.am.gov.br/semcom/wp-content/uploads/sites/5/2023/02/sugestaodepauta.png","datePublished":"2023-04-25T17:13:22+00:00","dateModified":"2023-04-25T17:13:23+00:00","description":"A Prefeitura de Manaus realiza, nesta terça-feira, 25/4, às 14h, uma reunião com a Comissão de Trabalho sobre a Lei Paulo Gustavo, no formato híbrido, sendo presencial na sede do Conselho Municipal de Cultura (Concultura), situado no Palácio Rio Branco, na avenida 7 de setembro, s/nº,  praça Dom Pedro II, Centro. ","inLanguage":"pt-BR","potentialAction":[{"@type":"ReadAction","target":["https://www.manaus.am.gov.br/semcom/pautas/prefeitura-de-manaus-coordenara-reuniao-com-comissao-de-trabalho-sobre-a-lei-paulo-gustavo/"]}]},{"@type":"ImageObject","inLanguage":"pt-BR","@id":"https://www.manaus.am.gov.br/semcom/pautas/prefeitura-de-manaus-coordenara-reuniao-com-comissao-de-trabalho-sobre-a-lei-paulo-gustavo/#primaryimage","url":"https://www.manaus.am.gov.br/semcom/wp-content/uploads/sites/5/2023/02/sugestaodepauta.png","contentUrl":"https://www.manaus.am.gov.br/semcom/wp-content/uploads/sites/5/2023/02/sugestaodepauta.png","width":1020,"height":540},{"@type":"WebSite","@id":"https://www.manaus.am.gov.br/semcom/#website","url":"https://www.manaus.am.gov.br/semcom/","name":"SEMCOM","description":"Secretaria Municipal de Comunicação","potentialAction":[{"@type":"SearchAction","target":{"@type":"EntryPoint","urlTemplate":"https://www.manaus.am.gov.br/semcom/?s={search_term_string}"},"query-input":"required name=search_term_string"}],"inLanguage":"pt-BR"}]}</script>
<!-- / Yoast SEO plugin. -->

Prefeitura de Manaus coordenará reunião com Comissão de Trabalho sobre a Lei Paulo Gustavo

A Prefeitura de Manaus realiza, nesta terça-feira, 25/4, às 14h, uma reunião com a Comissão de Trabalho sobre a Lei Paulo Gustavo, no formato híbrido, sendo presencial na sede do Conselho Municipal de Cultura (Concultura), situado no Palácio Rio Branco, na avenida 7 de setembro, s/nº,  praça Dom Pedro II, Centro.

Secretaria Municipal de Comunicação
