{"id":212277,"date":"2023-04-18T22:44:23","date_gmt":"2023-04-19T01:44:23","guid":{"rendered":"https:\/\/www.manaus.am.gov.br\/semcom\/?post_type=pautas&#038;p=212277"},"modified":"2023-04-18T22:44:23","modified_gmt":"2023-04-19T01:44:23","slug":"escola-municipal-raimundo-goncalves-nogueira-e-reinaugurada-depois-de-reforma-completa-da-prefeitura","status":"publish","type":"pautas","link":"https:\/\/www.manaus.am.gov.br\/semcom\/pautas\/escola-municipal-raimundo-goncalves-nogueira-e-reinaugurada-depois-de-reforma-completa-da-prefeitura\/","title":{"rendered":"<strong>Escola municipal Raimundo Gon\u00e7alves Nogueira \u00e9 reinaugurada depois de reforma completa da prefeitura<\/strong>"},"content":{"rendered":"\n<p>A Prefeitura de Manaus, por meio da Secretaria Municipal de Educa\u00e7\u00e3o (Semed), reinaugura, nesta quarta-feira, 19\/4, \u00e0s 15h30, a escola municipal Raimundo Gon\u00e7alves Nogueira, localizada na rua 1\u00ba de Junho, s\/n\u00ba, no bairro Zumbi dos Palmares, zona Leste.<\/p>\n\n\n\n<p>Essa reforma faz parte do pacote de obras realizado na gest\u00e3o do prefeito David Almeida, com intuito de revitalizar as unidades de ensino que h\u00e1 anos n\u00e3o passam por qualquer tipo de interven\u00e7\u00e3o.<\/p>\n\n\n\n<p>O trabalho resultou em amplia\u00e7\u00f5es, substitui\u00e7\u00f5es e cria\u00e7\u00e3o de novos espa\u00e7os na parte interna e externa do ambiente escolar, com um investimento de quase R$ 3,5 milh\u00f5es.<\/p>\n\n\n\n<p><strong>SERVI\u00c7O<\/strong>&nbsp;<\/p>\n\n\n\n<p><strong>O qu\u00ea <\/strong>&#8211; Reinaugura\u00e7\u00e3o da escola municipal Raimundo Gon\u00e7alves Nogueira<\/p>\n\n\n\n<p><strong>Quando \u2013 <\/strong>Quarta-feira, 19\/4<\/p>\n\n\n\n<p><strong>Hor\u00e1rio \u2013 <\/strong>15h30<\/p>\n\n\n\n<p><strong>Local &#8211; <\/strong>Rua 1\u00ba de Junho, s\/n\u00ba &#8211; bairro Zumbi dos Palmares, zona Leste<\/p>\n","protected":false},"featured_media":208729,"template":"","categories":[788],"acf":[],"yoast_head":"<!-- This site is optimized with the Yoast SEO plugin v23.0 - https:\/\/yoast.com\/wordpress\/plugins\/seo\/ -->\n<title>Escola municipal Raimundo Gon\u00e7alves Nogueira \u00e9 reinaugurada depois de reforma completa da prefeitura<\/title>\n<meta name=\"robots\" content=\"index, follow, max-snippet:-1, max-image-preview:large, max-video-preview:-1\" \/>\n<link rel=\"canonical\" href=\"https:\/\/www.manaus.am.gov.br\/semcom\/pautas\/escola-municipal-raimundo-goncalves-nogueira-e-reinaugurada-depois-de-reforma-completa-da-prefeitura\/\" \/>\n<meta property=\"og:locale\" content=\"pt_BR\" \/>\n<meta property=\"og:type\" content=\"article\" \/>\n<meta property=\"og:title\" content=\"Escola municipal Raimundo Gon\u00e7alves Nogueira \u00e9 reinaugurada depois de reforma completa da prefeitura\" \/>\n<meta property=\"og:url\" content=\"https:\/\/www.manaus.am.gov.br\/semcom\/pautas\/escola-municipal-raimundo-goncalves-nogueira-e-reinaugurada-depois-de-reforma-completa-da-prefeitura\/\" \/>\n<meta property=\"og:site_name\" content=\"SEMCOM\" \/>\n<meta property=\"og:image\" content=\"https:\/\/www.manaus.am.gov.br\/semcom\/wp-content\/uploads\/sites\/5\/2023\/02\/sugestaodepauta.png\" \/>\n\t<meta property=\"og:image:width\" content=\"1020\" \/>\n\t<meta property=\"og:image:height\" content=\"540\" \/>\n\t<meta property=\"og:image:type\" content=\"image\/png\" \/>\n<meta name=\"twitter:card\" content=\"summary_large_image\" \/>\n<meta name=\"twitter:label1\" content=\"Est. reading time\" \/>\n\t<meta name=\"twitter:data1\" content=\"1 minuto\" \/>\n<script type=\"application\/ld+json\" class=\"yoast-schema-graph\">{\"@context\":\"https:\/\/schema.org\",\"@graph\":[{\"@type\":\"WebPage\",\"@id\":\"https:\/\/www.manaus.am.gov.br\/semcom\/pautas\/escola-municipal-raimundo-goncalves-nogueira-e-reinaugurada-depois-de-reforma-completa-da-prefeitura\/\",\"url\":\"https:\/\/www.manaus.am.gov.br\/semcom\/pautas\/escola-municipal-raimundo-goncalves-nogueira-e-reinaugurada-depois-de-reforma-completa-da-prefeitura\/\",\"name\":\"Escola municipal Raimundo Gon\u00e7alves Nogueira \u00e9 reinaugurada depois de reforma completa da prefeitura\",\"isPartOf\":{\"@id\":\"https:\/\/www.manaus.am.gov.br\/semcom\/#website\"},\"primaryImageOfPage\":{\"@id\":\"https:\/\/www.manaus.am.gov.br\/semcom\/pautas\/escola-municipal-raimundo-goncalves-nogueira-e-reinaugurada-depois-de-reforma-completa-da-prefeitura\/#primaryimage\"},\"image\":{\"@id\":\"https:\/\/www.manaus.am.gov.br\/semcom\/pautas\/escola-municipal-raimundo-goncalves-nogueira-e-reinaugurada-depois-de-reforma-completa-da-prefeitura\/#primaryimage\"},\"thumbnailUrl\":\"https:\/\/www.manaus.am.gov.br\/semcom\/wp-content\/uploads\/sites\/5\/2023\/02\/sugestaodepauta.png\",\"datePublished\":\"2023-04-19T01:44:23+00:00\",\"dateModified\":\"2023-04-19T01:44:23+00:00\",\"inLanguage\":\"pt-BR\",\"potentialAction\":[{\"@type\":\"ReadAction\",\"target\":[\"https:\/\/www.manaus.am.gov.br\/semcom\/pautas\/escola-municipal-raimundo-goncalves-nogueira-e-reinaugurada-depois-de-reforma-completa-da-prefeitura\/\"]}]},{\"@type\":\"ImageObject\",\"inLanguage\":\"pt-BR\",\"@id\":\"https:\/\/www.manaus.am.gov.br\/semcom\/pautas\/escola-municipal-raimundo-goncalves-nogueira-e-reinaugurada-depois-de-reforma-completa-da-prefeitura\/#primaryimage\",\"url\":\"https:\/\/www.manaus.am.gov.br\/semcom\/wp-content\/uploads\/sites\/5\/2023\/02\/sugestaodepauta.png\",\"contentUrl\":\"https:\/\/www.manaus.am.gov.br\/semcom\/wp-content\/uploads\/sites\/5\/2023\/02\/sugestaodepauta.png\",\"width\":1020,\"height\":540},{\"@type\":\"WebSite\",\"@id\":\"https:\/\/www.manaus.am.gov.br\/semcom\/#website\",\"url\":\"https:\/\/www.manaus.am.gov.br\/semcom\/\",\"name\":\"SEMCOM\",\"description\":\"Secretaria Municipal de Comunica\u00e7\u00e3o\",\"potentialAction\":[{\"@type\":\"SearchAction\",\"target\":{\"@type\":\"EntryPoint\",\"urlTemplate\":\"https:\/\/www.manaus.am.gov.br\/semcom\/?s={search_term_string}\"},\"query-input\":\"required name=search_term_string\"}],\"inLanguage\":\"pt-BR\"}]}<\/script>\n<!-- \/ Yoast SEO plugin. -->","yoast_head_json":{"title":"Escola municipal Raimundo Gon\u00e7alves Nogueira \u00e9 reinaugurada depois de reforma completa da prefeitura","robots":{"index":"index","follow":"follow","max-snippet":"max-snippet:-1","max-image-preview":"max-image-preview:large","max-video-preview":"max-video-preview:-1"},"canonical":"https:\/\/www.manaus.am.gov.br\/semcom\/pautas\/escola-municipal-raimundo-goncalves-nogueira-e-reinaugurada-depois-de-reforma-completa-da-prefeitura\/","og_locale":"pt_BR","og_type":"article","og_title":"Escola municipal Raimundo Gon\u00e7alves Nogueira \u00e9 reinaugurada depois de reforma completa da prefeitura","og_url":"https:\/\/www.manaus.am.gov.br\/semcom\/pautas\/escola-municipal-raimundo-goncalves-nogueira-e-reinaugurada-depois-de-reforma-completa-da-prefeitura\/","og_site_name":"SEMCOM","og_image":[{"width":1020,"height":540,"url":"https:\/\/www.manaus.am.gov.br\/semcom\/wp-content\/uploads\/sites\/5\/2023\/02\/sugestaodepauta.png","type":"image\/png"}],"twitter_card":"summary_large_image","twitter_misc":{"Est. reading time":"1 minuto"},"schema":{"@context":"https:\/\/schema.org","@graph":[{"@type":"WebPage","@id":"https:\/\/www.manaus.am.gov.br\/semcom\/pautas\/escola-municipal-raimundo-goncalves-nogueira-e-reinaugurada-depois-de-reforma-completa-da-prefeitura\/","url":"https:\/\/www.manaus.am.gov.br\/semcom\/pautas\/escola-municipal-raimundo-goncalves-nogueira-e-reinaugurada-depois-de-reforma-completa-da-prefeitura\/","name":"Escola municipal Raimundo Gon\u00e7alves Nogueira \u00e9 reinaugurada depois de reforma completa da prefeitura","isPartOf":{"@id":"https:\/\/www.manaus.am.gov.br\/semcom\/#website"},"primaryImageOfPage":{"@id":"https:\/\/www.manaus.am.gov.br\/semcom\/pautas\/escola-municipal-raimundo-goncalves-nogueira-e-reinaugurada-depois-de-reforma-completa-da-prefeitura\/#primaryimage"},"image":{"@id":"https:\/\/www.manaus.am.gov.br\/semcom\/pautas\/escola-municipal-raimundo-goncalves-nogueira-e-reinaugurada-depois-de-reforma-completa-da-prefeitura\/#primaryimage"},"thumbnailUrl":"https:\/\/www.manaus.am.gov.br\/semcom\/wp-content\/uploads\/sites\/5\/2023\/02\/sugestaodepauta.png","datePublished":"2023-04-19T01:44:23+00:00","dateModified":"2023-04-19T01:44:23+00:00","inLanguage":"pt-BR","potentialAction":[{"@type":"ReadAction","target":["https:\/\/www.manaus.am.gov.br\/semcom\/pautas\/escola-municipal-raimundo-goncalves-nogueira-e-reinaugurada-depois-de-reforma-completa-da-prefeitura\/"]}]},{"@type":"ImageObject","inLanguage":"pt-BR","@id":"https:\/\/www.manaus.am.gov.br\/semcom\/pautas\/escola-municipal-raimundo-goncalves-nogueira-e-reinaugurada-depois-de-reforma-completa-da-prefeitura\/#primaryimage","url":"https:\/\/www.manaus.am.gov.br\/semcom\/wp-content\/uploads\/sites\/5\/2023\/02\/sugestaodepauta.png","contentUrl":"https:\/\/www.manaus.am.gov.br\/semcom\/wp-content\/uploads\/sites\/5\/2023\/02\/sugestaodepauta.png","width":1020,"height":540},{"@type":"WebSite","@id":"https:\/\/www.manaus.am.gov.br\/semcom\/#website","url":"https:\/\/www.manaus.am.gov.br\/semcom\/","name":"SEMCOM","description":"Secretaria Municipal de Comunica\u00e7\u00e3o","potentialAction":[{"@type":"SearchAction","target":{"@type":"EntryPoint","urlTemplate":"https:\/\/www.manaus.am.gov.br\/semcom\/?s={search_term_string}"},"query-input":"required name=search_term_string"}],"inLanguage":"pt-BR"}]}},"_links":{"self":[{"href":"https:\/\/www.manaus.am.gov.br\/semcom\/wp-json\/wp\/v2\/pautas\/212277"}],"collection":[{"href":"https:\/\/www.manaus.am.gov.br\/semcom\/wp-json\/wp\/v2\/pautas"}],"about":[{"href":"https:\/\/www.manaus.am.gov.br\/semcom\/wp-json\/wp\/v2\/types\/pautas"}],"wp:featuredmedia":[{"embeddable":true,"href":"https:\/\/www.manaus.am.gov.br\/semcom\/wp-json\/wp\/v2\/media\/208729"}],"wp:attachment":[{"href":"https:\/\/www.manaus.am.gov.br\/semcom\/wp-json\/wp\/v2\/media?parent=212277"}],"wp:term":[{"taxonomy":"category","embeddable":true,"href":"https:\/\/www.manaus.am.gov.br\/semcom\/wp-json\/wp\/v2\/categories?post=212277"}],"curies":[{"name":"wp","href":"https:\/\/api.w.org\/{rel}","templated":true}]}}

<strong>Escola municipal Raimundo Gonçalves Nogueira é reinaugurada depois de reforma completa da prefeitura</strong>

<p>A Prefeitura de Manaus, por meio da Secretaria Municipal de Educação (Semed), reinaugura, nesta quarta-feira, 19/4, às 15h30, a escola municipal Raimundo Gonçalves Nogueira, localizada na rua 1º de Junho, s/nº, no bairro Zumbi dos Palmares, zona Leste.</p>



<p>Essa reforma faz parte do pacote de obras realizado na gestão do prefeito David Almeida, com intuito de revitalizar as unidades de ensino que há anos não passam por qualquer tipo de intervenção.</p>



<p>O trabalho resultou em ampliações, substituições e criação de novos espaços na parte interna e externa do ambiente escolar, com um investimento de quase R$ 3,5 milhões.</p>



<p><strong>SERVIÇO</strong>&nbsp;</p>



<p><strong>O quê </strong>&#8211; Reinauguração da escola municipal Raimundo Gonçalves Nogueira</p>



<p><strong>Quando – </strong>Quarta-feira, 19/4</p>



<p><strong>Horário – </strong>15h30</p>



<p><strong>Local &#8211; </strong>Rua 1º de Junho, s/nº &#8211; bairro Zumbi dos Palmares, zona Leste</p>

<!-- This site is optimized with the Yoast SEO plugin v23.0 - https://yoast.com/wordpress/plugins/seo/ -->
<title>Escola municipal Raimundo Gonçalves Nogueira é reinaugurada depois de reforma completa da prefeitura</title>
<meta name="robots" content="index, follow, max-snippet:-1, max-image-preview:large, max-video-preview:-1" />
<link rel="canonical" href="https://www.manaus.am.gov.br/semcom/pautas/escola-municipal-raimundo-goncalves-nogueira-e-reinaugurada-depois-de-reforma-completa-da-prefeitura/" />
<meta property="og:locale" content="pt_BR" />
<meta property="og:type" content="article" />
<meta property="og:title" content="Escola municipal Raimundo Gonçalves Nogueira é reinaugurada depois de reforma completa da prefeitura" />
<meta property="og:url" content="https://www.manaus.am.gov.br/semcom/pautas/escola-municipal-raimundo-goncalves-nogueira-e-reinaugurada-depois-de-reforma-completa-da-prefeitura/" />
<meta property="og:site_name" content="SEMCOM" />
<meta property="og:image" content="https://www.manaus.am.gov.br/semcom/wp-content/uploads/sites/5/2023/02/sugestaodepauta.png" />
	<meta property="og:image:width" content="1020" />
	<meta property="og:image:height" content="540" />
	<meta property="og:image:type" content="image/png" />
<meta name="twitter:card" content="summary_large_image" />
<meta name="twitter:label1" content="Est. reading time" />
	<meta name="twitter:data1" content="1 minuto" />
<script type="application/ld+json" class="yoast-schema-graph">{"@context":"https://schema.org","@graph":[{"@type":"WebPage","@id":"https://www.manaus.am.gov.br/semcom/pautas/escola-municipal-raimundo-goncalves-nogueira-e-reinaugurada-depois-de-reforma-completa-da-prefeitura/","url":"https://www.manaus.am.gov.br/semcom/pautas/escola-municipal-raimundo-goncalves-nogueira-e-reinaugurada-depois-de-reforma-completa-da-prefeitura/","name":"Escola municipal Raimundo Gonçalves Nogueira é reinaugurada depois de reforma completa da prefeitura","isPartOf":{"@id":"https://www.manaus.am.gov.br/semcom/#website"},"primaryImageOfPage":{"@id":"https://www.manaus.am.gov.br/semcom/pautas/escola-municipal-raimundo-goncalves-nogueira-e-reinaugurada-depois-de-reforma-completa-da-prefeitura/#primaryimage"},"image":{"@id":"https://www.manaus.am.gov.br/semcom/pautas/escola-municipal-raimundo-goncalves-nogueira-e-reinaugurada-depois-de-reforma-completa-da-prefeitura/#primaryimage"},"thumbnailUrl":"https://www.manaus.am.gov.br/semcom/wp-content/uploads/sites/5/2023/02/sugestaodepauta.png","datePublished":"2023-04-19T01:44:23+00:00","dateModified":"2023-04-19T01:44:23+00:00","inLanguage":"pt-BR","potentialAction":[{"@type":"ReadAction","target":["https://www.manaus.am.gov.br/semcom/pautas/escola-municipal-raimundo-goncalves-nogueira-e-reinaugurada-depois-de-reforma-completa-da-prefeitura/"]}]},{"@type":"ImageObject","inLanguage":"pt-BR","@id":"https://www.manaus.am.gov.br/semcom/pautas/escola-municipal-raimundo-goncalves-nogueira-e-reinaugurada-depois-de-reforma-completa-da-prefeitura/#primaryimage","url":"https://www.manaus.am.gov.br/semcom/wp-content/uploads/sites/5/2023/02/sugestaodepauta.png","contentUrl":"https://www.manaus.am.gov.br/semcom/wp-content/uploads/sites/5/2023/02/sugestaodepauta.png","width":1020,"height":540},{"@type":"WebSite","@id":"https://www.manaus.am.gov.br/semcom/#website","url":"https://www.manaus.am.gov.br/semcom/","name":"SEMCOM","description":"Secretaria Municipal de Comunicação","potentialAction":[{"@type":"SearchAction","target":{"@type":"EntryPoint","urlTemplate":"https://www.manaus.am.gov.br/semcom/?s={search_term_string}"},"query-input":"required name=search_term_string"}],"inLanguage":"pt-BR"}]}</script>
<!-- / Yoast SEO plugin. -->

Escola municipal Raimundo Gonçalves Nogueira é reinaugurada depois de reforma completa da prefeitura

Secretaria Municipal de Comunicação
