{"id":212276,"date":"2023-04-18T22:38:53","date_gmt":"2023-04-19T01:38:53","guid":{"rendered":"https:\/\/www.manaus.am.gov.br\/semcom\/?post_type=pautas&#038;p=212276"},"modified":"2023-04-18T22:38:54","modified_gmt":"2023-04-19T01:38:54","slug":"bairro-coroado-recebe-cmei-dilsen-alves-revitalizado-pela-prefeitura-de-manaus","status":"publish","type":"pautas","link":"https:\/\/www.manaus.am.gov.br\/semcom\/pautas\/bairro-coroado-recebe-cmei-dilsen-alves-revitalizado-pela-prefeitura-de-manaus\/","title":{"rendered":"<strong>Bairro Coroado recebe Cmei Dilsen Alves revitalizado pela Prefeitura de Manaus<\/strong>"},"content":{"rendered":"\n<p>O prefeito David Almeida reinaugura, nesta quarta-feira, 19\/4, \u00e0s 16h30, o Centro Municipal de Educa\u00e7\u00e3o Infantil (Cmei) Dilsen Silva Alves, na rua Porto Trombetas, n\u00b0 241, bairro Coroado, zona Leste. A unidade de ensino, coordenada pela Secretaria Municipal de Educa\u00e7\u00e3o (Semed), atende cerca de 120 estudantes de 4 a 5 anos.<\/p>\n\n\n\n<p>Ap\u00f3s 16 anos sem reformas, a unidade de ensino passou por substitui\u00e7\u00e3o das instala\u00e7\u00f5es el\u00e9tricas, pintura geral, al\u00e9m da amplia\u00e7\u00e3o de estruturas f\u00edsicas, como constru\u00e7\u00e3o de dep\u00f3sito de materiais de limpeza, banheiro, de cobertura na fachada, refeit\u00f3rio, abrigo de g\u00e1s, janelas para atendimento na secretaria, al\u00e9m da instala\u00e7\u00e3o de drenos.<\/p>\n\n\n\n<p>&#8212; &#8212; &#8212;<\/p>\n\n\n\n<p><strong>SERVI\u00c7O<\/strong><\/p>\n\n\n\n<p><strong>O qu\u00ea<\/strong> &#8211; Reinaugura\u00e7\u00e3o do Centro Municipal de Educa\u00e7\u00e3o Infantil (Cmei) Dilsen Silva Alves<\/p>\n\n\n\n<p><strong>Quando<\/strong> &#8211; Quarta-feira, 19\/4<\/p>\n\n\n\n<p><strong>Hor\u00e1rio<\/strong> &#8211; 16h30<\/p>\n\n\n\n<p><strong>Local<\/strong> &#8211; Rua Porto Trombetas, n\u00b0 241, bairro Coroado, zona Leste.<\/p>\n","protected":false},"featured_media":208729,"template":"","categories":[],"acf":[],"yoast_head":"<!-- This site is optimized with the Yoast SEO plugin v23.0 - https:\/\/yoast.com\/wordpress\/plugins\/seo\/ -->\n<title>Bairro Coroado recebe Cmei Dilsen Alves revitalizado pela Prefeitura de Manaus - SEMCOM<\/title>\n<meta name=\"robots\" content=\"index, follow, max-snippet:-1, max-image-preview:large, max-video-preview:-1\" \/>\n<link rel=\"canonical\" href=\"https:\/\/www.manaus.am.gov.br\/semcom\/pautas\/bairro-coroado-recebe-cmei-dilsen-alves-revitalizado-pela-prefeitura-de-manaus\/\" \/>\n<meta property=\"og:locale\" content=\"pt_BR\" \/>\n<meta property=\"og:type\" content=\"article\" \/>\n<meta property=\"og:title\" content=\"Bairro Coroado recebe Cmei Dilsen Alves revitalizado pela Prefeitura de Manaus - SEMCOM\" \/>\n<meta property=\"og:url\" content=\"https:\/\/www.manaus.am.gov.br\/semcom\/pautas\/bairro-coroado-recebe-cmei-dilsen-alves-revitalizado-pela-prefeitura-de-manaus\/\" \/>\n<meta property=\"og:site_name\" content=\"SEMCOM\" \/>\n<meta property=\"article:modified_time\" content=\"2023-04-19T01:38:54+00:00\" \/>\n<meta property=\"og:image\" content=\"https:\/\/www.manaus.am.gov.br\/semcom\/wp-content\/uploads\/sites\/5\/2023\/02\/sugestaodepauta.png\" \/>\n\t<meta property=\"og:image:width\" content=\"1020\" \/>\n\t<meta property=\"og:image:height\" content=\"540\" \/>\n\t<meta property=\"og:image:type\" content=\"image\/png\" \/>\n<meta name=\"twitter:card\" content=\"summary_large_image\" \/>\n<meta name=\"twitter:label1\" content=\"Est. reading time\" \/>\n\t<meta name=\"twitter:data1\" content=\"1 minuto\" \/>\n<script type=\"application\/ld+json\" class=\"yoast-schema-graph\">{\"@context\":\"https:\/\/schema.org\",\"@graph\":[{\"@type\":\"WebPage\",\"@id\":\"https:\/\/www.manaus.am.gov.br\/semcom\/pautas\/bairro-coroado-recebe-cmei-dilsen-alves-revitalizado-pela-prefeitura-de-manaus\/\",\"url\":\"https:\/\/www.manaus.am.gov.br\/semcom\/pautas\/bairro-coroado-recebe-cmei-dilsen-alves-revitalizado-pela-prefeitura-de-manaus\/\",\"name\":\"Bairro Coroado recebe Cmei Dilsen Alves revitalizado pela Prefeitura de Manaus - SEMCOM\",\"isPartOf\":{\"@id\":\"https:\/\/www.manaus.am.gov.br\/semcom\/#website\"},\"primaryImageOfPage\":{\"@id\":\"https:\/\/www.manaus.am.gov.br\/semcom\/pautas\/bairro-coroado-recebe-cmei-dilsen-alves-revitalizado-pela-prefeitura-de-manaus\/#primaryimage\"},\"image\":{\"@id\":\"https:\/\/www.manaus.am.gov.br\/semcom\/pautas\/bairro-coroado-recebe-cmei-dilsen-alves-revitalizado-pela-prefeitura-de-manaus\/#primaryimage\"},\"thumbnailUrl\":\"https:\/\/www.manaus.am.gov.br\/semcom\/wp-content\/uploads\/sites\/5\/2023\/02\/sugestaodepauta.png\",\"datePublished\":\"2023-04-19T01:38:53+00:00\",\"dateModified\":\"2023-04-19T01:38:54+00:00\",\"inLanguage\":\"pt-BR\",\"potentialAction\":[{\"@type\":\"ReadAction\",\"target\":[\"https:\/\/www.manaus.am.gov.br\/semcom\/pautas\/bairro-coroado-recebe-cmei-dilsen-alves-revitalizado-pela-prefeitura-de-manaus\/\"]}]},{\"@type\":\"ImageObject\",\"inLanguage\":\"pt-BR\",\"@id\":\"https:\/\/www.manaus.am.gov.br\/semcom\/pautas\/bairro-coroado-recebe-cmei-dilsen-alves-revitalizado-pela-prefeitura-de-manaus\/#primaryimage\",\"url\":\"https:\/\/www.manaus.am.gov.br\/semcom\/wp-content\/uploads\/sites\/5\/2023\/02\/sugestaodepauta.png\",\"contentUrl\":\"https:\/\/www.manaus.am.gov.br\/semcom\/wp-content\/uploads\/sites\/5\/2023\/02\/sugestaodepauta.png\",\"width\":1020,\"height\":540},{\"@type\":\"WebSite\",\"@id\":\"https:\/\/www.manaus.am.gov.br\/semcom\/#website\",\"url\":\"https:\/\/www.manaus.am.gov.br\/semcom\/\",\"name\":\"SEMCOM\",\"description\":\"Secretaria Municipal de Comunica\u00e7\u00e3o\",\"potentialAction\":[{\"@type\":\"SearchAction\",\"target\":{\"@type\":\"EntryPoint\",\"urlTemplate\":\"https:\/\/www.manaus.am.gov.br\/semcom\/?s={search_term_string}\"},\"query-input\":\"required name=search_term_string\"}],\"inLanguage\":\"pt-BR\"}]}<\/script>\n<!-- \/ Yoast SEO plugin. -->","yoast_head_json":{"title":"Bairro Coroado recebe Cmei Dilsen Alves revitalizado pela Prefeitura de Manaus - SEMCOM","robots":{"index":"index","follow":"follow","max-snippet":"max-snippet:-1","max-image-preview":"max-image-preview:large","max-video-preview":"max-video-preview:-1"},"canonical":"https:\/\/www.manaus.am.gov.br\/semcom\/pautas\/bairro-coroado-recebe-cmei-dilsen-alves-revitalizado-pela-prefeitura-de-manaus\/","og_locale":"pt_BR","og_type":"article","og_title":"Bairro Coroado recebe Cmei Dilsen Alves revitalizado pela Prefeitura de Manaus - SEMCOM","og_url":"https:\/\/www.manaus.am.gov.br\/semcom\/pautas\/bairro-coroado-recebe-cmei-dilsen-alves-revitalizado-pela-prefeitura-de-manaus\/","og_site_name":"SEMCOM","article_modified_time":"2023-04-19T01:38:54+00:00","og_image":[{"width":1020,"height":540,"url":"https:\/\/www.manaus.am.gov.br\/semcom\/wp-content\/uploads\/sites\/5\/2023\/02\/sugestaodepauta.png","type":"image\/png"}],"twitter_card":"summary_large_image","twitter_misc":{"Est. reading time":"1 minuto"},"schema":{"@context":"https:\/\/schema.org","@graph":[{"@type":"WebPage","@id":"https:\/\/www.manaus.am.gov.br\/semcom\/pautas\/bairro-coroado-recebe-cmei-dilsen-alves-revitalizado-pela-prefeitura-de-manaus\/","url":"https:\/\/www.manaus.am.gov.br\/semcom\/pautas\/bairro-coroado-recebe-cmei-dilsen-alves-revitalizado-pela-prefeitura-de-manaus\/","name":"Bairro Coroado recebe Cmei Dilsen Alves revitalizado pela Prefeitura de Manaus - SEMCOM","isPartOf":{"@id":"https:\/\/www.manaus.am.gov.br\/semcom\/#website"},"primaryImageOfPage":{"@id":"https:\/\/www.manaus.am.gov.br\/semcom\/pautas\/bairro-coroado-recebe-cmei-dilsen-alves-revitalizado-pela-prefeitura-de-manaus\/#primaryimage"},"image":{"@id":"https:\/\/www.manaus.am.gov.br\/semcom\/pautas\/bairro-coroado-recebe-cmei-dilsen-alves-revitalizado-pela-prefeitura-de-manaus\/#primaryimage"},"thumbnailUrl":"https:\/\/www.manaus.am.gov.br\/semcom\/wp-content\/uploads\/sites\/5\/2023\/02\/sugestaodepauta.png","datePublished":"2023-04-19T01:38:53+00:00","dateModified":"2023-04-19T01:38:54+00:00","inLanguage":"pt-BR","potentialAction":[{"@type":"ReadAction","target":["https:\/\/www.manaus.am.gov.br\/semcom\/pautas\/bairro-coroado-recebe-cmei-dilsen-alves-revitalizado-pela-prefeitura-de-manaus\/"]}]},{"@type":"ImageObject","inLanguage":"pt-BR","@id":"https:\/\/www.manaus.am.gov.br\/semcom\/pautas\/bairro-coroado-recebe-cmei-dilsen-alves-revitalizado-pela-prefeitura-de-manaus\/#primaryimage","url":"https:\/\/www.manaus.am.gov.br\/semcom\/wp-content\/uploads\/sites\/5\/2023\/02\/sugestaodepauta.png","contentUrl":"https:\/\/www.manaus.am.gov.br\/semcom\/wp-content\/uploads\/sites\/5\/2023\/02\/sugestaodepauta.png","width":1020,"height":540},{"@type":"WebSite","@id":"https:\/\/www.manaus.am.gov.br\/semcom\/#website","url":"https:\/\/www.manaus.am.gov.br\/semcom\/","name":"SEMCOM","description":"Secretaria Municipal de Comunica\u00e7\u00e3o","potentialAction":[{"@type":"SearchAction","target":{"@type":"EntryPoint","urlTemplate":"https:\/\/www.manaus.am.gov.br\/semcom\/?s={search_term_string}"},"query-input":"required name=search_term_string"}],"inLanguage":"pt-BR"}]}},"_links":{"self":[{"href":"https:\/\/www.manaus.am.gov.br\/semcom\/wp-json\/wp\/v2\/pautas\/212276"}],"collection":[{"href":"https:\/\/www.manaus.am.gov.br\/semcom\/wp-json\/wp\/v2\/pautas"}],"about":[{"href":"https:\/\/www.manaus.am.gov.br\/semcom\/wp-json\/wp\/v2\/types\/pautas"}],"wp:featuredmedia":[{"embeddable":true,"href":"https:\/\/www.manaus.am.gov.br\/semcom\/wp-json\/wp\/v2\/media\/208729"}],"wp:attachment":[{"href":"https:\/\/www.manaus.am.gov.br\/semcom\/wp-json\/wp\/v2\/media?parent=212276"}],"wp:term":[{"taxonomy":"category","embeddable":true,"href":"https:\/\/www.manaus.am.gov.br\/semcom\/wp-json\/wp\/v2\/categories?post=212276"}],"curies":[{"name":"wp","href":"https:\/\/api.w.org\/{rel}","templated":true}]}}

<p>O prefeito David Almeida reinaugura, nesta quarta-feira, 19/4, às 16h30, o Centro Municipal de Educação Infantil (Cmei) Dilsen Silva Alves, na rua Porto Trombetas, n° 241, bairro Coroado, zona Leste. A unidade de ensino, coordenada pela Secretaria Municipal de Educação (Semed), atende cerca de 120 estudantes de 4 a 5 anos.</p>



<p>Após 16 anos sem reformas, a unidade de ensino passou por substituição das instalações elétricas, pintura geral, além da ampliação de estruturas físicas, como construção de depósito de materiais de limpeza, banheiro, de cobertura na fachada, refeitório, abrigo de gás, janelas para atendimento na secretaria, além da instalação de drenos.</p>



<p>&#8212; &#8212; &#8212;</p>



<p><strong>SERVIÇO</strong></p>



<p><strong>O quê</strong> &#8211; Reinauguração do Centro Municipal de Educação Infantil (Cmei) Dilsen Silva Alves</p>



<p><strong>Quando</strong> &#8211; Quarta-feira, 19/4</p>



<p><strong>Horário</strong> &#8211; 16h30</p>



<p><strong>Local</strong> &#8211; Rua Porto Trombetas, n° 241, bairro Coroado, zona Leste.</p>

<!-- This site is optimized with the Yoast SEO plugin v23.0 - https://yoast.com/wordpress/plugins/seo/ -->
<title>Bairro Coroado recebe Cmei Dilsen Alves revitalizado pela Prefeitura de Manaus - SEMCOM</title>
<meta name="robots" content="index, follow, max-snippet:-1, max-image-preview:large, max-video-preview:-1" />
<link rel="canonical" href="https://www.manaus.am.gov.br/semcom/pautas/bairro-coroado-recebe-cmei-dilsen-alves-revitalizado-pela-prefeitura-de-manaus/" />
<meta property="og:locale" content="pt_BR" />
<meta property="og:type" content="article" />
<meta property="og:title" content="Bairro Coroado recebe Cmei Dilsen Alves revitalizado pela Prefeitura de Manaus - SEMCOM" />
<meta property="og:url" content="https://www.manaus.am.gov.br/semcom/pautas/bairro-coroado-recebe-cmei-dilsen-alves-revitalizado-pela-prefeitura-de-manaus/" />
<meta property="og:site_name" content="SEMCOM" />
<meta property="article:modified_time" content="2023-04-19T01:38:54+00:00" />
<meta property="og:image" content="https://www.manaus.am.gov.br/semcom/wp-content/uploads/sites/5/2023/02/sugestaodepauta.png" />
	<meta property="og:image:width" content="1020" />
	<meta property="og:image:height" content="540" />
	<meta property="og:image:type" content="image/png" />
<meta name="twitter:card" content="summary_large_image" />
<meta name="twitter:label1" content="Est. reading time" />
	<meta name="twitter:data1" content="1 minuto" />
<script type="application/ld+json" class="yoast-schema-graph">{"@context":"https://schema.org","@graph":[{"@type":"WebPage","@id":"https://www.manaus.am.gov.br/semcom/pautas/bairro-coroado-recebe-cmei-dilsen-alves-revitalizado-pela-prefeitura-de-manaus/","url":"https://www.manaus.am.gov.br/semcom/pautas/bairro-coroado-recebe-cmei-dilsen-alves-revitalizado-pela-prefeitura-de-manaus/","name":"Bairro Coroado recebe Cmei Dilsen Alves revitalizado pela Prefeitura de Manaus - SEMCOM","isPartOf":{"@id":"https://www.manaus.am.gov.br/semcom/#website"},"primaryImageOfPage":{"@id":"https://www.manaus.am.gov.br/semcom/pautas/bairro-coroado-recebe-cmei-dilsen-alves-revitalizado-pela-prefeitura-de-manaus/#primaryimage"},"image":{"@id":"https://www.manaus.am.gov.br/semcom/pautas/bairro-coroado-recebe-cmei-dilsen-alves-revitalizado-pela-prefeitura-de-manaus/#primaryimage"},"thumbnailUrl":"https://www.manaus.am.gov.br/semcom/wp-content/uploads/sites/5/2023/02/sugestaodepauta.png","datePublished":"2023-04-19T01:38:53+00:00","dateModified":"2023-04-19T01:38:54+00:00","inLanguage":"pt-BR","potentialAction":[{"@type":"ReadAction","target":["https://www.manaus.am.gov.br/semcom/pautas/bairro-coroado-recebe-cmei-dilsen-alves-revitalizado-pela-prefeitura-de-manaus/"]}]},{"@type":"ImageObject","inLanguage":"pt-BR","@id":"https://www.manaus.am.gov.br/semcom/pautas/bairro-coroado-recebe-cmei-dilsen-alves-revitalizado-pela-prefeitura-de-manaus/#primaryimage","url":"https://www.manaus.am.gov.br/semcom/wp-content/uploads/sites/5/2023/02/sugestaodepauta.png","contentUrl":"https://www.manaus.am.gov.br/semcom/wp-content/uploads/sites/5/2023/02/sugestaodepauta.png","width":1020,"height":540},{"@type":"WebSite","@id":"https://www.manaus.am.gov.br/semcom/#website","url":"https://www.manaus.am.gov.br/semcom/","name":"SEMCOM","description":"Secretaria Municipal de Comunicação","potentialAction":[{"@type":"SearchAction","target":{"@type":"EntryPoint","urlTemplate":"https://www.manaus.am.gov.br/semcom/?s={search_term_string}"},"query-input":"required name=search_term_string"}],"inLanguage":"pt-BR"}]}</script>
<!-- / Yoast SEO plugin. -->

Secretaria Municipal de Comunicação
