{"id":212236,"date":"2023-04-18T12:33:26","date_gmt":"2023-04-18T15:33:26","guid":{"rendered":"https:\/\/www.manaus.am.gov.br\/semcom\/?post_type=pautas&#038;p=212236"},"modified":"2023-04-18T12:33:27","modified_gmt":"2023-04-18T15:33:27","slug":"prefeitura-de-manaus-celebra-dia-dos-povos-indigenas-nesta-quarta-feira-19-4","status":"publish","type":"pautas","link":"https:\/\/www.manaus.am.gov.br\/semcom\/pautas\/prefeitura-de-manaus-celebra-dia-dos-povos-indigenas-nesta-quarta-feira-19-4\/","title":{"rendered":"<strong>Prefeitura de Manaus celebra \u2018Dia dos Povos Ind\u00edgenas\u2019 nesta quarta-feira, 19\/4<\/strong>"},"content":{"rendered":"\n<p>A Prefeitura de Manaus comemora o Dia dos Povos Ind\u00edgenas, nesta quarta-feira, 19\/4, com a entrega impressa do \u201cCat\u00e1logo da Mostra de Arte Ind\u00edgena de 2022\u201d para os artistas participantes e o chamamento para a edi\u00e7\u00e3o de 2023. O evento acontecer\u00e1 no Museu da Cidade de Manaus (Muma), \u00e0s 15h30, com a organiza\u00e7\u00e3o da Funda\u00e7\u00e3o Municipal de Cultura, Turismo e Eventos (Manauscult) e do Conselho Municipal de Cultura (Concultura).<\/p>\n\n\n\n<p>Os artistas da 2\u00aa Mostra de Arte Ind\u00edgena de Manaus estar\u00e3o presentes na celebra\u00e7\u00e3o para receber a imprensa e convidados. Durante a comemora\u00e7\u00e3o, ser\u00e1 anunciada a realiza\u00e7\u00e3o da 3\u00aa Mostra de Arte de 2023, e o convite p\u00fablico para os artistas ind\u00edgenas apresentarem seus trabalhos e firmarem suas participa\u00e7\u00f5es em mais uma edi\u00e7\u00e3o. O evento \u00e9 um reconhecimento e uma homenagem da Prefeitura de Manaus \u00e0s popula\u00e7\u00f5es ancestrais que vivem na cidade.<\/p>\n\n\n\n<p><strong>SERVI\u00c7O:<\/strong><\/p>\n\n\n\n<p><strong>O qu\u00ea<\/strong>&nbsp;&#8211; Comemora\u00e7\u00e3o do Dia dos Povos Ind\u00edgenas<\/p>\n\n\n\n<p><strong>Quando<\/strong>&nbsp;\u2013 Quarta-feira, 19\/4<\/p>\n\n\n\n<p><strong>Hor\u00e1rio<\/strong>&nbsp;\u2013 15h30<\/p>\n\n\n\n<p><strong>Onde<\/strong>&nbsp;&#8211; Museu da Cidade (Muma), Pa\u00e7o da Liberdade, rua Gabriel Salgado, s\/n\u00ba, pra\u00e7a Dom Pedro II, Centro Hist\u00f3rico&nbsp;de Manaus.<\/p>\n","protected":false},"featured_media":208729,"template":"","categories":[799],"acf":[],"yoast_head":"<!-- This site is optimized with the Yoast SEO plugin v23.0 - https:\/\/yoast.com\/wordpress\/plugins\/seo\/ -->\n<title>Prefeitura de Manaus celebra \u2018Dia dos Povos Ind\u00edgenas\u2019 nesta quarta-feira, 19\/4<\/title>\n<meta name=\"description\" content=\"A Prefeitura de Manaus comemora o Dia dos Povos Ind\u00edgenas, nesta quarta-feira, 19\/4, com a entrega impressa do \u201cCat\u00e1logo da Mostra de Arte Ind\u00edgena de 2022\u201d para os artistas participantes e o chamamento para a edi\u00e7\u00e3o de 2023. O evento acontecer\u00e1 no Museu da Cidade de Manaus (Muma), \u00e0s 15h30, com a organiza\u00e7\u00e3o da Funda\u00e7\u00e3o Municipal de Cultura, Turismo e Eventos (Manauscult) e do Conselho Municipal de Cultura (Concultura).\" \/>\n<meta name=\"robots\" content=\"index, follow, max-snippet:-1, max-image-preview:large, max-video-preview:-1\" \/>\n<link rel=\"canonical\" href=\"https:\/\/www.manaus.am.gov.br\/semcom\/pautas\/prefeitura-de-manaus-celebra-dia-dos-povos-indigenas-nesta-quarta-feira-19-4\/\" \/>\n<meta property=\"og:locale\" content=\"pt_BR\" \/>\n<meta property=\"og:type\" content=\"article\" \/>\n<meta property=\"og:title\" content=\"Prefeitura de Manaus celebra \u2018Dia dos Povos Ind\u00edgenas\u2019 nesta quarta-feira, 19\/4\" \/>\n<meta property=\"og:description\" content=\"A Prefeitura de Manaus comemora o Dia dos Povos Ind\u00edgenas, nesta quarta-feira, 19\/4, com a entrega impressa do \u201cCat\u00e1logo da Mostra de Arte Ind\u00edgena de 2022\u201d para os artistas participantes e o chamamento para a edi\u00e7\u00e3o de 2023. O evento acontecer\u00e1 no Museu da Cidade de Manaus (Muma), \u00e0s 15h30, com a organiza\u00e7\u00e3o da Funda\u00e7\u00e3o Municipal de Cultura, Turismo e Eventos (Manauscult) e do Conselho Municipal de Cultura (Concultura).\" \/>\n<meta property=\"og:url\" content=\"https:\/\/www.manaus.am.gov.br\/semcom\/pautas\/prefeitura-de-manaus-celebra-dia-dos-povos-indigenas-nesta-quarta-feira-19-4\/\" \/>\n<meta property=\"og:site_name\" content=\"SEMCOM\" \/>\n<meta property=\"article:modified_time\" content=\"2023-04-18T15:33:27+00:00\" \/>\n<meta property=\"og:image\" content=\"https:\/\/www.manaus.am.gov.br\/semcom\/wp-content\/uploads\/sites\/5\/2023\/02\/sugestaodepauta.png\" \/>\n\t<meta property=\"og:image:width\" content=\"1020\" \/>\n\t<meta property=\"og:image:height\" content=\"540\" \/>\n\t<meta property=\"og:image:type\" content=\"image\/png\" \/>\n<meta name=\"twitter:card\" content=\"summary_large_image\" \/>\n<meta name=\"twitter:label1\" content=\"Est. reading time\" \/>\n\t<meta name=\"twitter:data1\" content=\"1 minuto\" \/>\n<script type=\"application\/ld+json\" class=\"yoast-schema-graph\">{\"@context\":\"https:\/\/schema.org\",\"@graph\":[{\"@type\":\"WebPage\",\"@id\":\"https:\/\/www.manaus.am.gov.br\/semcom\/pautas\/prefeitura-de-manaus-celebra-dia-dos-povos-indigenas-nesta-quarta-feira-19-4\/\",\"url\":\"https:\/\/www.manaus.am.gov.br\/semcom\/pautas\/prefeitura-de-manaus-celebra-dia-dos-povos-indigenas-nesta-quarta-feira-19-4\/\",\"name\":\"Prefeitura de Manaus celebra \u2018Dia dos Povos Ind\u00edgenas\u2019 nesta quarta-feira, 19\/4\",\"isPartOf\":{\"@id\":\"https:\/\/www.manaus.am.gov.br\/semcom\/#website\"},\"primaryImageOfPage\":{\"@id\":\"https:\/\/www.manaus.am.gov.br\/semcom\/pautas\/prefeitura-de-manaus-celebra-dia-dos-povos-indigenas-nesta-quarta-feira-19-4\/#primaryimage\"},\"image\":{\"@id\":\"https:\/\/www.manaus.am.gov.br\/semcom\/pautas\/prefeitura-de-manaus-celebra-dia-dos-povos-indigenas-nesta-quarta-feira-19-4\/#primaryimage\"},\"thumbnailUrl\":\"https:\/\/www.manaus.am.gov.br\/semcom\/wp-content\/uploads\/sites\/5\/2023\/02\/sugestaodepauta.png\",\"datePublished\":\"2023-04-18T15:33:26+00:00\",\"dateModified\":\"2023-04-18T15:33:27+00:00\",\"description\":\"A Prefeitura de Manaus comemora o Dia dos Povos Ind\u00edgenas, nesta quarta-feira, 19\/4, com a entrega impressa do \u201cCat\u00e1logo da Mostra de Arte Ind\u00edgena de 2022\u201d para os artistas participantes e o chamamento para a edi\u00e7\u00e3o de 2023. O evento acontecer\u00e1 no Museu da Cidade de Manaus (Muma), \u00e0s 15h30, com a organiza\u00e7\u00e3o da Funda\u00e7\u00e3o Municipal de Cultura, Turismo e Eventos (Manauscult) e do Conselho Municipal de Cultura (Concultura).\",\"inLanguage\":\"pt-BR\",\"potentialAction\":[{\"@type\":\"ReadAction\",\"target\":[\"https:\/\/www.manaus.am.gov.br\/semcom\/pautas\/prefeitura-de-manaus-celebra-dia-dos-povos-indigenas-nesta-quarta-feira-19-4\/\"]}]},{\"@type\":\"ImageObject\",\"inLanguage\":\"pt-BR\",\"@id\":\"https:\/\/www.manaus.am.gov.br\/semcom\/pautas\/prefeitura-de-manaus-celebra-dia-dos-povos-indigenas-nesta-quarta-feira-19-4\/#primaryimage\",\"url\":\"https:\/\/www.manaus.am.gov.br\/semcom\/wp-content\/uploads\/sites\/5\/2023\/02\/sugestaodepauta.png\",\"contentUrl\":\"https:\/\/www.manaus.am.gov.br\/semcom\/wp-content\/uploads\/sites\/5\/2023\/02\/sugestaodepauta.png\",\"width\":1020,\"height\":540},{\"@type\":\"WebSite\",\"@id\":\"https:\/\/www.manaus.am.gov.br\/semcom\/#website\",\"url\":\"https:\/\/www.manaus.am.gov.br\/semcom\/\",\"name\":\"SEMCOM\",\"description\":\"Secretaria Municipal de Comunica\u00e7\u00e3o\",\"potentialAction\":[{\"@type\":\"SearchAction\",\"target\":{\"@type\":\"EntryPoint\",\"urlTemplate\":\"https:\/\/www.manaus.am.gov.br\/semcom\/?s={search_term_string}\"},\"query-input\":\"required name=search_term_string\"}],\"inLanguage\":\"pt-BR\"}]}<\/script>\n<!-- \/ Yoast SEO plugin. -->","yoast_head_json":{"title":"Prefeitura de Manaus celebra \u2018Dia dos Povos Ind\u00edgenas\u2019 nesta quarta-feira, 19\/4","description":"A Prefeitura de Manaus comemora o Dia dos Povos Ind\u00edgenas, nesta quarta-feira, 19\/4, com a entrega impressa do \u201cCat\u00e1logo da Mostra de Arte Ind\u00edgena de 2022\u201d para os artistas participantes e o chamamento para a edi\u00e7\u00e3o de 2023. O evento acontecer\u00e1 no Museu da Cidade de Manaus (Muma), \u00e0s 15h30, com a organiza\u00e7\u00e3o da Funda\u00e7\u00e3o Municipal de Cultura, Turismo e Eventos (Manauscult) e do Conselho Municipal de Cultura (Concultura).","robots":{"index":"index","follow":"follow","max-snippet":"max-snippet:-1","max-image-preview":"max-image-preview:large","max-video-preview":"max-video-preview:-1"},"canonical":"https:\/\/www.manaus.am.gov.br\/semcom\/pautas\/prefeitura-de-manaus-celebra-dia-dos-povos-indigenas-nesta-quarta-feira-19-4\/","og_locale":"pt_BR","og_type":"article","og_title":"Prefeitura de Manaus celebra \u2018Dia dos Povos Ind\u00edgenas\u2019 nesta quarta-feira, 19\/4","og_description":"A Prefeitura de Manaus comemora o Dia dos Povos Ind\u00edgenas, nesta quarta-feira, 19\/4, com a entrega impressa do \u201cCat\u00e1logo da Mostra de Arte Ind\u00edgena de 2022\u201d para os artistas participantes e o chamamento para a edi\u00e7\u00e3o de 2023. O evento acontecer\u00e1 no Museu da Cidade de Manaus (Muma), \u00e0s 15h30, com a organiza\u00e7\u00e3o da Funda\u00e7\u00e3o Municipal de Cultura, Turismo e Eventos (Manauscult) e do Conselho Municipal de Cultura (Concultura).","og_url":"https:\/\/www.manaus.am.gov.br\/semcom\/pautas\/prefeitura-de-manaus-celebra-dia-dos-povos-indigenas-nesta-quarta-feira-19-4\/","og_site_name":"SEMCOM","article_modified_time":"2023-04-18T15:33:27+00:00","og_image":[{"width":1020,"height":540,"url":"https:\/\/www.manaus.am.gov.br\/semcom\/wp-content\/uploads\/sites\/5\/2023\/02\/sugestaodepauta.png","type":"image\/png"}],"twitter_card":"summary_large_image","twitter_misc":{"Est. reading time":"1 minuto"},"schema":{"@context":"https:\/\/schema.org","@graph":[{"@type":"WebPage","@id":"https:\/\/www.manaus.am.gov.br\/semcom\/pautas\/prefeitura-de-manaus-celebra-dia-dos-povos-indigenas-nesta-quarta-feira-19-4\/","url":"https:\/\/www.manaus.am.gov.br\/semcom\/pautas\/prefeitura-de-manaus-celebra-dia-dos-povos-indigenas-nesta-quarta-feira-19-4\/","name":"Prefeitura de Manaus celebra \u2018Dia dos Povos Ind\u00edgenas\u2019 nesta quarta-feira, 19\/4","isPartOf":{"@id":"https:\/\/www.manaus.am.gov.br\/semcom\/#website"},"primaryImageOfPage":{"@id":"https:\/\/www.manaus.am.gov.br\/semcom\/pautas\/prefeitura-de-manaus-celebra-dia-dos-povos-indigenas-nesta-quarta-feira-19-4\/#primaryimage"},"image":{"@id":"https:\/\/www.manaus.am.gov.br\/semcom\/pautas\/prefeitura-de-manaus-celebra-dia-dos-povos-indigenas-nesta-quarta-feira-19-4\/#primaryimage"},"thumbnailUrl":"https:\/\/www.manaus.am.gov.br\/semcom\/wp-content\/uploads\/sites\/5\/2023\/02\/sugestaodepauta.png","datePublished":"2023-04-18T15:33:26+00:00","dateModified":"2023-04-18T15:33:27+00:00","description":"A Prefeitura de Manaus comemora o Dia dos Povos Ind\u00edgenas, nesta quarta-feira, 19\/4, com a entrega impressa do \u201cCat\u00e1logo da Mostra de Arte Ind\u00edgena de 2022\u201d para os artistas participantes e o chamamento para a edi\u00e7\u00e3o de 2023. O evento acontecer\u00e1 no Museu da Cidade de Manaus (Muma), \u00e0s 15h30, com a organiza\u00e7\u00e3o da Funda\u00e7\u00e3o Municipal de Cultura, Turismo e Eventos (Manauscult) e do Conselho Municipal de Cultura (Concultura).","inLanguage":"pt-BR","potentialAction":[{"@type":"ReadAction","target":["https:\/\/www.manaus.am.gov.br\/semcom\/pautas\/prefeitura-de-manaus-celebra-dia-dos-povos-indigenas-nesta-quarta-feira-19-4\/"]}]},{"@type":"ImageObject","inLanguage":"pt-BR","@id":"https:\/\/www.manaus.am.gov.br\/semcom\/pautas\/prefeitura-de-manaus-celebra-dia-dos-povos-indigenas-nesta-quarta-feira-19-4\/#primaryimage","url":"https:\/\/www.manaus.am.gov.br\/semcom\/wp-content\/uploads\/sites\/5\/2023\/02\/sugestaodepauta.png","contentUrl":"https:\/\/www.manaus.am.gov.br\/semcom\/wp-content\/uploads\/sites\/5\/2023\/02\/sugestaodepauta.png","width":1020,"height":540},{"@type":"WebSite","@id":"https:\/\/www.manaus.am.gov.br\/semcom\/#website","url":"https:\/\/www.manaus.am.gov.br\/semcom\/","name":"SEMCOM","description":"Secretaria Municipal de Comunica\u00e7\u00e3o","potentialAction":[{"@type":"SearchAction","target":{"@type":"EntryPoint","urlTemplate":"https:\/\/www.manaus.am.gov.br\/semcom\/?s={search_term_string}"},"query-input":"required name=search_term_string"}],"inLanguage":"pt-BR"}]}},"_links":{"self":[{"href":"https:\/\/www.manaus.am.gov.br\/semcom\/wp-json\/wp\/v2\/pautas\/212236"}],"collection":[{"href":"https:\/\/www.manaus.am.gov.br\/semcom\/wp-json\/wp\/v2\/pautas"}],"about":[{"href":"https:\/\/www.manaus.am.gov.br\/semcom\/wp-json\/wp\/v2\/types\/pautas"}],"wp:featuredmedia":[{"embeddable":true,"href":"https:\/\/www.manaus.am.gov.br\/semcom\/wp-json\/wp\/v2\/media\/208729"}],"wp:attachment":[{"href":"https:\/\/www.manaus.am.gov.br\/semcom\/wp-json\/wp\/v2\/media?parent=212236"}],"wp:term":[{"taxonomy":"category","embeddable":true,"href":"https:\/\/www.manaus.am.gov.br\/semcom\/wp-json\/wp\/v2\/categories?post=212236"}],"curies":[{"name":"wp","href":"https:\/\/api.w.org\/{rel}","templated":true}]}}

<strong>Prefeitura de Manaus celebra ‘Dia dos Povos Indígenas’ nesta quarta-feira, 19/4</strong>

<p>A Prefeitura de Manaus comemora o Dia dos Povos Indígenas, nesta quarta-feira, 19/4, com a entrega impressa do “Catálogo da Mostra de Arte Indígena de 2022” para os artistas participantes e o chamamento para a edição de 2023. O evento acontecerá no Museu da Cidade de Manaus (Muma), às 15h30, com a organização da Fundação Municipal de Cultura, Turismo e Eventos (Manauscult) e do Conselho Municipal de Cultura (Concultura).</p>



<p>Os artistas da 2ª Mostra de Arte Indígena de Manaus estarão presentes na celebração para receber a imprensa e convidados. Durante a comemoração, será anunciada a realização da 3ª Mostra de Arte de 2023, e o convite público para os artistas indígenas apresentarem seus trabalhos e firmarem suas participações em mais uma edição. O evento é um reconhecimento e uma homenagem da Prefeitura de Manaus às populações ancestrais que vivem na cidade.</p>



<p><strong>SERVIÇO:</strong></p>



<p><strong>O quê</strong>&nbsp;&#8211; Comemoração do Dia dos Povos Indígenas</p>



<p><strong>Quando</strong>&nbsp;– Quarta-feira, 19/4</p>



<p><strong>Horário</strong>&nbsp;– 15h30</p>



<p><strong>Onde</strong>&nbsp;&#8211; Museu da Cidade (Muma), Paço da Liberdade, rua Gabriel Salgado, s/nº, praça Dom Pedro II, Centro Histórico&nbsp;de Manaus.</p>

<!-- This site is optimized with the Yoast SEO plugin v23.0 - https://yoast.com/wordpress/plugins/seo/ -->
<title>Prefeitura de Manaus celebra ‘Dia dos Povos Indígenas’ nesta quarta-feira, 19/4</title>
<meta name="description" content="A Prefeitura de Manaus comemora o Dia dos Povos Indígenas, nesta quarta-feira, 19/4, com a entrega impressa do “Catálogo da Mostra de Arte Indígena de 2022” para os artistas participantes e o chamamento para a edição de 2023. O evento acontecerá no Museu da Cidade de Manaus (Muma), às 15h30, com a organização da Fundação Municipal de Cultura, Turismo e Eventos (Manauscult) e do Conselho Municipal de Cultura (Concultura)." />
<meta name="robots" content="index, follow, max-snippet:-1, max-image-preview:large, max-video-preview:-1" />
<link rel="canonical" href="https://www.manaus.am.gov.br/semcom/pautas/prefeitura-de-manaus-celebra-dia-dos-povos-indigenas-nesta-quarta-feira-19-4/" />
<meta property="og:locale" content="pt_BR" />
<meta property="og:type" content="article" />
<meta property="og:title" content="Prefeitura de Manaus celebra ‘Dia dos Povos Indígenas’ nesta quarta-feira, 19/4" />
<meta property="og:description" content="A Prefeitura de Manaus comemora o Dia dos Povos Indígenas, nesta quarta-feira, 19/4, com a entrega impressa do “Catálogo da Mostra de Arte Indígena de 2022” para os artistas participantes e o chamamento para a edição de 2023. O evento acontecerá no Museu da Cidade de Manaus (Muma), às 15h30, com a organização da Fundação Municipal de Cultura, Turismo e Eventos (Manauscult) e do Conselho Municipal de Cultura (Concultura)." />
<meta property="og:url" content="https://www.manaus.am.gov.br/semcom/pautas/prefeitura-de-manaus-celebra-dia-dos-povos-indigenas-nesta-quarta-feira-19-4/" />
<meta property="og:site_name" content="SEMCOM" />
<meta property="article:modified_time" content="2023-04-18T15:33:27+00:00" />
<meta property="og:image" content="https://www.manaus.am.gov.br/semcom/wp-content/uploads/sites/5/2023/02/sugestaodepauta.png" />
	<meta property="og:image:width" content="1020" />
	<meta property="og:image:height" content="540" />
	<meta property="og:image:type" content="image/png" />
<meta name="twitter:card" content="summary_large_image" />
<meta name="twitter:label1" content="Est. reading time" />
	<meta name="twitter:data1" content="1 minuto" />
<script type="application/ld+json" class="yoast-schema-graph">{"@context":"https://schema.org","@graph":[{"@type":"WebPage","@id":"https://www.manaus.am.gov.br/semcom/pautas/prefeitura-de-manaus-celebra-dia-dos-povos-indigenas-nesta-quarta-feira-19-4/","url":"https://www.manaus.am.gov.br/semcom/pautas/prefeitura-de-manaus-celebra-dia-dos-povos-indigenas-nesta-quarta-feira-19-4/","name":"Prefeitura de Manaus celebra ‘Dia dos Povos Indígenas’ nesta quarta-feira, 19/4","isPartOf":{"@id":"https://www.manaus.am.gov.br/semcom/#website"},"primaryImageOfPage":{"@id":"https://www.manaus.am.gov.br/semcom/pautas/prefeitura-de-manaus-celebra-dia-dos-povos-indigenas-nesta-quarta-feira-19-4/#primaryimage"},"image":{"@id":"https://www.manaus.am.gov.br/semcom/pautas/prefeitura-de-manaus-celebra-dia-dos-povos-indigenas-nesta-quarta-feira-19-4/#primaryimage"},"thumbnailUrl":"https://www.manaus.am.gov.br/semcom/wp-content/uploads/sites/5/2023/02/sugestaodepauta.png","datePublished":"2023-04-18T15:33:26+00:00","dateModified":"2023-04-18T15:33:27+00:00","description":"A Prefeitura de Manaus comemora o Dia dos Povos Indígenas, nesta quarta-feira, 19/4, com a entrega impressa do “Catálogo da Mostra de Arte Indígena de 2022” para os artistas participantes e o chamamento para a edição de 2023. O evento acontecerá no Museu da Cidade de Manaus (Muma), às 15h30, com a organização da Fundação Municipal de Cultura, Turismo e Eventos (Manauscult) e do Conselho Municipal de Cultura (Concultura).","inLanguage":"pt-BR","potentialAction":[{"@type":"ReadAction","target":["https://www.manaus.am.gov.br/semcom/pautas/prefeitura-de-manaus-celebra-dia-dos-povos-indigenas-nesta-quarta-feira-19-4/"]}]},{"@type":"ImageObject","inLanguage":"pt-BR","@id":"https://www.manaus.am.gov.br/semcom/pautas/prefeitura-de-manaus-celebra-dia-dos-povos-indigenas-nesta-quarta-feira-19-4/#primaryimage","url":"https://www.manaus.am.gov.br/semcom/wp-content/uploads/sites/5/2023/02/sugestaodepauta.png","contentUrl":"https://www.manaus.am.gov.br/semcom/wp-content/uploads/sites/5/2023/02/sugestaodepauta.png","width":1020,"height":540},{"@type":"WebSite","@id":"https://www.manaus.am.gov.br/semcom/#website","url":"https://www.manaus.am.gov.br/semcom/","name":"SEMCOM","description":"Secretaria Municipal de Comunicação","potentialAction":[{"@type":"SearchAction","target":{"@type":"EntryPoint","urlTemplate":"https://www.manaus.am.gov.br/semcom/?s={search_term_string}"},"query-input":"required name=search_term_string"}],"inLanguage":"pt-BR"}]}</script>
<!-- / Yoast SEO plugin. -->

Prefeitura de Manaus celebra ‘Dia dos Povos Indígenas’ nesta quarta-feira, 19/4

A Prefeitura de Manaus comemora o Dia dos Povos Indígenas, nesta quarta-feira, 19/4, com a entrega impressa do “Catálogo da Mostra de Arte Indígena de 2022” para os artistas participantes e o chamamento para a edição de 2023. O evento acontecerá no Museu da Cidade de Manaus (Muma), às 15h30, com a organização da Fundação Municipal de Cultura, Turismo e Eventos (Manauscult) e do Conselho Municipal de Cultura (Concultura).

Secretaria Municipal de Comunicação
