{"id":212179,"date":"2023-04-17T10:10:28","date_gmt":"2023-04-17T13:10:28","guid":{"rendered":"https:\/\/www.manaus.am.gov.br\/semcom\/?post_type=pautas&#038;p=212179"},"modified":"2023-04-17T10:13:54","modified_gmt":"2023-04-17T13:13:54","slug":"prefeitura-de-manaus-certifica-200-participantes-do-programa-salto-aceleradora-de-meis","status":"publish","type":"pautas","link":"https:\/\/www.manaus.am.gov.br\/semcom\/pautas\/prefeitura-de-manaus-certifica-200-participantes-do-programa-salto-aceleradora-de-meis\/","title":{"rendered":"<strong>Prefeitura de Manaus certifica 200 participantes do programa \u2018Salto: Aceleradora de MEIs\u2019<\/strong>"},"content":{"rendered":"\n<p>A Prefeitura de Manaus, por meio da Secretaria Municipal do Trabalho, Empreendedorismo e Inova\u00e7\u00e3o (Semtepi), realiza, nesta segunda-feira, 17\/4, \u00e0s 19h, a certifica\u00e7\u00e3o de 200 participantes do terceiro ciclo do programa Salto: Aceleradora de MEIs, no evento \u201cDemoday\u201d, no audit\u00f3rio da Secretaria Municipal de Educa\u00e7\u00e3o (Semed), bairro Parque 10 de Novembro, zona Centro-Sul.<\/p>\n\n\n\n<p>Ap\u00f3s tr\u00eas meses de atividades, os empreendedores, divididos em quatro turmas, conclu\u00edram toda a metodologia do curso. Foram aplicadas aulas de Autodesenvolvimento, Mercado, Modelo de Neg\u00f3cios, Finan\u00e7as, Marketing,&nbsp;<em>Pitch<\/em>, al\u00e9m das mentorias realizadas pela organiza\u00e7\u00e3o Impact Hub Manaus.<\/p>\n\n\n\n<p>Al\u00e9m da solenidade de entrega dos certificados, equipes foram selecionadas para fazer a apresenta\u00e7\u00e3o dos neg\u00f3cios para o p\u00fablico durante o evento.<\/p>\n\n\n\n<p><strong>SERVI\u00c7O:<\/strong><\/p>\n\n\n\n<p><strong>O qu\u00ea \u2013<\/strong>&nbsp;Evento \u201cDemoday\u201d \u2013 Programa Salto: Aceleradora de MEIs<\/p>\n\n\n\n<p><strong>Quando \u2013<\/strong>&nbsp;Segunda-feira, 17\/4<\/p>\n\n\n\n<p><strong>Hor\u00e1rio \u2013<\/strong>&nbsp;19h<\/p>\n\n\n\n<p><strong>Local \u2013<\/strong>&nbsp;Audit\u00f3rio da Secretaria Municipal de Educa\u00e7\u00e3o (Semed), localizada na avenida M\u00e1rio Ypiranga Monteiro, n\u00ba 2.358, bairro Parque 10 de Novembro, zona Centro-Sul.<\/p>\n\n\n\n<p>&#8212; &#8212; &#8212;<\/p>\n\n\n\n<p>SEMTEPI &#8211; Secretaria Municipal do Trabalho, Empreendedorismo e Inova\u00e7\u00e3o<\/p>\n\n\n\n<p>Assessor Respons\u00e1vel: D\u00e9bora Dourado<\/p>\n\n\n\n<p>E-mail:&nbsp;<a href=\"mailto:comunicacao.semtepi@gmail.com\" target=\"_blank\" rel=\"noreferrer noopener\">comunicacao.semtepi@gmail.com<\/a><\/p>\n","protected":false},"featured_media":208729,"template":"","categories":[806],"acf":[],"yoast_head":"<!-- This site is optimized with the Yoast SEO plugin v23.0 - https:\/\/yoast.com\/wordpress\/plugins\/seo\/ -->\n<title>Prefeitura de Manaus certifica 200 participantes do programa \u2018Salto: Aceleradora de MEIs\u2019<\/title>\n<meta name=\"description\" content=\"A Prefeitura de Manaus, por meio da Secretaria Municipal do Trabalho, Empreendedorismo e Inova\u00e7\u00e3o (Semtepi), realiza, nesta segunda-feira, 17\/4, \u00e0s 19h, a certifica\u00e7\u00e3o de 200 participantes do terceiro ciclo do programa Salto: Aceleradora de MEIs, no evento \u201cDemoday\u201d, no audit\u00f3rio da Secretaria Municipal de Educa\u00e7\u00e3o (Semed), bairro Parque 10 de Novembro, zona Centro-Sul.\" \/>\n<meta name=\"robots\" content=\"index, follow, max-snippet:-1, max-image-preview:large, max-video-preview:-1\" \/>\n<link rel=\"canonical\" href=\"https:\/\/www.manaus.am.gov.br\/semcom\/pautas\/prefeitura-de-manaus-certifica-200-participantes-do-programa-salto-aceleradora-de-meis\/\" \/>\n<meta property=\"og:locale\" content=\"pt_BR\" \/>\n<meta property=\"og:type\" content=\"article\" \/>\n<meta property=\"og:title\" content=\"Prefeitura de Manaus certifica 200 participantes do programa \u2018Salto: Aceleradora de MEIs\u2019\" \/>\n<meta property=\"og:description\" content=\"A Prefeitura de Manaus, por meio da Secretaria Municipal do Trabalho, Empreendedorismo e Inova\u00e7\u00e3o (Semtepi), realiza, nesta segunda-feira, 17\/4, \u00e0s 19h, a certifica\u00e7\u00e3o de 200 participantes do terceiro ciclo do programa Salto: Aceleradora de MEIs, no evento \u201cDemoday\u201d, no audit\u00f3rio da Secretaria Municipal de Educa\u00e7\u00e3o (Semed), bairro Parque 10 de Novembro, zona Centro-Sul.\" \/>\n<meta property=\"og:url\" content=\"https:\/\/www.manaus.am.gov.br\/semcom\/pautas\/prefeitura-de-manaus-certifica-200-participantes-do-programa-salto-aceleradora-de-meis\/\" \/>\n<meta property=\"og:site_name\" content=\"SEMCOM\" \/>\n<meta property=\"article:modified_time\" content=\"2023-04-17T13:13:54+00:00\" \/>\n<meta property=\"og:image\" content=\"https:\/\/www.manaus.am.gov.br\/semcom\/wp-content\/uploads\/sites\/5\/2023\/02\/sugestaodepauta.png\" \/>\n\t<meta property=\"og:image:width\" content=\"1020\" \/>\n\t<meta property=\"og:image:height\" content=\"540\" \/>\n\t<meta property=\"og:image:type\" content=\"image\/png\" \/>\n<meta name=\"twitter:card\" content=\"summary_large_image\" \/>\n<script type=\"application\/ld+json\" class=\"yoast-schema-graph\">{\"@context\":\"https:\/\/schema.org\",\"@graph\":[{\"@type\":\"WebPage\",\"@id\":\"https:\/\/www.manaus.am.gov.br\/semcom\/pautas\/prefeitura-de-manaus-certifica-200-participantes-do-programa-salto-aceleradora-de-meis\/\",\"url\":\"https:\/\/www.manaus.am.gov.br\/semcom\/pautas\/prefeitura-de-manaus-certifica-200-participantes-do-programa-salto-aceleradora-de-meis\/\",\"name\":\"Prefeitura de Manaus certifica 200 participantes do programa \u2018Salto: Aceleradora de MEIs\u2019\",\"isPartOf\":{\"@id\":\"https:\/\/www.manaus.am.gov.br\/semcom\/#website\"},\"primaryImageOfPage\":{\"@id\":\"https:\/\/www.manaus.am.gov.br\/semcom\/pautas\/prefeitura-de-manaus-certifica-200-participantes-do-programa-salto-aceleradora-de-meis\/#primaryimage\"},\"image\":{\"@id\":\"https:\/\/www.manaus.am.gov.br\/semcom\/pautas\/prefeitura-de-manaus-certifica-200-participantes-do-programa-salto-aceleradora-de-meis\/#primaryimage\"},\"thumbnailUrl\":\"https:\/\/www.manaus.am.gov.br\/semcom\/wp-content\/uploads\/sites\/5\/2023\/02\/sugestaodepauta.png\",\"datePublished\":\"2023-04-17T13:10:28+00:00\",\"dateModified\":\"2023-04-17T13:13:54+00:00\",\"description\":\"A Prefeitura de Manaus, por meio da Secretaria Municipal do Trabalho, Empreendedorismo e Inova\u00e7\u00e3o (Semtepi), realiza, nesta segunda-feira, 17\/4, \u00e0s 19h, a certifica\u00e7\u00e3o de 200 participantes do terceiro ciclo do programa Salto: Aceleradora de MEIs, no evento \u201cDemoday\u201d, no audit\u00f3rio da Secretaria Municipal de Educa\u00e7\u00e3o (Semed), bairro Parque 10 de Novembro, zona Centro-Sul.\",\"inLanguage\":\"pt-BR\",\"potentialAction\":[{\"@type\":\"ReadAction\",\"target\":[\"https:\/\/www.manaus.am.gov.br\/semcom\/pautas\/prefeitura-de-manaus-certifica-200-participantes-do-programa-salto-aceleradora-de-meis\/\"]}]},{\"@type\":\"ImageObject\",\"inLanguage\":\"pt-BR\",\"@id\":\"https:\/\/www.manaus.am.gov.br\/semcom\/pautas\/prefeitura-de-manaus-certifica-200-participantes-do-programa-salto-aceleradora-de-meis\/#primaryimage\",\"url\":\"https:\/\/www.manaus.am.gov.br\/semcom\/wp-content\/uploads\/sites\/5\/2023\/02\/sugestaodepauta.png\",\"contentUrl\":\"https:\/\/www.manaus.am.gov.br\/semcom\/wp-content\/uploads\/sites\/5\/2023\/02\/sugestaodepauta.png\",\"width\":1020,\"height\":540},{\"@type\":\"WebSite\",\"@id\":\"https:\/\/www.manaus.am.gov.br\/semcom\/#website\",\"url\":\"https:\/\/www.manaus.am.gov.br\/semcom\/\",\"name\":\"SEMCOM\",\"description\":\"Secretaria Municipal de Comunica\u00e7\u00e3o\",\"potentialAction\":[{\"@type\":\"SearchAction\",\"target\":{\"@type\":\"EntryPoint\",\"urlTemplate\":\"https:\/\/www.manaus.am.gov.br\/semcom\/?s={search_term_string}\"},\"query-input\":\"required name=search_term_string\"}],\"inLanguage\":\"pt-BR\"}]}<\/script>\n<!-- \/ Yoast SEO plugin. -->","yoast_head_json":{"title":"Prefeitura de Manaus certifica 200 participantes do programa \u2018Salto: Aceleradora de MEIs\u2019","description":"A Prefeitura de Manaus, por meio da Secretaria Municipal do Trabalho, Empreendedorismo e Inova\u00e7\u00e3o (Semtepi), realiza, nesta segunda-feira, 17\/4, \u00e0s 19h, a certifica\u00e7\u00e3o de 200 participantes do terceiro ciclo do programa Salto: Aceleradora de MEIs, no evento \u201cDemoday\u201d, no audit\u00f3rio da Secretaria Municipal de Educa\u00e7\u00e3o (Semed), bairro Parque 10 de Novembro, zona Centro-Sul.","robots":{"index":"index","follow":"follow","max-snippet":"max-snippet:-1","max-image-preview":"max-image-preview:large","max-video-preview":"max-video-preview:-1"},"canonical":"https:\/\/www.manaus.am.gov.br\/semcom\/pautas\/prefeitura-de-manaus-certifica-200-participantes-do-programa-salto-aceleradora-de-meis\/","og_locale":"pt_BR","og_type":"article","og_title":"Prefeitura de Manaus certifica 200 participantes do programa \u2018Salto: Aceleradora de MEIs\u2019","og_description":"A Prefeitura de Manaus, por meio da Secretaria Municipal do Trabalho, Empreendedorismo e Inova\u00e7\u00e3o (Semtepi), realiza, nesta segunda-feira, 17\/4, \u00e0s 19h, a certifica\u00e7\u00e3o de 200 participantes do terceiro ciclo do programa Salto: Aceleradora de MEIs, no evento \u201cDemoday\u201d, no audit\u00f3rio da Secretaria Municipal de Educa\u00e7\u00e3o (Semed), bairro Parque 10 de Novembro, zona Centro-Sul.","og_url":"https:\/\/www.manaus.am.gov.br\/semcom\/pautas\/prefeitura-de-manaus-certifica-200-participantes-do-programa-salto-aceleradora-de-meis\/","og_site_name":"SEMCOM","article_modified_time":"2023-04-17T13:13:54+00:00","og_image":[{"width":1020,"height":540,"url":"https:\/\/www.manaus.am.gov.br\/semcom\/wp-content\/uploads\/sites\/5\/2023\/02\/sugestaodepauta.png","type":"image\/png"}],"twitter_card":"summary_large_image","schema":{"@context":"https:\/\/schema.org","@graph":[{"@type":"WebPage","@id":"https:\/\/www.manaus.am.gov.br\/semcom\/pautas\/prefeitura-de-manaus-certifica-200-participantes-do-programa-salto-aceleradora-de-meis\/","url":"https:\/\/www.manaus.am.gov.br\/semcom\/pautas\/prefeitura-de-manaus-certifica-200-participantes-do-programa-salto-aceleradora-de-meis\/","name":"Prefeitura de Manaus certifica 200 participantes do programa \u2018Salto: Aceleradora de MEIs\u2019","isPartOf":{"@id":"https:\/\/www.manaus.am.gov.br\/semcom\/#website"},"primaryImageOfPage":{"@id":"https:\/\/www.manaus.am.gov.br\/semcom\/pautas\/prefeitura-de-manaus-certifica-200-participantes-do-programa-salto-aceleradora-de-meis\/#primaryimage"},"image":{"@id":"https:\/\/www.manaus.am.gov.br\/semcom\/pautas\/prefeitura-de-manaus-certifica-200-participantes-do-programa-salto-aceleradora-de-meis\/#primaryimage"},"thumbnailUrl":"https:\/\/www.manaus.am.gov.br\/semcom\/wp-content\/uploads\/sites\/5\/2023\/02\/sugestaodepauta.png","datePublished":"2023-04-17T13:10:28+00:00","dateModified":"2023-04-17T13:13:54+00:00","description":"A Prefeitura de Manaus, por meio da Secretaria Municipal do Trabalho, Empreendedorismo e Inova\u00e7\u00e3o (Semtepi), realiza, nesta segunda-feira, 17\/4, \u00e0s 19h, a certifica\u00e7\u00e3o de 200 participantes do terceiro ciclo do programa Salto: Aceleradora de MEIs, no evento \u201cDemoday\u201d, no audit\u00f3rio da Secretaria Municipal de Educa\u00e7\u00e3o (Semed), bairro Parque 10 de Novembro, zona Centro-Sul.","inLanguage":"pt-BR","potentialAction":[{"@type":"ReadAction","target":["https:\/\/www.manaus.am.gov.br\/semcom\/pautas\/prefeitura-de-manaus-certifica-200-participantes-do-programa-salto-aceleradora-de-meis\/"]}]},{"@type":"ImageObject","inLanguage":"pt-BR","@id":"https:\/\/www.manaus.am.gov.br\/semcom\/pautas\/prefeitura-de-manaus-certifica-200-participantes-do-programa-salto-aceleradora-de-meis\/#primaryimage","url":"https:\/\/www.manaus.am.gov.br\/semcom\/wp-content\/uploads\/sites\/5\/2023\/02\/sugestaodepauta.png","contentUrl":"https:\/\/www.manaus.am.gov.br\/semcom\/wp-content\/uploads\/sites\/5\/2023\/02\/sugestaodepauta.png","width":1020,"height":540},{"@type":"WebSite","@id":"https:\/\/www.manaus.am.gov.br\/semcom\/#website","url":"https:\/\/www.manaus.am.gov.br\/semcom\/","name":"SEMCOM","description":"Secretaria Municipal de Comunica\u00e7\u00e3o","potentialAction":[{"@type":"SearchAction","target":{"@type":"EntryPoint","urlTemplate":"https:\/\/www.manaus.am.gov.br\/semcom\/?s={search_term_string}"},"query-input":"required name=search_term_string"}],"inLanguage":"pt-BR"}]}},"_links":{"self":[{"href":"https:\/\/www.manaus.am.gov.br\/semcom\/wp-json\/wp\/v2\/pautas\/212179"}],"collection":[{"href":"https:\/\/www.manaus.am.gov.br\/semcom\/wp-json\/wp\/v2\/pautas"}],"about":[{"href":"https:\/\/www.manaus.am.gov.br\/semcom\/wp-json\/wp\/v2\/types\/pautas"}],"wp:featuredmedia":[{"embeddable":true,"href":"https:\/\/www.manaus.am.gov.br\/semcom\/wp-json\/wp\/v2\/media\/208729"}],"wp:attachment":[{"href":"https:\/\/www.manaus.am.gov.br\/semcom\/wp-json\/wp\/v2\/media?parent=212179"}],"wp:term":[{"taxonomy":"category","embeddable":true,"href":"https:\/\/www.manaus.am.gov.br\/semcom\/wp-json\/wp\/v2\/categories?post=212179"}],"curies":[{"name":"wp","href":"https:\/\/api.w.org\/{rel}","templated":true}]}}

<p>A Prefeitura de Manaus, por meio da Secretaria Municipal do Trabalho, Empreendedorismo e Inovação (Semtepi), realiza, nesta segunda-feira, 17/4, às 19h, a certificação de 200 participantes do terceiro ciclo do programa Salto: Aceleradora de MEIs, no evento “Demoday”, no auditório da Secretaria Municipal de Educação (Semed), bairro Parque 10 de Novembro, zona Centro-Sul.</p>



<p>Após três meses de atividades, os empreendedores, divididos em quatro turmas, concluíram toda a metodologia do curso. Foram aplicadas aulas de Autodesenvolvimento, Mercado, Modelo de Negócios, Finanças, Marketing,&nbsp;<em>Pitch</em>, além das mentorias realizadas pela organização Impact Hub Manaus.</p>



<p>Além da solenidade de entrega dos certificados, equipes foram selecionadas para fazer a apresentação dos negócios para o público durante o evento.</p>



<p><strong>SERVIÇO:</strong></p>



<p><strong>O quê –</strong>&nbsp;Evento “Demoday” – Programa Salto: Aceleradora de MEIs</p>



<p><strong>Quando –</strong>&nbsp;Segunda-feira, 17/4</p>



<p><strong>Horário –</strong>&nbsp;19h</p>



<p><strong>Local –</strong>&nbsp;Auditório da Secretaria Municipal de Educação (Semed), localizada na avenida Mário Ypiranga Monteiro, nº 2.358, bairro Parque 10 de Novembro, zona Centro-Sul.</p>



<p>&#8212; &#8212; &#8212;</p>



<p>SEMTEPI &#8211; Secretaria Municipal do Trabalho, Empreendedorismo e Inovação</p>



<p>Assessor Responsável: Débora Dourado</p>



<p>E-mail:&nbsp;<a href="mailto:comunicacao.semtepi@gmail.com" target="_blank" rel="noreferrer noopener">comunicacao.semtepi@gmail.com</a></p>

<!-- This site is optimized with the Yoast SEO plugin v23.0 - https://yoast.com/wordpress/plugins/seo/ -->
<title>Prefeitura de Manaus certifica 200 participantes do programa ‘Salto: Aceleradora de MEIs’</title>
<meta name="description" content="A Prefeitura de Manaus, por meio da Secretaria Municipal do Trabalho, Empreendedorismo e Inovação (Semtepi), realiza, nesta segunda-feira, 17/4, às 19h, a certificação de 200 participantes do terceiro ciclo do programa Salto: Aceleradora de MEIs, no evento “Demoday”, no auditório da Secretaria Municipal de Educação (Semed), bairro Parque 10 de Novembro, zona Centro-Sul." />
<meta name="robots" content="index, follow, max-snippet:-1, max-image-preview:large, max-video-preview:-1" />
<link rel="canonical" href="https://www.manaus.am.gov.br/semcom/pautas/prefeitura-de-manaus-certifica-200-participantes-do-programa-salto-aceleradora-de-meis/" />
<meta property="og:locale" content="pt_BR" />
<meta property="og:type" content="article" />
<meta property="og:title" content="Prefeitura de Manaus certifica 200 participantes do programa ‘Salto: Aceleradora de MEIs’" />
<meta property="og:description" content="A Prefeitura de Manaus, por meio da Secretaria Municipal do Trabalho, Empreendedorismo e Inovação (Semtepi), realiza, nesta segunda-feira, 17/4, às 19h, a certificação de 200 participantes do terceiro ciclo do programa Salto: Aceleradora de MEIs, no evento “Demoday”, no auditório da Secretaria Municipal de Educação (Semed), bairro Parque 10 de Novembro, zona Centro-Sul." />
<meta property="og:url" content="https://www.manaus.am.gov.br/semcom/pautas/prefeitura-de-manaus-certifica-200-participantes-do-programa-salto-aceleradora-de-meis/" />
<meta property="og:site_name" content="SEMCOM" />
<meta property="article:modified_time" content="2023-04-17T13:13:54+00:00" />
<meta property="og:image" content="https://www.manaus.am.gov.br/semcom/wp-content/uploads/sites/5/2023/02/sugestaodepauta.png" />
	<meta property="og:image:width" content="1020" />
	<meta property="og:image:height" content="540" />
	<meta property="og:image:type" content="image/png" />
<meta name="twitter:card" content="summary_large_image" />
<script type="application/ld+json" class="yoast-schema-graph">{"@context":"https://schema.org","@graph":[{"@type":"WebPage","@id":"https://www.manaus.am.gov.br/semcom/pautas/prefeitura-de-manaus-certifica-200-participantes-do-programa-salto-aceleradora-de-meis/","url":"https://www.manaus.am.gov.br/semcom/pautas/prefeitura-de-manaus-certifica-200-participantes-do-programa-salto-aceleradora-de-meis/","name":"Prefeitura de Manaus certifica 200 participantes do programa ‘Salto: Aceleradora de MEIs’","isPartOf":{"@id":"https://www.manaus.am.gov.br/semcom/#website"},"primaryImageOfPage":{"@id":"https://www.manaus.am.gov.br/semcom/pautas/prefeitura-de-manaus-certifica-200-participantes-do-programa-salto-aceleradora-de-meis/#primaryimage"},"image":{"@id":"https://www.manaus.am.gov.br/semcom/pautas/prefeitura-de-manaus-certifica-200-participantes-do-programa-salto-aceleradora-de-meis/#primaryimage"},"thumbnailUrl":"https://www.manaus.am.gov.br/semcom/wp-content/uploads/sites/5/2023/02/sugestaodepauta.png","datePublished":"2023-04-17T13:10:28+00:00","dateModified":"2023-04-17T13:13:54+00:00","description":"A Prefeitura de Manaus, por meio da Secretaria Municipal do Trabalho, Empreendedorismo e Inovação (Semtepi), realiza, nesta segunda-feira, 17/4, às 19h, a certificação de 200 participantes do terceiro ciclo do programa Salto: Aceleradora de MEIs, no evento “Demoday”, no auditório da Secretaria Municipal de Educação (Semed), bairro Parque 10 de Novembro, zona Centro-Sul.","inLanguage":"pt-BR","potentialAction":[{"@type":"ReadAction","target":["https://www.manaus.am.gov.br/semcom/pautas/prefeitura-de-manaus-certifica-200-participantes-do-programa-salto-aceleradora-de-meis/"]}]},{"@type":"ImageObject","inLanguage":"pt-BR","@id":"https://www.manaus.am.gov.br/semcom/pautas/prefeitura-de-manaus-certifica-200-participantes-do-programa-salto-aceleradora-de-meis/#primaryimage","url":"https://www.manaus.am.gov.br/semcom/wp-content/uploads/sites/5/2023/02/sugestaodepauta.png","contentUrl":"https://www.manaus.am.gov.br/semcom/wp-content/uploads/sites/5/2023/02/sugestaodepauta.png","width":1020,"height":540},{"@type":"WebSite","@id":"https://www.manaus.am.gov.br/semcom/#website","url":"https://www.manaus.am.gov.br/semcom/","name":"SEMCOM","description":"Secretaria Municipal de Comunicação","potentialAction":[{"@type":"SearchAction","target":{"@type":"EntryPoint","urlTemplate":"https://www.manaus.am.gov.br/semcom/?s={search_term_string}"},"query-input":"required name=search_term_string"}],"inLanguage":"pt-BR"}]}</script>
<!-- / Yoast SEO plugin. -->

A Prefeitura de Manaus, por meio da Secretaria Municipal do Trabalho, Empreendedorismo e Inovação (Semtepi), realiza, nesta segunda-feira, 17/4, às 19h, a certificação de 200 participantes do terceiro ciclo do programa Salto: Aceleradora de MEIs, no evento “Demoday”, no auditório da Secretaria Municipal de Educação (Semed), bairro Parque 10 de Novembro, zona Centro-Sul.

Secretaria Municipal de Comunicação
