{"id":212018,"date":"2023-04-13T12:53:36","date_gmt":"2023-04-13T15:53:36","guid":{"rendered":"https:\/\/www.manaus.am.gov.br\/semcom\/?post_type=pautas&#038;p=212018"},"modified":"2023-04-13T12:53:38","modified_gmt":"2023-04-13T15:53:38","slug":"prefeitura-de-manaus-realiza-acao-de-sensibilizacao-contra-o-trabalho-infantil-em-semaforos-da-cidade","status":"publish","type":"pautas","link":"https:\/\/www.manaus.am.gov.br\/semcom\/pautas\/prefeitura-de-manaus-realiza-acao-de-sensibilizacao-contra-o-trabalho-infantil-em-semaforos-da-cidade\/","title":{"rendered":"<strong>Prefeitura de Manaus realiza a\u00e7\u00e3o de sensibiliza\u00e7\u00e3o contra o trabalho infantil em sem\u00e1foros da cidade<\/strong>"},"content":{"rendered":"\n<p>Dando continuidade \u00e0s atividades da \u201cCampanha Municipal de Combate \u00e0 Explora\u00e7\u00e3o do Trabalho Infantojuvenil nas Ruas de Manaus\u201d, lan\u00e7ada em fevereiro deste ano, a Prefeitura de Manaus, por meio da Secretaria Municipal da Mulher, Assist\u00eancia Social e Cidadania (Semasc), realiza, nesta sexta-feira, 14\/4, \u00e0s 17h, \u00a0uma a\u00e7\u00e3o de sensibiliza\u00e7\u00e3o em pontos estrat\u00e9gicos da capital amazonense, distribuindo material informativo \u00e0 popula\u00e7\u00e3o.<\/p>\n\n\n\n<p>Contando com o apoio da Secretaria de Estado de Justi\u00e7a, Direitos Humanos e Cidadania (Sejusc) e de Organiza\u00e7\u00f5es da Sociedade Civil (OSCs) parceiras, a a\u00e7\u00e3o ser\u00e1 realizada em quatro pontos que apresentam maior presen\u00e7a de crian\u00e7as e adolescentes em situa\u00e7\u00e3o de explora\u00e7\u00e3o.<\/p>\n\n\n\n<p><strong>Pontos de Campanha&nbsp;<\/strong>&nbsp;<\/p>\n\n\n\n<p>Avenida Constantino Nery \u2013 Sem\u00e1foro em frente \u00e0 arena poliesportiva Amadeu Teixeira, Flores, zona Centro-Sul.<\/p>\n\n\n\n<p>Bola do Eldorado \u2013 Parque 10 de Novembro, zona Centro-Sul<\/p>\n\n\n\n<p>Avenida Coronel Teixeira \u2013 Rotat\u00f3ria em frente ao Minist\u00e9rio Internacional da Restaura\u00e7\u00e3o, Santo Agostinho, zona Oeste<\/p>\n\n\n\n<p>Rua Salvador \u2013 Cruzamento com a avenida M\u00e1rio Ypiranga Monteiro, sem\u00e1foro em frente \u00e0 revendedora Dod\u00f3 Ve\u00edculos, Adrian\u00f3polis, zona Centro-Sul<\/p>\n\n\n\n<p><strong>SERVI\u00c7O:<\/strong><\/p>\n\n\n\n<p><strong>O qu\u00ea &#8211;&nbsp;<\/strong>A\u00e7\u00e3o de sensibiliza\u00e7\u00e3o da \u201cCampanha de Combate \u00e0 Explora\u00e7\u00e3o do Trabalho Infantojuvenil nas Ruas de Manaus\u201d<\/p>\n\n\n\n<p><strong>Quando \u2013&nbsp;<\/strong>Sexta-feira,&nbsp;14\/4<\/p>\n\n\n\n<p><strong>Hor\u00e1rio &#8211;&nbsp;<\/strong>17h<\/p>\n\n\n\n<p><strong>Local &#8211;&nbsp;<\/strong>Entrevista para a imprensa na bola do Eldorado \u2013 Parque 10 de Novembro, zona Centro-Sul<\/p>\n\n\n\n<p>&#8212; &#8212; &#8212;<\/p>\n\n\n\n<p>SEMASC &#8211; Secretaria Municipal da Mulher, Assist\u00eancia Social e Cidadania<\/p>\n\n\n\n<p>Assessor Respons\u00e1vel: Leonardo Fierro&nbsp;(92) 99446-4599<\/p>\n\n\n\n<p>E-mail:&nbsp;<a href=\"mailto:comunicacao.semasc@gmail.com\" target=\"_blank\" rel=\"noreferrer noopener\">comunicacao.semasc@gmail.com<\/a><\/p>\n","protected":false},"featured_media":208729,"template":"","categories":[802],"acf":[],"yoast_head":"<!-- This site is optimized with the Yoast SEO plugin v23.0 - https:\/\/yoast.com\/wordpress\/plugins\/seo\/ -->\n<title>Prefeitura de Manaus realiza a\u00e7\u00e3o de sensibiliza\u00e7\u00e3o contra o trabalho infantil em sem\u00e1foros da cidade<\/title>\n<meta name=\"robots\" content=\"index, follow, max-snippet:-1, max-image-preview:large, max-video-preview:-1\" \/>\n<link rel=\"canonical\" href=\"https:\/\/www.manaus.am.gov.br\/semcom\/pautas\/prefeitura-de-manaus-realiza-acao-de-sensibilizacao-contra-o-trabalho-infantil-em-semaforos-da-cidade\/\" \/>\n<meta property=\"og:locale\" content=\"pt_BR\" \/>\n<meta property=\"og:type\" content=\"article\" \/>\n<meta property=\"og:title\" content=\"Prefeitura de Manaus realiza a\u00e7\u00e3o de sensibiliza\u00e7\u00e3o contra o trabalho infantil em sem\u00e1foros da cidade\" \/>\n<meta property=\"og:url\" content=\"https:\/\/www.manaus.am.gov.br\/semcom\/pautas\/prefeitura-de-manaus-realiza-acao-de-sensibilizacao-contra-o-trabalho-infantil-em-semaforos-da-cidade\/\" \/>\n<meta property=\"og:site_name\" content=\"SEMCOM\" \/>\n<meta property=\"article:modified_time\" content=\"2023-04-13T15:53:38+00:00\" \/>\n<meta property=\"og:image\" content=\"https:\/\/www.manaus.am.gov.br\/semcom\/wp-content\/uploads\/sites\/5\/2023\/02\/sugestaodepauta.png\" \/>\n\t<meta property=\"og:image:width\" content=\"1020\" \/>\n\t<meta property=\"og:image:height\" content=\"540\" \/>\n\t<meta property=\"og:image:type\" content=\"image\/png\" \/>\n<meta name=\"twitter:card\" content=\"summary_large_image\" \/>\n<meta name=\"twitter:label1\" content=\"Est. reading time\" \/>\n\t<meta name=\"twitter:data1\" content=\"2 minutos\" \/>\n<script type=\"application\/ld+json\" class=\"yoast-schema-graph\">{\"@context\":\"https:\/\/schema.org\",\"@graph\":[{\"@type\":\"WebPage\",\"@id\":\"https:\/\/www.manaus.am.gov.br\/semcom\/pautas\/prefeitura-de-manaus-realiza-acao-de-sensibilizacao-contra-o-trabalho-infantil-em-semaforos-da-cidade\/\",\"url\":\"https:\/\/www.manaus.am.gov.br\/semcom\/pautas\/prefeitura-de-manaus-realiza-acao-de-sensibilizacao-contra-o-trabalho-infantil-em-semaforos-da-cidade\/\",\"name\":\"Prefeitura de Manaus realiza a\u00e7\u00e3o de sensibiliza\u00e7\u00e3o contra o trabalho infantil em sem\u00e1foros da cidade\",\"isPartOf\":{\"@id\":\"https:\/\/www.manaus.am.gov.br\/semcom\/#website\"},\"primaryImageOfPage\":{\"@id\":\"https:\/\/www.manaus.am.gov.br\/semcom\/pautas\/prefeitura-de-manaus-realiza-acao-de-sensibilizacao-contra-o-trabalho-infantil-em-semaforos-da-cidade\/#primaryimage\"},\"image\":{\"@id\":\"https:\/\/www.manaus.am.gov.br\/semcom\/pautas\/prefeitura-de-manaus-realiza-acao-de-sensibilizacao-contra-o-trabalho-infantil-em-semaforos-da-cidade\/#primaryimage\"},\"thumbnailUrl\":\"https:\/\/www.manaus.am.gov.br\/semcom\/wp-content\/uploads\/sites\/5\/2023\/02\/sugestaodepauta.png\",\"datePublished\":\"2023-04-13T15:53:36+00:00\",\"dateModified\":\"2023-04-13T15:53:38+00:00\",\"inLanguage\":\"pt-BR\",\"potentialAction\":[{\"@type\":\"ReadAction\",\"target\":[\"https:\/\/www.manaus.am.gov.br\/semcom\/pautas\/prefeitura-de-manaus-realiza-acao-de-sensibilizacao-contra-o-trabalho-infantil-em-semaforos-da-cidade\/\"]}]},{\"@type\":\"ImageObject\",\"inLanguage\":\"pt-BR\",\"@id\":\"https:\/\/www.manaus.am.gov.br\/semcom\/pautas\/prefeitura-de-manaus-realiza-acao-de-sensibilizacao-contra-o-trabalho-infantil-em-semaforos-da-cidade\/#primaryimage\",\"url\":\"https:\/\/www.manaus.am.gov.br\/semcom\/wp-content\/uploads\/sites\/5\/2023\/02\/sugestaodepauta.png\",\"contentUrl\":\"https:\/\/www.manaus.am.gov.br\/semcom\/wp-content\/uploads\/sites\/5\/2023\/02\/sugestaodepauta.png\",\"width\":1020,\"height\":540},{\"@type\":\"WebSite\",\"@id\":\"https:\/\/www.manaus.am.gov.br\/semcom\/#website\",\"url\":\"https:\/\/www.manaus.am.gov.br\/semcom\/\",\"name\":\"SEMCOM\",\"description\":\"Secretaria Municipal de Comunica\u00e7\u00e3o\",\"potentialAction\":[{\"@type\":\"SearchAction\",\"target\":{\"@type\":\"EntryPoint\",\"urlTemplate\":\"https:\/\/www.manaus.am.gov.br\/semcom\/?s={search_term_string}\"},\"query-input\":\"required name=search_term_string\"}],\"inLanguage\":\"pt-BR\"}]}<\/script>\n<!-- \/ Yoast SEO plugin. -->","yoast_head_json":{"title":"Prefeitura de Manaus realiza a\u00e7\u00e3o de sensibiliza\u00e7\u00e3o contra o trabalho infantil em sem\u00e1foros da cidade","robots":{"index":"index","follow":"follow","max-snippet":"max-snippet:-1","max-image-preview":"max-image-preview:large","max-video-preview":"max-video-preview:-1"},"canonical":"https:\/\/www.manaus.am.gov.br\/semcom\/pautas\/prefeitura-de-manaus-realiza-acao-de-sensibilizacao-contra-o-trabalho-infantil-em-semaforos-da-cidade\/","og_locale":"pt_BR","og_type":"article","og_title":"Prefeitura de Manaus realiza a\u00e7\u00e3o de sensibiliza\u00e7\u00e3o contra o trabalho infantil em sem\u00e1foros da cidade","og_url":"https:\/\/www.manaus.am.gov.br\/semcom\/pautas\/prefeitura-de-manaus-realiza-acao-de-sensibilizacao-contra-o-trabalho-infantil-em-semaforos-da-cidade\/","og_site_name":"SEMCOM","article_modified_time":"2023-04-13T15:53:38+00:00","og_image":[{"width":1020,"height":540,"url":"https:\/\/www.manaus.am.gov.br\/semcom\/wp-content\/uploads\/sites\/5\/2023\/02\/sugestaodepauta.png","type":"image\/png"}],"twitter_card":"summary_large_image","twitter_misc":{"Est. reading time":"2 minutos"},"schema":{"@context":"https:\/\/schema.org","@graph":[{"@type":"WebPage","@id":"https:\/\/www.manaus.am.gov.br\/semcom\/pautas\/prefeitura-de-manaus-realiza-acao-de-sensibilizacao-contra-o-trabalho-infantil-em-semaforos-da-cidade\/","url":"https:\/\/www.manaus.am.gov.br\/semcom\/pautas\/prefeitura-de-manaus-realiza-acao-de-sensibilizacao-contra-o-trabalho-infantil-em-semaforos-da-cidade\/","name":"Prefeitura de Manaus realiza a\u00e7\u00e3o de sensibiliza\u00e7\u00e3o contra o trabalho infantil em sem\u00e1foros da cidade","isPartOf":{"@id":"https:\/\/www.manaus.am.gov.br\/semcom\/#website"},"primaryImageOfPage":{"@id":"https:\/\/www.manaus.am.gov.br\/semcom\/pautas\/prefeitura-de-manaus-realiza-acao-de-sensibilizacao-contra-o-trabalho-infantil-em-semaforos-da-cidade\/#primaryimage"},"image":{"@id":"https:\/\/www.manaus.am.gov.br\/semcom\/pautas\/prefeitura-de-manaus-realiza-acao-de-sensibilizacao-contra-o-trabalho-infantil-em-semaforos-da-cidade\/#primaryimage"},"thumbnailUrl":"https:\/\/www.manaus.am.gov.br\/semcom\/wp-content\/uploads\/sites\/5\/2023\/02\/sugestaodepauta.png","datePublished":"2023-04-13T15:53:36+00:00","dateModified":"2023-04-13T15:53:38+00:00","inLanguage":"pt-BR","potentialAction":[{"@type":"ReadAction","target":["https:\/\/www.manaus.am.gov.br\/semcom\/pautas\/prefeitura-de-manaus-realiza-acao-de-sensibilizacao-contra-o-trabalho-infantil-em-semaforos-da-cidade\/"]}]},{"@type":"ImageObject","inLanguage":"pt-BR","@id":"https:\/\/www.manaus.am.gov.br\/semcom\/pautas\/prefeitura-de-manaus-realiza-acao-de-sensibilizacao-contra-o-trabalho-infantil-em-semaforos-da-cidade\/#primaryimage","url":"https:\/\/www.manaus.am.gov.br\/semcom\/wp-content\/uploads\/sites\/5\/2023\/02\/sugestaodepauta.png","contentUrl":"https:\/\/www.manaus.am.gov.br\/semcom\/wp-content\/uploads\/sites\/5\/2023\/02\/sugestaodepauta.png","width":1020,"height":540},{"@type":"WebSite","@id":"https:\/\/www.manaus.am.gov.br\/semcom\/#website","url":"https:\/\/www.manaus.am.gov.br\/semcom\/","name":"SEMCOM","description":"Secretaria Municipal de Comunica\u00e7\u00e3o","potentialAction":[{"@type":"SearchAction","target":{"@type":"EntryPoint","urlTemplate":"https:\/\/www.manaus.am.gov.br\/semcom\/?s={search_term_string}"},"query-input":"required name=search_term_string"}],"inLanguage":"pt-BR"}]}},"_links":{"self":[{"href":"https:\/\/www.manaus.am.gov.br\/semcom\/wp-json\/wp\/v2\/pautas\/212018"}],"collection":[{"href":"https:\/\/www.manaus.am.gov.br\/semcom\/wp-json\/wp\/v2\/pautas"}],"about":[{"href":"https:\/\/www.manaus.am.gov.br\/semcom\/wp-json\/wp\/v2\/types\/pautas"}],"wp:featuredmedia":[{"embeddable":true,"href":"https:\/\/www.manaus.am.gov.br\/semcom\/wp-json\/wp\/v2\/media\/208729"}],"wp:attachment":[{"href":"https:\/\/www.manaus.am.gov.br\/semcom\/wp-json\/wp\/v2\/media?parent=212018"}],"wp:term":[{"taxonomy":"category","embeddable":true,"href":"https:\/\/www.manaus.am.gov.br\/semcom\/wp-json\/wp\/v2\/categories?post=212018"}],"curies":[{"name":"wp","href":"https:\/\/api.w.org\/{rel}","templated":true}]}}

<strong>Prefeitura de Manaus realiza ação de sensibilização contra o trabalho infantil em semáforos da cidade</strong>

<p>Dando continuidade às atividades da “Campanha Municipal de Combate à Exploração do Trabalho Infantojuvenil nas Ruas de Manaus”, lançada em fevereiro deste ano, a Prefeitura de Manaus, por meio da Secretaria Municipal da Mulher, Assistência Social e Cidadania (Semasc), realiza, nesta sexta-feira, 14/4, às 17h,  uma ação de sensibilização em pontos estratégicos da capital amazonense, distribuindo material informativo à população.</p>



<p>Contando com o apoio da Secretaria de Estado de Justiça, Direitos Humanos e Cidadania (Sejusc) e de Organizações da Sociedade Civil (OSCs) parceiras, a ação será realizada em quatro pontos que apresentam maior presença de crianças e adolescentes em situação de exploração.</p>



<p><strong>Pontos de Campanha&nbsp;</strong>&nbsp;</p>



<p>Avenida Constantino Nery – Semáforo em frente à arena poliesportiva Amadeu Teixeira, Flores, zona Centro-Sul.</p>



<p>Bola do Eldorado – Parque 10 de Novembro, zona Centro-Sul</p>



<p>Avenida Coronel Teixeira – Rotatória em frente ao Ministério Internacional da Restauração, Santo Agostinho, zona Oeste</p>



<p>Rua Salvador – Cruzamento com a avenida Mário Ypiranga Monteiro, semáforo em frente à revendedora Dodó Veículos, Adrianópolis, zona Centro-Sul</p>



<p><strong>SERVIÇO:</strong></p>



<p><strong>O quê &#8211;&nbsp;</strong>Ação de sensibilização da “Campanha de Combate à Exploração do Trabalho Infantojuvenil nas Ruas de Manaus”</p>



<p><strong>Quando –&nbsp;</strong>Sexta-feira,&nbsp;14/4</p>



<p><strong>Horário &#8211;&nbsp;</strong>17h</p>



<p><strong>Local &#8211;&nbsp;</strong>Entrevista para a imprensa na bola do Eldorado – Parque 10 de Novembro, zona Centro-Sul</p>



<p>&#8212; &#8212; &#8212;</p>



<p>SEMASC &#8211; Secretaria Municipal da Mulher, Assistência Social e Cidadania</p>



<p>Assessor Responsável: Leonardo Fierro&nbsp;(92) 99446-4599</p>



<p>E-mail:&nbsp;<a href="mailto:comunicacao.semasc@gmail.com" target="_blank" rel="noreferrer noopener">comunicacao.semasc@gmail.com</a></p>

<!-- This site is optimized with the Yoast SEO plugin v23.0 - https://yoast.com/wordpress/plugins/seo/ -->
<title>Prefeitura de Manaus realiza ação de sensibilização contra o trabalho infantil em semáforos da cidade</title>
<meta name="robots" content="index, follow, max-snippet:-1, max-image-preview:large, max-video-preview:-1" />
<link rel="canonical" href="https://www.manaus.am.gov.br/semcom/pautas/prefeitura-de-manaus-realiza-acao-de-sensibilizacao-contra-o-trabalho-infantil-em-semaforos-da-cidade/" />
<meta property="og:locale" content="pt_BR" />
<meta property="og:type" content="article" />
<meta property="og:title" content="Prefeitura de Manaus realiza ação de sensibilização contra o trabalho infantil em semáforos da cidade" />
<meta property="og:url" content="https://www.manaus.am.gov.br/semcom/pautas/prefeitura-de-manaus-realiza-acao-de-sensibilizacao-contra-o-trabalho-infantil-em-semaforos-da-cidade/" />
<meta property="og:site_name" content="SEMCOM" />
<meta property="article:modified_time" content="2023-04-13T15:53:38+00:00" />
<meta property="og:image" content="https://www.manaus.am.gov.br/semcom/wp-content/uploads/sites/5/2023/02/sugestaodepauta.png" />
	<meta property="og:image:width" content="1020" />
	<meta property="og:image:height" content="540" />
	<meta property="og:image:type" content="image/png" />
<meta name="twitter:card" content="summary_large_image" />
<meta name="twitter:label1" content="Est. reading time" />
	<meta name="twitter:data1" content="2 minutos" />
<script type="application/ld+json" class="yoast-schema-graph">{"@context":"https://schema.org","@graph":[{"@type":"WebPage","@id":"https://www.manaus.am.gov.br/semcom/pautas/prefeitura-de-manaus-realiza-acao-de-sensibilizacao-contra-o-trabalho-infantil-em-semaforos-da-cidade/","url":"https://www.manaus.am.gov.br/semcom/pautas/prefeitura-de-manaus-realiza-acao-de-sensibilizacao-contra-o-trabalho-infantil-em-semaforos-da-cidade/","name":"Prefeitura de Manaus realiza ação de sensibilização contra o trabalho infantil em semáforos da cidade","isPartOf":{"@id":"https://www.manaus.am.gov.br/semcom/#website"},"primaryImageOfPage":{"@id":"https://www.manaus.am.gov.br/semcom/pautas/prefeitura-de-manaus-realiza-acao-de-sensibilizacao-contra-o-trabalho-infantil-em-semaforos-da-cidade/#primaryimage"},"image":{"@id":"https://www.manaus.am.gov.br/semcom/pautas/prefeitura-de-manaus-realiza-acao-de-sensibilizacao-contra-o-trabalho-infantil-em-semaforos-da-cidade/#primaryimage"},"thumbnailUrl":"https://www.manaus.am.gov.br/semcom/wp-content/uploads/sites/5/2023/02/sugestaodepauta.png","datePublished":"2023-04-13T15:53:36+00:00","dateModified":"2023-04-13T15:53:38+00:00","inLanguage":"pt-BR","potentialAction":[{"@type":"ReadAction","target":["https://www.manaus.am.gov.br/semcom/pautas/prefeitura-de-manaus-realiza-acao-de-sensibilizacao-contra-o-trabalho-infantil-em-semaforos-da-cidade/"]}]},{"@type":"ImageObject","inLanguage":"pt-BR","@id":"https://www.manaus.am.gov.br/semcom/pautas/prefeitura-de-manaus-realiza-acao-de-sensibilizacao-contra-o-trabalho-infantil-em-semaforos-da-cidade/#primaryimage","url":"https://www.manaus.am.gov.br/semcom/wp-content/uploads/sites/5/2023/02/sugestaodepauta.png","contentUrl":"https://www.manaus.am.gov.br/semcom/wp-content/uploads/sites/5/2023/02/sugestaodepauta.png","width":1020,"height":540},{"@type":"WebSite","@id":"https://www.manaus.am.gov.br/semcom/#website","url":"https://www.manaus.am.gov.br/semcom/","name":"SEMCOM","description":"Secretaria Municipal de Comunicação","potentialAction":[{"@type":"SearchAction","target":{"@type":"EntryPoint","urlTemplate":"https://www.manaus.am.gov.br/semcom/?s={search_term_string}"},"query-input":"required name=search_term_string"}],"inLanguage":"pt-BR"}]}</script>
<!-- / Yoast SEO plugin. -->

Prefeitura de Manaus realiza ação de sensibilização contra o trabalho infantil em semáforos da cidade

Secretaria Municipal de Comunicação
