{"id":211982,"date":"2023-04-12T14:33:47","date_gmt":"2023-04-12T17:33:47","guid":{"rendered":"https:\/\/www.manaus.am.gov.br\/semcom\/?post_type=pautas&#038;p=211982"},"modified":"2023-04-12T14:33:48","modified_gmt":"2023-04-12T17:33:48","slug":"prefeito-de-manaus-sanciona-lei-que-amplia-alcance-do-programa-bolsa-idiomas","status":"publish","type":"pautas","link":"https:\/\/www.manaus.am.gov.br\/semcom\/pautas\/prefeito-de-manaus-sanciona-lei-que-amplia-alcance-do-programa-bolsa-idiomas\/","title":{"rendered":"<strong>Prefeito de Manaus sanciona lei que amplia alcance do Programa Bolsa Idiomas<\/strong>"},"content":{"rendered":"\n<p>O prefeito de Manaus, David Almeida, sanciona, nesta quinta-feira, 13\/4, \u00e0s 9h, no audit\u00f3rio da Secretaria Municipal de Educa\u00e7\u00e3o (Semed), na avenida M\u00e1rio Ypiranga Monteiro, n\u00ba 2.358, Parque 10 de Novembro, zona Centro-Sul, a lei que amplia a abrang\u00eancia do Programa Bolsa Idiomas (PBI), que passar\u00e1 a atender estudantes a partir dos 10 anos de idade, j\u00e1 a partir de 2023, com benef\u00edcios integrais (100%) e parciais (50% e 75%) para o aprendizado de uma l\u00edngua estrangeira em institui\u00e7\u00f5es particulares.<\/p>\n\n\n\n<p>A altera\u00e7\u00e3o na legisla\u00e7\u00e3o que instituiu o PBI foi aprovada por unanimidade na C\u00e2mara Municipal de Manaus. Antes, apenas estudantes com 16 anos ou mais poderiam pleitear as bolsas oferecidas pelo programa.<\/p>\n\n\n\n<p>Coordenado pela Escola de Servi\u00e7o P\u00fablico Municipal e Inclus\u00e3o Socioeducacional (Espi), \u00f3rg\u00e3o vinculado \u00e0 Secretaria Municipal de Administra\u00e7\u00e3o, Planejamento e Gest\u00e3o (Semad), o PBI conta com a parceria de institui\u00e7\u00f5es e cursos de idiomas, na modalidade volunt\u00e1ria &#8211; sem isen\u00e7\u00e3o de tributos municipais -, oferecendo sete l\u00ednguas estrangeiras: ingl\u00eas, espanhol, italiano, franc\u00eas, alem\u00e3o, japon\u00eas e mandarim.<\/p>\n\n\n\n<p><strong>SERVI\u00c7O:<\/strong><\/p>\n\n\n\n<p><strong>O qu\u00ea &#8211; <\/strong>San\u00e7\u00e3o da lei que amplia o PBI<\/p>\n\n\n\n<p><strong>Data \u2013<\/strong> Quinta-feira, 13\/4<\/p>\n\n\n\n<p><strong>Hor\u00e1rio &#8211; <\/strong>9h<\/p>\n\n\n\n<p><strong>Local &#8211; <\/strong>Audit\u00f3rio da Secretaria Municipal de Educa\u00e7\u00e3o (Semed), na avenida M\u00e1rio Ypiranga Monteiro, n\u00ba 2.358, Parque 10 de Novembro<\/p>\n","protected":false},"featured_media":208729,"template":"","categories":[775],"acf":[],"yoast_head":"<!-- This site is optimized with the Yoast SEO plugin v23.0 - https:\/\/yoast.com\/wordpress\/plugins\/seo\/ -->\n<title>Prefeito de Manaus sanciona lei que amplia alcance do Programa Bolsa Idiomas<\/title>\n<meta name=\"description\" content=\"O prefeito de Manaus, David Almeida, sanciona, nesta quinta-feira, 13\/4, \u00e0s 9h, no audit\u00f3rio da Secretaria Municipal de Educa\u00e7\u00e3o (Semed), na avenida M\u00e1rio Ypiranga Monteiro, n\u00ba 2.358, Parque 10 de Novembro, zona Centro-Sul, a lei que amplia a abrang\u00eancia do Programa Bolsa Idiomas (PBI), que passar\u00e1 a atender estudantes a partir dos 10 anos de idade, j\u00e1 a partir de 2023, com benef\u00edcios integrais (100%) e parciais (50% e 75%) para o aprendizado de uma l\u00edngua estrangeira em institui\u00e7\u00f5es particulares.\" \/>\n<meta name=\"robots\" content=\"index, follow, max-snippet:-1, max-image-preview:large, max-video-preview:-1\" \/>\n<link rel=\"canonical\" href=\"https:\/\/www.manaus.am.gov.br\/semcom\/pautas\/prefeito-de-manaus-sanciona-lei-que-amplia-alcance-do-programa-bolsa-idiomas\/\" \/>\n<meta property=\"og:locale\" content=\"pt_BR\" \/>\n<meta property=\"og:type\" content=\"article\" \/>\n<meta property=\"og:title\" content=\"Prefeito de Manaus sanciona lei que amplia alcance do Programa Bolsa Idiomas\" \/>\n<meta property=\"og:description\" content=\"O prefeito de Manaus, David Almeida, sanciona, nesta quinta-feira, 13\/4, \u00e0s 9h, no audit\u00f3rio da Secretaria Municipal de Educa\u00e7\u00e3o (Semed), na avenida M\u00e1rio Ypiranga Monteiro, n\u00ba 2.358, Parque 10 de Novembro, zona Centro-Sul, a lei que amplia a abrang\u00eancia do Programa Bolsa Idiomas (PBI), que passar\u00e1 a atender estudantes a partir dos 10 anos de idade, j\u00e1 a partir de 2023, com benef\u00edcios integrais (100%) e parciais (50% e 75%) para o aprendizado de uma l\u00edngua estrangeira em institui\u00e7\u00f5es particulares.\" \/>\n<meta property=\"og:url\" content=\"https:\/\/www.manaus.am.gov.br\/semcom\/pautas\/prefeito-de-manaus-sanciona-lei-que-amplia-alcance-do-programa-bolsa-idiomas\/\" \/>\n<meta property=\"og:site_name\" content=\"SEMCOM\" \/>\n<meta property=\"article:modified_time\" content=\"2023-04-12T17:33:48+00:00\" \/>\n<meta property=\"og:image\" content=\"https:\/\/www.manaus.am.gov.br\/semcom\/wp-content\/uploads\/sites\/5\/2023\/02\/sugestaodepauta.png\" \/>\n\t<meta property=\"og:image:width\" content=\"1020\" \/>\n\t<meta property=\"og:image:height\" content=\"540\" \/>\n\t<meta property=\"og:image:type\" content=\"image\/png\" \/>\n<meta name=\"twitter:card\" content=\"summary_large_image\" \/>\n<meta name=\"twitter:label1\" content=\"Est. reading time\" \/>\n\t<meta name=\"twitter:data1\" content=\"2 minutos\" \/>\n<script type=\"application\/ld+json\" class=\"yoast-schema-graph\">{\"@context\":\"https:\/\/schema.org\",\"@graph\":[{\"@type\":\"WebPage\",\"@id\":\"https:\/\/www.manaus.am.gov.br\/semcom\/pautas\/prefeito-de-manaus-sanciona-lei-que-amplia-alcance-do-programa-bolsa-idiomas\/\",\"url\":\"https:\/\/www.manaus.am.gov.br\/semcom\/pautas\/prefeito-de-manaus-sanciona-lei-que-amplia-alcance-do-programa-bolsa-idiomas\/\",\"name\":\"Prefeito de Manaus sanciona lei que amplia alcance do Programa Bolsa Idiomas\",\"isPartOf\":{\"@id\":\"https:\/\/www.manaus.am.gov.br\/semcom\/#website\"},\"primaryImageOfPage\":{\"@id\":\"https:\/\/www.manaus.am.gov.br\/semcom\/pautas\/prefeito-de-manaus-sanciona-lei-que-amplia-alcance-do-programa-bolsa-idiomas\/#primaryimage\"},\"image\":{\"@id\":\"https:\/\/www.manaus.am.gov.br\/semcom\/pautas\/prefeito-de-manaus-sanciona-lei-que-amplia-alcance-do-programa-bolsa-idiomas\/#primaryimage\"},\"thumbnailUrl\":\"https:\/\/www.manaus.am.gov.br\/semcom\/wp-content\/uploads\/sites\/5\/2023\/02\/sugestaodepauta.png\",\"datePublished\":\"2023-04-12T17:33:47+00:00\",\"dateModified\":\"2023-04-12T17:33:48+00:00\",\"description\":\"O prefeito de Manaus, David Almeida, sanciona, nesta quinta-feira, 13\/4, \u00e0s 9h, no audit\u00f3rio da Secretaria Municipal de Educa\u00e7\u00e3o (Semed), na avenida M\u00e1rio Ypiranga Monteiro, n\u00ba 2.358, Parque 10 de Novembro, zona Centro-Sul, a lei que amplia a abrang\u00eancia do Programa Bolsa Idiomas (PBI), que passar\u00e1 a atender estudantes a partir dos 10 anos de idade, j\u00e1 a partir de 2023, com benef\u00edcios integrais (100%) e parciais (50% e 75%) para o aprendizado de uma l\u00edngua estrangeira em institui\u00e7\u00f5es particulares.\",\"inLanguage\":\"pt-BR\",\"potentialAction\":[{\"@type\":\"ReadAction\",\"target\":[\"https:\/\/www.manaus.am.gov.br\/semcom\/pautas\/prefeito-de-manaus-sanciona-lei-que-amplia-alcance-do-programa-bolsa-idiomas\/\"]}]},{\"@type\":\"ImageObject\",\"inLanguage\":\"pt-BR\",\"@id\":\"https:\/\/www.manaus.am.gov.br\/semcom\/pautas\/prefeito-de-manaus-sanciona-lei-que-amplia-alcance-do-programa-bolsa-idiomas\/#primaryimage\",\"url\":\"https:\/\/www.manaus.am.gov.br\/semcom\/wp-content\/uploads\/sites\/5\/2023\/02\/sugestaodepauta.png\",\"contentUrl\":\"https:\/\/www.manaus.am.gov.br\/semcom\/wp-content\/uploads\/sites\/5\/2023\/02\/sugestaodepauta.png\",\"width\":1020,\"height\":540},{\"@type\":\"WebSite\",\"@id\":\"https:\/\/www.manaus.am.gov.br\/semcom\/#website\",\"url\":\"https:\/\/www.manaus.am.gov.br\/semcom\/\",\"name\":\"SEMCOM\",\"description\":\"Secretaria Municipal de Comunica\u00e7\u00e3o\",\"potentialAction\":[{\"@type\":\"SearchAction\",\"target\":{\"@type\":\"EntryPoint\",\"urlTemplate\":\"https:\/\/www.manaus.am.gov.br\/semcom\/?s={search_term_string}\"},\"query-input\":\"required name=search_term_string\"}],\"inLanguage\":\"pt-BR\"}]}<\/script>\n<!-- \/ Yoast SEO plugin. -->","yoast_head_json":{"title":"Prefeito de Manaus sanciona lei que amplia alcance do Programa Bolsa Idiomas","description":"O prefeito de Manaus, David Almeida, sanciona, nesta quinta-feira, 13\/4, \u00e0s 9h, no audit\u00f3rio da Secretaria Municipal de Educa\u00e7\u00e3o (Semed), na avenida M\u00e1rio Ypiranga Monteiro, n\u00ba 2.358, Parque 10 de Novembro, zona Centro-Sul, a lei que amplia a abrang\u00eancia do Programa Bolsa Idiomas (PBI), que passar\u00e1 a atender estudantes a partir dos 10 anos de idade, j\u00e1 a partir de 2023, com benef\u00edcios integrais (100%) e parciais (50% e 75%) para o aprendizado de uma l\u00edngua estrangeira em institui\u00e7\u00f5es particulares.","robots":{"index":"index","follow":"follow","max-snippet":"max-snippet:-1","max-image-preview":"max-image-preview:large","max-video-preview":"max-video-preview:-1"},"canonical":"https:\/\/www.manaus.am.gov.br\/semcom\/pautas\/prefeito-de-manaus-sanciona-lei-que-amplia-alcance-do-programa-bolsa-idiomas\/","og_locale":"pt_BR","og_type":"article","og_title":"Prefeito de Manaus sanciona lei que amplia alcance do Programa Bolsa Idiomas","og_description":"O prefeito de Manaus, David Almeida, sanciona, nesta quinta-feira, 13\/4, \u00e0s 9h, no audit\u00f3rio da Secretaria Municipal de Educa\u00e7\u00e3o (Semed), na avenida M\u00e1rio Ypiranga Monteiro, n\u00ba 2.358, Parque 10 de Novembro, zona Centro-Sul, a lei que amplia a abrang\u00eancia do Programa Bolsa Idiomas (PBI), que passar\u00e1 a atender estudantes a partir dos 10 anos de idade, j\u00e1 a partir de 2023, com benef\u00edcios integrais (100%) e parciais (50% e 75%) para o aprendizado de uma l\u00edngua estrangeira em institui\u00e7\u00f5es particulares.","og_url":"https:\/\/www.manaus.am.gov.br\/semcom\/pautas\/prefeito-de-manaus-sanciona-lei-que-amplia-alcance-do-programa-bolsa-idiomas\/","og_site_name":"SEMCOM","article_modified_time":"2023-04-12T17:33:48+00:00","og_image":[{"width":1020,"height":540,"url":"https:\/\/www.manaus.am.gov.br\/semcom\/wp-content\/uploads\/sites\/5\/2023\/02\/sugestaodepauta.png","type":"image\/png"}],"twitter_card":"summary_large_image","twitter_misc":{"Est. reading time":"2 minutos"},"schema":{"@context":"https:\/\/schema.org","@graph":[{"@type":"WebPage","@id":"https:\/\/www.manaus.am.gov.br\/semcom\/pautas\/prefeito-de-manaus-sanciona-lei-que-amplia-alcance-do-programa-bolsa-idiomas\/","url":"https:\/\/www.manaus.am.gov.br\/semcom\/pautas\/prefeito-de-manaus-sanciona-lei-que-amplia-alcance-do-programa-bolsa-idiomas\/","name":"Prefeito de Manaus sanciona lei que amplia alcance do Programa Bolsa Idiomas","isPartOf":{"@id":"https:\/\/www.manaus.am.gov.br\/semcom\/#website"},"primaryImageOfPage":{"@id":"https:\/\/www.manaus.am.gov.br\/semcom\/pautas\/prefeito-de-manaus-sanciona-lei-que-amplia-alcance-do-programa-bolsa-idiomas\/#primaryimage"},"image":{"@id":"https:\/\/www.manaus.am.gov.br\/semcom\/pautas\/prefeito-de-manaus-sanciona-lei-que-amplia-alcance-do-programa-bolsa-idiomas\/#primaryimage"},"thumbnailUrl":"https:\/\/www.manaus.am.gov.br\/semcom\/wp-content\/uploads\/sites\/5\/2023\/02\/sugestaodepauta.png","datePublished":"2023-04-12T17:33:47+00:00","dateModified":"2023-04-12T17:33:48+00:00","description":"O prefeito de Manaus, David Almeida, sanciona, nesta quinta-feira, 13\/4, \u00e0s 9h, no audit\u00f3rio da Secretaria Municipal de Educa\u00e7\u00e3o (Semed), na avenida M\u00e1rio Ypiranga Monteiro, n\u00ba 2.358, Parque 10 de Novembro, zona Centro-Sul, a lei que amplia a abrang\u00eancia do Programa Bolsa Idiomas (PBI), que passar\u00e1 a atender estudantes a partir dos 10 anos de idade, j\u00e1 a partir de 2023, com benef\u00edcios integrais (100%) e parciais (50% e 75%) para o aprendizado de uma l\u00edngua estrangeira em institui\u00e7\u00f5es particulares.","inLanguage":"pt-BR","potentialAction":[{"@type":"ReadAction","target":["https:\/\/www.manaus.am.gov.br\/semcom\/pautas\/prefeito-de-manaus-sanciona-lei-que-amplia-alcance-do-programa-bolsa-idiomas\/"]}]},{"@type":"ImageObject","inLanguage":"pt-BR","@id":"https:\/\/www.manaus.am.gov.br\/semcom\/pautas\/prefeito-de-manaus-sanciona-lei-que-amplia-alcance-do-programa-bolsa-idiomas\/#primaryimage","url":"https:\/\/www.manaus.am.gov.br\/semcom\/wp-content\/uploads\/sites\/5\/2023\/02\/sugestaodepauta.png","contentUrl":"https:\/\/www.manaus.am.gov.br\/semcom\/wp-content\/uploads\/sites\/5\/2023\/02\/sugestaodepauta.png","width":1020,"height":540},{"@type":"WebSite","@id":"https:\/\/www.manaus.am.gov.br\/semcom\/#website","url":"https:\/\/www.manaus.am.gov.br\/semcom\/","name":"SEMCOM","description":"Secretaria Municipal de Comunica\u00e7\u00e3o","potentialAction":[{"@type":"SearchAction","target":{"@type":"EntryPoint","urlTemplate":"https:\/\/www.manaus.am.gov.br\/semcom\/?s={search_term_string}"},"query-input":"required name=search_term_string"}],"inLanguage":"pt-BR"}]}},"_links":{"self":[{"href":"https:\/\/www.manaus.am.gov.br\/semcom\/wp-json\/wp\/v2\/pautas\/211982"}],"collection":[{"href":"https:\/\/www.manaus.am.gov.br\/semcom\/wp-json\/wp\/v2\/pautas"}],"about":[{"href":"https:\/\/www.manaus.am.gov.br\/semcom\/wp-json\/wp\/v2\/types\/pautas"}],"wp:featuredmedia":[{"embeddable":true,"href":"https:\/\/www.manaus.am.gov.br\/semcom\/wp-json\/wp\/v2\/media\/208729"}],"wp:attachment":[{"href":"https:\/\/www.manaus.am.gov.br\/semcom\/wp-json\/wp\/v2\/media?parent=211982"}],"wp:term":[{"taxonomy":"category","embeddable":true,"href":"https:\/\/www.manaus.am.gov.br\/semcom\/wp-json\/wp\/v2\/categories?post=211982"}],"curies":[{"name":"wp","href":"https:\/\/api.w.org\/{rel}","templated":true}]}}

<p>O prefeito de Manaus, David Almeida, sanciona, nesta quinta-feira, 13/4, às 9h, no auditório da Secretaria Municipal de Educação (Semed), na avenida Mário Ypiranga Monteiro, nº 2.358, Parque 10 de Novembro, zona Centro-Sul, a lei que amplia a abrangência do Programa Bolsa Idiomas (PBI), que passará a atender estudantes a partir dos 10 anos de idade, já a partir de 2023, com benefícios integrais (100%) e parciais (50% e 75%) para o aprendizado de uma língua estrangeira em instituições particulares.</p>



<p>A alteração na legislação que instituiu o PBI foi aprovada por unanimidade na Câmara Municipal de Manaus. Antes, apenas estudantes com 16 anos ou mais poderiam pleitear as bolsas oferecidas pelo programa.</p>



<p>Coordenado pela Escola de Serviço Público Municipal e Inclusão Socioeducacional (Espi), órgão vinculado à Secretaria Municipal de Administração, Planejamento e Gestão (Semad), o PBI conta com a parceria de instituições e cursos de idiomas, na modalidade voluntária &#8211; sem isenção de tributos municipais -, oferecendo sete línguas estrangeiras: inglês, espanhol, italiano, francês, alemão, japonês e mandarim.</p>



<p><strong>SERVIÇO:</strong></p>



<p><strong>O quê &#8211; </strong>Sanção da lei que amplia o PBI</p>



<p><strong>Data –</strong> Quinta-feira, 13/4</p>



<p><strong>Horário &#8211; </strong>9h</p>



<p><strong>Local &#8211; </strong>Auditório da Secretaria Municipal de Educação (Semed), na avenida Mário Ypiranga Monteiro, nº 2.358, Parque 10 de Novembro</p>

<!-- This site is optimized with the Yoast SEO plugin v23.0 - https://yoast.com/wordpress/plugins/seo/ -->
<title>Prefeito de Manaus sanciona lei que amplia alcance do Programa Bolsa Idiomas</title>
<meta name="description" content="O prefeito de Manaus, David Almeida, sanciona, nesta quinta-feira, 13/4, às 9h, no auditório da Secretaria Municipal de Educação (Semed), na avenida Mário Ypiranga Monteiro, nº 2.358, Parque 10 de Novembro, zona Centro-Sul, a lei que amplia a abrangência do Programa Bolsa Idiomas (PBI), que passará a atender estudantes a partir dos 10 anos de idade, já a partir de 2023, com benefícios integrais (100%) e parciais (50% e 75%) para o aprendizado de uma língua estrangeira em instituições particulares." />
<meta name="robots" content="index, follow, max-snippet:-1, max-image-preview:large, max-video-preview:-1" />
<link rel="canonical" href="https://www.manaus.am.gov.br/semcom/pautas/prefeito-de-manaus-sanciona-lei-que-amplia-alcance-do-programa-bolsa-idiomas/" />
<meta property="og:locale" content="pt_BR" />
<meta property="og:type" content="article" />
<meta property="og:title" content="Prefeito de Manaus sanciona lei que amplia alcance do Programa Bolsa Idiomas" />
<meta property="og:description" content="O prefeito de Manaus, David Almeida, sanciona, nesta quinta-feira, 13/4, às 9h, no auditório da Secretaria Municipal de Educação (Semed), na avenida Mário Ypiranga Monteiro, nº 2.358, Parque 10 de Novembro, zona Centro-Sul, a lei que amplia a abrangência do Programa Bolsa Idiomas (PBI), que passará a atender estudantes a partir dos 10 anos de idade, já a partir de 2023, com benefícios integrais (100%) e parciais (50% e 75%) para o aprendizado de uma língua estrangeira em instituições particulares." />
<meta property="og:url" content="https://www.manaus.am.gov.br/semcom/pautas/prefeito-de-manaus-sanciona-lei-que-amplia-alcance-do-programa-bolsa-idiomas/" />
<meta property="og:site_name" content="SEMCOM" />
<meta property="article:modified_time" content="2023-04-12T17:33:48+00:00" />
<meta property="og:image" content="https://www.manaus.am.gov.br/semcom/wp-content/uploads/sites/5/2023/02/sugestaodepauta.png" />
	<meta property="og:image:width" content="1020" />
	<meta property="og:image:height" content="540" />
	<meta property="og:image:type" content="image/png" />
<meta name="twitter:card" content="summary_large_image" />
<meta name="twitter:label1" content="Est. reading time" />
	<meta name="twitter:data1" content="2 minutos" />
<script type="application/ld+json" class="yoast-schema-graph">{"@context":"https://schema.org","@graph":[{"@type":"WebPage","@id":"https://www.manaus.am.gov.br/semcom/pautas/prefeito-de-manaus-sanciona-lei-que-amplia-alcance-do-programa-bolsa-idiomas/","url":"https://www.manaus.am.gov.br/semcom/pautas/prefeito-de-manaus-sanciona-lei-que-amplia-alcance-do-programa-bolsa-idiomas/","name":"Prefeito de Manaus sanciona lei que amplia alcance do Programa Bolsa Idiomas","isPartOf":{"@id":"https://www.manaus.am.gov.br/semcom/#website"},"primaryImageOfPage":{"@id":"https://www.manaus.am.gov.br/semcom/pautas/prefeito-de-manaus-sanciona-lei-que-amplia-alcance-do-programa-bolsa-idiomas/#primaryimage"},"image":{"@id":"https://www.manaus.am.gov.br/semcom/pautas/prefeito-de-manaus-sanciona-lei-que-amplia-alcance-do-programa-bolsa-idiomas/#primaryimage"},"thumbnailUrl":"https://www.manaus.am.gov.br/semcom/wp-content/uploads/sites/5/2023/02/sugestaodepauta.png","datePublished":"2023-04-12T17:33:47+00:00","dateModified":"2023-04-12T17:33:48+00:00","description":"O prefeito de Manaus, David Almeida, sanciona, nesta quinta-feira, 13/4, às 9h, no auditório da Secretaria Municipal de Educação (Semed), na avenida Mário Ypiranga Monteiro, nº 2.358, Parque 10 de Novembro, zona Centro-Sul, a lei que amplia a abrangência do Programa Bolsa Idiomas (PBI), que passará a atender estudantes a partir dos 10 anos de idade, já a partir de 2023, com benefícios integrais (100%) e parciais (50% e 75%) para o aprendizado de uma língua estrangeira em instituições particulares.","inLanguage":"pt-BR","potentialAction":[{"@type":"ReadAction","target":["https://www.manaus.am.gov.br/semcom/pautas/prefeito-de-manaus-sanciona-lei-que-amplia-alcance-do-programa-bolsa-idiomas/"]}]},{"@type":"ImageObject","inLanguage":"pt-BR","@id":"https://www.manaus.am.gov.br/semcom/pautas/prefeito-de-manaus-sanciona-lei-que-amplia-alcance-do-programa-bolsa-idiomas/#primaryimage","url":"https://www.manaus.am.gov.br/semcom/wp-content/uploads/sites/5/2023/02/sugestaodepauta.png","contentUrl":"https://www.manaus.am.gov.br/semcom/wp-content/uploads/sites/5/2023/02/sugestaodepauta.png","width":1020,"height":540},{"@type":"WebSite","@id":"https://www.manaus.am.gov.br/semcom/#website","url":"https://www.manaus.am.gov.br/semcom/","name":"SEMCOM","description":"Secretaria Municipal de Comunicação","potentialAction":[{"@type":"SearchAction","target":{"@type":"EntryPoint","urlTemplate":"https://www.manaus.am.gov.br/semcom/?s={search_term_string}"},"query-input":"required name=search_term_string"}],"inLanguage":"pt-BR"}]}</script>
<!-- / Yoast SEO plugin. -->

O prefeito de Manaus, David Almeida, sanciona, nesta quinta-feira, 13/4, às 9h, no auditório da Secretaria Municipal de Educação (Semed), na avenida Mário Ypiranga Monteiro, nº 2.358, Parque 10 de Novembro, zona Centro-Sul, a lei que amplia a abrangência do Programa Bolsa Idiomas (PBI), que passará a atender estudantes a partir dos 10 anos de idade, já a partir de 2023, com benefícios integrais (100%) e parciais (50% e 75%) para o aprendizado de uma língua estrangeira em instituições particulares.

Secretaria Municipal de Comunicação
