{"id":211963,"date":"2023-04-11T18:44:24","date_gmt":"2023-04-11T21:44:24","guid":{"rendered":"https:\/\/www.manaus.am.gov.br\/semcom\/?post_type=pautas&#038;p=211963"},"modified":"2023-04-11T18:54:12","modified_gmt":"2023-04-11T21:54:12","slug":"prefeitura-entrega-cheques-simbolicos-aos-contemplados-do-segundo-sorteio-do-ano-da-campanha-nota-premiada","status":"publish","type":"pautas","link":"https:\/\/www.manaus.am.gov.br\/semcom\/pautas\/prefeitura-entrega-cheques-simbolicos-aos-contemplados-do-segundo-sorteio-do-ano-da-campanha-nota-premiada\/","title":{"rendered":"<strong>Prefeitura entrega cheques simb\u00f3licos aos contemplados do segundo sorteio do ano da campanha Nota Premiada<\/strong>"},"content":{"rendered":"\n<p>A Prefeitura de Manaus, por meio da Secretaria Municipal de Finan\u00e7as e Tecnologia da Informa\u00e7\u00e3o (Semef), entrega nesta quarta-feira, 12\/4, \u00e0s 9h, os cheques simb\u00f3licos aos felizardos do sorteio n\u00ba 2023-02 da campanha Nota Premiada Manaus.<\/p>\n\n\n\n<p>Em mais uma extra\u00e7\u00e3o de 2023, a campanha contemplou 27 felizardos cadastrados que pediram o CPF na Nota Fiscal de Servi\u00e7o Eletr\u00f4nica (NFS-e). A premia\u00e7\u00e3o principal, valor de R$ 30 mil, ser\u00e1 paga \u00e0 Paulo C\u00e9sar Diniz de Ara\u00fajo, que indicou o Abrigo Moacyr Alves para receber o pr\u00eamio social de R$ 15 mil, o que equivale a 50% do pr\u00eamio principal.<\/p>\n\n\n\n<p>A rela\u00e7\u00e3o completa com os contemplados desse sorteio est\u00e1 dispon\u00edvel na p\u00e1gina http:\/\/notapremiada.manaus.am.gov.br.<\/p>\n\n\n\n<p>A cerim\u00f4nia de entrega das premia\u00e7\u00f5es acorrer\u00e1 no audit\u00f3rio da Subsecretaria da Receita da Semef, localizado na avenida Japur\u00e1, n\u00ba 493, bairro Centro, zona Sul, anexo do Manaus Atende.<\/p>\n\n\n\n<p><strong>SERVI\u00c7O<\/strong><\/p>\n\n\n\n<p><strong>O qu\u00ea<\/strong> \u2013 Entrega dos cheques simb\u00f3licos da campanha Nota Premiada Manaus<\/p>\n\n\n\n<p><strong>Quando <\/strong>\u2013 Quarta-feira, 12\/4<\/p>\n\n\n\n<p><strong>Hor\u00e1rio \u2013<\/strong> 9h<\/p>\n\n\n\n<p><strong>Local \u2013<\/strong> Avenida Japur\u00e1, n\u00ba 493, bairro Centro, zona Sul, anexo do Manaus Atende<\/p>\n","protected":false},"featured_media":208729,"template":"","categories":[804],"acf":[],"yoast_head":"<!-- This site is optimized with the Yoast SEO plugin v23.0 - https:\/\/yoast.com\/wordpress\/plugins\/seo\/ -->\n<title>Prefeitura entrega cheques simb\u00f3licos aos contemplados do segundo sorteio do ano da campanha Nota Premiada<\/title>\n<meta name=\"description\" content=\"A Prefeitura de Manaus, por meio da Secretaria Municipal de Finan\u00e7as e Tecnologia da Informa\u00e7\u00e3o (Semef), entrega nesta quarta-feira, 12\/4, os cheques simb\u00f3licos aos felizardos do sorteio n\u00ba 2023-02 da campanha Nota Premiada Manaus.\" \/>\n<meta name=\"robots\" content=\"index, follow, max-snippet:-1, max-image-preview:large, max-video-preview:-1\" \/>\n<link rel=\"canonical\" href=\"https:\/\/www.manaus.am.gov.br\/semcom\/pautas\/prefeitura-entrega-cheques-simbolicos-aos-contemplados-do-segundo-sorteio-do-ano-da-campanha-nota-premiada\/\" \/>\n<meta property=\"og:locale\" content=\"pt_BR\" \/>\n<meta property=\"og:type\" content=\"article\" \/>\n<meta property=\"og:title\" content=\"Prefeitura entrega cheques simb\u00f3licos aos contemplados do segundo sorteio do ano da campanha Nota Premiada\" \/>\n<meta property=\"og:description\" content=\"A Prefeitura de Manaus, por meio da Secretaria Municipal de Finan\u00e7as e Tecnologia da Informa\u00e7\u00e3o (Semef), entrega nesta quarta-feira, 12\/4, os cheques simb\u00f3licos aos felizardos do sorteio n\u00ba 2023-02 da campanha Nota Premiada Manaus.\" \/>\n<meta property=\"og:url\" content=\"https:\/\/www.manaus.am.gov.br\/semcom\/pautas\/prefeitura-entrega-cheques-simbolicos-aos-contemplados-do-segundo-sorteio-do-ano-da-campanha-nota-premiada\/\" \/>\n<meta property=\"og:site_name\" content=\"SEMCOM\" \/>\n<meta property=\"article:modified_time\" content=\"2023-04-11T21:54:12+00:00\" \/>\n<meta property=\"og:image\" content=\"https:\/\/www.manaus.am.gov.br\/semcom\/wp-content\/uploads\/sites\/5\/2023\/02\/sugestaodepauta.png\" \/>\n\t<meta property=\"og:image:width\" content=\"1020\" \/>\n\t<meta property=\"og:image:height\" content=\"540\" \/>\n\t<meta property=\"og:image:type\" content=\"image\/png\" \/>\n<meta name=\"twitter:card\" content=\"summary_large_image\" \/>\n<meta name=\"twitter:label1\" content=\"Est. reading time\" \/>\n\t<meta name=\"twitter:data1\" content=\"1 minuto\" \/>\n<script type=\"application\/ld+json\" class=\"yoast-schema-graph\">{\"@context\":\"https:\/\/schema.org\",\"@graph\":[{\"@type\":\"WebPage\",\"@id\":\"https:\/\/www.manaus.am.gov.br\/semcom\/pautas\/prefeitura-entrega-cheques-simbolicos-aos-contemplados-do-segundo-sorteio-do-ano-da-campanha-nota-premiada\/\",\"url\":\"https:\/\/www.manaus.am.gov.br\/semcom\/pautas\/prefeitura-entrega-cheques-simbolicos-aos-contemplados-do-segundo-sorteio-do-ano-da-campanha-nota-premiada\/\",\"name\":\"Prefeitura entrega cheques simb\u00f3licos aos contemplados do segundo sorteio do ano da campanha Nota Premiada\",\"isPartOf\":{\"@id\":\"https:\/\/www.manaus.am.gov.br\/semcom\/#website\"},\"primaryImageOfPage\":{\"@id\":\"https:\/\/www.manaus.am.gov.br\/semcom\/pautas\/prefeitura-entrega-cheques-simbolicos-aos-contemplados-do-segundo-sorteio-do-ano-da-campanha-nota-premiada\/#primaryimage\"},\"image\":{\"@id\":\"https:\/\/www.manaus.am.gov.br\/semcom\/pautas\/prefeitura-entrega-cheques-simbolicos-aos-contemplados-do-segundo-sorteio-do-ano-da-campanha-nota-premiada\/#primaryimage\"},\"thumbnailUrl\":\"https:\/\/www.manaus.am.gov.br\/semcom\/wp-content\/uploads\/sites\/5\/2023\/02\/sugestaodepauta.png\",\"datePublished\":\"2023-04-11T21:44:24+00:00\",\"dateModified\":\"2023-04-11T21:54:12+00:00\",\"description\":\"A Prefeitura de Manaus, por meio da Secretaria Municipal de Finan\u00e7as e Tecnologia da Informa\u00e7\u00e3o (Semef), entrega nesta quarta-feira, 12\/4, os cheques simb\u00f3licos aos felizardos do sorteio n\u00ba 2023-02 da campanha Nota Premiada Manaus.\",\"inLanguage\":\"pt-BR\",\"potentialAction\":[{\"@type\":\"ReadAction\",\"target\":[\"https:\/\/www.manaus.am.gov.br\/semcom\/pautas\/prefeitura-entrega-cheques-simbolicos-aos-contemplados-do-segundo-sorteio-do-ano-da-campanha-nota-premiada\/\"]}]},{\"@type\":\"ImageObject\",\"inLanguage\":\"pt-BR\",\"@id\":\"https:\/\/www.manaus.am.gov.br\/semcom\/pautas\/prefeitura-entrega-cheques-simbolicos-aos-contemplados-do-segundo-sorteio-do-ano-da-campanha-nota-premiada\/#primaryimage\",\"url\":\"https:\/\/www.manaus.am.gov.br\/semcom\/wp-content\/uploads\/sites\/5\/2023\/02\/sugestaodepauta.png\",\"contentUrl\":\"https:\/\/www.manaus.am.gov.br\/semcom\/wp-content\/uploads\/sites\/5\/2023\/02\/sugestaodepauta.png\",\"width\":1020,\"height\":540},{\"@type\":\"WebSite\",\"@id\":\"https:\/\/www.manaus.am.gov.br\/semcom\/#website\",\"url\":\"https:\/\/www.manaus.am.gov.br\/semcom\/\",\"name\":\"SEMCOM\",\"description\":\"Secretaria Municipal de Comunica\u00e7\u00e3o\",\"potentialAction\":[{\"@type\":\"SearchAction\",\"target\":{\"@type\":\"EntryPoint\",\"urlTemplate\":\"https:\/\/www.manaus.am.gov.br\/semcom\/?s={search_term_string}\"},\"query-input\":\"required name=search_term_string\"}],\"inLanguage\":\"pt-BR\"}]}<\/script>\n<!-- \/ Yoast SEO plugin. -->","yoast_head_json":{"title":"Prefeitura entrega cheques simb\u00f3licos aos contemplados do segundo sorteio do ano da campanha Nota Premiada","description":"A Prefeitura de Manaus, por meio da Secretaria Municipal de Finan\u00e7as e Tecnologia da Informa\u00e7\u00e3o (Semef), entrega nesta quarta-feira, 12\/4, os cheques simb\u00f3licos aos felizardos do sorteio n\u00ba 2023-02 da campanha Nota Premiada Manaus.","robots":{"index":"index","follow":"follow","max-snippet":"max-snippet:-1","max-image-preview":"max-image-preview:large","max-video-preview":"max-video-preview:-1"},"canonical":"https:\/\/www.manaus.am.gov.br\/semcom\/pautas\/prefeitura-entrega-cheques-simbolicos-aos-contemplados-do-segundo-sorteio-do-ano-da-campanha-nota-premiada\/","og_locale":"pt_BR","og_type":"article","og_title":"Prefeitura entrega cheques simb\u00f3licos aos contemplados do segundo sorteio do ano da campanha Nota Premiada","og_description":"A Prefeitura de Manaus, por meio da Secretaria Municipal de Finan\u00e7as e Tecnologia da Informa\u00e7\u00e3o (Semef), entrega nesta quarta-feira, 12\/4, os cheques simb\u00f3licos aos felizardos do sorteio n\u00ba 2023-02 da campanha Nota Premiada Manaus.","og_url":"https:\/\/www.manaus.am.gov.br\/semcom\/pautas\/prefeitura-entrega-cheques-simbolicos-aos-contemplados-do-segundo-sorteio-do-ano-da-campanha-nota-premiada\/","og_site_name":"SEMCOM","article_modified_time":"2023-04-11T21:54:12+00:00","og_image":[{"width":1020,"height":540,"url":"https:\/\/www.manaus.am.gov.br\/semcom\/wp-content\/uploads\/sites\/5\/2023\/02\/sugestaodepauta.png","type":"image\/png"}],"twitter_card":"summary_large_image","twitter_misc":{"Est. reading time":"1 minuto"},"schema":{"@context":"https:\/\/schema.org","@graph":[{"@type":"WebPage","@id":"https:\/\/www.manaus.am.gov.br\/semcom\/pautas\/prefeitura-entrega-cheques-simbolicos-aos-contemplados-do-segundo-sorteio-do-ano-da-campanha-nota-premiada\/","url":"https:\/\/www.manaus.am.gov.br\/semcom\/pautas\/prefeitura-entrega-cheques-simbolicos-aos-contemplados-do-segundo-sorteio-do-ano-da-campanha-nota-premiada\/","name":"Prefeitura entrega cheques simb\u00f3licos aos contemplados do segundo sorteio do ano da campanha Nota Premiada","isPartOf":{"@id":"https:\/\/www.manaus.am.gov.br\/semcom\/#website"},"primaryImageOfPage":{"@id":"https:\/\/www.manaus.am.gov.br\/semcom\/pautas\/prefeitura-entrega-cheques-simbolicos-aos-contemplados-do-segundo-sorteio-do-ano-da-campanha-nota-premiada\/#primaryimage"},"image":{"@id":"https:\/\/www.manaus.am.gov.br\/semcom\/pautas\/prefeitura-entrega-cheques-simbolicos-aos-contemplados-do-segundo-sorteio-do-ano-da-campanha-nota-premiada\/#primaryimage"},"thumbnailUrl":"https:\/\/www.manaus.am.gov.br\/semcom\/wp-content\/uploads\/sites\/5\/2023\/02\/sugestaodepauta.png","datePublished":"2023-04-11T21:44:24+00:00","dateModified":"2023-04-11T21:54:12+00:00","description":"A Prefeitura de Manaus, por meio da Secretaria Municipal de Finan\u00e7as e Tecnologia da Informa\u00e7\u00e3o (Semef), entrega nesta quarta-feira, 12\/4, os cheques simb\u00f3licos aos felizardos do sorteio n\u00ba 2023-02 da campanha Nota Premiada Manaus.","inLanguage":"pt-BR","potentialAction":[{"@type":"ReadAction","target":["https:\/\/www.manaus.am.gov.br\/semcom\/pautas\/prefeitura-entrega-cheques-simbolicos-aos-contemplados-do-segundo-sorteio-do-ano-da-campanha-nota-premiada\/"]}]},{"@type":"ImageObject","inLanguage":"pt-BR","@id":"https:\/\/www.manaus.am.gov.br\/semcom\/pautas\/prefeitura-entrega-cheques-simbolicos-aos-contemplados-do-segundo-sorteio-do-ano-da-campanha-nota-premiada\/#primaryimage","url":"https:\/\/www.manaus.am.gov.br\/semcom\/wp-content\/uploads\/sites\/5\/2023\/02\/sugestaodepauta.png","contentUrl":"https:\/\/www.manaus.am.gov.br\/semcom\/wp-content\/uploads\/sites\/5\/2023\/02\/sugestaodepauta.png","width":1020,"height":540},{"@type":"WebSite","@id":"https:\/\/www.manaus.am.gov.br\/semcom\/#website","url":"https:\/\/www.manaus.am.gov.br\/semcom\/","name":"SEMCOM","description":"Secretaria Municipal de Comunica\u00e7\u00e3o","potentialAction":[{"@type":"SearchAction","target":{"@type":"EntryPoint","urlTemplate":"https:\/\/www.manaus.am.gov.br\/semcom\/?s={search_term_string}"},"query-input":"required name=search_term_string"}],"inLanguage":"pt-BR"}]}},"_links":{"self":[{"href":"https:\/\/www.manaus.am.gov.br\/semcom\/wp-json\/wp\/v2\/pautas\/211963"}],"collection":[{"href":"https:\/\/www.manaus.am.gov.br\/semcom\/wp-json\/wp\/v2\/pautas"}],"about":[{"href":"https:\/\/www.manaus.am.gov.br\/semcom\/wp-json\/wp\/v2\/types\/pautas"}],"wp:featuredmedia":[{"embeddable":true,"href":"https:\/\/www.manaus.am.gov.br\/semcom\/wp-json\/wp\/v2\/media\/208729"}],"wp:attachment":[{"href":"https:\/\/www.manaus.am.gov.br\/semcom\/wp-json\/wp\/v2\/media?parent=211963"}],"wp:term":[{"taxonomy":"category","embeddable":true,"href":"https:\/\/www.manaus.am.gov.br\/semcom\/wp-json\/wp\/v2\/categories?post=211963"}],"curies":[{"name":"wp","href":"https:\/\/api.w.org\/{rel}","templated":true}]}}

<strong>Prefeitura entrega cheques simbólicos aos contemplados do segundo sorteio do ano da campanha Nota Premiada</strong>

<p>A Prefeitura de Manaus, por meio da Secretaria Municipal de Finanças e Tecnologia da Informação (Semef), entrega nesta quarta-feira, 12/4, às 9h, os cheques simbólicos aos felizardos do sorteio nº 2023-02 da campanha Nota Premiada Manaus.</p>



<p>Em mais uma extração de 2023, a campanha contemplou 27 felizardos cadastrados que pediram o CPF na Nota Fiscal de Serviço Eletrônica (NFS-e). A premiação principal, valor de R$ 30 mil, será paga à Paulo César Diniz de Araújo, que indicou o Abrigo Moacyr Alves para receber o prêmio social de R$ 15 mil, o que equivale a 50% do prêmio principal.</p>



<p>A relação completa com os contemplados desse sorteio está disponível na página http://notapremiada.manaus.am.gov.br.</p>



<p>A cerimônia de entrega das premiações acorrerá no auditório da Subsecretaria da Receita da Semef, localizado na avenida Japurá, nº 493, bairro Centro, zona Sul, anexo do Manaus Atende.</p>



<p><strong>SERVIÇO</strong></p>



<p><strong>O quê</strong> – Entrega dos cheques simbólicos da campanha Nota Premiada Manaus</p>



<p><strong>Quando </strong>– Quarta-feira, 12/4</p>



<p><strong>Horário –</strong> 9h</p>



<p><strong>Local –</strong> Avenida Japurá, nº 493, bairro Centro, zona Sul, anexo do Manaus Atende</p>

<!-- This site is optimized with the Yoast SEO plugin v23.0 - https://yoast.com/wordpress/plugins/seo/ -->
<title>Prefeitura entrega cheques simbólicos aos contemplados do segundo sorteio do ano da campanha Nota Premiada</title>
<meta name="description" content="A Prefeitura de Manaus, por meio da Secretaria Municipal de Finanças e Tecnologia da Informação (Semef), entrega nesta quarta-feira, 12/4, os cheques simbólicos aos felizardos do sorteio nº 2023-02 da campanha Nota Premiada Manaus." />
<meta name="robots" content="index, follow, max-snippet:-1, max-image-preview:large, max-video-preview:-1" />
<link rel="canonical" href="https://www.manaus.am.gov.br/semcom/pautas/prefeitura-entrega-cheques-simbolicos-aos-contemplados-do-segundo-sorteio-do-ano-da-campanha-nota-premiada/" />
<meta property="og:locale" content="pt_BR" />
<meta property="og:type" content="article" />
<meta property="og:title" content="Prefeitura entrega cheques simbólicos aos contemplados do segundo sorteio do ano da campanha Nota Premiada" />
<meta property="og:description" content="A Prefeitura de Manaus, por meio da Secretaria Municipal de Finanças e Tecnologia da Informação (Semef), entrega nesta quarta-feira, 12/4, os cheques simbólicos aos felizardos do sorteio nº 2023-02 da campanha Nota Premiada Manaus." />
<meta property="og:url" content="https://www.manaus.am.gov.br/semcom/pautas/prefeitura-entrega-cheques-simbolicos-aos-contemplados-do-segundo-sorteio-do-ano-da-campanha-nota-premiada/" />
<meta property="og:site_name" content="SEMCOM" />
<meta property="article:modified_time" content="2023-04-11T21:54:12+00:00" />
<meta property="og:image" content="https://www.manaus.am.gov.br/semcom/wp-content/uploads/sites/5/2023/02/sugestaodepauta.png" />
	<meta property="og:image:width" content="1020" />
	<meta property="og:image:height" content="540" />
	<meta property="og:image:type" content="image/png" />
<meta name="twitter:card" content="summary_large_image" />
<meta name="twitter:label1" content="Est. reading time" />
	<meta name="twitter:data1" content="1 minuto" />
<script type="application/ld+json" class="yoast-schema-graph">{"@context":"https://schema.org","@graph":[{"@type":"WebPage","@id":"https://www.manaus.am.gov.br/semcom/pautas/prefeitura-entrega-cheques-simbolicos-aos-contemplados-do-segundo-sorteio-do-ano-da-campanha-nota-premiada/","url":"https://www.manaus.am.gov.br/semcom/pautas/prefeitura-entrega-cheques-simbolicos-aos-contemplados-do-segundo-sorteio-do-ano-da-campanha-nota-premiada/","name":"Prefeitura entrega cheques simbólicos aos contemplados do segundo sorteio do ano da campanha Nota Premiada","isPartOf":{"@id":"https://www.manaus.am.gov.br/semcom/#website"},"primaryImageOfPage":{"@id":"https://www.manaus.am.gov.br/semcom/pautas/prefeitura-entrega-cheques-simbolicos-aos-contemplados-do-segundo-sorteio-do-ano-da-campanha-nota-premiada/#primaryimage"},"image":{"@id":"https://www.manaus.am.gov.br/semcom/pautas/prefeitura-entrega-cheques-simbolicos-aos-contemplados-do-segundo-sorteio-do-ano-da-campanha-nota-premiada/#primaryimage"},"thumbnailUrl":"https://www.manaus.am.gov.br/semcom/wp-content/uploads/sites/5/2023/02/sugestaodepauta.png","datePublished":"2023-04-11T21:44:24+00:00","dateModified":"2023-04-11T21:54:12+00:00","description":"A Prefeitura de Manaus, por meio da Secretaria Municipal de Finanças e Tecnologia da Informação (Semef), entrega nesta quarta-feira, 12/4, os cheques simbólicos aos felizardos do sorteio nº 2023-02 da campanha Nota Premiada Manaus.","inLanguage":"pt-BR","potentialAction":[{"@type":"ReadAction","target":["https://www.manaus.am.gov.br/semcom/pautas/prefeitura-entrega-cheques-simbolicos-aos-contemplados-do-segundo-sorteio-do-ano-da-campanha-nota-premiada/"]}]},{"@type":"ImageObject","inLanguage":"pt-BR","@id":"https://www.manaus.am.gov.br/semcom/pautas/prefeitura-entrega-cheques-simbolicos-aos-contemplados-do-segundo-sorteio-do-ano-da-campanha-nota-premiada/#primaryimage","url":"https://www.manaus.am.gov.br/semcom/wp-content/uploads/sites/5/2023/02/sugestaodepauta.png","contentUrl":"https://www.manaus.am.gov.br/semcom/wp-content/uploads/sites/5/2023/02/sugestaodepauta.png","width":1020,"height":540},{"@type":"WebSite","@id":"https://www.manaus.am.gov.br/semcom/#website","url":"https://www.manaus.am.gov.br/semcom/","name":"SEMCOM","description":"Secretaria Municipal de Comunicação","potentialAction":[{"@type":"SearchAction","target":{"@type":"EntryPoint","urlTemplate":"https://www.manaus.am.gov.br/semcom/?s={search_term_string}"},"query-input":"required name=search_term_string"}],"inLanguage":"pt-BR"}]}</script>
<!-- / Yoast SEO plugin. -->

Prefeitura entrega cheques simbólicos aos contemplados do segundo sorteio do ano da campanha Nota Premiada

A Prefeitura de Manaus, por meio da Secretaria Municipal de Finanças e Tecnologia da Informação (Semef), entrega nesta quarta-feira, 12/4, os cheques simbólicos aos felizardos do sorteio nº 2023-02 da campanha Nota Premiada Manaus.

Secretaria Municipal de Comunicação
