{"id":211953,"date":"2023-04-11T17:24:37","date_gmt":"2023-04-11T20:24:37","guid":{"rendered":"https:\/\/www.manaus.am.gov.br\/semcom\/?post_type=pautas&#038;p=211953"},"modified":"2023-04-12T10:05:03","modified_gmt":"2023-04-12T13:05:03","slug":"bairro-monte-das-oliveiras-recebe-escola-revitalizada-pela-prefeitura-de-manaus","status":"publish","type":"pautas","link":"https:\/\/www.manaus.am.gov.br\/semcom\/pautas\/bairro-monte-das-oliveiras-recebe-escola-revitalizada-pela-prefeitura-de-manaus\/","title":{"rendered":"Bairro Monte das Oliveiras recebe escola revitalizada pela Prefeitura\u00a0de Manaus"},"content":{"rendered":"\n<p>A Prefeitura de Manaus, por meio da Secretaria Municipal de Educa\u00e7\u00e3o (Semed), reinaugura, nesta quarta-feira, 12\/4, \u00e0s 14h30, a escola municipal Nina de Ara\u00fajo Costa Lins, na rua Bem-Te-Vi, bairro Monte das Oliveiras, zona Norte. Essa \u00e9 a 303\u00aa unidade de ensino revitalizada pela gest\u00e3o David Almeida, e atende cerca de 1.100 estudantes do ensino fundamental, anos iniciais e finais.<\/p>\n\n\n\n<p><br>O pr\u00e9dio escolar, reformado depois de 19 anos, passou por reestrutura\u00e7\u00e3o total no sistema el\u00e9trico, recebeu pintura, al\u00e9m da troca do telhado. A unidade de ensino conta com 17 salas de aula, cozinha, quatro banheiros infantis, cinco banheiros administrativos, dois banheiros para Pessoas com Defici\u00eancia (PcD), dep\u00f3sito de alimentos, biblioteca, al\u00e9m de salas dos professores, de inform\u00e1tica, de arquivos, de v\u00eddeo, de recursos e um audit\u00f3rio.<\/p>\n\n\n\n<p>&#8212; &#8212; &#8212;<\/p>\n\n\n\n<p><strong>SERVI\u00c7O<\/strong><br><br><strong>O qu\u00ea<\/strong>&nbsp;&#8211; Reinaugura\u00e7\u00e3o da escola municipal Nina de Ara\u00fajo Costa Lins<br><strong>Quando<\/strong>&nbsp;&#8211; Quarta-feira, 12\/4<\/p>\n\n\n\n<p><strong>Hor\u00e1rio<\/strong>\u00a0&#8211; \u00a014h30<\/p>\n\n\n\n<p><strong>Local<\/strong>&nbsp;&#8211; Rua Bem-Te-Vi, bairro Monte das Oliveiras, zona Norte<\/p>\n\n\n\n<p>&#8212; &#8212; &#8212;<\/p>\n\n\n\n<p>SEMED &#8211; Secretaria Municipal de Educa\u00e7\u00e3o<\/p>\n\n\n\n<p>Assessor Respons\u00e1vel: Moara Cabral &#8211; (92) 99242-8724<\/p>\n\n\n\n<p>E-mail: <a href=\"mailto:falasemed@semed.manaus.am.gov.br\">falasemed@semed.manaus.am.gov.br<\/a><\/p>\n","protected":false},"featured_media":208729,"template":"","categories":[],"acf":[],"yoast_head":"<!-- This site is optimized with the Yoast SEO plugin v23.0 - https:\/\/yoast.com\/wordpress\/plugins\/seo\/ -->\n<title>Bairro Monte das Oliveiras recebe escola revitalizada pela Prefeitura\u00a0de Manaus - SEMCOM<\/title>\n<meta name=\"robots\" content=\"index, follow, max-snippet:-1, max-image-preview:large, max-video-preview:-1\" \/>\n<link rel=\"canonical\" href=\"https:\/\/www.manaus.am.gov.br\/semcom\/pautas\/bairro-monte-das-oliveiras-recebe-escola-revitalizada-pela-prefeitura-de-manaus\/\" \/>\n<meta property=\"og:locale\" content=\"pt_BR\" \/>\n<meta property=\"og:type\" content=\"article\" \/>\n<meta property=\"og:title\" content=\"Bairro Monte das Oliveiras recebe escola revitalizada pela Prefeitura\u00a0de Manaus - SEMCOM\" \/>\n<meta property=\"og:url\" content=\"https:\/\/www.manaus.am.gov.br\/semcom\/pautas\/bairro-monte-das-oliveiras-recebe-escola-revitalizada-pela-prefeitura-de-manaus\/\" \/>\n<meta property=\"og:site_name\" content=\"SEMCOM\" \/>\n<meta property=\"article:modified_time\" content=\"2023-04-12T13:05:03+00:00\" \/>\n<meta property=\"og:image\" content=\"https:\/\/www.manaus.am.gov.br\/semcom\/wp-content\/uploads\/sites\/5\/2023\/02\/sugestaodepauta.png\" \/>\n\t<meta property=\"og:image:width\" content=\"1020\" \/>\n\t<meta property=\"og:image:height\" content=\"540\" \/>\n\t<meta property=\"og:image:type\" content=\"image\/png\" \/>\n<meta name=\"twitter:card\" content=\"summary_large_image\" \/>\n<meta name=\"twitter:label1\" content=\"Est. reading time\" \/>\n\t<meta name=\"twitter:data1\" content=\"1 minuto\" \/>\n<script type=\"application\/ld+json\" class=\"yoast-schema-graph\">{\"@context\":\"https:\/\/schema.org\",\"@graph\":[{\"@type\":\"WebPage\",\"@id\":\"https:\/\/www.manaus.am.gov.br\/semcom\/pautas\/bairro-monte-das-oliveiras-recebe-escola-revitalizada-pela-prefeitura-de-manaus\/\",\"url\":\"https:\/\/www.manaus.am.gov.br\/semcom\/pautas\/bairro-monte-das-oliveiras-recebe-escola-revitalizada-pela-prefeitura-de-manaus\/\",\"name\":\"Bairro Monte das Oliveiras recebe escola revitalizada pela Prefeitura\u00a0de Manaus - SEMCOM\",\"isPartOf\":{\"@id\":\"https:\/\/www.manaus.am.gov.br\/semcom\/#website\"},\"primaryImageOfPage\":{\"@id\":\"https:\/\/www.manaus.am.gov.br\/semcom\/pautas\/bairro-monte-das-oliveiras-recebe-escola-revitalizada-pela-prefeitura-de-manaus\/#primaryimage\"},\"image\":{\"@id\":\"https:\/\/www.manaus.am.gov.br\/semcom\/pautas\/bairro-monte-das-oliveiras-recebe-escola-revitalizada-pela-prefeitura-de-manaus\/#primaryimage\"},\"thumbnailUrl\":\"https:\/\/www.manaus.am.gov.br\/semcom\/wp-content\/uploads\/sites\/5\/2023\/02\/sugestaodepauta.png\",\"datePublished\":\"2023-04-11T20:24:37+00:00\",\"dateModified\":\"2023-04-12T13:05:03+00:00\",\"inLanguage\":\"pt-BR\",\"potentialAction\":[{\"@type\":\"ReadAction\",\"target\":[\"https:\/\/www.manaus.am.gov.br\/semcom\/pautas\/bairro-monte-das-oliveiras-recebe-escola-revitalizada-pela-prefeitura-de-manaus\/\"]}]},{\"@type\":\"ImageObject\",\"inLanguage\":\"pt-BR\",\"@id\":\"https:\/\/www.manaus.am.gov.br\/semcom\/pautas\/bairro-monte-das-oliveiras-recebe-escola-revitalizada-pela-prefeitura-de-manaus\/#primaryimage\",\"url\":\"https:\/\/www.manaus.am.gov.br\/semcom\/wp-content\/uploads\/sites\/5\/2023\/02\/sugestaodepauta.png\",\"contentUrl\":\"https:\/\/www.manaus.am.gov.br\/semcom\/wp-content\/uploads\/sites\/5\/2023\/02\/sugestaodepauta.png\",\"width\":1020,\"height\":540},{\"@type\":\"WebSite\",\"@id\":\"https:\/\/www.manaus.am.gov.br\/semcom\/#website\",\"url\":\"https:\/\/www.manaus.am.gov.br\/semcom\/\",\"name\":\"SEMCOM\",\"description\":\"Secretaria Municipal de Comunica\u00e7\u00e3o\",\"potentialAction\":[{\"@type\":\"SearchAction\",\"target\":{\"@type\":\"EntryPoint\",\"urlTemplate\":\"https:\/\/www.manaus.am.gov.br\/semcom\/?s={search_term_string}\"},\"query-input\":\"required name=search_term_string\"}],\"inLanguage\":\"pt-BR\"}]}<\/script>\n<!-- \/ Yoast SEO plugin. -->","yoast_head_json":{"title":"Bairro Monte das Oliveiras recebe escola revitalizada pela Prefeitura\u00a0de Manaus - SEMCOM","robots":{"index":"index","follow":"follow","max-snippet":"max-snippet:-1","max-image-preview":"max-image-preview:large","max-video-preview":"max-video-preview:-1"},"canonical":"https:\/\/www.manaus.am.gov.br\/semcom\/pautas\/bairro-monte-das-oliveiras-recebe-escola-revitalizada-pela-prefeitura-de-manaus\/","og_locale":"pt_BR","og_type":"article","og_title":"Bairro Monte das Oliveiras recebe escola revitalizada pela Prefeitura\u00a0de Manaus - SEMCOM","og_url":"https:\/\/www.manaus.am.gov.br\/semcom\/pautas\/bairro-monte-das-oliveiras-recebe-escola-revitalizada-pela-prefeitura-de-manaus\/","og_site_name":"SEMCOM","article_modified_time":"2023-04-12T13:05:03+00:00","og_image":[{"width":1020,"height":540,"url":"https:\/\/www.manaus.am.gov.br\/semcom\/wp-content\/uploads\/sites\/5\/2023\/02\/sugestaodepauta.png","type":"image\/png"}],"twitter_card":"summary_large_image","twitter_misc":{"Est. reading time":"1 minuto"},"schema":{"@context":"https:\/\/schema.org","@graph":[{"@type":"WebPage","@id":"https:\/\/www.manaus.am.gov.br\/semcom\/pautas\/bairro-monte-das-oliveiras-recebe-escola-revitalizada-pela-prefeitura-de-manaus\/","url":"https:\/\/www.manaus.am.gov.br\/semcom\/pautas\/bairro-monte-das-oliveiras-recebe-escola-revitalizada-pela-prefeitura-de-manaus\/","name":"Bairro Monte das Oliveiras recebe escola revitalizada pela Prefeitura\u00a0de Manaus - SEMCOM","isPartOf":{"@id":"https:\/\/www.manaus.am.gov.br\/semcom\/#website"},"primaryImageOfPage":{"@id":"https:\/\/www.manaus.am.gov.br\/semcom\/pautas\/bairro-monte-das-oliveiras-recebe-escola-revitalizada-pela-prefeitura-de-manaus\/#primaryimage"},"image":{"@id":"https:\/\/www.manaus.am.gov.br\/semcom\/pautas\/bairro-monte-das-oliveiras-recebe-escola-revitalizada-pela-prefeitura-de-manaus\/#primaryimage"},"thumbnailUrl":"https:\/\/www.manaus.am.gov.br\/semcom\/wp-content\/uploads\/sites\/5\/2023\/02\/sugestaodepauta.png","datePublished":"2023-04-11T20:24:37+00:00","dateModified":"2023-04-12T13:05:03+00:00","inLanguage":"pt-BR","potentialAction":[{"@type":"ReadAction","target":["https:\/\/www.manaus.am.gov.br\/semcom\/pautas\/bairro-monte-das-oliveiras-recebe-escola-revitalizada-pela-prefeitura-de-manaus\/"]}]},{"@type":"ImageObject","inLanguage":"pt-BR","@id":"https:\/\/www.manaus.am.gov.br\/semcom\/pautas\/bairro-monte-das-oliveiras-recebe-escola-revitalizada-pela-prefeitura-de-manaus\/#primaryimage","url":"https:\/\/www.manaus.am.gov.br\/semcom\/wp-content\/uploads\/sites\/5\/2023\/02\/sugestaodepauta.png","contentUrl":"https:\/\/www.manaus.am.gov.br\/semcom\/wp-content\/uploads\/sites\/5\/2023\/02\/sugestaodepauta.png","width":1020,"height":540},{"@type":"WebSite","@id":"https:\/\/www.manaus.am.gov.br\/semcom\/#website","url":"https:\/\/www.manaus.am.gov.br\/semcom\/","name":"SEMCOM","description":"Secretaria Municipal de Comunica\u00e7\u00e3o","potentialAction":[{"@type":"SearchAction","target":{"@type":"EntryPoint","urlTemplate":"https:\/\/www.manaus.am.gov.br\/semcom\/?s={search_term_string}"},"query-input":"required name=search_term_string"}],"inLanguage":"pt-BR"}]}},"_links":{"self":[{"href":"https:\/\/www.manaus.am.gov.br\/semcom\/wp-json\/wp\/v2\/pautas\/211953"}],"collection":[{"href":"https:\/\/www.manaus.am.gov.br\/semcom\/wp-json\/wp\/v2\/pautas"}],"about":[{"href":"https:\/\/www.manaus.am.gov.br\/semcom\/wp-json\/wp\/v2\/types\/pautas"}],"wp:featuredmedia":[{"embeddable":true,"href":"https:\/\/www.manaus.am.gov.br\/semcom\/wp-json\/wp\/v2\/media\/208729"}],"wp:attachment":[{"href":"https:\/\/www.manaus.am.gov.br\/semcom\/wp-json\/wp\/v2\/media?parent=211953"}],"wp:term":[{"taxonomy":"category","embeddable":true,"href":"https:\/\/www.manaus.am.gov.br\/semcom\/wp-json\/wp\/v2\/categories?post=211953"}],"curies":[{"name":"wp","href":"https:\/\/api.w.org\/{rel}","templated":true}]}}

<p>A Prefeitura de Manaus, por meio da Secretaria Municipal de Educação (Semed), reinaugura, nesta quarta-feira, 12/4, às 14h30, a escola municipal Nina de Araújo Costa Lins, na rua Bem-Te-Vi, bairro Monte das Oliveiras, zona Norte. Essa é a 303ª unidade de ensino revitalizada pela gestão David Almeida, e atende cerca de 1.100 estudantes do ensino fundamental, anos iniciais e finais.</p>



<p><br>O prédio escolar, reformado depois de 19 anos, passou por reestruturação total no sistema elétrico, recebeu pintura, além da troca do telhado. A unidade de ensino conta com 17 salas de aula, cozinha, quatro banheiros infantis, cinco banheiros administrativos, dois banheiros para Pessoas com Deficiência (PcD), depósito de alimentos, biblioteca, além de salas dos professores, de informática, de arquivos, de vídeo, de recursos e um auditório.</p>



<p>&#8212; &#8212; &#8212;</p>



<p><strong>SERVIÇO</strong><br><br><strong>O quê</strong>&nbsp;&#8211; Reinauguração da escola municipal Nina de Araújo Costa Lins<br><strong>Quando</strong>&nbsp;&#8211; Quarta-feira, 12/4</p>



<p><strong>Horário</strong> &#8211;  14h30</p>



<p><strong>Local</strong>&nbsp;&#8211; Rua Bem-Te-Vi, bairro Monte das Oliveiras, zona Norte</p>



<p>&#8212; &#8212; &#8212;</p>



<p>SEMED &#8211; Secretaria Municipal de Educação</p>



<p>Assessor Responsável: Moara Cabral &#8211; (92) 99242-8724</p>



<p>E-mail: <a href="mailto:falasemed@semed.manaus.am.gov.br">falasemed@semed.manaus.am.gov.br</a></p>

<!-- This site is optimized with the Yoast SEO plugin v23.0 - https://yoast.com/wordpress/plugins/seo/ -->
<title>Bairro Monte das Oliveiras recebe escola revitalizada pela Prefeitura de Manaus - SEMCOM</title>
<meta name="robots" content="index, follow, max-snippet:-1, max-image-preview:large, max-video-preview:-1" />
<link rel="canonical" href="https://www.manaus.am.gov.br/semcom/pautas/bairro-monte-das-oliveiras-recebe-escola-revitalizada-pela-prefeitura-de-manaus/" />
<meta property="og:locale" content="pt_BR" />
<meta property="og:type" content="article" />
<meta property="og:title" content="Bairro Monte das Oliveiras recebe escola revitalizada pela Prefeitura de Manaus - SEMCOM" />
<meta property="og:url" content="https://www.manaus.am.gov.br/semcom/pautas/bairro-monte-das-oliveiras-recebe-escola-revitalizada-pela-prefeitura-de-manaus/" />
<meta property="og:site_name" content="SEMCOM" />
<meta property="article:modified_time" content="2023-04-12T13:05:03+00:00" />
<meta property="og:image" content="https://www.manaus.am.gov.br/semcom/wp-content/uploads/sites/5/2023/02/sugestaodepauta.png" />
	<meta property="og:image:width" content="1020" />
	<meta property="og:image:height" content="540" />
	<meta property="og:image:type" content="image/png" />
<meta name="twitter:card" content="summary_large_image" />
<meta name="twitter:label1" content="Est. reading time" />
	<meta name="twitter:data1" content="1 minuto" />
<script type="application/ld+json" class="yoast-schema-graph">{"@context":"https://schema.org","@graph":[{"@type":"WebPage","@id":"https://www.manaus.am.gov.br/semcom/pautas/bairro-monte-das-oliveiras-recebe-escola-revitalizada-pela-prefeitura-de-manaus/","url":"https://www.manaus.am.gov.br/semcom/pautas/bairro-monte-das-oliveiras-recebe-escola-revitalizada-pela-prefeitura-de-manaus/","name":"Bairro Monte das Oliveiras recebe escola revitalizada pela Prefeitura de Manaus - SEMCOM","isPartOf":{"@id":"https://www.manaus.am.gov.br/semcom/#website"},"primaryImageOfPage":{"@id":"https://www.manaus.am.gov.br/semcom/pautas/bairro-monte-das-oliveiras-recebe-escola-revitalizada-pela-prefeitura-de-manaus/#primaryimage"},"image":{"@id":"https://www.manaus.am.gov.br/semcom/pautas/bairro-monte-das-oliveiras-recebe-escola-revitalizada-pela-prefeitura-de-manaus/#primaryimage"},"thumbnailUrl":"https://www.manaus.am.gov.br/semcom/wp-content/uploads/sites/5/2023/02/sugestaodepauta.png","datePublished":"2023-04-11T20:24:37+00:00","dateModified":"2023-04-12T13:05:03+00:00","inLanguage":"pt-BR","potentialAction":[{"@type":"ReadAction","target":["https://www.manaus.am.gov.br/semcom/pautas/bairro-monte-das-oliveiras-recebe-escola-revitalizada-pela-prefeitura-de-manaus/"]}]},{"@type":"ImageObject","inLanguage":"pt-BR","@id":"https://www.manaus.am.gov.br/semcom/pautas/bairro-monte-das-oliveiras-recebe-escola-revitalizada-pela-prefeitura-de-manaus/#primaryimage","url":"https://www.manaus.am.gov.br/semcom/wp-content/uploads/sites/5/2023/02/sugestaodepauta.png","contentUrl":"https://www.manaus.am.gov.br/semcom/wp-content/uploads/sites/5/2023/02/sugestaodepauta.png","width":1020,"height":540},{"@type":"WebSite","@id":"https://www.manaus.am.gov.br/semcom/#website","url":"https://www.manaus.am.gov.br/semcom/","name":"SEMCOM","description":"Secretaria Municipal de Comunicação","potentialAction":[{"@type":"SearchAction","target":{"@type":"EntryPoint","urlTemplate":"https://www.manaus.am.gov.br/semcom/?s={search_term_string}"},"query-input":"required name=search_term_string"}],"inLanguage":"pt-BR"}]}</script>
<!-- / Yoast SEO plugin. -->

Secretaria Municipal de Comunicação
