{"id":211937,"date":"2023-04-11T16:06:53","date_gmt":"2023-04-11T19:06:53","guid":{"rendered":"https:\/\/www.manaus.am.gov.br\/semcom\/?post_type=pautas&#038;p=211937"},"modified":"2023-04-11T16:09:45","modified_gmt":"2023-04-11T19:09:45","slug":"prefeitura-reinaugura-unidade-de-ensino-para-mais-de-430-alunos-da-educacao-infantil","status":"publish","type":"pautas","link":"https:\/\/www.manaus.am.gov.br\/semcom\/pautas\/prefeitura-reinaugura-unidade-de-ensino-para-mais-de-430-alunos-da-educacao-infantil\/","title":{"rendered":"<strong>Prefeitura reinaugura unidade de ensino para mais de 430 alunos da educa\u00e7\u00e3o infantil<\/strong>"},"content":{"rendered":"\n<p>A Prefeitura de Manaus vai inaugurar, \u00e0s 15h30 desta quarta-feira, 12\/4, o Centro Municipal de Educa\u00e7\u00e3o Infantil (Cmei)\u00a0 Padre Luis Ruas, na rua Encontro das \u00c1guas, s\/n\u00ba, bairro Mauazinho, zona Leste.\u00a0 A unidade, que passou por uma reforma depois de\u00a0 12 anos, atende 435 alunos da educa\u00e7\u00e3o infantil, de 4 e 5 anos.<\/p>\n\n\n\n<p>Com a revitaliza\u00e7\u00e3o, o pr\u00e9dio ganhou substitui\u00e7\u00e3o de materiais, amplia\u00e7\u00e3o, instala\u00e7\u00e3o e cria\u00e7\u00e3o de novos espa\u00e7os, como cozinha, dep\u00f3sito de alimentos, refeit\u00f3rio e um banheiro para professores. O investimento foi de mais de R$ 1 milh\u00e3o.<\/p>\n\n\n\n<p><strong>SERVI\u00c7O: <\/strong><strong><\/strong><\/p>\n\n\n\n<p><strong>O qu\u00ea<\/strong> &#8211; Reinaugura\u00e7\u00e3o do Cmei Padre Luis Ruas<\/p>\n\n\n\n<p><strong>Quando<\/strong> &#8211; Quarta-feira, 12\/4<\/p>\n\n\n\n<p><strong>Hor\u00e1rio<\/strong> &#8211; 15h30<\/p>\n\n\n\n<p><strong>Local<\/strong> &#8211;\u00a0 Localizado na rua Encontro das \u00c1guas, s\/n\u00ba, bairro Mauazinho.<\/p>\n\n\n\n<p>&#8212; &#8212; &#8212;<\/p>\n\n\n\n<p><\/p>\n","protected":false},"featured_media":0,"template":"","categories":[],"acf":[],"yoast_head":"<!-- This site is optimized with the Yoast SEO plugin v23.0 - https:\/\/yoast.com\/wordpress\/plugins\/seo\/ -->\n<title>Prefeitura reinaugura unidade de ensino para mais de 430 alunos da educa\u00e7\u00e3o infantil<\/title>\n<meta name=\"description\" content=\"A Prefeitura de Manaus vai inaugurar, \u00e0s 15h30 desta quarta-feira, 12\/4, o Centro Municipal de Educa\u00e7\u00e3o Infantil (Cmei) Padre Luis Ruas, na rua Encontro das \u00c1guas, s\/n\u00ba, bairro Mauzinho, zona Leste. A unidade, que passou por uma reforma depois de 12 anos, atende 435 alunos da educa\u00e7\u00e3o infantil, de 4 e 5 anos.\" \/>\n<meta name=\"robots\" content=\"index, follow, max-snippet:-1, max-image-preview:large, max-video-preview:-1\" \/>\n<link rel=\"canonical\" href=\"https:\/\/www.manaus.am.gov.br\/semcom\/pautas\/prefeitura-reinaugura-unidade-de-ensino-para-mais-de-430-alunos-da-educacao-infantil\/\" \/>\n<meta property=\"og:locale\" content=\"pt_BR\" \/>\n<meta property=\"og:type\" content=\"article\" \/>\n<meta property=\"og:title\" content=\"Prefeitura reinaugura unidade de ensino para mais de 430 alunos da educa\u00e7\u00e3o infantil\" \/>\n<meta property=\"og:description\" content=\"A Prefeitura de Manaus vai inaugurar, \u00e0s 15h30 desta quarta-feira, 12\/4, o Centro Municipal de Educa\u00e7\u00e3o Infantil (Cmei) Padre Luis Ruas, na rua Encontro das \u00c1guas, s\/n\u00ba, bairro Mauzinho, zona Leste. A unidade, que passou por uma reforma depois de 12 anos, atende 435 alunos da educa\u00e7\u00e3o infantil, de 4 e 5 anos.\" \/>\n<meta property=\"og:url\" content=\"https:\/\/www.manaus.am.gov.br\/semcom\/pautas\/prefeitura-reinaugura-unidade-de-ensino-para-mais-de-430-alunos-da-educacao-infantil\/\" \/>\n<meta property=\"og:site_name\" content=\"SEMCOM\" \/>\n<meta property=\"article:modified_time\" content=\"2023-04-11T19:09:45+00:00\" \/>\n<meta property=\"og:image\" content=\"https:\/\/www.manaus.am.gov.br\/semcom\/wp-content\/uploads\/sites\/5\/2024\/07\/thumb-default-2.png\" \/>\n\t<meta property=\"og:image:width\" content=\"966\" \/>\n\t<meta property=\"og:image:height\" content=\"520\" \/>\n\t<meta property=\"og:image:type\" content=\"image\/png\" \/>\n<meta name=\"twitter:card\" content=\"summary_large_image\" \/>\n<meta name=\"twitter:label1\" content=\"Est. reading time\" \/>\n\t<meta name=\"twitter:data1\" content=\"1 minuto\" \/>\n<script type=\"application\/ld+json\" class=\"yoast-schema-graph\">{\"@context\":\"https:\/\/schema.org\",\"@graph\":[{\"@type\":\"WebPage\",\"@id\":\"https:\/\/www.manaus.am.gov.br\/semcom\/pautas\/prefeitura-reinaugura-unidade-de-ensino-para-mais-de-430-alunos-da-educacao-infantil\/\",\"url\":\"https:\/\/www.manaus.am.gov.br\/semcom\/pautas\/prefeitura-reinaugura-unidade-de-ensino-para-mais-de-430-alunos-da-educacao-infantil\/\",\"name\":\"Prefeitura reinaugura unidade de ensino para mais de 430 alunos da educa\u00e7\u00e3o infantil\",\"isPartOf\":{\"@id\":\"https:\/\/www.manaus.am.gov.br\/semcom\/#website\"},\"datePublished\":\"2023-04-11T19:06:53+00:00\",\"dateModified\":\"2023-04-11T19:09:45+00:00\",\"description\":\"A Prefeitura de Manaus vai inaugurar, \u00e0s 15h30 desta quarta-feira, 12\/4, o Centro Municipal de Educa\u00e7\u00e3o Infantil (Cmei) Padre Luis Ruas, na rua Encontro das \u00c1guas, s\/n\u00ba, bairro Mauzinho, zona Leste. A unidade, que passou por uma reforma depois de 12 anos, atende 435 alunos da educa\u00e7\u00e3o infantil, de 4 e 5 anos.\",\"inLanguage\":\"pt-BR\",\"potentialAction\":[{\"@type\":\"ReadAction\",\"target\":[\"https:\/\/www.manaus.am.gov.br\/semcom\/pautas\/prefeitura-reinaugura-unidade-de-ensino-para-mais-de-430-alunos-da-educacao-infantil\/\"]}]},{\"@type\":\"WebSite\",\"@id\":\"https:\/\/www.manaus.am.gov.br\/semcom\/#website\",\"url\":\"https:\/\/www.manaus.am.gov.br\/semcom\/\",\"name\":\"SEMCOM\",\"description\":\"Secretaria Municipal de Comunica\u00e7\u00e3o\",\"potentialAction\":[{\"@type\":\"SearchAction\",\"target\":{\"@type\":\"EntryPoint\",\"urlTemplate\":\"https:\/\/www.manaus.am.gov.br\/semcom\/?s={search_term_string}\"},\"query-input\":\"required name=search_term_string\"}],\"inLanguage\":\"pt-BR\"}]}<\/script>\n<!-- \/ Yoast SEO plugin. -->","yoast_head_json":{"title":"Prefeitura reinaugura unidade de ensino para mais de 430 alunos da educa\u00e7\u00e3o infantil","description":"A Prefeitura de Manaus vai inaugurar, \u00e0s 15h30 desta quarta-feira, 12\/4, o Centro Municipal de Educa\u00e7\u00e3o Infantil (Cmei) Padre Luis Ruas, na rua Encontro das \u00c1guas, s\/n\u00ba, bairro Mauzinho, zona Leste. A unidade, que passou por uma reforma depois de 12 anos, atende 435 alunos da educa\u00e7\u00e3o infantil, de 4 e 5 anos.","robots":{"index":"index","follow":"follow","max-snippet":"max-snippet:-1","max-image-preview":"max-image-preview:large","max-video-preview":"max-video-preview:-1"},"canonical":"https:\/\/www.manaus.am.gov.br\/semcom\/pautas\/prefeitura-reinaugura-unidade-de-ensino-para-mais-de-430-alunos-da-educacao-infantil\/","og_locale":"pt_BR","og_type":"article","og_title":"Prefeitura reinaugura unidade de ensino para mais de 430 alunos da educa\u00e7\u00e3o infantil","og_description":"A Prefeitura de Manaus vai inaugurar, \u00e0s 15h30 desta quarta-feira, 12\/4, o Centro Municipal de Educa\u00e7\u00e3o Infantil (Cmei) Padre Luis Ruas, na rua Encontro das \u00c1guas, s\/n\u00ba, bairro Mauzinho, zona Leste. A unidade, que passou por uma reforma depois de 12 anos, atende 435 alunos da educa\u00e7\u00e3o infantil, de 4 e 5 anos.","og_url":"https:\/\/www.manaus.am.gov.br\/semcom\/pautas\/prefeitura-reinaugura-unidade-de-ensino-para-mais-de-430-alunos-da-educacao-infantil\/","og_site_name":"SEMCOM","article_modified_time":"2023-04-11T19:09:45+00:00","og_image":[{"width":966,"height":520,"url":"https:\/\/www.manaus.am.gov.br\/semcom\/wp-content\/uploads\/sites\/5\/2024\/07\/thumb-default-2.png","type":"image\/png"}],"twitter_card":"summary_large_image","twitter_misc":{"Est. reading time":"1 minuto"},"schema":{"@context":"https:\/\/schema.org","@graph":[{"@type":"WebPage","@id":"https:\/\/www.manaus.am.gov.br\/semcom\/pautas\/prefeitura-reinaugura-unidade-de-ensino-para-mais-de-430-alunos-da-educacao-infantil\/","url":"https:\/\/www.manaus.am.gov.br\/semcom\/pautas\/prefeitura-reinaugura-unidade-de-ensino-para-mais-de-430-alunos-da-educacao-infantil\/","name":"Prefeitura reinaugura unidade de ensino para mais de 430 alunos da educa\u00e7\u00e3o infantil","isPartOf":{"@id":"https:\/\/www.manaus.am.gov.br\/semcom\/#website"},"datePublished":"2023-04-11T19:06:53+00:00","dateModified":"2023-04-11T19:09:45+00:00","description":"A Prefeitura de Manaus vai inaugurar, \u00e0s 15h30 desta quarta-feira, 12\/4, o Centro Municipal de Educa\u00e7\u00e3o Infantil (Cmei) Padre Luis Ruas, na rua Encontro das \u00c1guas, s\/n\u00ba, bairro Mauzinho, zona Leste. A unidade, que passou por uma reforma depois de 12 anos, atende 435 alunos da educa\u00e7\u00e3o infantil, de 4 e 5 anos.","inLanguage":"pt-BR","potentialAction":[{"@type":"ReadAction","target":["https:\/\/www.manaus.am.gov.br\/semcom\/pautas\/prefeitura-reinaugura-unidade-de-ensino-para-mais-de-430-alunos-da-educacao-infantil\/"]}]},{"@type":"WebSite","@id":"https:\/\/www.manaus.am.gov.br\/semcom\/#website","url":"https:\/\/www.manaus.am.gov.br\/semcom\/","name":"SEMCOM","description":"Secretaria Municipal de Comunica\u00e7\u00e3o","potentialAction":[{"@type":"SearchAction","target":{"@type":"EntryPoint","urlTemplate":"https:\/\/www.manaus.am.gov.br\/semcom\/?s={search_term_string}"},"query-input":"required name=search_term_string"}],"inLanguage":"pt-BR"}]}},"_links":{"self":[{"href":"https:\/\/www.manaus.am.gov.br\/semcom\/wp-json\/wp\/v2\/pautas\/211937"}],"collection":[{"href":"https:\/\/www.manaus.am.gov.br\/semcom\/wp-json\/wp\/v2\/pautas"}],"about":[{"href":"https:\/\/www.manaus.am.gov.br\/semcom\/wp-json\/wp\/v2\/types\/pautas"}],"wp:attachment":[{"href":"https:\/\/www.manaus.am.gov.br\/semcom\/wp-json\/wp\/v2\/media?parent=211937"}],"wp:term":[{"taxonomy":"category","embeddable":true,"href":"https:\/\/www.manaus.am.gov.br\/semcom\/wp-json\/wp\/v2\/categories?post=211937"}],"curies":[{"name":"wp","href":"https:\/\/api.w.org\/{rel}","templated":true}]}}

<strong>Prefeitura reinaugura unidade de ensino para mais de 430 alunos da educação infantil</strong>

<p>A Prefeitura de Manaus vai inaugurar, às 15h30 desta quarta-feira, 12/4, o Centro Municipal de Educação Infantil (Cmei)  Padre Luis Ruas, na rua Encontro das Águas, s/nº, bairro Mauazinho, zona Leste.  A unidade, que passou por uma reforma depois de  12 anos, atende 435 alunos da educação infantil, de 4 e 5 anos.</p>



<p>Com a revitalização, o prédio ganhou substituição de materiais, ampliação, instalação e criação de novos espaços, como cozinha, depósito de alimentos, refeitório e um banheiro para professores. O investimento foi de mais de R$ 1 milhão.</p>



<p><strong>SERVIÇO: </strong><strong></strong></p>



<p><strong>O quê</strong> &#8211; Reinauguração do Cmei Padre Luis Ruas</p>



<p><strong>Quando</strong> &#8211; Quarta-feira, 12/4</p>



<p><strong>Horário</strong> &#8211; 15h30</p>



<p><strong>Local</strong> &#8211;  Localizado na rua Encontro das Águas, s/nº, bairro Mauazinho.</p>



<p>&#8212; &#8212; &#8212;</p>



<p></p>

<!-- This site is optimized with the Yoast SEO plugin v23.0 - https://yoast.com/wordpress/plugins/seo/ -->
<title>Prefeitura reinaugura unidade de ensino para mais de 430 alunos da educação infantil</title>
<meta name="description" content="A Prefeitura de Manaus vai inaugurar, às 15h30 desta quarta-feira, 12/4, o Centro Municipal de Educação Infantil (Cmei) Padre Luis Ruas, na rua Encontro das Águas, s/nº, bairro Mauzinho, zona Leste. A unidade, que passou por uma reforma depois de 12 anos, atende 435 alunos da educação infantil, de 4 e 5 anos." />
<meta name="robots" content="index, follow, max-snippet:-1, max-image-preview:large, max-video-preview:-1" />
<link rel="canonical" href="https://www.manaus.am.gov.br/semcom/pautas/prefeitura-reinaugura-unidade-de-ensino-para-mais-de-430-alunos-da-educacao-infantil/" />
<meta property="og:locale" content="pt_BR" />
<meta property="og:type" content="article" />
<meta property="og:title" content="Prefeitura reinaugura unidade de ensino para mais de 430 alunos da educação infantil" />
<meta property="og:description" content="A Prefeitura de Manaus vai inaugurar, às 15h30 desta quarta-feira, 12/4, o Centro Municipal de Educação Infantil (Cmei) Padre Luis Ruas, na rua Encontro das Águas, s/nº, bairro Mauzinho, zona Leste. A unidade, que passou por uma reforma depois de 12 anos, atende 435 alunos da educação infantil, de 4 e 5 anos." />
<meta property="og:url" content="https://www.manaus.am.gov.br/semcom/pautas/prefeitura-reinaugura-unidade-de-ensino-para-mais-de-430-alunos-da-educacao-infantil/" />
<meta property="og:site_name" content="SEMCOM" />
<meta property="article:modified_time" content="2023-04-11T19:09:45+00:00" />
<meta property="og:image" content="https://www.manaus.am.gov.br/semcom/wp-content/uploads/sites/5/2024/07/thumb-default-2.png" />
	<meta property="og:image:width" content="966" />
	<meta property="og:image:height" content="520" />
	<meta property="og:image:type" content="image/png" />
<meta name="twitter:card" content="summary_large_image" />
<meta name="twitter:label1" content="Est. reading time" />
	<meta name="twitter:data1" content="1 minuto" />
<script type="application/ld+json" class="yoast-schema-graph">{"@context":"https://schema.org","@graph":[{"@type":"WebPage","@id":"https://www.manaus.am.gov.br/semcom/pautas/prefeitura-reinaugura-unidade-de-ensino-para-mais-de-430-alunos-da-educacao-infantil/","url":"https://www.manaus.am.gov.br/semcom/pautas/prefeitura-reinaugura-unidade-de-ensino-para-mais-de-430-alunos-da-educacao-infantil/","name":"Prefeitura reinaugura unidade de ensino para mais de 430 alunos da educação infantil","isPartOf":{"@id":"https://www.manaus.am.gov.br/semcom/#website"},"datePublished":"2023-04-11T19:06:53+00:00","dateModified":"2023-04-11T19:09:45+00:00","description":"A Prefeitura de Manaus vai inaugurar, às 15h30 desta quarta-feira, 12/4, o Centro Municipal de Educação Infantil (Cmei) Padre Luis Ruas, na rua Encontro das Águas, s/nº, bairro Mauzinho, zona Leste. A unidade, que passou por uma reforma depois de 12 anos, atende 435 alunos da educação infantil, de 4 e 5 anos.","inLanguage":"pt-BR","potentialAction":[{"@type":"ReadAction","target":["https://www.manaus.am.gov.br/semcom/pautas/prefeitura-reinaugura-unidade-de-ensino-para-mais-de-430-alunos-da-educacao-infantil/"]}]},{"@type":"WebSite","@id":"https://www.manaus.am.gov.br/semcom/#website","url":"https://www.manaus.am.gov.br/semcom/","name":"SEMCOM","description":"Secretaria Municipal de Comunicação","potentialAction":[{"@type":"SearchAction","target":{"@type":"EntryPoint","urlTemplate":"https://www.manaus.am.gov.br/semcom/?s={search_term_string}"},"query-input":"required name=search_term_string"}],"inLanguage":"pt-BR"}]}</script>
<!-- / Yoast SEO plugin. -->

Prefeitura reinaugura unidade de ensino para mais de 430 alunos da educação infantil

A Prefeitura de Manaus vai inaugurar, às 15h30 desta quarta-feira, 12/4, o Centro Municipal de Educação Infantil (Cmei) Padre Luis Ruas, na rua Encontro das Águas, s/nº, bairro Mauzinho, zona Leste. A unidade, que passou por uma reforma depois de 12 anos, atende 435 alunos da educação infantil, de 4 e 5 anos.

Secretaria Municipal de Comunicação
