{"id":211933,"date":"2023-04-11T15:31:32","date_gmt":"2023-04-11T18:31:32","guid":{"rendered":"https:\/\/www.manaus.am.gov.br\/semcom\/?post_type=pautas&#038;p=211933"},"modified":"2023-04-11T15:32:24","modified_gmt":"2023-04-11T18:32:24","slug":"prefeitura-de-manaus-reinaugura-escola-na-zona-leste-da-cidade","status":"publish","type":"pautas","link":"https:\/\/www.manaus.am.gov.br\/semcom\/pautas\/prefeitura-de-manaus-reinaugura-escola-na-zona-leste-da-cidade\/","title":{"rendered":"<strong>Prefeitura de Manaus reinaugura escola na zona Leste da cidade<\/strong>"},"content":{"rendered":"\n<p>A Prefeitura de Manaus reinaugura, nesta quarta-feira, 12\/4, \u00e0s 16h30, a escola municipal Vila da Felicidade, localizada na avenida Solim\u00f5es, BR-319, n\u00ba 5, bairro Mauazinho, zona Leste da cidade. O valor investido na revitaliza\u00e7\u00e3o da unidade de ensino foi de R$ 642.127,04.<\/p>\n\n\n\n<p>A unidade, que n\u00e3o recebia reforma h\u00e1 mais de 16 anos, conta com diretoria, secretaria, seis salas de aula, cozinha, quatro banheiros infantis, dois banheiros administrativos, um banheiro para Pessoa com Defici\u00eancia (PcD), dep\u00f3sito de alimentos, dep\u00f3sito de alimentos congelados, sala de v\u00eddeo, biblioteca, sala dos professores, sala de inform\u00e1tica, dep\u00f3sito e refeit\u00f3rio.<\/p>\n\n\n\n<p><strong>SERVI\u00c7O<\/strong><\/p>\n\n\n\n<p><strong>O qu\u00ea &#8211;<\/strong>&nbsp;Reinaugura\u00e7\u00e3o da Escola Municipal Vila da Felicidade<\/p>\n\n\n\n<p><strong>Quando \u2013<\/strong>&nbsp;Quarta-feira, 12\/4<\/p>\n\n\n\n<p><strong>Hor\u00e1rio &#8211; <\/strong>16h30<\/p>\n\n\n\n<p><strong>Local &#8211;\u00a0<\/strong>Avenida Solim\u00f5es, BR-319, n\u00ba 5, bairro Mauazinho, zona Leste<\/p>\n","protected":false},"featured_media":208729,"template":"","categories":[788],"acf":[],"yoast_head":"<!-- This site is optimized with the Yoast SEO plugin v23.0 - https:\/\/yoast.com\/wordpress\/plugins\/seo\/ -->\n<title>Prefeitura de Manaus reinaugura escola na zona Leste da cidade<\/title>\n<meta name=\"robots\" content=\"index, follow, max-snippet:-1, max-image-preview:large, max-video-preview:-1\" \/>\n<link rel=\"canonical\" href=\"https:\/\/www.manaus.am.gov.br\/semcom\/pautas\/prefeitura-de-manaus-reinaugura-escola-na-zona-leste-da-cidade\/\" \/>\n<meta property=\"og:locale\" content=\"pt_BR\" \/>\n<meta property=\"og:type\" content=\"article\" \/>\n<meta property=\"og:title\" content=\"Prefeitura de Manaus reinaugura escola na zona Leste da cidade\" \/>\n<meta property=\"og:url\" content=\"https:\/\/www.manaus.am.gov.br\/semcom\/pautas\/prefeitura-de-manaus-reinaugura-escola-na-zona-leste-da-cidade\/\" \/>\n<meta property=\"og:site_name\" content=\"SEMCOM\" \/>\n<meta property=\"article:modified_time\" content=\"2023-04-11T18:32:24+00:00\" \/>\n<meta property=\"og:image\" content=\"https:\/\/www.manaus.am.gov.br\/semcom\/wp-content\/uploads\/sites\/5\/2023\/02\/sugestaodepauta.png\" \/>\n\t<meta property=\"og:image:width\" content=\"1020\" \/>\n\t<meta property=\"og:image:height\" content=\"540\" \/>\n\t<meta property=\"og:image:type\" content=\"image\/png\" \/>\n<meta name=\"twitter:card\" content=\"summary_large_image\" \/>\n<meta name=\"twitter:label1\" content=\"Est. reading time\" \/>\n\t<meta name=\"twitter:data1\" content=\"1 minuto\" \/>\n<script type=\"application\/ld+json\" class=\"yoast-schema-graph\">{\"@context\":\"https:\/\/schema.org\",\"@graph\":[{\"@type\":\"WebPage\",\"@id\":\"https:\/\/www.manaus.am.gov.br\/semcom\/pautas\/prefeitura-de-manaus-reinaugura-escola-na-zona-leste-da-cidade\/\",\"url\":\"https:\/\/www.manaus.am.gov.br\/semcom\/pautas\/prefeitura-de-manaus-reinaugura-escola-na-zona-leste-da-cidade\/\",\"name\":\"Prefeitura de Manaus reinaugura escola na zona Leste da cidade\",\"isPartOf\":{\"@id\":\"https:\/\/www.manaus.am.gov.br\/semcom\/#website\"},\"primaryImageOfPage\":{\"@id\":\"https:\/\/www.manaus.am.gov.br\/semcom\/pautas\/prefeitura-de-manaus-reinaugura-escola-na-zona-leste-da-cidade\/#primaryimage\"},\"image\":{\"@id\":\"https:\/\/www.manaus.am.gov.br\/semcom\/pautas\/prefeitura-de-manaus-reinaugura-escola-na-zona-leste-da-cidade\/#primaryimage\"},\"thumbnailUrl\":\"https:\/\/www.manaus.am.gov.br\/semcom\/wp-content\/uploads\/sites\/5\/2023\/02\/sugestaodepauta.png\",\"datePublished\":\"2023-04-11T18:31:32+00:00\",\"dateModified\":\"2023-04-11T18:32:24+00:00\",\"inLanguage\":\"pt-BR\",\"potentialAction\":[{\"@type\":\"ReadAction\",\"target\":[\"https:\/\/www.manaus.am.gov.br\/semcom\/pautas\/prefeitura-de-manaus-reinaugura-escola-na-zona-leste-da-cidade\/\"]}]},{\"@type\":\"ImageObject\",\"inLanguage\":\"pt-BR\",\"@id\":\"https:\/\/www.manaus.am.gov.br\/semcom\/pautas\/prefeitura-de-manaus-reinaugura-escola-na-zona-leste-da-cidade\/#primaryimage\",\"url\":\"https:\/\/www.manaus.am.gov.br\/semcom\/wp-content\/uploads\/sites\/5\/2023\/02\/sugestaodepauta.png\",\"contentUrl\":\"https:\/\/www.manaus.am.gov.br\/semcom\/wp-content\/uploads\/sites\/5\/2023\/02\/sugestaodepauta.png\",\"width\":1020,\"height\":540},{\"@type\":\"WebSite\",\"@id\":\"https:\/\/www.manaus.am.gov.br\/semcom\/#website\",\"url\":\"https:\/\/www.manaus.am.gov.br\/semcom\/\",\"name\":\"SEMCOM\",\"description\":\"Secretaria Municipal de Comunica\u00e7\u00e3o\",\"potentialAction\":[{\"@type\":\"SearchAction\",\"target\":{\"@type\":\"EntryPoint\",\"urlTemplate\":\"https:\/\/www.manaus.am.gov.br\/semcom\/?s={search_term_string}\"},\"query-input\":\"required name=search_term_string\"}],\"inLanguage\":\"pt-BR\"}]}<\/script>\n<!-- \/ Yoast SEO plugin. -->","yoast_head_json":{"title":"Prefeitura de Manaus reinaugura escola na zona Leste da cidade","robots":{"index":"index","follow":"follow","max-snippet":"max-snippet:-1","max-image-preview":"max-image-preview:large","max-video-preview":"max-video-preview:-1"},"canonical":"https:\/\/www.manaus.am.gov.br\/semcom\/pautas\/prefeitura-de-manaus-reinaugura-escola-na-zona-leste-da-cidade\/","og_locale":"pt_BR","og_type":"article","og_title":"Prefeitura de Manaus reinaugura escola na zona Leste da cidade","og_url":"https:\/\/www.manaus.am.gov.br\/semcom\/pautas\/prefeitura-de-manaus-reinaugura-escola-na-zona-leste-da-cidade\/","og_site_name":"SEMCOM","article_modified_time":"2023-04-11T18:32:24+00:00","og_image":[{"width":1020,"height":540,"url":"https:\/\/www.manaus.am.gov.br\/semcom\/wp-content\/uploads\/sites\/5\/2023\/02\/sugestaodepauta.png","type":"image\/png"}],"twitter_card":"summary_large_image","twitter_misc":{"Est. reading time":"1 minuto"},"schema":{"@context":"https:\/\/schema.org","@graph":[{"@type":"WebPage","@id":"https:\/\/www.manaus.am.gov.br\/semcom\/pautas\/prefeitura-de-manaus-reinaugura-escola-na-zona-leste-da-cidade\/","url":"https:\/\/www.manaus.am.gov.br\/semcom\/pautas\/prefeitura-de-manaus-reinaugura-escola-na-zona-leste-da-cidade\/","name":"Prefeitura de Manaus reinaugura escola na zona Leste da cidade","isPartOf":{"@id":"https:\/\/www.manaus.am.gov.br\/semcom\/#website"},"primaryImageOfPage":{"@id":"https:\/\/www.manaus.am.gov.br\/semcom\/pautas\/prefeitura-de-manaus-reinaugura-escola-na-zona-leste-da-cidade\/#primaryimage"},"image":{"@id":"https:\/\/www.manaus.am.gov.br\/semcom\/pautas\/prefeitura-de-manaus-reinaugura-escola-na-zona-leste-da-cidade\/#primaryimage"},"thumbnailUrl":"https:\/\/www.manaus.am.gov.br\/semcom\/wp-content\/uploads\/sites\/5\/2023\/02\/sugestaodepauta.png","datePublished":"2023-04-11T18:31:32+00:00","dateModified":"2023-04-11T18:32:24+00:00","inLanguage":"pt-BR","potentialAction":[{"@type":"ReadAction","target":["https:\/\/www.manaus.am.gov.br\/semcom\/pautas\/prefeitura-de-manaus-reinaugura-escola-na-zona-leste-da-cidade\/"]}]},{"@type":"ImageObject","inLanguage":"pt-BR","@id":"https:\/\/www.manaus.am.gov.br\/semcom\/pautas\/prefeitura-de-manaus-reinaugura-escola-na-zona-leste-da-cidade\/#primaryimage","url":"https:\/\/www.manaus.am.gov.br\/semcom\/wp-content\/uploads\/sites\/5\/2023\/02\/sugestaodepauta.png","contentUrl":"https:\/\/www.manaus.am.gov.br\/semcom\/wp-content\/uploads\/sites\/5\/2023\/02\/sugestaodepauta.png","width":1020,"height":540},{"@type":"WebSite","@id":"https:\/\/www.manaus.am.gov.br\/semcom\/#website","url":"https:\/\/www.manaus.am.gov.br\/semcom\/","name":"SEMCOM","description":"Secretaria Municipal de Comunica\u00e7\u00e3o","potentialAction":[{"@type":"SearchAction","target":{"@type":"EntryPoint","urlTemplate":"https:\/\/www.manaus.am.gov.br\/semcom\/?s={search_term_string}"},"query-input":"required name=search_term_string"}],"inLanguage":"pt-BR"}]}},"_links":{"self":[{"href":"https:\/\/www.manaus.am.gov.br\/semcom\/wp-json\/wp\/v2\/pautas\/211933"}],"collection":[{"href":"https:\/\/www.manaus.am.gov.br\/semcom\/wp-json\/wp\/v2\/pautas"}],"about":[{"href":"https:\/\/www.manaus.am.gov.br\/semcom\/wp-json\/wp\/v2\/types\/pautas"}],"wp:featuredmedia":[{"embeddable":true,"href":"https:\/\/www.manaus.am.gov.br\/semcom\/wp-json\/wp\/v2\/media\/208729"}],"wp:attachment":[{"href":"https:\/\/www.manaus.am.gov.br\/semcom\/wp-json\/wp\/v2\/media?parent=211933"}],"wp:term":[{"taxonomy":"category","embeddable":true,"href":"https:\/\/www.manaus.am.gov.br\/semcom\/wp-json\/wp\/v2\/categories?post=211933"}],"curies":[{"name":"wp","href":"https:\/\/api.w.org\/{rel}","templated":true}]}}

<p>A Prefeitura de Manaus reinaugura, nesta quarta-feira, 12/4, às 16h30, a escola municipal Vila da Felicidade, localizada na avenida Solimões, BR-319, nº 5, bairro Mauazinho, zona Leste da cidade. O valor investido na revitalização da unidade de ensino foi de R$ 642.127,04.</p>



<p>A unidade, que não recebia reforma há mais de 16 anos, conta com diretoria, secretaria, seis salas de aula, cozinha, quatro banheiros infantis, dois banheiros administrativos, um banheiro para Pessoa com Deficiência (PcD), depósito de alimentos, depósito de alimentos congelados, sala de vídeo, biblioteca, sala dos professores, sala de informática, depósito e refeitório.</p>



<p><strong>SERVIÇO</strong></p>



<p><strong>O quê &#8211;</strong>&nbsp;Reinauguração da Escola Municipal Vila da Felicidade</p>



<p><strong>Quando –</strong>&nbsp;Quarta-feira, 12/4</p>



<p><strong>Horário &#8211; </strong>16h30</p>



<p><strong>Local &#8211; </strong>Avenida Solimões, BR-319, nº 5, bairro Mauazinho, zona Leste</p>

<!-- This site is optimized with the Yoast SEO plugin v23.0 - https://yoast.com/wordpress/plugins/seo/ -->
<title>Prefeitura de Manaus reinaugura escola na zona Leste da cidade</title>
<meta name="robots" content="index, follow, max-snippet:-1, max-image-preview:large, max-video-preview:-1" />
<link rel="canonical" href="https://www.manaus.am.gov.br/semcom/pautas/prefeitura-de-manaus-reinaugura-escola-na-zona-leste-da-cidade/" />
<meta property="og:locale" content="pt_BR" />
<meta property="og:type" content="article" />
<meta property="og:title" content="Prefeitura de Manaus reinaugura escola na zona Leste da cidade" />
<meta property="og:url" content="https://www.manaus.am.gov.br/semcom/pautas/prefeitura-de-manaus-reinaugura-escola-na-zona-leste-da-cidade/" />
<meta property="og:site_name" content="SEMCOM" />
<meta property="article:modified_time" content="2023-04-11T18:32:24+00:00" />
<meta property="og:image" content="https://www.manaus.am.gov.br/semcom/wp-content/uploads/sites/5/2023/02/sugestaodepauta.png" />
	<meta property="og:image:width" content="1020" />
	<meta property="og:image:height" content="540" />
	<meta property="og:image:type" content="image/png" />
<meta name="twitter:card" content="summary_large_image" />
<meta name="twitter:label1" content="Est. reading time" />
	<meta name="twitter:data1" content="1 minuto" />
<script type="application/ld+json" class="yoast-schema-graph">{"@context":"https://schema.org","@graph":[{"@type":"WebPage","@id":"https://www.manaus.am.gov.br/semcom/pautas/prefeitura-de-manaus-reinaugura-escola-na-zona-leste-da-cidade/","url":"https://www.manaus.am.gov.br/semcom/pautas/prefeitura-de-manaus-reinaugura-escola-na-zona-leste-da-cidade/","name":"Prefeitura de Manaus reinaugura escola na zona Leste da cidade","isPartOf":{"@id":"https://www.manaus.am.gov.br/semcom/#website"},"primaryImageOfPage":{"@id":"https://www.manaus.am.gov.br/semcom/pautas/prefeitura-de-manaus-reinaugura-escola-na-zona-leste-da-cidade/#primaryimage"},"image":{"@id":"https://www.manaus.am.gov.br/semcom/pautas/prefeitura-de-manaus-reinaugura-escola-na-zona-leste-da-cidade/#primaryimage"},"thumbnailUrl":"https://www.manaus.am.gov.br/semcom/wp-content/uploads/sites/5/2023/02/sugestaodepauta.png","datePublished":"2023-04-11T18:31:32+00:00","dateModified":"2023-04-11T18:32:24+00:00","inLanguage":"pt-BR","potentialAction":[{"@type":"ReadAction","target":["https://www.manaus.am.gov.br/semcom/pautas/prefeitura-de-manaus-reinaugura-escola-na-zona-leste-da-cidade/"]}]},{"@type":"ImageObject","inLanguage":"pt-BR","@id":"https://www.manaus.am.gov.br/semcom/pautas/prefeitura-de-manaus-reinaugura-escola-na-zona-leste-da-cidade/#primaryimage","url":"https://www.manaus.am.gov.br/semcom/wp-content/uploads/sites/5/2023/02/sugestaodepauta.png","contentUrl":"https://www.manaus.am.gov.br/semcom/wp-content/uploads/sites/5/2023/02/sugestaodepauta.png","width":1020,"height":540},{"@type":"WebSite","@id":"https://www.manaus.am.gov.br/semcom/#website","url":"https://www.manaus.am.gov.br/semcom/","name":"SEMCOM","description":"Secretaria Municipal de Comunicação","potentialAction":[{"@type":"SearchAction","target":{"@type":"EntryPoint","urlTemplate":"https://www.manaus.am.gov.br/semcom/?s={search_term_string}"},"query-input":"required name=search_term_string"}],"inLanguage":"pt-BR"}]}</script>
<!-- / Yoast SEO plugin. -->

Secretaria Municipal de Comunicação
