{"id":211494,"date":"2023-04-03T09:39:09","date_gmt":"2023-04-03T12:39:09","guid":{"rendered":"https:\/\/www.manaus.am.gov.br\/semcom\/?post_type=pautas&#038;p=211494"},"modified":"2023-04-03T09:39:10","modified_gmt":"2023-04-03T12:39:10","slug":"prefeitura-de-manaus-reinaugura-cmei-professora-santina-castro-na-zona-norte","status":"publish","type":"pautas","link":"https:\/\/www.manaus.am.gov.br\/semcom\/pautas\/prefeitura-de-manaus-reinaugura-cmei-professora-santina-castro-na-zona-norte\/","title":{"rendered":"<strong>Prefeitura de Manaus reinaugura Cmei Professora Santina Castro, na zona Norte<\/strong>"},"content":{"rendered":"\n<p>A Prefeitura de Manaus, por meio da Secretaria Municipal de Educa\u00e7\u00e3o (Semed), reinaugura, nesta segunda-feira, 3\/4, \u00e0s 15h, o Centro Municipal de Educa\u00e7\u00e3o Infantil (Cmei) Professora Santina Castro, localizado na rua Campo do Roma, Novo Aleixo. O valor investido pela administra\u00e7\u00e3o municipal foi de aproximadamente R$ 1,5 milh\u00e3o.<\/p>\n\n\n\n<p>Ap\u00f3s a reinaugura\u00e7\u00e3o, o Cmei passa a contar com diretoria, secretaria, seis salas de aula, cozinha, dois banheiros infantis, tr\u00eas banheiros administrativos, dep\u00f3sito de alimentos, salas de apoio, dos professores, multim\u00eddia, e de arquivos.<\/p>\n\n\n\n<p><strong>SERVI\u00c7O:<\/strong><\/p>\n\n\n\n<p><strong>O qu\u00ea<\/strong> &#8211; Reinaugura\u00e7\u00e3o do Cmei Professora Santina Castro<\/p>\n\n\n\n<p><strong>Quando<\/strong> &#8211; Segunda-feira, 3\/4<\/p>\n\n\n\n<p><strong>Hor\u00e1rio<\/strong> &#8211; 15h<\/p>\n\n\n\n<p><strong>Local<\/strong> &#8211; Rua Campo do Roma, Novo Aleixo, zona Norte.&nbsp;<\/p>\n","protected":false},"featured_media":208729,"template":"","categories":[788],"acf":[],"yoast_head":"<!-- This site is optimized with the Yoast SEO plugin v23.0 - https:\/\/yoast.com\/wordpress\/plugins\/seo\/ -->\n<title>Prefeitura de Manaus reinaugura Cmei Professora Santina Castro, na zona Norte<\/title>\n<meta name=\"description\" content=\"A Prefeitura de Manaus, por meio da Secretaria Municipal de Educa\u00e7\u00e3o (Semed), reinaugura, nesta segunda-feira, 3\/4, \u00e0s 15h, o Centro Municipal de Educa\u00e7\u00e3o Infantil (Cmei) Professora Santina Castro, localizado na rua Campo do Roma, Novo Aleixo. O valor investido pela administra\u00e7\u00e3o municipal foi de aproximadamente R$ 1,5 milh\u00e3o.\" \/>\n<meta name=\"robots\" content=\"index, follow, max-snippet:-1, max-image-preview:large, max-video-preview:-1\" \/>\n<link rel=\"canonical\" href=\"https:\/\/www.manaus.am.gov.br\/semcom\/pautas\/prefeitura-de-manaus-reinaugura-cmei-professora-santina-castro-na-zona-norte\/\" \/>\n<meta property=\"og:locale\" content=\"pt_BR\" \/>\n<meta property=\"og:type\" content=\"article\" \/>\n<meta property=\"og:title\" content=\"Prefeitura de Manaus reinaugura Cmei Professora Santina Castro, na zona Norte\" \/>\n<meta property=\"og:description\" content=\"A Prefeitura de Manaus, por meio da Secretaria Municipal de Educa\u00e7\u00e3o (Semed), reinaugura, nesta segunda-feira, 3\/4, \u00e0s 15h, o Centro Municipal de Educa\u00e7\u00e3o Infantil (Cmei) Professora Santina Castro, localizado na rua Campo do Roma, Novo Aleixo. O valor investido pela administra\u00e7\u00e3o municipal foi de aproximadamente R$ 1,5 milh\u00e3o.\" \/>\n<meta property=\"og:url\" content=\"https:\/\/www.manaus.am.gov.br\/semcom\/pautas\/prefeitura-de-manaus-reinaugura-cmei-professora-santina-castro-na-zona-norte\/\" \/>\n<meta property=\"og:site_name\" content=\"SEMCOM\" \/>\n<meta property=\"article:modified_time\" content=\"2023-04-03T12:39:10+00:00\" \/>\n<meta property=\"og:image\" content=\"https:\/\/www.manaus.am.gov.br\/semcom\/wp-content\/uploads\/sites\/5\/2023\/02\/sugestaodepauta.png\" \/>\n\t<meta property=\"og:image:width\" content=\"1020\" \/>\n\t<meta property=\"og:image:height\" content=\"540\" \/>\n\t<meta property=\"og:image:type\" content=\"image\/png\" \/>\n<meta name=\"twitter:card\" content=\"summary_large_image\" \/>\n<meta name=\"twitter:label1\" content=\"Est. reading time\" \/>\n\t<meta name=\"twitter:data1\" content=\"1 minuto\" \/>\n<script type=\"application\/ld+json\" class=\"yoast-schema-graph\">{\"@context\":\"https:\/\/schema.org\",\"@graph\":[{\"@type\":\"WebPage\",\"@id\":\"https:\/\/www.manaus.am.gov.br\/semcom\/pautas\/prefeitura-de-manaus-reinaugura-cmei-professora-santina-castro-na-zona-norte\/\",\"url\":\"https:\/\/www.manaus.am.gov.br\/semcom\/pautas\/prefeitura-de-manaus-reinaugura-cmei-professora-santina-castro-na-zona-norte\/\",\"name\":\"Prefeitura de Manaus reinaugura Cmei Professora Santina Castro, na zona Norte\",\"isPartOf\":{\"@id\":\"https:\/\/www.manaus.am.gov.br\/semcom\/#website\"},\"primaryImageOfPage\":{\"@id\":\"https:\/\/www.manaus.am.gov.br\/semcom\/pautas\/prefeitura-de-manaus-reinaugura-cmei-professora-santina-castro-na-zona-norte\/#primaryimage\"},\"image\":{\"@id\":\"https:\/\/www.manaus.am.gov.br\/semcom\/pautas\/prefeitura-de-manaus-reinaugura-cmei-professora-santina-castro-na-zona-norte\/#primaryimage\"},\"thumbnailUrl\":\"https:\/\/www.manaus.am.gov.br\/semcom\/wp-content\/uploads\/sites\/5\/2023\/02\/sugestaodepauta.png\",\"datePublished\":\"2023-04-03T12:39:09+00:00\",\"dateModified\":\"2023-04-03T12:39:10+00:00\",\"description\":\"A Prefeitura de Manaus, por meio da Secretaria Municipal de Educa\u00e7\u00e3o (Semed), reinaugura, nesta segunda-feira, 3\/4, \u00e0s 15h, o Centro Municipal de Educa\u00e7\u00e3o Infantil (Cmei) Professora Santina Castro, localizado na rua Campo do Roma, Novo Aleixo. O valor investido pela administra\u00e7\u00e3o municipal foi de aproximadamente R$ 1,5 milh\u00e3o.\",\"inLanguage\":\"pt-BR\",\"potentialAction\":[{\"@type\":\"ReadAction\",\"target\":[\"https:\/\/www.manaus.am.gov.br\/semcom\/pautas\/prefeitura-de-manaus-reinaugura-cmei-professora-santina-castro-na-zona-norte\/\"]}]},{\"@type\":\"ImageObject\",\"inLanguage\":\"pt-BR\",\"@id\":\"https:\/\/www.manaus.am.gov.br\/semcom\/pautas\/prefeitura-de-manaus-reinaugura-cmei-professora-santina-castro-na-zona-norte\/#primaryimage\",\"url\":\"https:\/\/www.manaus.am.gov.br\/semcom\/wp-content\/uploads\/sites\/5\/2023\/02\/sugestaodepauta.png\",\"contentUrl\":\"https:\/\/www.manaus.am.gov.br\/semcom\/wp-content\/uploads\/sites\/5\/2023\/02\/sugestaodepauta.png\",\"width\":1020,\"height\":540},{\"@type\":\"WebSite\",\"@id\":\"https:\/\/www.manaus.am.gov.br\/semcom\/#website\",\"url\":\"https:\/\/www.manaus.am.gov.br\/semcom\/\",\"name\":\"SEMCOM\",\"description\":\"Secretaria Municipal de Comunica\u00e7\u00e3o\",\"potentialAction\":[{\"@type\":\"SearchAction\",\"target\":{\"@type\":\"EntryPoint\",\"urlTemplate\":\"https:\/\/www.manaus.am.gov.br\/semcom\/?s={search_term_string}\"},\"query-input\":\"required name=search_term_string\"}],\"inLanguage\":\"pt-BR\"}]}<\/script>\n<!-- \/ Yoast SEO plugin. -->","yoast_head_json":{"title":"Prefeitura de Manaus reinaugura Cmei Professora Santina Castro, na zona Norte","description":"A Prefeitura de Manaus, por meio da Secretaria Municipal de Educa\u00e7\u00e3o (Semed), reinaugura, nesta segunda-feira, 3\/4, \u00e0s 15h, o Centro Municipal de Educa\u00e7\u00e3o Infantil (Cmei) Professora Santina Castro, localizado na rua Campo do Roma, Novo Aleixo. O valor investido pela administra\u00e7\u00e3o municipal foi de aproximadamente R$ 1,5 milh\u00e3o.","robots":{"index":"index","follow":"follow","max-snippet":"max-snippet:-1","max-image-preview":"max-image-preview:large","max-video-preview":"max-video-preview:-1"},"canonical":"https:\/\/www.manaus.am.gov.br\/semcom\/pautas\/prefeitura-de-manaus-reinaugura-cmei-professora-santina-castro-na-zona-norte\/","og_locale":"pt_BR","og_type":"article","og_title":"Prefeitura de Manaus reinaugura Cmei Professora Santina Castro, na zona Norte","og_description":"A Prefeitura de Manaus, por meio da Secretaria Municipal de Educa\u00e7\u00e3o (Semed), reinaugura, nesta segunda-feira, 3\/4, \u00e0s 15h, o Centro Municipal de Educa\u00e7\u00e3o Infantil (Cmei) Professora Santina Castro, localizado na rua Campo do Roma, Novo Aleixo. O valor investido pela administra\u00e7\u00e3o municipal foi de aproximadamente R$ 1,5 milh\u00e3o.","og_url":"https:\/\/www.manaus.am.gov.br\/semcom\/pautas\/prefeitura-de-manaus-reinaugura-cmei-professora-santina-castro-na-zona-norte\/","og_site_name":"SEMCOM","article_modified_time":"2023-04-03T12:39:10+00:00","og_image":[{"width":1020,"height":540,"url":"https:\/\/www.manaus.am.gov.br\/semcom\/wp-content\/uploads\/sites\/5\/2023\/02\/sugestaodepauta.png","type":"image\/png"}],"twitter_card":"summary_large_image","twitter_misc":{"Est. reading time":"1 minuto"},"schema":{"@context":"https:\/\/schema.org","@graph":[{"@type":"WebPage","@id":"https:\/\/www.manaus.am.gov.br\/semcom\/pautas\/prefeitura-de-manaus-reinaugura-cmei-professora-santina-castro-na-zona-norte\/","url":"https:\/\/www.manaus.am.gov.br\/semcom\/pautas\/prefeitura-de-manaus-reinaugura-cmei-professora-santina-castro-na-zona-norte\/","name":"Prefeitura de Manaus reinaugura Cmei Professora Santina Castro, na zona Norte","isPartOf":{"@id":"https:\/\/www.manaus.am.gov.br\/semcom\/#website"},"primaryImageOfPage":{"@id":"https:\/\/www.manaus.am.gov.br\/semcom\/pautas\/prefeitura-de-manaus-reinaugura-cmei-professora-santina-castro-na-zona-norte\/#primaryimage"},"image":{"@id":"https:\/\/www.manaus.am.gov.br\/semcom\/pautas\/prefeitura-de-manaus-reinaugura-cmei-professora-santina-castro-na-zona-norte\/#primaryimage"},"thumbnailUrl":"https:\/\/www.manaus.am.gov.br\/semcom\/wp-content\/uploads\/sites\/5\/2023\/02\/sugestaodepauta.png","datePublished":"2023-04-03T12:39:09+00:00","dateModified":"2023-04-03T12:39:10+00:00","description":"A Prefeitura de Manaus, por meio da Secretaria Municipal de Educa\u00e7\u00e3o (Semed), reinaugura, nesta segunda-feira, 3\/4, \u00e0s 15h, o Centro Municipal de Educa\u00e7\u00e3o Infantil (Cmei) Professora Santina Castro, localizado na rua Campo do Roma, Novo Aleixo. O valor investido pela administra\u00e7\u00e3o municipal foi de aproximadamente R$ 1,5 milh\u00e3o.","inLanguage":"pt-BR","potentialAction":[{"@type":"ReadAction","target":["https:\/\/www.manaus.am.gov.br\/semcom\/pautas\/prefeitura-de-manaus-reinaugura-cmei-professora-santina-castro-na-zona-norte\/"]}]},{"@type":"ImageObject","inLanguage":"pt-BR","@id":"https:\/\/www.manaus.am.gov.br\/semcom\/pautas\/prefeitura-de-manaus-reinaugura-cmei-professora-santina-castro-na-zona-norte\/#primaryimage","url":"https:\/\/www.manaus.am.gov.br\/semcom\/wp-content\/uploads\/sites\/5\/2023\/02\/sugestaodepauta.png","contentUrl":"https:\/\/www.manaus.am.gov.br\/semcom\/wp-content\/uploads\/sites\/5\/2023\/02\/sugestaodepauta.png","width":1020,"height":540},{"@type":"WebSite","@id":"https:\/\/www.manaus.am.gov.br\/semcom\/#website","url":"https:\/\/www.manaus.am.gov.br\/semcom\/","name":"SEMCOM","description":"Secretaria Municipal de Comunica\u00e7\u00e3o","potentialAction":[{"@type":"SearchAction","target":{"@type":"EntryPoint","urlTemplate":"https:\/\/www.manaus.am.gov.br\/semcom\/?s={search_term_string}"},"query-input":"required name=search_term_string"}],"inLanguage":"pt-BR"}]}},"_links":{"self":[{"href":"https:\/\/www.manaus.am.gov.br\/semcom\/wp-json\/wp\/v2\/pautas\/211494"}],"collection":[{"href":"https:\/\/www.manaus.am.gov.br\/semcom\/wp-json\/wp\/v2\/pautas"}],"about":[{"href":"https:\/\/www.manaus.am.gov.br\/semcom\/wp-json\/wp\/v2\/types\/pautas"}],"wp:featuredmedia":[{"embeddable":true,"href":"https:\/\/www.manaus.am.gov.br\/semcom\/wp-json\/wp\/v2\/media\/208729"}],"wp:attachment":[{"href":"https:\/\/www.manaus.am.gov.br\/semcom\/wp-json\/wp\/v2\/media?parent=211494"}],"wp:term":[{"taxonomy":"category","embeddable":true,"href":"https:\/\/www.manaus.am.gov.br\/semcom\/wp-json\/wp\/v2\/categories?post=211494"}],"curies":[{"name":"wp","href":"https:\/\/api.w.org\/{rel}","templated":true}]}}

<p>A Prefeitura de Manaus, por meio da Secretaria Municipal de Educação (Semed), reinaugura, nesta segunda-feira, 3/4, às 15h, o Centro Municipal de Educação Infantil (Cmei) Professora Santina Castro, localizado na rua Campo do Roma, Novo Aleixo. O valor investido pela administração municipal foi de aproximadamente R$ 1,5 milhão.</p>



<p>Após a reinauguração, o Cmei passa a contar com diretoria, secretaria, seis salas de aula, cozinha, dois banheiros infantis, três banheiros administrativos, depósito de alimentos, salas de apoio, dos professores, multimídia, e de arquivos.</p>



<p><strong>SERVIÇO:</strong></p>



<p><strong>O quê</strong> &#8211; Reinauguração do Cmei Professora Santina Castro</p>



<p><strong>Quando</strong> &#8211; Segunda-feira, 3/4</p>



<p><strong>Horário</strong> &#8211; 15h</p>



<p><strong>Local</strong> &#8211; Rua Campo do Roma, Novo Aleixo, zona Norte.&nbsp;</p>

<!-- This site is optimized with the Yoast SEO plugin v23.0 - https://yoast.com/wordpress/plugins/seo/ -->
<title>Prefeitura de Manaus reinaugura Cmei Professora Santina Castro, na zona Norte</title>
<meta name="description" content="A Prefeitura de Manaus, por meio da Secretaria Municipal de Educação (Semed), reinaugura, nesta segunda-feira, 3/4, às 15h, o Centro Municipal de Educação Infantil (Cmei) Professora Santina Castro, localizado na rua Campo do Roma, Novo Aleixo. O valor investido pela administração municipal foi de aproximadamente R$ 1,5 milhão." />
<meta name="robots" content="index, follow, max-snippet:-1, max-image-preview:large, max-video-preview:-1" />
<link rel="canonical" href="https://www.manaus.am.gov.br/semcom/pautas/prefeitura-de-manaus-reinaugura-cmei-professora-santina-castro-na-zona-norte/" />
<meta property="og:locale" content="pt_BR" />
<meta property="og:type" content="article" />
<meta property="og:title" content="Prefeitura de Manaus reinaugura Cmei Professora Santina Castro, na zona Norte" />
<meta property="og:description" content="A Prefeitura de Manaus, por meio da Secretaria Municipal de Educação (Semed), reinaugura, nesta segunda-feira, 3/4, às 15h, o Centro Municipal de Educação Infantil (Cmei) Professora Santina Castro, localizado na rua Campo do Roma, Novo Aleixo. O valor investido pela administração municipal foi de aproximadamente R$ 1,5 milhão." />
<meta property="og:url" content="https://www.manaus.am.gov.br/semcom/pautas/prefeitura-de-manaus-reinaugura-cmei-professora-santina-castro-na-zona-norte/" />
<meta property="og:site_name" content="SEMCOM" />
<meta property="article:modified_time" content="2023-04-03T12:39:10+00:00" />
<meta property="og:image" content="https://www.manaus.am.gov.br/semcom/wp-content/uploads/sites/5/2023/02/sugestaodepauta.png" />
	<meta property="og:image:width" content="1020" />
	<meta property="og:image:height" content="540" />
	<meta property="og:image:type" content="image/png" />
<meta name="twitter:card" content="summary_large_image" />
<meta name="twitter:label1" content="Est. reading time" />
	<meta name="twitter:data1" content="1 minuto" />
<script type="application/ld+json" class="yoast-schema-graph">{"@context":"https://schema.org","@graph":[{"@type":"WebPage","@id":"https://www.manaus.am.gov.br/semcom/pautas/prefeitura-de-manaus-reinaugura-cmei-professora-santina-castro-na-zona-norte/","url":"https://www.manaus.am.gov.br/semcom/pautas/prefeitura-de-manaus-reinaugura-cmei-professora-santina-castro-na-zona-norte/","name":"Prefeitura de Manaus reinaugura Cmei Professora Santina Castro, na zona Norte","isPartOf":{"@id":"https://www.manaus.am.gov.br/semcom/#website"},"primaryImageOfPage":{"@id":"https://www.manaus.am.gov.br/semcom/pautas/prefeitura-de-manaus-reinaugura-cmei-professora-santina-castro-na-zona-norte/#primaryimage"},"image":{"@id":"https://www.manaus.am.gov.br/semcom/pautas/prefeitura-de-manaus-reinaugura-cmei-professora-santina-castro-na-zona-norte/#primaryimage"},"thumbnailUrl":"https://www.manaus.am.gov.br/semcom/wp-content/uploads/sites/5/2023/02/sugestaodepauta.png","datePublished":"2023-04-03T12:39:09+00:00","dateModified":"2023-04-03T12:39:10+00:00","description":"A Prefeitura de Manaus, por meio da Secretaria Municipal de Educação (Semed), reinaugura, nesta segunda-feira, 3/4, às 15h, o Centro Municipal de Educação Infantil (Cmei) Professora Santina Castro, localizado na rua Campo do Roma, Novo Aleixo. O valor investido pela administração municipal foi de aproximadamente R$ 1,5 milhão.","inLanguage":"pt-BR","potentialAction":[{"@type":"ReadAction","target":["https://www.manaus.am.gov.br/semcom/pautas/prefeitura-de-manaus-reinaugura-cmei-professora-santina-castro-na-zona-norte/"]}]},{"@type":"ImageObject","inLanguage":"pt-BR","@id":"https://www.manaus.am.gov.br/semcom/pautas/prefeitura-de-manaus-reinaugura-cmei-professora-santina-castro-na-zona-norte/#primaryimage","url":"https://www.manaus.am.gov.br/semcom/wp-content/uploads/sites/5/2023/02/sugestaodepauta.png","contentUrl":"https://www.manaus.am.gov.br/semcom/wp-content/uploads/sites/5/2023/02/sugestaodepauta.png","width":1020,"height":540},{"@type":"WebSite","@id":"https://www.manaus.am.gov.br/semcom/#website","url":"https://www.manaus.am.gov.br/semcom/","name":"SEMCOM","description":"Secretaria Municipal de Comunicação","potentialAction":[{"@type":"SearchAction","target":{"@type":"EntryPoint","urlTemplate":"https://www.manaus.am.gov.br/semcom/?s={search_term_string}"},"query-input":"required name=search_term_string"}],"inLanguage":"pt-BR"}]}</script>
<!-- / Yoast SEO plugin. -->

A Prefeitura de Manaus, por meio da Secretaria Municipal de Educação (Semed), reinaugura, nesta segunda-feira, 3/4, às 15h, o Centro Municipal de Educação Infantil (Cmei) Professora Santina Castro, localizado na rua Campo do Roma, Novo Aleixo. O valor investido pela administração municipal foi de aproximadamente R$ 1,5 milhão.

Secretaria Municipal de Comunicação
